{"id":131812,"date":"2021-09-20T07:00:00","date_gmt":"2021-09-20T10:00:00","guid":{"rendered":"https:\/\/sme.goiania.go.gov.br\/conexaoescola\/?post_type=ensino_fundamental&#038;p=131812"},"modified":"2022-03-31T17:32:07","modified_gmt":"2022-03-31T20:32:07","slug":"o-sol-como-fonte-de-luz-e-calor-3","status":"publish","type":"ensino_fundamental","link":"https:\/\/sme.goiania.go.gov.br\/conexaoescola\/ensino_fundamental\/o-sol-como-fonte-de-luz-e-calor-3\/","title":{"rendered":"Ci\u00eancia da Natureza &#8211; O Sol como fonte de luz e calor"},"content":{"rendered":"\n<p class=\"has-medium-font-size\">Ol\u00e1! Hoje vamos aprender sobre o Sol como fonte de luz e calor: Radia\u00e7\u00e3o solar. Efeitos da radia\u00e7\u00e3o solar e a import\u00e2ncia do Sol para os seres vivos.<\/p>\n\n\n\n<hr class=\"wp-block-separator\"\/>\n\n\n\n<h2 class=\"has-light-green-cyan-background-color has-background wp-block-heading\">ATIVIDADE 1<\/h2>\n\n\n\n<p class=\"has-medium-font-size\">A luz natural que ilumina nosso planeta \u00e9 produzida pelo astro chamado de sol,&nbsp;que est\u00e1 localizado a cerca de 150 milh\u00f5es de quil\u00f4metros da Terra. A luz produzida pelo Sol viaja atrav\u00e9s do universo a uma velocidade de aproximadamente 300 000 km\/s (quil\u00f4metros por segundo) chegando a Terra cerca de 8 minutos ap\u00f3s ser liberada pelas explos\u00f5es ocorridas.<\/p>\n\n\n\n<figure class=\"wp-block-image\"><img decoding=\"async\" src=\"https:\/\/lh3.googleusercontent.com\/5PFa_x4EG_fzFwbvF5vHBU15nNt63EGOtLKKGVDjZDhFAPwWc9WTD0Jc7PmWAXEr3xu33eh1VB_Y7ifFmdqAdmsi09KMt_XalsYcDhcPxlt0uKJDSIuvF1YPpEX_Ky6CkzqJ-ZU=s0\" alt=\"C:\\Documents and Settings\\user\\Desktop\\ATENAS\\sol_(2).jpg\"\/><figcaption>Foto de explos\u00f5es solares<br>registradas por sat\u00e9lites<\/figcaption><\/figure>\n\n\n\n<p class=\"has-medium-font-size\"><strong>Por que a luz do Sol \u00e9 t\u00e3o importante para a vida?<\/strong><\/p>\n\n\n\n<p class=\"has-medium-font-size\">A luz do Sol \u00e9 muito importante para manter a vida no planeta Terra.<\/p>\n\n\n\n<p class=\"has-medium-font-size\">Ela \u00e9 a nossa fonte prim\u00e1ria.<\/p>\n\n\n\n<p class=\"has-medium-font-size\">Todos os seres vivos dependem da luz do Sol para sobreviver. Os vegetais, por exemplo, s\u00f3 conseguem realizar a Fotoss\u00edntese atrav\u00e9s do Sol (da luz).<\/p>\n\n\n\n<p class=\"has-medium-font-size\">N\u00f3s humanos, os ossos precisam da vitamina D para que fiquem fortes. E essa vitamina \u00e9 ativada somente se n\u00f3s tivermos exposi\u00e7\u00e3o ao sol.<\/p>\n\n\n\n<p class=\"has-medium-font-size\"><strong>Fique Atento!&nbsp;<\/strong><\/p>\n\n\n\n<p class=\"has-medium-font-size\">Ap\u00f3s assistir os v\u00eddeos abaixo, algumas perguntas ter\u00e3o que ser respondidas.<\/p>\n\n\n\n<figure class=\"wp-block-embed is-type-video is-provider-youtube wp-block-embed-youtube wp-embed-aspect-16-9 wp-has-aspect-ratio\"><div class=\"wp-block-embed__wrapper\">\n<p class=\"responsive-video-wrap clr\"><iframe title=\"O Sol: Fonte de luz e calor.\" width=\"1200\" height=\"675\" src=\"https:\/\/www.youtube.com\/embed\/lGgc8JQq0iU?feature=oembed\" frameborder=\"0\" allow=\"accelerometer; autoplay; clipboard-write; encrypted-media; gyroscope; picture-in-picture\" allowfullscreen><\/iframe><\/p>\n<\/div><figcaption>&#8220;O Sol: Fonte de luz e calor.&#8221; &#8211; Canal: <a href=\"https:\/\/www.youtube.com\/channel\/UClSQP2GbVLcoM_nfnYiXejw\">Educar Sempre<\/a> &#8211; Link: https:\/\/www.youtube.com\/watch?v=lGgc8JQq0iU<\/figcaption><\/figure>\n\n\n\n<hr class=\"wp-block-separator\"\/>\n\n\n\n<h2 class=\"has-vivid-cyan-blue-background-color has-background wp-block-heading\"><strong>ATIVIDADE 2&nbsp;<\/strong><\/h2>\n\n\n\n<p class=\"has-medium-font-size\">A partir da reflex\u00e3o apresentada acima, assista ao v\u00eddeo \u201dA import\u00e2ncia do Sol para os seres vivos. \u201d<\/p>\n\n\n\n<figure class=\"wp-block-embed is-type-video is-provider-youtube wp-block-embed-youtube wp-embed-aspect-16-9 wp-has-aspect-ratio\"><div class=\"wp-block-embed__wrapper\">\n<p class=\"responsive-video-wrap clr\"><iframe title=\"A IMPORT\u00c2NCIA DO SOL PARA OS SERES VIVOS\" width=\"1200\" height=\"675\" src=\"https:\/\/www.youtube.com\/embed\/Q1OfPSQMSXQ?feature=oembed\" frameborder=\"0\" allow=\"accelerometer; autoplay; clipboard-write; encrypted-media; gyroscope; picture-in-picture\" allowfullscreen><\/iframe><\/p>\n<\/div><figcaption>&#8220;A IMPORT\u00c2NCIA DO SOL PARA OS SERES VIVOS&#8221; &#8211; Canal: <a href=\"https:\/\/www.youtube.com\/channel\/UCSlwSO2eBecbhUuF0xUY37A\">LIVRE CRIA\u00c7\u00c3O<\/a> &#8211; Link: https:\/\/www.youtube.com\/watch?v=Q1OfPSQMSXQ<\/figcaption><\/figure>\n\n\n\n<p class=\"has-medium-font-size\">De acordo com o v\u00eddeo: <strong>\u201dA import\u00e2ncia do Sol para os seres vivos\u201d,<\/strong> responda a quest\u00e3o a seguir em seu caderno:<\/p>\n\n\n\n<ul class=\"has-electric-grass-gradient-background has-background has-medium-font-size wp-block-list\"><li>Tem uma vitamina muito importante, que \u00e9 fabricada no nosso corpo gra\u00e7as a penetra\u00e7\u00e3o dos raios ultravioleta B do Sol. Qual \u00e9 esta vitamina?<\/li><li>&nbsp;Dialogue com seus familiares sobre essa vitamina e sua import\u00e2ncia vital.<\/li><li>Construa um poema bem legal homenageando o Sol por ser t\u00e3o importante para a vida dos seres vivos. H\u00e1! Se preferir, pode ilustrar e pintar com muito capricho.<\/li><\/ul>\n\n\n\n<hr class=\"wp-block-separator\"\/>\n\n\n\n<h2 class=\"has-white-color has-vivid-purple-background-color has-text-color has-background wp-block-heading\"><strong>ATIVIDADE 3&nbsp;<\/strong><\/h2>\n\n\n\n<p class=\"has-medium-font-size\">Assista ao v\u00eddeo \u201dBenef\u00edcios do sol para a sa\u00fade.\u201d<\/p>\n\n\n\n<figure class=\"wp-block-embed is-type-video is-provider-youtube wp-block-embed-youtube wp-embed-aspect-16-9 wp-has-aspect-ratio\"><div class=\"wp-block-embed__wrapper\">\n<p class=\"responsive-video-wrap clr\"><iframe title=\"Benef\u00edcios do SOL para a sa\u00fade\" width=\"1200\" height=\"675\" src=\"https:\/\/www.youtube.com\/embed\/cxkHe5OR5Y8?feature=oembed\" frameborder=\"0\" allow=\"accelerometer; autoplay; clipboard-write; encrypted-media; gyroscope; picture-in-picture\" allowfullscreen><\/iframe><\/p>\n<\/div><figcaption>&#8220;Benef\u00edcios do SOL para a sa\u00fade&#8221; &#8211; Canal: <a href=\"https:\/\/www.youtube.com\/channel\/UCc8r-ZTeULpk7QoG4iglGqA\">Thiaguinho o Aventureiro &#8211; Descobrindo o Mundo<\/a> &#8211; <br>Link: https:\/\/www.youtube.com\/watch?v=cxkHe5OR5Y8<\/figcaption><\/figure>\n\n\n\n<p class=\"has-medium-font-size\">O v\u00eddeo <strong>\u201dBenef\u00edcios do sol para a sa\u00fade\u201d <\/strong>nos d\u00e3o informa\u00e7\u00f5es important\u00edssimas sobre os benef\u00edcios do Sol. Escreva tr\u00eas benef\u00edcios do sol. Pesquise e exemplifique um fator que ele pode fazer mal.<\/p>\n\n\n\n<ul class=\"has-luminous-dusk-gradient-background has-background has-medium-font-size wp-block-list\"><li>Voc\u00ea e sua fam\u00edlia t\u00eam h\u00e1bitos de tomar sol diariamente? Justifique sua resposta.<\/li><li>Quanto tempo \u00e9 necess\u00e1rio tomarmos o sol por dia?<\/li><li>O Sol \u00e9 muito importante em nossas vidas. Ilustre o v\u00eddeo.<\/li><\/ul>\n\n\n\n<hr class=\"wp-block-separator\"\/>\n\n\n\n<h2 class=\"has-luminous-vivid-amber-background-color has-background wp-block-heading\"><strong>ATIVIDADE 4&nbsp;<\/strong><\/h2>\n\n\n\n<p class=\"has-medium-font-size\">Assista ao v\u00eddeo \u201cO Sol \u00e9 energia- visiokids\u201d<\/p>\n\n\n\n<figure class=\"wp-block-embed is-type-video is-provider-youtube wp-block-embed-youtube wp-embed-aspect-4-3 wp-has-aspect-ratio\"><div class=\"wp-block-embed__wrapper\">\n<p class=\"responsive-video-wrap clr\"><iframe title=\"O Sol \u00e9 energia - visiokids\" width=\"1200\" height=\"900\" src=\"https:\/\/www.youtube.com\/embed\/vdO6_vyNmWg?feature=oembed\" frameborder=\"0\" allow=\"accelerometer; autoplay; clipboard-write; encrypted-media; gyroscope; picture-in-picture\" allowfullscreen><\/iframe><\/p>\n<\/div><figcaption>&#8220;O Sol \u00e9 energia &#8211; visiokids&#8221; &#8211; Canal: <a href=\"https:\/\/www.youtube.com\/channel\/UCdFnXETzOn-BQT_ZtQE1nTw\">Zig Zag<\/a> &#8211; Link: https:\/\/www.youtube.com\/watch?v=vdO6_vyNmWg<\/figcaption><\/figure>\n\n\n\n<p class=\"has-medium-font-size\">De acordo com o v\u00eddeo: \u201d<strong>O Sol \u00e9 energia- visiokids\u201d<\/strong>, responda a quest\u00e3o a seguir:<\/p>\n\n\n\n<ul class=\"has-medium-font-size wp-block-list\"><li>Relacione o que as plantas precisam da luz do sol para realizar a fotoss\u00edntese.<\/li><\/ul>\n\n\n\n<hr class=\"wp-block-separator\"\/>\n\n\n\n<figure class=\"wp-block-table alignfull\"><table><tbody><tr><td><br><br>Saiba Mais\/Refer\u00eancias:<\/td><td><em>O Sol \u00e9 extremamente importante para a nossa sa\u00fade n\u00e3o \u00e9 novidade para ningu\u00e9m, n\u00e3o \u00e9 mesmo?<\/em>&nbsp;Entretanto, o excesso de exposi\u00e7\u00e3o \u00e0 radia\u00e7\u00e3o por ele emitida pode desencadear problemas graves, como o c\u00e2ncer. Sendo assim, \u00e9 fundamental se expor de maneira adequada, estando sempre atento aos riscos.<br><strong>V\u00eddeo: SOL: AMIGO OU INIMIGO? \u2013 visiokids.<\/strong><img decoding=\"async\" alt=\"C:\\Documents and Settings\\user\\Desktop\\2020\\CURSO CONEX\u00c3O ESCOLA\\0.jpg\" src=\"https:\/\/lh6.googleusercontent.com\/zAHRx70c0vXzLhuFagI7Cw3FA9ZNliEzpmGf72Lkg7tt50X0Pbrk1QAnUNEfk-ehTOgEBhH_v7vub_t5fDst1MDyfiPNjJBQ5oBjzqcSc7tE8FJEQzr3tsLnfmoGlCgNkEnS8eY=s0\" width=\"91\" height=\"68\">Dispon\u00edvel em: <a href=\"about:blank\">https:\/\/youtu.be\/_hVBUFKvLpY<\/a>(acesso -01\/07\/2020)<br>Para finalizar as atividades, vamos divertir um pouquinho, cantando a m\u00fasica infantil: O Sol.<img decoding=\"async\" alt=\"C:\\Documents and Settings\\user\\Desktop\\ATENAS\\0 (1).jpg\" src=\"https:\/\/lh3.googleusercontent.com\/MKCDBKpSM4kVfqOZbf2LOkfU050LTn2v8lTqaOr2i_TEpOAyb_MRT-HNInzbRzLv3qn9GAkxZtgp0304L2s7ZsaTV-gPUyULCoDQhUOaCd4SevdrSyt_hdF1WcsGJqE98_LxzIg=s0\" width=\"99\" height=\"74\">Dispon\u00edvel em: https:\/\/youtu.be\/2CAoPQq8XzQ(acesso -01\/07\/2020)<br><strong>Porque o Sol \u00e9 t\u00e3o importante <\/strong><strong>para a vida na Terra? <\/strong>Texto extra\u00eddo de:segredosdomundo.r7.com&nbsp;\u203a porque-o-sol-e-tao-importa&#8230;escolakids.uol.com.br&nbsp;\u203a Ci\u00eancias<br>V\u00eddeos extra\u00eddos de:<a href=\"about:blank\">https:\/\/www.youtube.com<\/a>(acesso -01\/07\/2020)<\/td><\/tr><tr><td>Objeto de Conhecimento<\/td><td>O Sol como fonte de luz e calor: Radia\u00e7\u00e3o solar. Efeitos da radia\u00e7\u00e3o solar para os seres vivos.<\/td><\/tr><tr><td>Componentes Curriculares<\/td><td>Ci\u00eancias<\/td><\/tr><tr><td>Habilidades<\/td><td>(EF02CI08-A) Identificar o Sol como fonte de luz e calor, destacando a sua import\u00e2ncia para a vida na Terra.&nbsp;(EF02CI08-B) Reconhecer os efeitos da radia\u00e7\u00e3o solar nos seres vivos, destacando benef\u00edcios e malef\u00edcios para o ser humano.<\/td><\/tr><tr><td>Proponentes\/ Professores:<\/td><td>Wanderly Alves P. Guimar\u00e3es e Celina Pimenta da Silva<\/td><\/tr><tr><td>Institui\u00e7\u00e3o Educacional:<\/td><td>Escola Municipal Vitor Hugo Ludwig<\/td><\/tr><tr><td>CRE:<\/td><td>Brasil Di Ramos Caiado<\/td><\/tr><\/tbody><\/table><\/figure>\n","protected":false},"author":14,"featured_media":131815,"template":"","ef_categoria":[13,18],"ef_ano":[85],"ef_componente":[98],"class_list":["post-131812","ensino_fundamental","type-ensino_fundamental","status-publish","has-post-thumbnail","hentry","ef_categoria-ciclo-da-infancia-abc","ef_categoria-educacao-ambiental-e-saude","ef_ano-2o-ano","ef_componente-ciencia-da-natureza-ef","entry","has-media"],"acf":[],"_links":{"self":[{"href":"https:\/\/sme.goiania.go.gov.br\/conexaoescola\/wp-json\/wp\/v2\/ensino_fundamental\/131812","targetHints":{"allow":["GET"]}}],"collection":[{"href":"https:\/\/sme.goiania.go.gov.br\/conexaoescola\/wp-json\/wp\/v2\/ensino_fundamental"}],"about":[{"href":"https:\/\/sme.goiania.go.gov.br\/conexaoescola\/wp-json\/wp\/v2\/types\/ensino_fundamental"}],"author":[{"embeddable":true,"href":"https:\/\/sme.goiania.go.gov.br\/conexaoescola\/wp-json\/wp\/v2\/users\/14"}],"version-history":[{"count":0,"href":"https:\/\/sme.goiania.go.gov.br\/conexaoescola\/wp-json\/wp\/v2\/ensino_fundamental\/131812\/revisions"}],"wp:featuredmedia":[{"embeddable":true,"href":"https:\/\/sme.goiania.go.gov.br\/conexaoescola\/wp-json\/wp\/v2\/media\/131815"}],"wp:attachment":[{"href":"https:\/\/sme.goiania.go.gov.br\/conexaoescola\/wp-json\/wp\/v2\/media?parent=131812"}],"wp:term":[{"taxonomy":"ef_categoria","embeddable":true,"href":"https:\/\/sme.goiania.go.gov.br\/conexaoescola\/wp-json\/wp\/v2\/ef_categoria?post=131812"},{"taxonomy":"ef_ano","embeddable":true,"href":"https:\/\/sme.goiania.go.gov.br\/conexaoescola\/wp-json\/wp\/v2\/ef_ano?post=131812"},{"taxonomy":"ef_componente","embeddable":true,"href":"https:\/\/sme.goiania.go.gov.br\/conexaoescola\/wp-json\/wp\/v2\/ef_componente?post=131812"}],"curies":[{"name":"wp","href":"https:\/\/api.w.org\/{rel}","templated":true}]}}

Ciência da Natureza &#8211; O Sol como fonte de luz e calor

<p class="has-medium-font-size">Olá! Hoje vamos aprender sobre o Sol como fonte de luz e calor: Radiação solar. Efeitos da radiação solar e a importância do Sol para os seres vivos.</p>



<hr class="wp-block-separator"/>



<h2 class="has-light-green-cyan-background-color has-background wp-block-heading">ATIVIDADE 1</h2>



<p class="has-medium-font-size">A luz natural que ilumina nosso planeta é produzida pelo astro chamado de sol,&nbsp;que está localizado a cerca de 150 milhões de quilômetros da Terra. A luz produzida pelo Sol viaja através do universo a uma velocidade de aproximadamente 300 000 km/s (quilômetros por segundo) chegando a Terra cerca de 8 minutos após ser liberada pelas explosões ocorridas.</p>



<figure class="wp-block-image"><img decoding="async" src="https://lh3.googleusercontent.com/5PFa_x4EG_fzFwbvF5vHBU15nNt63EGOtLKKGVDjZDhFAPwWc9WTD0Jc7PmWAXEr3xu33eh1VB_Y7ifFmdqAdmsi09KMt_XalsYcDhcPxlt0uKJDSIuvF1YPpEX_Ky6CkzqJ-ZU=s0" alt="C:\Documents and Settings\user\Desktop\ATENAS\sol_(2).jpg"/><figcaption>Foto de explosões solares<br>registradas por satélites</figcaption></figure>



<p class="has-medium-font-size"><strong>Por que a luz do Sol é tão importante para a vida?</strong></p>



<p class="has-medium-font-size">A luz do Sol é muito importante para manter a vida no planeta Terra.</p>



<p class="has-medium-font-size">Ela é a nossa fonte primária.</p>



<p class="has-medium-font-size">Todos os seres vivos dependem da luz do Sol para sobreviver. Os vegetais, por exemplo, só conseguem realizar a Fotossíntese através do Sol (da luz).</p>



<p class="has-medium-font-size">Nós humanos, os ossos precisam da vitamina D para que fiquem fortes. E essa vitamina é ativada somente se nós tivermos exposição ao sol.</p>



<p class="has-medium-font-size"><strong>Fique Atento!&nbsp;</strong></p>



<p class="has-medium-font-size">Após assistir os vídeos abaixo, algumas perguntas terão que ser respondidas.</p>



<figure class="wp-block-embed is-type-video is-provider-youtube wp-block-embed-youtube wp-embed-aspect-16-9 wp-has-aspect-ratio"><div class="wp-block-embed__wrapper">
<p class="responsive-video-wrap clr"><iframe title="O Sol: Fonte de luz e calor." width="1200" height="675" src="https://www.youtube.com/embed/lGgc8JQq0iU?feature=oembed" frameborder="0" allow="accelerometer; autoplay; clipboard-write; encrypted-media; gyroscope; picture-in-picture" allowfullscreen></iframe></p>
</div><figcaption>&#8220;O Sol: Fonte de luz e calor.&#8221; &#8211; Canal: <a href="https://www.youtube.com/channel/UClSQP2GbVLcoM_nfnYiXejw">Educar Sempre</a> &#8211; Link: https://www.youtube.com/watch?v=lGgc8JQq0iU</figcaption></figure>



<hr class="wp-block-separator"/>



<h2 class="has-vivid-cyan-blue-background-color has-background wp-block-heading"><strong>ATIVIDADE 2&nbsp;</strong></h2>



<p class="has-medium-font-size">A partir da reflexão apresentada acima, assista ao vídeo ”A importância do Sol para os seres vivos. ”</p>



<figure class="wp-block-embed is-type-video is-provider-youtube wp-block-embed-youtube wp-embed-aspect-16-9 wp-has-aspect-ratio"><div class="wp-block-embed__wrapper">
<p class="responsive-video-wrap clr"><iframe title="A IMPORTÂNCIA DO SOL PARA OS SERES VIVOS" width="1200" height="675" src="https://www.youtube.com/embed/Q1OfPSQMSXQ?feature=oembed" frameborder="0" allow="accelerometer; autoplay; clipboard-write; encrypted-media; gyroscope; picture-in-picture" allowfullscreen></iframe></p>
</div><figcaption>&#8220;A IMPORTÂNCIA DO SOL PARA OS SERES VIVOS&#8221; &#8211; Canal: <a href="https://www.youtube.com/channel/UCSlwSO2eBecbhUuF0xUY37A">LIVRE CRIAÇÃO</a> &#8211; Link: https://www.youtube.com/watch?v=Q1OfPSQMSXQ</figcaption></figure>



<p class="has-medium-font-size">De acordo com o vídeo: <strong>”A importância do Sol para os seres vivos”,</strong> responda a questão a seguir em seu caderno:</p>



<ul class="has-electric-grass-gradient-background has-background has-medium-font-size wp-block-list"><li>Tem uma vitamina muito importante, que é fabricada no nosso corpo graças a penetração dos raios ultravioleta B do Sol. Qual é esta vitamina?</li><li>&nbsp;Dialogue com seus familiares sobre essa vitamina e sua importância vital.</li><li>Construa um poema bem legal homenageando o Sol por ser tão importante para a vida dos seres vivos. Há! Se preferir, pode ilustrar e pintar com muito capricho.</li></ul>



<hr class="wp-block-separator"/>



<h2 class="has-white-color has-vivid-purple-background-color has-text-color has-background wp-block-heading"><strong>ATIVIDADE 3&nbsp;</strong></h2>



<p class="has-medium-font-size">Assista ao vídeo ”Benefícios do sol para a saúde.”</p>



<figure class="wp-block-embed is-type-video is-provider-youtube wp-block-embed-youtube wp-embed-aspect-16-9 wp-has-aspect-ratio"><div class="wp-block-embed__wrapper">
<p class="responsive-video-wrap clr"><iframe title="Benefícios do SOL para a saúde" width="1200" height="675" src="https://www.youtube.com/embed/cxkHe5OR5Y8?feature=oembed" frameborder="0" allow="accelerometer; autoplay; clipboard-write; encrypted-media; gyroscope; picture-in-picture" allowfullscreen></iframe></p>
</div><figcaption>&#8220;Benefícios do SOL para a saúde&#8221; &#8211; Canal: <a href="https://www.youtube.com/channel/UCc8r-ZTeULpk7QoG4iglGqA">Thiaguinho o Aventureiro &#8211; Descobrindo o Mundo</a> &#8211; <br>Link: https://www.youtube.com/watch?v=cxkHe5OR5Y8</figcaption></figure>



<p class="has-medium-font-size">O vídeo <strong>”Benefícios do sol para a saúde” </strong>nos dão informações importantíssimas sobre os benefícios do Sol. Escreva três benefícios do sol. Pesquise e exemplifique um fator que ele pode fazer mal.</p>



<ul class="has-luminous-dusk-gradient-background has-background has-medium-font-size wp-block-list"><li>Você e sua família têm hábitos de tomar sol diariamente? Justifique sua resposta.</li><li>Quanto tempo é necessário tomarmos o sol por dia?</li><li>O Sol é muito importante em nossas vidas. Ilustre o vídeo.</li></ul>



<hr class="wp-block-separator"/>



<h2 class="has-luminous-vivid-amber-background-color has-background wp-block-heading"><strong>ATIVIDADE 4&nbsp;</strong></h2>



<p class="has-medium-font-size">Assista ao vídeo “O Sol é energia- visiokids”</p>



<figure class="wp-block-embed is-type-video is-provider-youtube wp-block-embed-youtube wp-embed-aspect-4-3 wp-has-aspect-ratio"><div class="wp-block-embed__wrapper">
<p class="responsive-video-wrap clr"><iframe title="O Sol é energia - visiokids" width="1200" height="900" src="https://www.youtube.com/embed/vdO6_vyNmWg?feature=oembed" frameborder="0" allow="accelerometer; autoplay; clipboard-write; encrypted-media; gyroscope; picture-in-picture" allowfullscreen></iframe></p>
</div><figcaption>&#8220;O Sol é energia &#8211; visiokids&#8221; &#8211; Canal: <a href="https://www.youtube.com/channel/UCdFnXETzOn-BQT_ZtQE1nTw">Zig Zag</a> &#8211; Link: https://www.youtube.com/watch?v=vdO6_vyNmWg</figcaption></figure>



<p class="has-medium-font-size">De acordo com o vídeo: ”<strong>O Sol é energia- visiokids”</strong>, responda a questão a seguir:</p>



<ul class="has-medium-font-size wp-block-list"><li>Relacione o que as plantas precisam da luz do sol para realizar a fotossíntese.</li></ul>



<hr class="wp-block-separator"/>



<figure class="wp-block-table alignfull"><table><tbody><tr><td><br><br>Saiba Mais/Referências:</td><td><em>O Sol é extremamente importante para a nossa saúde não é novidade para ninguém, não é mesmo?</em>&nbsp;Entretanto, o excesso de exposição à radiação por ele emitida pode desencadear problemas graves, como o câncer. Sendo assim, é fundamental se expor de maneira adequada, estando sempre atento aos riscos.<br><strong>Vídeo: SOL: AMIGO OU INIMIGO? – visiokids.</strong><img decoding="async" alt="C:\Documents and Settings\user\Desktop\2020\CURSO CONEXÃO ESCOLA\0.jpg" src="https://lh6.googleusercontent.com/zAHRx70c0vXzLhuFagI7Cw3FA9ZNliEzpmGf72Lkg7tt50X0Pbrk1QAnUNEfk-ehTOgEBhH_v7vub_t5fDst1MDyfiPNjJBQ5oBjzqcSc7tE8FJEQzr3tsLnfmoGlCgNkEnS8eY=s0" width="91" height="68">Disponível em: <a href="about:blank">https://youtu.be/_hVBUFKvLpY</a>(acesso -01/07/2020)<br>Para finalizar as atividades, vamos divertir um pouquinho, cantando a música infantil: O Sol.<img decoding="async" alt="C:\Documents and Settings\user\Desktop\ATENAS\0 (1).jpg" src="https://lh3.googleusercontent.com/MKCDBKpSM4kVfqOZbf2LOkfU050LTn2v8lTqaOr2i_TEpOAyb_MRT-HNInzbRzLv3qn9GAkxZtgp0304L2s7ZsaTV-gPUyULCoDQhUOaCd4SevdrSyt_hdF1WcsGJqE98_LxzIg=s0" width="99" height="74">Disponível em: https://youtu.be/2CAoPQq8XzQ(acesso -01/07/2020)<br><strong>Porque o Sol é tão importante </strong><strong>para a vida na Terra? </strong>Texto extraído de:segredosdomundo.r7.com&nbsp;› porque-o-sol-e-tao-importa&#8230;escolakids.uol.com.br&nbsp;› Ciências<br>Vídeos extraídos de:<a href="about:blank">https://www.youtube.com</a>(acesso -01/07/2020)</td></tr><tr><td>Objeto de Conhecimento</td><td>O Sol como fonte de luz e calor: Radiação solar. Efeitos da radiação solar para os seres vivos.</td></tr><tr><td>Componentes Curriculares</td><td>Ciências</td></tr><tr><td>Habilidades</td><td>(EF02CI08-A) Identificar o Sol como fonte de luz e calor, destacando a sua importância para a vida na Terra.&nbsp;(EF02CI08-B) Reconhecer os efeitos da radiação solar nos seres vivos, destacando benefícios e malefícios para o ser humano.</td></tr><tr><td>Proponentes/ Professores:</td><td>Wanderly Alves P. Guimarães e Celina Pimenta da Silva</td></tr><tr><td>Instituição Educacional:</td><td>Escola Municipal Vitor Hugo Ludwig</td></tr><tr><td>CRE:</td><td>Brasil Di Ramos Caiado</td></tr></tbody></table></figure>
