{"id":131803,"date":"2021-09-20T07:00:00","date_gmt":"2021-09-20T10:00:00","guid":{"rendered":"https:\/\/sme.goiania.go.gov.br\/conexaoescola\/?post_type=ensino_fundamental&#038;p=131803"},"modified":"2021-11-24T08:52:29","modified_gmt":"2021-11-24T10:52:29","slug":"brincando-com-parlendas","status":"publish","type":"ensino_fundamental","link":"https:\/\/sme.goiania.go.gov.br\/conexaoescola\/ensino_fundamental\/brincando-com-parlendas\/","title":{"rendered":"L\u00edngua Portuguesa &#8211; Brincando com parlendas"},"content":{"rendered":"\n<p class=\"has-medium-font-size\">Ol\u00e1! Hoje voc\u00ea vai aprender sobre as parlendas. Voc\u00ea j\u00e1 ouviu alguma? Sabe o que \u00e9? As parlendas s\u00e3o um tipo de texto que \u00e9 passado de gera\u00e7\u00e3o em gera\u00e7\u00e3o. S\u00e3o pequenos versos com ou sem rima, que tem a inten\u00e7\u00e3o de alegrar as pessoas.<\/p>\n\n\n\n<hr class=\"wp-block-separator\"\/>\n\n\n\n<h2 class=\"has-white-color has-vivid-red-background-color has-text-color has-background wp-block-heading\">Atividade 1<\/h2>\n\n\n\n<p class=\"has-medium-font-size\">Assista ao v\u00eddeo com v\u00e1rias parlendas, aproveite para conhecer um universo novo composto pelo nosso folclore brasileiro.<br>Preste aten\u00e7\u00e3o e tente identificar as rimas.<\/p>\n\n\n\n<figure class=\"wp-block-embed is-type-video is-provider-youtube wp-block-embed-youtube wp-embed-aspect-16-9 wp-has-aspect-ratio\"><div class=\"wp-block-embed__wrapper\">\n<p class=\"responsive-video-wrap clr\"><iframe title=\"Palavra Cantada | Pot Pourri Parlendas\" width=\"1200\" height=\"675\" src=\"https:\/\/www.youtube.com\/embed\/cqp4N_Hqxvs?feature=oembed\" frameborder=\"0\" allow=\"accelerometer; autoplay; clipboard-write; encrypted-media; gyroscope; picture-in-picture\" allowfullscreen><\/iframe><\/p>\n<\/div><figcaption>&#8220;Palavra Cantada | Pot Pourri Parlendas&#8221; &#8211; Canal: <a href=\"https:\/\/www.youtube.com\/channel\/UCGs6qb1ohFhDzeHbYeJlsAA\"><\/a> <a href=\"https:\/\/www.youtube.com\/channel\/UCGs6qb1ohFhDzeHbYeJlsAA\">Palavra Cantada Oficial<\/a> &#8211; Link: https:\/\/www.youtube.com\/watch?v=cqp4N_Hqxvs<\/figcaption><\/figure>\n\n\n\n<hr class=\"wp-block-separator\"\/>\n\n\n\n<h2 class=\"has-light-green-cyan-background-color has-background wp-block-heading\">Atividade 2<\/h2>\n\n\n\n<p class=\"has-medium-font-size\">Voc\u00ea j\u00e1 conhecia algumas dessas parlendas apresentadas no v\u00eddeo?<br>Conhe\u00e7a agora a parlenda: A casinha da vov\u00f3.&nbsp;<\/p>\n\n\n\n<p class=\"has-pale-cyan-blue-background-color has-background has-medium-font-size\">A casinha da vov\u00f3<br>Cercadinha de cip\u00f3<br>O caf\u00e9 est\u00e1 demorando<br>Com certeza n\u00e3o tem p\u00f3.&nbsp;<br>Veja como eu fa\u00e7o!<br>Vou trocar a palavra vov\u00f3 por titia. <br>E assim \u00e0 rima sofrer\u00e1 mudan\u00e7as.&nbsp;<br>A casinha da titia<br>Cercadinha de florzinha<br>O bolo est\u00e1 demorando<br>Com certeza n\u00e3o tem farinha.<\/p>\n\n\n\n<hr class=\"wp-block-separator\"\/>\n\n\n\n<h2 class=\"has-luminous-vivid-amber-background-color has-background wp-block-heading\">Atividade 3<\/h2>\n\n\n\n<p class=\"has-medium-font-size\">Agora \u00e9 a sua vez! Registre sua produ\u00e7\u00e3o em seu caderno.<br>Use o exemplo e realize as trocas necess\u00e1rias para criar uma nova parlenda. E se \u00e0 casinha fosse do papai, do cachorro, do vov\u00f4 e da madrinha?<\/p>\n\n\n\n<hr class=\"wp-block-separator\"\/>\n\n\n\n<figure class=\"wp-block-table alignfull\"><table><tbody><tr><td>Saiba Mais \/ Refer\u00eancias:<\/td><td>A casinha da vov\u00f3<a href=\"about:blank\">https:\/\/www.youtube.com\/watch?v=cqp4N_Hqxvs<\/a>&nbsp;<a href=\"about:blank\">https:\/\/www.youtube.com\/watch?v=F5RsJw3_Jjo<\/a><\/td><\/tr><tr><td>Objeto de Conhecimento<\/td><td>\u00c1rea de atua\u00e7\u00e3o-Campo da vida cotidiana- Parlenda Rimas e alitera\u00e7\u00e3o&nbsp;Reconstru\u00e7\u00e3o das condi\u00e7\u00f5es de produ\u00e7\u00e3o e recep\u00e7\u00e3o de textos: G\u00eaneros e fun\u00e7\u00e3o social dos textos<br>Produ\u00e7\u00e3o de texto oral: Recita\u00e7\u00e3o; Declama\u00e7\u00e3o.<br>Recursos paralingu\u00edsticos: express\u00e3o facial, movimentos corporais, entona\u00e7\u00e3o.Rimas e alitera\u00e7\u00f5es e asson\u00e2ncias em textos po\u00e9ticos, can\u00e7\u00f5es.<\/td><\/tr><tr><td>Componente Curricular<\/td><td>L\u00edngua Portuguesa<\/td><\/tr><tr><td>Habilidades<\/td><td>(EF15LP01) Identificar a fun\u00e7\u00e3o social de textos que circulam em campos da vida social dos quais participa cotidianamente (a casa, a rua, a comunidade, a escola) e nas m\u00eddias impressa, de massa e digital, reconhecendo para que foram produzidos, onde circulam, quem os produziu e a quem se destinam.(EF01LP19-A) Recitar parlendas, quadras, quadrinhos, trava-l\u00ednguas, dentre outros, com entona\u00e7\u00e3o adequada e observando as rimas, em sala de aula e em apresenta\u00e7\u00f5es p\u00fablicas.(EF01LP19-D) Refletir sobre o sistema de escrita, observando as rimas.(EF12LP07) Identificar e (re)produzir, em cantigas, quadrinhos, parlendas, trava-l\u00ednguas e can\u00e7\u00f5es, entre outros, rimas, alitera\u00e7\u00f5es, asson\u00e2ncias, o ritmo de fala relacionado ao ritmo e \u00e0 melodia das m\u00fasicas e seus efeitos de sentido.<\/td><\/tr><tr><td>Proponentes\/ Professores:<\/td><td>Catielly Francisca da SilvaJuliana Alves dos ReisLa\u00eds Augusta CarvalhoPaula Crispim Valentino de OliveiraFabiana Cardoso Revor\u00eado<\/td><\/tr><tr><td>Institui\u00e7\u00e3o Educacional:<\/td><td>Educand\u00e1rio Esp\u00edrita Eur\u00edpedes Barsanulfo<\/td><\/tr><tr><td>CRE:<\/td><td>Brasil Di Ramos Caiado&nbsp;<\/td><\/tr><\/tbody><\/table><\/figure>\n","protected":false},"author":26,"featured_media":131806,"template":"","ef_categoria":[13,20],"ef_ano":[84],"ef_componente":[93],"class_list":["post-131803","ensino_fundamental","type-ensino_fundamental","status-publish","has-post-thumbnail","hentry","ef_categoria-ciclo-da-infancia-abc","ef_categoria-etica-e-cidadania","ef_ano-1o-ano","ef_componente-portugues","entry","has-media"],"acf":[],"_links":{"self":[{"href":"https:\/\/sme.goiania.go.gov.br\/conexaoescola\/wp-json\/wp\/v2\/ensino_fundamental\/131803","targetHints":{"allow":["GET"]}}],"collection":[{"href":"https:\/\/sme.goiania.go.gov.br\/conexaoescola\/wp-json\/wp\/v2\/ensino_fundamental"}],"about":[{"href":"https:\/\/sme.goiania.go.gov.br\/conexaoescola\/wp-json\/wp\/v2\/types\/ensino_fundamental"}],"author":[{"embeddable":true,"href":"https:\/\/sme.goiania.go.gov.br\/conexaoescola\/wp-json\/wp\/v2\/users\/26"}],"version-history":[{"count":0,"href":"https:\/\/sme.goiania.go.gov.br\/conexaoescola\/wp-json\/wp\/v2\/ensino_fundamental\/131803\/revisions"}],"wp:featuredmedia":[{"embeddable":true,"href":"https:\/\/sme.goiania.go.gov.br\/conexaoescola\/wp-json\/wp\/v2\/media\/131806"}],"wp:attachment":[{"href":"https:\/\/sme.goiania.go.gov.br\/conexaoescola\/wp-json\/wp\/v2\/media?parent=131803"}],"wp:term":[{"taxonomy":"ef_categoria","embeddable":true,"href":"https:\/\/sme.goiania.go.gov.br\/conexaoescola\/wp-json\/wp\/v2\/ef_categoria?post=131803"},{"taxonomy":"ef_ano","embeddable":true,"href":"https:\/\/sme.goiania.go.gov.br\/conexaoescola\/wp-json\/wp\/v2\/ef_ano?post=131803"},{"taxonomy":"ef_componente","embeddable":true,"href":"https:\/\/sme.goiania.go.gov.br\/conexaoescola\/wp-json\/wp\/v2\/ef_componente?post=131803"}],"curies":[{"name":"wp","href":"https:\/\/api.w.org\/{rel}","templated":true}]}}

Língua Portuguesa &#8211; Brincando com parlendas

<p class="has-medium-font-size">Olá! Hoje você vai aprender sobre as parlendas. Você já ouviu alguma? Sabe o que é? As parlendas são um tipo de texto que é passado de geração em geração. São pequenos versos com ou sem rima, que tem a intenção de alegrar as pessoas.</p>



<hr class="wp-block-separator"/>



<h2 class="has-white-color has-vivid-red-background-color has-text-color has-background wp-block-heading">Atividade 1</h2>



<p class="has-medium-font-size">Assista ao vídeo com várias parlendas, aproveite para conhecer um universo novo composto pelo nosso folclore brasileiro.<br>Preste atenção e tente identificar as rimas.</p>



<figure class="wp-block-embed is-type-video is-provider-youtube wp-block-embed-youtube wp-embed-aspect-16-9 wp-has-aspect-ratio"><div class="wp-block-embed__wrapper">
<p class="responsive-video-wrap clr"><iframe title="Palavra Cantada | Pot Pourri Parlendas" width="1200" height="675" src="https://www.youtube.com/embed/cqp4N_Hqxvs?feature=oembed" frameborder="0" allow="accelerometer; autoplay; clipboard-write; encrypted-media; gyroscope; picture-in-picture" allowfullscreen></iframe></p>
</div><figcaption>&#8220;Palavra Cantada | Pot Pourri Parlendas&#8221; &#8211; Canal: <a href="https://www.youtube.com/channel/UCGs6qb1ohFhDzeHbYeJlsAA"></a> <a href="https://www.youtube.com/channel/UCGs6qb1ohFhDzeHbYeJlsAA">Palavra Cantada Oficial</a> &#8211; Link: https://www.youtube.com/watch?v=cqp4N_Hqxvs</figcaption></figure>



<hr class="wp-block-separator"/>



<h2 class="has-light-green-cyan-background-color has-background wp-block-heading">Atividade 2</h2>



<p class="has-medium-font-size">Você já conhecia algumas dessas parlendas apresentadas no vídeo?<br>Conheça agora a parlenda: A casinha da vovó.&nbsp;</p>



<p class="has-pale-cyan-blue-background-color has-background has-medium-font-size">A casinha da vovó<br>Cercadinha de cipó<br>O café está demorando<br>Com certeza não tem pó.&nbsp;<br>Veja como eu faço!<br>Vou trocar a palavra vovó por titia. <br>E assim à rima sofrerá mudanças.&nbsp;<br>A casinha da titia<br>Cercadinha de florzinha<br>O bolo está demorando<br>Com certeza não tem farinha.</p>



<hr class="wp-block-separator"/>



<h2 class="has-luminous-vivid-amber-background-color has-background wp-block-heading">Atividade 3</h2>



<p class="has-medium-font-size">Agora é a sua vez! Registre sua produção em seu caderno.<br>Use o exemplo e realize as trocas necessárias para criar uma nova parlenda. E se à casinha fosse do papai, do cachorro, do vovô e da madrinha?</p>



<hr class="wp-block-separator"/>



<figure class="wp-block-table alignfull"><table><tbody><tr><td>Saiba Mais / Referências:</td><td>A casinha da vovó<a href="about:blank">https://www.youtube.com/watch?v=cqp4N_Hqxvs</a>&nbsp;<a href="about:blank">https://www.youtube.com/watch?v=F5RsJw3_Jjo</a></td></tr><tr><td>Objeto de Conhecimento</td><td>Área de atuação-Campo da vida cotidiana- Parlenda Rimas e aliteração&nbsp;Reconstrução das condições de produção e recepção de textos: Gêneros e função social dos textos<br>Produção de texto oral: Recitação; Declamação.<br>Recursos paralinguísticos: expressão facial, movimentos corporais, entonação.Rimas e aliterações e assonâncias em textos poéticos, canções.</td></tr><tr><td>Componente Curricular</td><td>Língua Portuguesa</td></tr><tr><td>Habilidades</td><td>(EF15LP01) Identificar a função social de textos que circulam em campos da vida social dos quais participa cotidianamente (a casa, a rua, a comunidade, a escola) e nas mídias impressa, de massa e digital, reconhecendo para que foram produzidos, onde circulam, quem os produziu e a quem se destinam.(EF01LP19-A) Recitar parlendas, quadras, quadrinhos, trava-línguas, dentre outros, com entonação adequada e observando as rimas, em sala de aula e em apresentações públicas.(EF01LP19-D) Refletir sobre o sistema de escrita, observando as rimas.(EF12LP07) Identificar e (re)produzir, em cantigas, quadrinhos, parlendas, trava-línguas e canções, entre outros, rimas, aliterações, assonâncias, o ritmo de fala relacionado ao ritmo e à melodia das músicas e seus efeitos de sentido.</td></tr><tr><td>Proponentes/ Professores:</td><td>Catielly Francisca da SilvaJuliana Alves dos ReisLaís Augusta CarvalhoPaula Crispim Valentino de OliveiraFabiana Cardoso Revorêdo</td></tr><tr><td>Instituição Educacional:</td><td>Educandário Espírita Eurípedes Barsanulfo</td></tr><tr><td>CRE:</td><td>Brasil Di Ramos Caiado&nbsp;</td></tr></tbody></table></figure>
