{"id":131784,"date":"2021-09-14T07:34:00","date_gmt":"2021-09-14T10:34:00","guid":{"rendered":"https:\/\/sme.goiania.go.gov.br\/conexaoescola\/?post_type=ensino_fundamental&#038;p=131784"},"modified":"2021-10-27T21:14:45","modified_gmt":"2021-10-28T00:14:45","slug":"ciencias-da-natureza-vacinas-um-cuidado-individual-e-coletivo","status":"publish","type":"ensino_fundamental","link":"https:\/\/sme.goiania.go.gov.br\/conexaoescola\/ensino_fundamental\/ciencias-da-natureza-vacinas-um-cuidado-individual-e-coletivo\/","title":{"rendered":"Ci\u00eancias da Natureza &#8211; VACINAS: UM CUIDADO INDIVIDUAL E COLETIVO"},"content":{"rendered":"\n<p class=\"has-cyan-bluish-gray-background-color has-background has-medium-font-size\"><em>Ol\u00e1, estudante! Esta videoaula de&nbsp;<\/em><strong><span class=\"has-inline-color has-vivid-cyan-blue-color\"><em>Ci\u00eancias<\/em><\/span><\/strong><em><span class=\"has-inline-color has-vivid-cyan-blue-color\">&nbsp;<strong>da Natureza<\/strong>&nbsp;\u2013&nbsp;<strong>para&nbsp;8\u00ba Ano\/Agrupamento H&nbsp;do Ciclo da Adolesc\u00eanci<\/strong>a&nbsp;<\/span>\u2013 foi veiculada na TV no dia&nbsp;<\/em><strong><span class=\"has-inline-color has-vivid-cyan-blue-color\"><em>15\/09\/2021 (Quarta-feira)<\/em><\/span><\/strong><em><span class=\"has-inline-color has-vivid-cyan-blue-color\">.<\/span> Aqui no Portal Conex\u00e3o Escola, ela est\u00e1 dispon\u00edvel juntamente com a proposta de atividade.<\/em><\/p>\n\n\n\n<p class=\"has-medium-font-size\"><strong>A videoaula a seguir abordar\u00e1 um tema muito atual, embora sua exist\u00eancia e uso sejam bastante antigos, vacina\u00e7\u00e3o. Voc\u00ea conhecer\u00e1 um pouco da hist\u00f3ria da vacina no mundo e no Brasil, compreender\u00e1 quais s\u00e3o os mecanismos que permitem com que ela atue na preven\u00e7\u00e3o de doen\u00e7as, em n\u00edvel individual e tamb\u00e9m coletivo.<\/strong><\/p>\n\n\n\n<div class=\"wp-block-image\"><figure class=\"aligncenter size-large\"><img fetchpriority=\"high\" decoding=\"async\" width=\"960\" height=\"640\" src=\"https:\/\/sme.goiania.go.gov.br\/conexaoescola\/wp-content\/uploads\/2021\/09\/vacina-e1631569554407.jpg\" alt=\"\" class=\"wp-image-131785\" srcset=\"https:\/\/sme.goiania.go.gov.br\/conexaoescola\/wp-content\/uploads\/2021\/09\/vacina-e1631569554407.jpg 960w, https:\/\/sme.goiania.go.gov.br\/conexaoescola\/wp-content\/uploads\/2021\/09\/vacina-e1631569554407-300x200.jpg 300w, https:\/\/sme.goiania.go.gov.br\/conexaoescola\/wp-content\/uploads\/2021\/09\/vacina-e1631569554407-768x512.jpg 768w\" sizes=\"(max-width: 960px) 100vw, 960px\" \/><figcaption>Fonte: pixabay.com<\/figcaption><\/figure><\/div>\n\n\n\n<p class=\"has-text-align-center has-black-background-color has-background has-medium-font-size\"><strong><span class=\"has-inline-color has-white-color\">Assista \u00e0 videoaula abaixo com a tem\u00e1tica<\/span><\/strong> <strong><span class=\"has-inline-color has-vivid-cyan-blue-color\">VACINAS: UM CUIDADO INDIVIDUAL E COLETIVO<\/span><\/strong><\/p>\n\n\n\n<figure class=\"wp-block-embed aligncenter is-type-video is-provider-youtube wp-block-embed-youtube wp-embed-aspect-16-9 wp-has-aspect-ratio\"><div class=\"wp-block-embed__wrapper\">\n<p class=\"responsive-video-wrap clr\"><iframe title=\"8 ano   Ci\u00eancias   15 09 2021   Bloco 1\" width=\"1200\" height=\"675\" src=\"https:\/\/www.youtube.com\/embed\/yDUPvOjOrZM?feature=oembed\" frameborder=\"0\" allow=\"accelerometer; autoplay; clipboard-write; encrypted-media; gyroscope; picture-in-picture\" allowfullscreen><\/iframe><\/p>\n<\/div><figcaption>8\u00ba ano &#8211; Ci\u00eancias da Natureza &#8211; Professora Mariana Araguaia<\/figcaption><\/figure>\n\n\n\n<p class=\"has-medium-font-size\">Na videoaula da professora Mariana, conhecemos os processos hist\u00f3ricos e cient\u00edficos relacionados ao desenvolvimento das primeiras vacinas utilizadas na hist\u00f3ria da humanidade. Foi poss\u00edvel saber que o Brasil passou a imunizar sua popula\u00e7\u00e3o por meio da vacina\u00e7\u00e3o no in\u00edcio do s\u00e9culo XIX, na preven\u00e7\u00e3o da var\u00edola. <\/p>\n\n\n\n<p class=\"has-medium-font-size\">Compreendemos que as vacinas t\u00eam como fun\u00e7\u00e3o estimular o organismo a produzir estruturas chamadas anticorpos, capazes de combater agentes invasores causadores de doen\u00e7as. H\u00e1 tamb\u00e9m uma subst\u00e2ncia relacionada \u00e0 imuniza\u00e7\u00e3o denominada soro, que j\u00e1 cont\u00e9m os anticorpos, sendo usado em situa\u00e7\u00f5es em que j\u00e1 houve um poss\u00edvel contato com esses agentes.<\/p>\n\n\n\n<p class=\"has-vivid-cyan-blue-background-color has-background has-medium-font-size\"><strong>ATIVIDADE 1<\/strong><\/p>\n\n\n\n<p class=\"has-medium-font-size\">De acordo com a videoaula da Professora Mariana, o v\u00eddeo e texto disponibilizados nos links abaixo, responda a cruzadinha de forma online, envie para seu professor o print das respostas completas e\/ou transcreva para seu caderno. Aten\u00e7\u00e3o! Para acessar cada uma das dicas da cruzadinha, \u00e9 necess\u00e1rio clicar em um quadradinho da coluna ou da linha que voc\u00ea pretende responder.<\/p>\n\n\n\n<p class=\"has-medium-font-size\">Link v\u00eddeo: <a href=\"https:\/\/www.youtube.com\/watch?v=x_NNMDzm808&amp;ab_channel=CanalButantan\">No Dia da Imuniza\u00e7\u00e3o, conhe\u00e7a a hist\u00f3ria da vacina no Brasil &#8211; YouTube<\/a><\/p>\n\n\n\n<p class=\"has-medium-font-size\">Link texto: <a href=\"https:\/\/escolakids.uol.com.br\/ciencias\/soros-e-vacinas.htm\">Soros e vacinas. Diferen\u00e7a entre soros e vacinas &#8211; Escola Kids (uol.com.br)<\/a><\/p>\n\n\n\n<p class=\"has-medium-font-size\">Link cruzadinha: <a href=\"https:\/\/share.eclipsecrossword.com\/play\/94d22d0e\/vacinacao\">VACINA\u00c7\u00c3O &#x25fc; Share EclipseCrossword<\/a><\/p>\n\n\n\n<p class=\"has-vivid-cyan-blue-background-color has-background has-medium-font-size\"><strong>ATIVIDADE 2<\/strong><\/p>\n\n\n\n<p class=\"has-medium-font-size\">O Plano Nacional de Imuniza\u00e7\u00e3o (PNI), vigente h\u00e1 quase 50 anos, propiciou e ainda possibilita que todos os brasileiros sejam imunizados, gratuitamente, para a preven\u00e7\u00e3o individual e coletiva de doen\u00e7as. Sobre o PNI, conhe\u00e7a o calend\u00e1rio nacional de vacina\u00e7\u00e3o, dispon\u00edvel no link abaixo:<\/p>\n\n\n\n<p class=\"has-text-align-center has-medium-font-size\"><a href=\"https:\/\/docs.google.com\/spreadsheets\/d\/1d8V8dN_QeoBNH9gGwrjzZGu46xvoKagS\/edit#gid=1420563877\">calendario.xls &#8211; Planilhas Google<\/a><\/p>\n\n\n\n<p class=\"has-medium-font-size\">Agora observe a tabela abaixo, que mostra as doen\u00e7as que as vacinas acima ajudam a combater:<\/p>\n\n\n\n<div class=\"wp-block-image\"><figure class=\"aligncenter size-large is-resized\"><img decoding=\"async\" src=\"https:\/\/sme.goiania.go.gov.br\/conexaoescola\/wp-content\/uploads\/2021\/09\/vass-e1631615309284.jpg\" alt=\"\" class=\"wp-image-131801\" width=\"719\" height=\"213\" srcset=\"https:\/\/sme.goiania.go.gov.br\/conexaoescola\/wp-content\/uploads\/2021\/09\/vass-e1631615309284.jpg 568w, https:\/\/sme.goiania.go.gov.br\/conexaoescola\/wp-content\/uploads\/2021\/09\/vass-e1631615309284-300x89.jpg 300w\" sizes=\"(max-width: 719px) 100vw, 719px\" \/><\/figure><\/div>\n\n\n\n<p class=\"has-medium-font-size\">Baseado nestas informa\u00e7\u00f5es, responda em seu caderno:<\/p>\n\n\n\n<ul class=\"has-medium-font-size wp-block-list\"><li>Converse com o seu respons\u00e1vel se voc\u00ea j\u00e1 teve alguma das doen\u00e7as citadas na tabela indicada na tabela acima. Se sim, quais?&nbsp;<\/li><li>Caso voc\u00ea tenha em casa seu cart\u00e3o de vacina\u00e7\u00e3o, verifique se h\u00e1 alguma dessas vacinas que voc\u00ea poderia tomar devido \u00e0 faixa et\u00e1ria, mas ainda n\u00e3o recebeu uma ou mais doses. N\u00e3o tendo o seu cart\u00e3o ou havendo vacinas pendentes, que tal ir ao posto de sa\u00fade mais pr\u00f3ximo da sua casa, para que voc\u00ea seja devidamente orientado e, se for o caso, tamb\u00e9m devidamente vacinado?<\/li><\/ul>\n\n\n\n<p class=\"has-vivid-cyan-blue-background-color has-background has-medium-font-size\"><strong>ATIVIDADE 3<\/strong><\/p>\n\n\n\n<p class=\"has-medium-font-size\">Em tempos de pandemia, n\u00e3o podemos deixar de falar sobre o novo coronav\u00edrus, o SARS-CoV-2, respons\u00e1vel pela doen\u00e7a COVID-19! Para essa doen\u00e7a, transmitida principalmente pelas vias nasais, h\u00e1 uma s\u00e9rie de medidas de preven\u00e7\u00e3o, como o distanciamento social e o uso de m\u00e1scaras faciais bem ajustadas. Outra forma de evitar a contamina\u00e7\u00e3o individual e coletiva \u00e9 a vacina\u00e7\u00e3o. Pesquise, no dia de hoje, quais os grupos priorit\u00e1rios e a faixa et\u00e1ria permitidos para que os indiv\u00edduos da sua cidade possam ser vacinados. Posteriormente converse com seus amigos e familiares sobre a import\u00e2ncia da vacina\u00e7\u00e3o e caso esteja na \u00e9poca destes vacinarem, estimule-os a procurarem um posto de vacina\u00e7\u00e3o.<\/p>\n\n\n\n<p class=\"has-vivid-cyan-blue-background-color has-background has-medium-font-size\"><strong>ATIVIDADE 4<\/strong><\/p>\n\n\n\n<p class=\"has-medium-font-size\">Muito tem se falado no uso de plasma convalescente e de soro anticovid como alternativas de tratamento para a infec\u00e7\u00e3o pelo novo coronav\u00edrus. Agora, com base em tudo o que aprendeu e com o aux\u00edlio do texto disponibilizado no link abaixo, responda em seu caderno, se o plasma convalescente e o soro anticovid est\u00e3o relacionados \u00e0 preven\u00e7\u00e3o ou ao tratamento da COVID-19. Justifique sua resposta.&nbsp; <\/p>\n\n\n\n<p class=\"has-text-align-center has-medium-font-size\"><a href=\"https:\/\/www.hemocentro.unicamp.br\/doacao-de-plasma\/o-que-e-plasma-convalescente\/\">Saiba mais sobre plasma convalescente e como ele est\u00e1 sendo usado para ajudar pacientes na luta contra o Covid-19! \u2013 Hemocentro (unicamp.br)<\/a><\/p>\n\n\n\n<hr class=\"wp-block-separator\"\/>\n\n\n\n<figure class=\"wp-block-table\"><table><tbody><tr><td>Referencial Bibliogr\u00e1fico<\/td><td>BRASIL. Calend\u00e1rio Nacional de Vacina\u00e7\u00e3o. Minist\u00e9rio da Sa\u00fade. Dispon\u00edvel em &lt;https:\/\/portalarquivos.saude.gov.br\/campanhas\/pni\/contents\/calendario.xls&gt;. Acesso em ago 21.<br>______. Soro, plasma e vacina contra Covid-19: entenda a diferen\u00e7a entre cada um e para que servem. Instituto Butantan. Dispon\u00edvel em &lt;https:\/\/butantan.gov.br\/covid\/butantan-tira-duvida\/tira-duvida-noticias\/soro-plasma-e-vacina-contra-covid-19-entenda-a-diferenca-entre-cada-um-e-para-que-servem&gt;. Acesso em ago 21.<br>Canal Butantan. No Dia da Imuniza\u00e7\u00e3o, conhe\u00e7a a hist\u00f3ria da vacina no Brasil. YouTube. Dispon\u00edvel em &lt;https:\/\/www.youtube.com\/watch?v=x_NNMDzm808&gt;. Acesso em ago 21.<br>KitzD66. Vacina\u00e7\u00e3o. Pixabay. Dispon\u00edvel em &lt;https:\/\/pixabay.com\/pt\/photos\/vacina%C3%A7%C3%A3o-m%C3%A9dica-vacina-injetar-5884502&gt;. Acesso em ago 21.<br>MACHADO, Fl\u00e1via de Figueiredo. Soros e Vacinas. Escola Kids. Dispon\u00edvel em &lt;https:\/\/escolakids.uol.com.br\/ciencias\/soros-e-vacinas.htm&gt;. Acesso em ago 21.<\/td><\/tr><\/tbody><\/table><\/figure>\n\n\n\n<hr class=\"wp-block-separator\"\/>\n\n\n\n<figure class=\"wp-block-table\"><table><tbody><tr><td>Componente Curricular<\/td><td>Habilidade<\/td><\/tr><tr><td>Ci\u00eancias da Natureza<\/td><td>Estruturante:<br>(EF07CI10-C) Argumentar sobre a import\u00e2ncia da vacina\u00e7\u00e3o para a sa\u00fade p\u00fablica, com base em informa\u00e7\u00f5es sobre a maneira como a vacina atua no organismo, ressaltando seu papel hist\u00f3rico na manuten\u00e7\u00e3o da sa\u00fade individual e coletiva e na erradica\u00e7\u00e3o de doen\u00e7as.<\/td><\/tr><\/tbody><\/table><\/figure>\n","protected":false},"author":17,"featured_media":131785,"template":"","ef_categoria":[16,33],"ef_ano":[91],"ef_componente":[98],"class_list":["post-131784","ensino_fundamental","type-ensino_fundamental","status-publish","has-post-thumbnail","hentry","ef_categoria-ciclo-da-adolescencia-hi","ef_categoria-educacao-ambiental-e-saude-ciclo-da-adolescencia-hi","ef_ano-8o-ano","ef_componente-ciencia-da-natureza-ef","entry","has-media"],"acf":[],"_links":{"self":[{"href":"https:\/\/sme.goiania.go.gov.br\/conexaoescola\/wp-json\/wp\/v2\/ensino_fundamental\/131784","targetHints":{"allow":["GET"]}}],"collection":[{"href":"https:\/\/sme.goiania.go.gov.br\/conexaoescola\/wp-json\/wp\/v2\/ensino_fundamental"}],"about":[{"href":"https:\/\/sme.goiania.go.gov.br\/conexaoescola\/wp-json\/wp\/v2\/types\/ensino_fundamental"}],"author":[{"embeddable":true,"href":"https:\/\/sme.goiania.go.gov.br\/conexaoescola\/wp-json\/wp\/v2\/users\/17"}],"version-history":[{"count":0,"href":"https:\/\/sme.goiania.go.gov.br\/conexaoescola\/wp-json\/wp\/v2\/ensino_fundamental\/131784\/revisions"}],"wp:featuredmedia":[{"embeddable":true,"href":"https:\/\/sme.goiania.go.gov.br\/conexaoescola\/wp-json\/wp\/v2\/media\/131785"}],"wp:attachment":[{"href":"https:\/\/sme.goiania.go.gov.br\/conexaoescola\/wp-json\/wp\/v2\/media?parent=131784"}],"wp:term":[{"taxonomy":"ef_categoria","embeddable":true,"href":"https:\/\/sme.goiania.go.gov.br\/conexaoescola\/wp-json\/wp\/v2\/ef_categoria?post=131784"},{"taxonomy":"ef_ano","embeddable":true,"href":"https:\/\/sme.goiania.go.gov.br\/conexaoescola\/wp-json\/wp\/v2\/ef_ano?post=131784"},{"taxonomy":"ef_componente","embeddable":true,"href":"https:\/\/sme.goiania.go.gov.br\/conexaoescola\/wp-json\/wp\/v2\/ef_componente?post=131784"}],"curies":[{"name":"wp","href":"https:\/\/api.w.org\/{rel}","templated":true}]}}

Ciências da Natureza &#8211; VACINAS: UM CUIDADO INDIVIDUAL E COLETIVO

<p class="has-cyan-bluish-gray-background-color has-background has-medium-font-size"><em>Olá, estudante! Esta videoaula de&nbsp;</em><strong><span class="has-inline-color has-vivid-cyan-blue-color"><em>Ciências</em></span></strong><em><span class="has-inline-color has-vivid-cyan-blue-color">&nbsp;<strong>da Natureza</strong>&nbsp;–&nbsp;<strong>para&nbsp;8º Ano/Agrupamento H&nbsp;do Ciclo da Adolescênci</strong>a&nbsp;</span>– foi veiculada na TV no dia&nbsp;</em><strong><span class="has-inline-color has-vivid-cyan-blue-color"><em>15/09/2021 (Quarta-feira)</em></span></strong><em><span class="has-inline-color has-vivid-cyan-blue-color">.</span> Aqui no Portal Conexão Escola, ela está disponível juntamente com a proposta de atividade.</em></p>



<p class="has-medium-font-size"><strong>A videoaula a seguir abordará um tema muito atual, embora sua existência e uso sejam bastante antigos, vacinação. Você conhecerá um pouco da história da vacina no mundo e no Brasil, compreenderá quais são os mecanismos que permitem com que ela atue na prevenção de doenças, em nível individual e também coletivo.</strong></p>



<div class="wp-block-image"><figure class="aligncenter size-large"><img fetchpriority="high" decoding="async" width="960" height="640" src="https://sme.goiania.go.gov.br/conexaoescola/wp-content/uploads/2021/09/vacina-e1631569554407.jpg" alt="" class="wp-image-131785" srcset="https://sme.goiania.go.gov.br/conexaoescola/wp-content/uploads/2021/09/vacina-e1631569554407.jpg 960w, https://sme.goiania.go.gov.br/conexaoescola/wp-content/uploads/2021/09/vacina-e1631569554407-300x200.jpg 300w, https://sme.goiania.go.gov.br/conexaoescola/wp-content/uploads/2021/09/vacina-e1631569554407-768x512.jpg 768w" sizes="(max-width: 960px) 100vw, 960px" /><figcaption>Fonte: pixabay.com</figcaption></figure></div>



<p class="has-text-align-center has-black-background-color has-background has-medium-font-size"><strong><span class="has-inline-color has-white-color">Assista à videoaula abaixo com a temática</span></strong> <strong><span class="has-inline-color has-vivid-cyan-blue-color">VACINAS: UM CUIDADO INDIVIDUAL E COLETIVO</span></strong></p>



<figure class="wp-block-embed aligncenter is-type-video is-provider-youtube wp-block-embed-youtube wp-embed-aspect-16-9 wp-has-aspect-ratio"><div class="wp-block-embed__wrapper">
<p class="responsive-video-wrap clr"><iframe title="8 ano   Ciências   15 09 2021   Bloco 1" width="1200" height="675" src="https://www.youtube.com/embed/yDUPvOjOrZM?feature=oembed" frameborder="0" allow="accelerometer; autoplay; clipboard-write; encrypted-media; gyroscope; picture-in-picture" allowfullscreen></iframe></p>
</div><figcaption>8º ano &#8211; Ciências da Natureza &#8211; Professora Mariana Araguaia</figcaption></figure>



<p class="has-medium-font-size">Na videoaula da professora Mariana, conhecemos os processos históricos e científicos relacionados ao desenvolvimento das primeiras vacinas utilizadas na história da humanidade. Foi possível saber que o Brasil passou a imunizar sua população por meio da vacinação no início do século XIX, na prevenção da varíola. </p>



<p class="has-medium-font-size">Compreendemos que as vacinas têm como função estimular o organismo a produzir estruturas chamadas anticorpos, capazes de combater agentes invasores causadores de doenças. Há também uma substância relacionada à imunização denominada soro, que já contém os anticorpos, sendo usado em situações em que já houve um possível contato com esses agentes.</p>



<p class="has-vivid-cyan-blue-background-color has-background has-medium-font-size"><strong>ATIVIDADE 1</strong></p>



<p class="has-medium-font-size">De acordo com a videoaula da Professora Mariana, o vídeo e texto disponibilizados nos links abaixo, responda a cruzadinha de forma online, envie para seu professor o print das respostas completas e/ou transcreva para seu caderno. Atenção! Para acessar cada uma das dicas da cruzadinha, é necessário clicar em um quadradinho da coluna ou da linha que você pretende responder.</p>



<p class="has-medium-font-size">Link vídeo: <a href="https://www.youtube.com/watch?v=x_NNMDzm808&amp;ab_channel=CanalButantan">No Dia da Imunização, conheça a história da vacina no Brasil &#8211; YouTube</a></p>



<p class="has-medium-font-size">Link texto: <a href="https://escolakids.uol.com.br/ciencias/soros-e-vacinas.htm">Soros e vacinas. Diferença entre soros e vacinas &#8211; Escola Kids (uol.com.br)</a></p>



<p class="has-medium-font-size">Link cruzadinha: <a href="https://share.eclipsecrossword.com/play/94d22d0e/vacinacao">VACINAÇÃO &#x25fc; Share EclipseCrossword</a></p>



<p class="has-vivid-cyan-blue-background-color has-background has-medium-font-size"><strong>ATIVIDADE 2</strong></p>



<p class="has-medium-font-size">O Plano Nacional de Imunização (PNI), vigente há quase 50 anos, propiciou e ainda possibilita que todos os brasileiros sejam imunizados, gratuitamente, para a prevenção individual e coletiva de doenças. Sobre o PNI, conheça o calendário nacional de vacinação, disponível no link abaixo:</p>



<p class="has-text-align-center has-medium-font-size"><a href="https://docs.google.com/spreadsheets/d/1d8V8dN_QeoBNH9gGwrjzZGu46xvoKagS/edit#gid=1420563877">calendario.xls &#8211; Planilhas Google</a></p>



<p class="has-medium-font-size">Agora observe a tabela abaixo, que mostra as doenças que as vacinas acima ajudam a combater:</p>



<div class="wp-block-image"><figure class="aligncenter size-large is-resized"><img decoding="async" src="https://sme.goiania.go.gov.br/conexaoescola/wp-content/uploads/2021/09/vass-e1631615309284.jpg" alt="" class="wp-image-131801" width="719" height="213" srcset="https://sme.goiania.go.gov.br/conexaoescola/wp-content/uploads/2021/09/vass-e1631615309284.jpg 568w, https://sme.goiania.go.gov.br/conexaoescola/wp-content/uploads/2021/09/vass-e1631615309284-300x89.jpg 300w" sizes="(max-width: 719px) 100vw, 719px" /></figure></div>



<p class="has-medium-font-size">Baseado nestas informações, responda em seu caderno:</p>



<ul class="has-medium-font-size wp-block-list"><li>Converse com o seu responsável se você já teve alguma das doenças citadas na tabela indicada na tabela acima. Se sim, quais?&nbsp;</li><li>Caso você tenha em casa seu cartão de vacinação, verifique se há alguma dessas vacinas que você poderia tomar devido à faixa etária, mas ainda não recebeu uma ou mais doses. Não tendo o seu cartão ou havendo vacinas pendentes, que tal ir ao posto de saúde mais próximo da sua casa, para que você seja devidamente orientado e, se for o caso, também devidamente vacinado?</li></ul>



<p class="has-vivid-cyan-blue-background-color has-background has-medium-font-size"><strong>ATIVIDADE 3</strong></p>



<p class="has-medium-font-size">Em tempos de pandemia, não podemos deixar de falar sobre o novo coronavírus, o SARS-CoV-2, responsável pela doença COVID-19! Para essa doença, transmitida principalmente pelas vias nasais, há uma série de medidas de prevenção, como o distanciamento social e o uso de máscaras faciais bem ajustadas. Outra forma de evitar a contaminação individual e coletiva é a vacinação. Pesquise, no dia de hoje, quais os grupos prioritários e a faixa etária permitidos para que os indivíduos da sua cidade possam ser vacinados. Posteriormente converse com seus amigos e familiares sobre a importância da vacinação e caso esteja na época destes vacinarem, estimule-os a procurarem um posto de vacinação.</p>



<p class="has-vivid-cyan-blue-background-color has-background has-medium-font-size"><strong>ATIVIDADE 4</strong></p>



<p class="has-medium-font-size">Muito tem se falado no uso de plasma convalescente e de soro anticovid como alternativas de tratamento para a infecção pelo novo coronavírus. Agora, com base em tudo o que aprendeu e com o auxílio do texto disponibilizado no link abaixo, responda em seu caderno, se o plasma convalescente e o soro anticovid estão relacionados à prevenção ou ao tratamento da COVID-19. Justifique sua resposta.&nbsp; </p>



<p class="has-text-align-center has-medium-font-size"><a href="https://www.hemocentro.unicamp.br/doacao-de-plasma/o-que-e-plasma-convalescente/">Saiba mais sobre plasma convalescente e como ele está sendo usado para ajudar pacientes na luta contra o Covid-19! – Hemocentro (unicamp.br)</a></p>



<hr class="wp-block-separator"/>



<figure class="wp-block-table"><table><tbody><tr><td>Referencial Bibliográfico</td><td>BRASIL. Calendário Nacional de Vacinação. Ministério da Saúde. Disponível em &lt;https://portalarquivos.saude.gov.br/campanhas/pni/contents/calendario.xls&gt;. Acesso em ago 21.<br>______. Soro, plasma e vacina contra Covid-19: entenda a diferença entre cada um e para que servem. Instituto Butantan. Disponível em &lt;https://butantan.gov.br/covid/butantan-tira-duvida/tira-duvida-noticias/soro-plasma-e-vacina-contra-covid-19-entenda-a-diferenca-entre-cada-um-e-para-que-servem&gt;. Acesso em ago 21.<br>Canal Butantan. No Dia da Imunização, conheça a história da vacina no Brasil. YouTube. Disponível em &lt;https://www.youtube.com/watch?v=x_NNMDzm808&gt;. Acesso em ago 21.<br>KitzD66. Vacinação. Pixabay. Disponível em &lt;https://pixabay.com/pt/photos/vacina%C3%A7%C3%A3o-m%C3%A9dica-vacina-injetar-5884502&gt;. Acesso em ago 21.<br>MACHADO, Flávia de Figueiredo. Soros e Vacinas. Escola Kids. Disponível em &lt;https://escolakids.uol.com.br/ciencias/soros-e-vacinas.htm&gt;. Acesso em ago 21.</td></tr></tbody></table></figure>



<hr class="wp-block-separator"/>



<figure class="wp-block-table"><table><tbody><tr><td>Componente Curricular</td><td>Habilidade</td></tr><tr><td>Ciências da Natureza</td><td>Estruturante:<br>(EF07CI10-C) Argumentar sobre a importância da vacinação para a saúde pública, com base em informações sobre a maneira como a vacina atua no organismo, ressaltando seu papel histórico na manutenção da saúde individual e coletiva e na erradicação de doenças.</td></tr></tbody></table></figure>
