{"id":131734,"date":"2021-09-20T07:00:00","date_gmt":"2021-09-20T10:00:00","guid":{"rendered":"https:\/\/sme.goiania.go.gov.br\/conexaoescola\/?post_type=ensino_fundamental&#038;p=131734"},"modified":"2021-10-20T07:56:08","modified_gmt":"2021-10-20T10:56:08","slug":"a-historia-dos-numeros-vamos-brincar-de-contagem","status":"publish","type":"ensino_fundamental","link":"https:\/\/sme.goiania.go.gov.br\/conexaoescola\/ensino_fundamental\/a-historia-dos-numeros-vamos-brincar-de-contagem\/","title":{"rendered":"A hist\u00f3ria dos n\u00fameros. Vamos brincar de contagem?"},"content":{"rendered":"\n<p class=\"has-medium-font-size\">Ol\u00e1! Tudo bem? Hoje, voc\u00ea vai conhecer um pouco da hist\u00f3ria dos n\u00fameros. E descobrir como a contagem contribuiu para a exist\u00eancia deles.&nbsp; Vamos l\u00e1!<\/p>\n\n\n\n<p class=\"has-medium-font-size\">Voc\u00ea sabia que assim como voc\u00ea os n\u00fameros tamb\u00e9m tem uma hist\u00f3ria. As Hist\u00f3rias de como eles surgiram. Voc\u00ea sabia que os n\u00fameros j\u00e1 estavam presentes na pr\u00e9-hist\u00f3ria? E surgiram a partir do momento em que existiu a necessidade de contar objetos?<\/p>\n\n\n\n<p class=\"has-medium-font-size\">Texto original dispon\u00edvel em: <a href=\"about:blank\">https:\/\/mundoeducacao.uol.com.br\/matematica\/como-surgiram-os-numeros.htm<\/a>&lt;Acessado em 03 de Agosto de 2020&gt;<\/p>\n\n\n\n<p class=\"has-medium-font-size\">Adaptado por: Simone Ribeiro da Silva.<\/p>\n\n\n\n<hr class=\"wp-block-separator\"\/>\n\n\n\n<h2 class=\"has-pale-cyan-blue-background-color has-background wp-block-heading\">Atividade 1<\/h2>\n\n\n\n<p class=\"has-medium-font-size\">Clique no link abaixo e assista ao v\u00eddeo que conta a hist\u00f3ria dos n\u00fameros.<\/p>\n\n\n\n<figure class=\"wp-block-embed is-type-video is-provider-youtube wp-block-embed-youtube wp-embed-aspect-16-9 wp-has-aspect-ratio\"><div class=\"wp-block-embed__wrapper\">\n<p class=\"responsive-video-wrap clr\"><iframe title=\"A Hist\u00f3ria dos N\u00fameros\" width=\"1200\" height=\"675\" src=\"https:\/\/www.youtube.com\/embed\/ExYFO1gdCA4?feature=oembed\" frameborder=\"0\" allow=\"accelerometer; autoplay; clipboard-write; encrypted-media; gyroscope; picture-in-picture\" allowfullscreen><\/iframe><\/p>\n<\/div><figcaption>&#8220;A Hist\u00f3ria dos N\u00fameros&#8221; &#8211; Canal: <a href=\"https:\/\/www.youtube.com\/channel\/UCEOfY-OU9ngg42FiqD_IuLg\">HR DIGITAL AUDIOVISUAL<\/a> &#8211; Link: https:\/\/www.youtube.com\/watch?v=ExYFO1gdCA4<\/figcaption><\/figure>\n\n\n\n<p class=\"has-medium-font-size\">(A Hist\u00f3ria dos N\u00fameros \u2013 Canal HR Digital audiovisual &#8211; Youtube)<\/p>\n\n\n\n<p class=\"has-medium-font-size\">A Hist\u00f3ria dos n\u00fameros demonstra a necessidade que temos de contar e quantificar, porque praticamente todas as atividades humanas envolvem algum tipo de contagem.<\/p>\n\n\n\n<hr class=\"wp-block-separator\"\/>\n\n\n\n<h2 class=\"has-vivid-cyan-blue-background-color has-background wp-block-heading\">Atividade 2<\/h2>\n\n\n\n<p class=\"has-medium-font-size\">Assista ao pr\u00f3ximo v\u00eddeo e realize a contagem usando os dedos da sua m\u00e3o.<\/p>\n\n\n\n<figure class=\"wp-block-embed is-type-video is-provider-youtube wp-block-embed-youtube wp-embed-aspect-16-9 wp-has-aspect-ratio\"><div class=\"wp-block-embed__wrapper\">\n<p class=\"responsive-video-wrap clr\"><iframe title=\"Aprendendo os n\u00fameros e a contar ate 10\" width=\"1200\" height=\"675\" src=\"https:\/\/www.youtube.com\/embed\/9gxndvXzC6U?feature=oembed\" frameborder=\"0\" allow=\"accelerometer; autoplay; clipboard-write; encrypted-media; gyroscope; picture-in-picture\" allowfullscreen><\/iframe><\/p>\n<\/div><figcaption>&#8220;Aprendendo os n\u00fameros e a contar ate 10&#8221; &#8211; Canal: <a href=\"https:\/\/www.youtube.com\/channel\/UCo_GJ-xMCWCeJ4jrPxcFk_A\">Ensinando meu filho<\/a> &#8211; Link: https:\/\/www.youtube.com\/watch?v=9gxndvXzC6U<\/figcaption><\/figure>\n\n\n\n<p class=\"has-medium-font-size\">Recitar os n\u00fameros at\u00e9 dez \u00e9 bem f\u00e1cil, n\u00e3o \u00e9? Com certeza voc\u00ea j\u00e1 domina essa habilidade, entretanto a grande novidade \u00e9 a quantifica\u00e7\u00e3o das ma\u00e7\u00e3s, em rela\u00e7\u00e3o ao seu numeral e a escrita do nome de cada um deles.<\/p>\n\n\n\n<hr class=\"wp-block-separator\"\/>\n\n\n\n<h2 class=\"has-luminous-vivid-orange-background-color has-background wp-block-heading\">Atividade 3<\/h2>\n\n\n\n<p class=\"has-medium-font-size\">Agora pegue seu caderno e escreva os n\u00fameros de um at\u00e9 dez e desenhe bolinhas para indicar a quantidade de cada um.<\/p>\n\n\n\n<hr class=\"wp-block-separator\"\/>\n\n\n\n<h2 class=\"has-pale-pink-background-color has-background wp-block-heading\">Atividade 4<\/h2>\n\n\n\n<p class=\"has-medium-font-size\">Observe a imagem a seguir que mostra uma brincadeira antiga, mas muito comum entre as crian\u00e7as atualmente, principalmente no momento do recreio na escola.<\/p>\n\n\n\n<figure class=\"wp-block-embed is-type-wp-embed is-provider-pinterest wp-block-embed-pinterest\"><div class=\"wp-block-embed__wrapper\">\n<div class=\"oceanwp-oembed-wrap clr\"><iframe class=\"wp-embedded-content\" sandbox=\"allow-scripts\" security=\"restricted\" title=\"Brincar de pique-esconde\" src=\"https:\/\/assets.pinterest.com\/ext\/embed.html?id=362258363749687747&#038;src=oembed#?secret=Wr8Ps809HN\" data-secret=\"Wr8Ps809HN\" height=\"457\" width=\"450\" frameborder=\"0\" scrolling=\"no\"><\/iframe><\/div>\n<\/div><figcaption>Fonte: https:\/\/br.pinterest.com\/pin\/362258363749687747\/<\/figcaption><\/figure>\n\n\n\n<p class=\"has-medium-font-size\">Com certeza voc\u00ea j\u00e1 brincou dessa brincadeira, n\u00e3o \u00e9?<\/p>\n\n\n\n<hr class=\"wp-block-separator\"\/>\n\n\n\n<h2 class=\"has-light-green-cyan-background-color has-background wp-block-heading\">Atividade 5<\/h2>\n\n\n\n<p class=\"has-medium-font-size\">Pense e responda oralmente observando a imagem da brincadeira acima:<\/p>\n\n\n\n<p class=\"has-medium-font-size\">Qual \u00e9 o nome dessa brincadeira?<\/p>\n\n\n\n<p class=\"has-medium-font-size\">O que a crian\u00e7a que est\u00e1 com o rosto encostado na parede, est\u00e1 fazendo?<\/p>\n\n\n\n<p class=\"has-medium-font-size\">Quais os n\u00fameros que aparecem na imagem? Observem e conte nos seus dedos.<\/p>\n\n\n\n<hr class=\"wp-block-separator\"\/>\n\n\n\n<h2 class=\"has-luminous-vivid-amber-background-color has-background wp-block-heading\"><strong>Atividade 6<\/strong><\/h2>\n\n\n\n<p class=\"has-medium-font-size\">Convide algu\u00e9m que more com voc\u00ea para brincar de pique esconde e n\u00e3o se esque\u00e7a de contar certinho at\u00e9 10.<\/p>\n\n\n\n<p class=\"has-medium-font-size\">At\u00e9 a pr\u00f3xima!!!<\/p>\n\n\n\n<hr class=\"wp-block-separator\"\/>\n\n\n\n<figure class=\"wp-block-table alignfull\"><table><tbody><tr><td>Saiba Mais \/ Refer\u00eancias:<\/td><td>Cante e conte! Voc\u00ea pode aprender a contar at\u00e9 vinte (20). Assista ao v\u00eddeo abaixo cante e conte:&nbsp;<a href=\"about:blank\">https:\/\/youtu.be\/dGBoFCbVhIQ<\/a>&nbsp;A can\u00e7\u00e3o do trem com os n\u00fameros de 1 a 20 | can\u00e7\u00f5es infantis | LittleBabyBum- Youtube<\/td><\/tr><tr><td>Objeto de Conhecimento<\/td><td>Leitura e escrita de n\u00fameros naturais&nbsp;&nbsp;<\/td><\/tr><tr><td>Componente Curricular<\/td><td>Matem\u00e1tica<\/td><\/tr><tr><td>Habilidades<\/td><td>(EF01MA02-B) Associar quantidades fazendo correspond\u00eancias de objetos.(EF01MA02-D) Registrar quantidades, utilizando-se de recurso pessoais: dedos das m\u00e3os e p\u00e9s, pedrinhas, palitos.<\/td><\/tr><tr><td>Proponentes\/ Professores:<\/td><td>Simone Ribeiro da Silva<br>Kelem Cristina Resplandes<\/td><\/tr><tr><td>Institui\u00e7\u00e3o Educacional:<\/td><td>Centro Promocional Todos os Santos II<\/td><\/tr><tr><td>CRE:<\/td><td>Coordenadoria Brasil Di Ramos Caiado<\/td><\/tr><\/tbody><\/table><\/figure>\n","protected":false},"author":26,"featured_media":131753,"template":"","ef_categoria":[13,19],"ef_ano":[84],"ef_componente":[94],"class_list":["post-131734","ensino_fundamental","type-ensino_fundamental","status-publish","has-post-thumbnail","hentry","ef_categoria-ciclo-da-infancia-abc","ef_categoria-educacao-financeira-e-empreendedorismo","ef_ano-1o-ano","ef_componente-matematica","entry","has-media"],"acf":[],"_links":{"self":[{"href":"https:\/\/sme.goiania.go.gov.br\/conexaoescola\/wp-json\/wp\/v2\/ensino_fundamental\/131734","targetHints":{"allow":["GET"]}}],"collection":[{"href":"https:\/\/sme.goiania.go.gov.br\/conexaoescola\/wp-json\/wp\/v2\/ensino_fundamental"}],"about":[{"href":"https:\/\/sme.goiania.go.gov.br\/conexaoescola\/wp-json\/wp\/v2\/types\/ensino_fundamental"}],"author":[{"embeddable":true,"href":"https:\/\/sme.goiania.go.gov.br\/conexaoescola\/wp-json\/wp\/v2\/users\/26"}],"version-history":[{"count":0,"href":"https:\/\/sme.goiania.go.gov.br\/conexaoescola\/wp-json\/wp\/v2\/ensino_fundamental\/131734\/revisions"}],"wp:featuredmedia":[{"embeddable":true,"href":"https:\/\/sme.goiania.go.gov.br\/conexaoescola\/wp-json\/wp\/v2\/media\/131753"}],"wp:attachment":[{"href":"https:\/\/sme.goiania.go.gov.br\/conexaoescola\/wp-json\/wp\/v2\/media?parent=131734"}],"wp:term":[{"taxonomy":"ef_categoria","embeddable":true,"href":"https:\/\/sme.goiania.go.gov.br\/conexaoescola\/wp-json\/wp\/v2\/ef_categoria?post=131734"},{"taxonomy":"ef_ano","embeddable":true,"href":"https:\/\/sme.goiania.go.gov.br\/conexaoescola\/wp-json\/wp\/v2\/ef_ano?post=131734"},{"taxonomy":"ef_componente","embeddable":true,"href":"https:\/\/sme.goiania.go.gov.br\/conexaoescola\/wp-json\/wp\/v2\/ef_componente?post=131734"}],"curies":[{"name":"wp","href":"https:\/\/api.w.org\/{rel}","templated":true}]}}

A história dos números. Vamos brincar de contagem?

<p class="has-medium-font-size">Olá! Tudo bem? Hoje, você vai conhecer um pouco da história dos números. E descobrir como a contagem contribuiu para a existência deles.&nbsp; Vamos lá!</p>



<p class="has-medium-font-size">Você sabia que assim como você os números também tem uma história. As Histórias de como eles surgiram. Você sabia que os números já estavam presentes na pré-história? E surgiram a partir do momento em que existiu a necessidade de contar objetos?</p>



<p class="has-medium-font-size">Texto original disponível em: <a href="about:blank">https://mundoeducacao.uol.com.br/matematica/como-surgiram-os-numeros.htm</a>&lt;Acessado em 03 de Agosto de 2020&gt;</p>



<p class="has-medium-font-size">Adaptado por: Simone Ribeiro da Silva.</p>



<hr class="wp-block-separator"/>



<h2 class="has-pale-cyan-blue-background-color has-background wp-block-heading">Atividade 1</h2>



<p class="has-medium-font-size">Clique no link abaixo e assista ao vídeo que conta a história dos números.</p>



<figure class="wp-block-embed is-type-video is-provider-youtube wp-block-embed-youtube wp-embed-aspect-16-9 wp-has-aspect-ratio"><div class="wp-block-embed__wrapper">
<p class="responsive-video-wrap clr"><iframe title="A História dos Números" width="1200" height="675" src="https://www.youtube.com/embed/ExYFO1gdCA4?feature=oembed" frameborder="0" allow="accelerometer; autoplay; clipboard-write; encrypted-media; gyroscope; picture-in-picture" allowfullscreen></iframe></p>
</div><figcaption>&#8220;A História dos Números&#8221; &#8211; Canal: <a href="https://www.youtube.com/channel/UCEOfY-OU9ngg42FiqD_IuLg">HR DIGITAL AUDIOVISUAL</a> &#8211; Link: https://www.youtube.com/watch?v=ExYFO1gdCA4</figcaption></figure>



<p class="has-medium-font-size">(A História dos Números – Canal HR Digital audiovisual &#8211; Youtube)</p>



<p class="has-medium-font-size">A História dos números demonstra a necessidade que temos de contar e quantificar, porque praticamente todas as atividades humanas envolvem algum tipo de contagem.</p>



<hr class="wp-block-separator"/>



<h2 class="has-vivid-cyan-blue-background-color has-background wp-block-heading">Atividade 2</h2>



<p class="has-medium-font-size">Assista ao próximo vídeo e realize a contagem usando os dedos da sua mão.</p>



<figure class="wp-block-embed is-type-video is-provider-youtube wp-block-embed-youtube wp-embed-aspect-16-9 wp-has-aspect-ratio"><div class="wp-block-embed__wrapper">
<p class="responsive-video-wrap clr"><iframe title="Aprendendo os números e a contar ate 10" width="1200" height="675" src="https://www.youtube.com/embed/9gxndvXzC6U?feature=oembed" frameborder="0" allow="accelerometer; autoplay; clipboard-write; encrypted-media; gyroscope; picture-in-picture" allowfullscreen></iframe></p>
</div><figcaption>&#8220;Aprendendo os números e a contar ate 10&#8221; &#8211; Canal: <a href="https://www.youtube.com/channel/UCo_GJ-xMCWCeJ4jrPxcFk_A">Ensinando meu filho</a> &#8211; Link: https://www.youtube.com/watch?v=9gxndvXzC6U</figcaption></figure>



<p class="has-medium-font-size">Recitar os números até dez é bem fácil, não é? Com certeza você já domina essa habilidade, entretanto a grande novidade é a quantificação das maçãs, em relação ao seu numeral e a escrita do nome de cada um deles.</p>



<hr class="wp-block-separator"/>



<h2 class="has-luminous-vivid-orange-background-color has-background wp-block-heading">Atividade 3</h2>



<p class="has-medium-font-size">Agora pegue seu caderno e escreva os números de um até dez e desenhe bolinhas para indicar a quantidade de cada um.</p>



<hr class="wp-block-separator"/>



<h2 class="has-pale-pink-background-color has-background wp-block-heading">Atividade 4</h2>



<p class="has-medium-font-size">Observe a imagem a seguir que mostra uma brincadeira antiga, mas muito comum entre as crianças atualmente, principalmente no momento do recreio na escola.</p>



<figure class="wp-block-embed is-type-wp-embed is-provider-pinterest wp-block-embed-pinterest"><div class="wp-block-embed__wrapper">
<div class="oceanwp-oembed-wrap clr"><iframe class="wp-embedded-content" sandbox="allow-scripts" security="restricted" title="Brincar de pique-esconde" src="https://assets.pinterest.com/ext/embed.html?id=362258363749687747&#038;src=oembed#?secret=Wr8Ps809HN" data-secret="Wr8Ps809HN" height="457" width="450" frameborder="0" scrolling="no"></iframe></div>
</div><figcaption>Fonte: https://br.pinterest.com/pin/362258363749687747/</figcaption></figure>



<p class="has-medium-font-size">Com certeza você já brincou dessa brincadeira, não é?</p>



<hr class="wp-block-separator"/>



<h2 class="has-light-green-cyan-background-color has-background wp-block-heading">Atividade 5</h2>



<p class="has-medium-font-size">Pense e responda oralmente observando a imagem da brincadeira acima:</p>



<p class="has-medium-font-size">Qual é o nome dessa brincadeira?</p>



<p class="has-medium-font-size">O que a criança que está com o rosto encostado na parede, está fazendo?</p>



<p class="has-medium-font-size">Quais os números que aparecem na imagem? Observem e conte nos seus dedos.</p>



<hr class="wp-block-separator"/>



<h2 class="has-luminous-vivid-amber-background-color has-background wp-block-heading"><strong>Atividade 6</strong></h2>



<p class="has-medium-font-size">Convide alguém que more com você para brincar de pique esconde e não se esqueça de contar certinho até 10.</p>



<p class="has-medium-font-size">Até a próxima!!!</p>



<hr class="wp-block-separator"/>



<figure class="wp-block-table alignfull"><table><tbody><tr><td>Saiba Mais / Referências:</td><td>Cante e conte! Você pode aprender a contar até vinte (20). Assista ao vídeo abaixo cante e conte:&nbsp;<a href="about:blank">https://youtu.be/dGBoFCbVhIQ</a>&nbsp;A canção do trem com os números de 1 a 20 | canções infantis | LittleBabyBum- Youtube</td></tr><tr><td>Objeto de Conhecimento</td><td>Leitura e escrita de números naturais&nbsp;&nbsp;</td></tr><tr><td>Componente Curricular</td><td>Matemática</td></tr><tr><td>Habilidades</td><td>(EF01MA02-B) Associar quantidades fazendo correspondências de objetos.(EF01MA02-D) Registrar quantidades, utilizando-se de recurso pessoais: dedos das mãos e pés, pedrinhas, palitos.</td></tr><tr><td>Proponentes/ Professores:</td><td>Simone Ribeiro da Silva<br>Kelem Cristina Resplandes</td></tr><tr><td>Instituição Educacional:</td><td>Centro Promocional Todos os Santos II</td></tr><tr><td>CRE:</td><td>Coordenadoria Brasil Di Ramos Caiado</td></tr></tbody></table></figure>
