{"id":131595,"date":"2021-09-13T07:00:00","date_gmt":"2021-09-13T10:00:00","guid":{"rendered":"https:\/\/sme.goiania.go.gov.br\/conexaoescola\/?post_type=ensino_fundamental&#038;p=131595"},"modified":"2022-03-31T22:41:12","modified_gmt":"2022-04-01T01:41:12","slug":"identidade-ancestralidade-e-alteridade","status":"publish","type":"ensino_fundamental","link":"https:\/\/sme.goiania.go.gov.br\/conexaoescola\/ensino_fundamental\/identidade-ancestralidade-e-alteridade\/","title":{"rendered":"Hist\u00f3ria &#8211; Identidade &#8211; ancestralidade e alteridade"},"content":{"rendered":"\n<p class=\"has-medium-font-size\"><strong>SEU NOME TEM HIST\u00d3RIA!<\/strong><\/p>\n\n\n\n<p class=\"has-medium-font-size\">Hoje voc\u00ea vai continuar descobrindo algumas curiosidades sobre seu nome. Escolha algu\u00e9m da sua fam\u00edlia para ser o entrevistado e anote as respostas para as perguntas a seguir. Vou adorar conhecer um pouco mais sobre voc\u00ea<strong>.<\/strong><\/p>\n\n\n\n<p class=\"has-medium-font-size\">1 &#8211; Quem escolheu meu nome?<\/p>\n\n\n\n<p class=\"has-medium-font-size\">______________________________________________________________<\/p>\n\n\n\n<p class=\"has-medium-font-size\">2 &#8211; Al\u00e9m desse nome que foi escolhido, havia outras op\u00e7\u00f5es? Quais?<\/p>\n\n\n\n<p class=\"has-medium-font-size\">_______________________________________________________________<\/p>\n\n\n\n<p class=\"has-medium-font-size\">3 &#8211; Voc\u00ea sabe qual o significado do meu nome?&nbsp;<\/p>\n\n\n\n<p class=\"has-medium-font-size\">_______________________________________________________________<\/p>\n\n\n\n<p class=\"has-medium-font-size\">4 &#8211; Alguma outra pessoa da nossa fam\u00edlia tem esse nome?<\/p>\n\n\n\n<p class=\"has-medium-font-size\">________________________________________________________________<\/p>\n\n\n\n<p class=\"has-medium-font-size\">5 &#8211; Por que tenho esse nome? Foi para homenagear algu\u00e9m?<\/p>\n\n\n\n<p class=\"has-medium-font-size\">_________________________________________________________________<\/p>\n\n\n\n<p class=\"has-medium-font-size\">6 &#8211; Eu j\u00e1 tive algum apelido? Se sim, qual?<\/p>\n\n\n\n<p class=\"has-medium-font-size\">_________________________________________________________________<\/p>\n\n\n\n<hr class=\"wp-block-separator\"\/>\n\n\n\n<figure class=\"wp-block-table alignfull\"><table><tbody><tr><td>Proponentes &#8211; Professores<\/td><td>Bruna Paula Soares<\/td><\/tr><tr><td>Institui\u00e7\u00e3o Educacional<\/td><td>Escola Municipal Lions Clube Bandeirantes<\/td><\/tr><tr><td>CRE<\/td><td>Brasil Di Ramos Caiado<\/td><\/tr><tr><td>Refer\u00eancias &#8211; Texto elaborado com fins pedag\u00f3gicos.<\/td><td>Vamos aprender hist\u00f3ria,2\u00b0ano: Ensino Fundamental Anos Iniciais\/ Caroline Torres Minorelli, Charles Hokiti \u2013 1ed.- S\u00e3o Paulo: Edi\u00e7\u00f5es SM, 2017<strong>.<\/strong><\/td><\/tr><\/tbody><\/table><\/figure>\n\n\n\n<figure class=\"wp-block-table alignfull\"><table><tbody><tr><td>Ciclo da lnf\u00e2ncia\/Ciclo da Adolesc\u00eancia ou EAJA<\/td><td>Ciclo da Inf\u00e2ncia<\/td><\/tr><tr><td>Turma\/agrupamento<\/td><td>B<\/td><\/tr><tr><td>Componente Curricular:<\/td><td>Hist\u00f3ria<\/td><\/tr><tr><td>Ciclo da Inf\u00e2ncia e Adolesc\u00eancia:<br>Habilidade Estruturante <br>Habilidades Complementares<br>EAJA:<br>Objetivos de Aprendizagem e Desenvolvimento<\/td><td><strong>Habil<\/strong><strong>i<\/strong><strong>dade estruturante:<\/strong>(EF01HI02) Identificar a rela\u00e7\u00e3o entre as suas hist\u00f3rias e as hist\u00f3rias de sua fam\u00edlia e de sua comunidade.<\/td><\/tr><tr><td>Tem\u00e1tica<\/td><td>Mundo pessoal: meu lugar no mundo<\/td><\/tr><\/tbody><\/table><\/figure>\n","protected":false},"author":20,"featured_media":131597,"template":"","ef_categoria":[13,20],"ef_ano":[85],"ef_componente":[95],"class_list":["post-131595","ensino_fundamental","type-ensino_fundamental","status-publish","has-post-thumbnail","hentry","ef_categoria-ciclo-da-infancia-abc","ef_categoria-etica-e-cidadania","ef_ano-2o-ano","ef_componente-historia","entry","has-media"],"acf":[],"_links":{"self":[{"href":"https:\/\/sme.goiania.go.gov.br\/conexaoescola\/wp-json\/wp\/v2\/ensino_fundamental\/131595","targetHints":{"allow":["GET"]}}],"collection":[{"href":"https:\/\/sme.goiania.go.gov.br\/conexaoescola\/wp-json\/wp\/v2\/ensino_fundamental"}],"about":[{"href":"https:\/\/sme.goiania.go.gov.br\/conexaoescola\/wp-json\/wp\/v2\/types\/ensino_fundamental"}],"author":[{"embeddable":true,"href":"https:\/\/sme.goiania.go.gov.br\/conexaoescola\/wp-json\/wp\/v2\/users\/20"}],"version-history":[{"count":0,"href":"https:\/\/sme.goiania.go.gov.br\/conexaoescola\/wp-json\/wp\/v2\/ensino_fundamental\/131595\/revisions"}],"wp:featuredmedia":[{"embeddable":true,"href":"https:\/\/sme.goiania.go.gov.br\/conexaoescola\/wp-json\/wp\/v2\/media\/131597"}],"wp:attachment":[{"href":"https:\/\/sme.goiania.go.gov.br\/conexaoescola\/wp-json\/wp\/v2\/media?parent=131595"}],"wp:term":[{"taxonomy":"ef_categoria","embeddable":true,"href":"https:\/\/sme.goiania.go.gov.br\/conexaoescola\/wp-json\/wp\/v2\/ef_categoria?post=131595"},{"taxonomy":"ef_ano","embeddable":true,"href":"https:\/\/sme.goiania.go.gov.br\/conexaoescola\/wp-json\/wp\/v2\/ef_ano?post=131595"},{"taxonomy":"ef_componente","embeddable":true,"href":"https:\/\/sme.goiania.go.gov.br\/conexaoescola\/wp-json\/wp\/v2\/ef_componente?post=131595"}],"curies":[{"name":"wp","href":"https:\/\/api.w.org\/{rel}","templated":true}]}}

História &#8211; Identidade &#8211; ancestralidade e alteridade

<p class="has-medium-font-size"><strong>SEU NOME TEM HISTÓRIA!</strong></p>



<p class="has-medium-font-size">Hoje você vai continuar descobrindo algumas curiosidades sobre seu nome. Escolha alguém da sua família para ser o entrevistado e anote as respostas para as perguntas a seguir. Vou adorar conhecer um pouco mais sobre você<strong>.</strong></p>



<p class="has-medium-font-size">1 &#8211; Quem escolheu meu nome?</p>



<p class="has-medium-font-size">______________________________________________________________</p>



<p class="has-medium-font-size">2 &#8211; Além desse nome que foi escolhido, havia outras opções? Quais?</p>



<p class="has-medium-font-size">_______________________________________________________________</p>



<p class="has-medium-font-size">3 &#8211; Você sabe qual o significado do meu nome?&nbsp;</p>



<p class="has-medium-font-size">_______________________________________________________________</p>



<p class="has-medium-font-size">4 &#8211; Alguma outra pessoa da nossa família tem esse nome?</p>



<p class="has-medium-font-size">________________________________________________________________</p>



<p class="has-medium-font-size">5 &#8211; Por que tenho esse nome? Foi para homenagear alguém?</p>



<p class="has-medium-font-size">_________________________________________________________________</p>



<p class="has-medium-font-size">6 &#8211; Eu já tive algum apelido? Se sim, qual?</p>



<p class="has-medium-font-size">_________________________________________________________________</p>



<hr class="wp-block-separator"/>



<figure class="wp-block-table alignfull"><table><tbody><tr><td>Proponentes &#8211; Professores</td><td>Bruna Paula Soares</td></tr><tr><td>Instituição Educacional</td><td>Escola Municipal Lions Clube Bandeirantes</td></tr><tr><td>CRE</td><td>Brasil Di Ramos Caiado</td></tr><tr><td>Referências &#8211; Texto elaborado com fins pedagógicos.</td><td>Vamos aprender história,2°ano: Ensino Fundamental Anos Iniciais/ Caroline Torres Minorelli, Charles Hokiti – 1ed.- São Paulo: Edições SM, 2017<strong>.</strong></td></tr></tbody></table></figure>



<figure class="wp-block-table alignfull"><table><tbody><tr><td>Ciclo da lnfância/Ciclo da Adolescência ou EAJA</td><td>Ciclo da Infância</td></tr><tr><td>Turma/agrupamento</td><td>B</td></tr><tr><td>Componente Curricular:</td><td>História</td></tr><tr><td>Ciclo da Infância e Adolescência:<br>Habilidade Estruturante <br>Habilidades Complementares<br>EAJA:<br>Objetivos de Aprendizagem e Desenvolvimento</td><td><strong>Habil</strong><strong>i</strong><strong>dade estruturante:</strong>(EF01HI02) Identificar a relação entre as suas histórias e as histórias de sua família e de sua comunidade.</td></tr><tr><td>Temática</td><td>Mundo pessoal: meu lugar no mundo</td></tr></tbody></table></figure>
