{"id":131576,"date":"2021-09-09T08:50:58","date_gmt":"2021-09-09T11:50:58","guid":{"rendered":"https:\/\/sme.goiania.go.gov.br\/conexaoescola\/?post_type=ensino_fundamental&#038;p=131576"},"modified":"2021-12-22T10:44:29","modified_gmt":"2021-12-22T12:44:29","slug":"historia-a-nocao-do-eu-e-do-outro-comunidade-convivencias-e-interacoes-entre-pessoas-tempo-de-recordar","status":"publish","type":"ensino_fundamental","link":"https:\/\/sme.goiania.go.gov.br\/conexaoescola\/ensino_fundamental\/historia-a-nocao-do-eu-e-do-outro-comunidade-convivencias-e-interacoes-entre-pessoas-tempo-de-recordar\/","title":{"rendered":"HIST\u00d3RIA &#8211; A NO\u00c7\u00c3O DO \u201cEU\u201d E DO \u201cOUTRO\u201d: COMUNIDADE, CONVIV\u00caNCIAS E INTERA\u00c7\u00d5ES ENTRE PESSOAS &#8211; TEMPO DE RECORDAR"},"content":{"rendered":"\n<p><img decoding=\"async\" width=\"1152px;\" height=\"391px;\" src=\"https:\/\/lh3.googleusercontent.com\/cCv2ooU_LZxLRshcYsvUqWn4ss7Hpn0BSaeMCbrOxOn0Eb16hBrEXHGMrS925sAeilDNhcKE651b8WWbeZnzfeHzTIpsnGfxpGOV6QBKsWN8FA-0V2REI0U7mpXquPSPs7LkFOk=s0\" alt=\"Familiares \u2014 Fotografia de Stock\"><\/p>\n\n\n\n<p class=\"has-text-align-center\" style=\"font-size:10px\">FONTE: depositphotos.com\/free-image<\/p>\n\n\n\n<p class=\"has-text-align-center has-background has-medium-font-size\" style=\"background-color:#e0f3f3\"><strong>ESTA SEQU\u00caNCIA TEM COMO PROPOSTA AUXILIAR NO RECONHECIMENTO DA HIST\u00d3RIA DA CRIAN\u00c7A E DE SUA FAM\u00cdLIA, OFERECENDO CAMINHOS QUE PERMITAM SUA PERCEP\u00c7\u00c3O COMO PARTE INTEGRANTE DE UM GRUPO FAMILIAR E VALORIZANDO A MEM\u00d3RIA COMO ELO ENTRE O PASSADO E O PRESENTE.<\/strong><\/p>\n\n\n\n<hr class=\"wp-block-separator\"\/>\n\n\n\n<p class=\"has-text-align-center has-background has-medium-font-size\" style=\"background-color:#f7f7df\"><strong>OL\u00c1, CRIAN\u00c7AS, TUDO BEM? NESSA VIDEOAULA VAMOS COMPARAR ACONTECIMENTOS DA VIDA COTIDIANA DO PASSADO E PRESENTE.<\/strong><\/p>\n\n\n\n<figure class=\"wp-block-embed is-type-video is-provider-youtube wp-block-embed-youtube wp-embed-aspect-16-9 wp-has-aspect-ratio\"><div class=\"wp-block-embed__wrapper\">\n<p class=\"responsive-video-wrap clr\"><iframe title=\"Hist\u00f3ria | Turma B |  2 Ano |  Ciclo da Inf\u00e2ncia\" width=\"1200\" height=\"675\" src=\"https:\/\/www.youtube.com\/embed\/Brd5dYsFpFM?feature=oembed\" frameborder=\"0\" allow=\"accelerometer; autoplay; clipboard-write; encrypted-media; gyroscope; picture-in-picture\" allowfullscreen><\/iframe><\/p>\n<\/div><figcaption>HIST\u00d3RIA\/ TURMA B\/ 2 ANO\/ CICLO DA INF\u00c2NCIA<\/figcaption><\/figure>\n\n\n\n<p class=\"has-text-align-center has-background has-medium-font-size\" style=\"background-color:#f2e4de\">&nbsp;<strong>AS FAM\u00cdLIAS S\u00c3O DIFERENTES, AS PESSOAS S\u00c3O DIFERENTES. O QUE AS FAM\u00cdLIAS GOSTAVAM DE FAZER NO PASSADO?&nbsp;<\/strong><\/p>\n\n\n\n<p style=\"font-size:22px\">AGORA VOC\u00caS V\u00c3O FAZER UMA ENTREVISTA COM PESSOAS DA SUA FAM\u00cdLIA. COPIEM EM SEUS CADERNOS, DEIXANDO LINHAS PARA ANOTAR AS RESPOSTAS DOS ADULTOS DE SUA FAM\u00cdLIA QUE VOC\u00ca VAI ENTREVISTAR.<\/p>\n\n\n\n<ul class=\"has-vivid-cyan-blue-color has-text-color wp-block-list\" style=\"font-size:25px\"><li>IDENTIFICA\u00c7\u00c3O DO ENTREVISTADO:&nbsp;<\/li><li>GRAU DE PARENTESCO:<\/li><\/ul>\n\n\n\n<p style=\"font-size:25px\">QUANDO VOC\u00ca ERA CRIAN\u00c7A:&nbsp;<\/p>\n\n\n\n<p class=\"has-medium-font-size\">A) DE QUAL BRINCADEIRA VOC\u00ca MAIS GOSTAVA?&nbsp;&nbsp;<\/p>\n\n\n\n<p class=\"has-medium-font-size\">B) DE QUAL ESPORTE VOC\u00ca MAIS GOSTAVA?&nbsp;<\/p>\n\n\n\n<p class=\"has-medium-font-size\">C) ONDE VOC\u00ca GOSTAVA DE PASSEAR?&nbsp;<\/p>\n\n\n\n<p class=\"has-medium-font-size\">D) COM QUEM PASSEAVA?&nbsp;<\/p>\n\n\n\n<hr class=\"wp-block-separator\"\/>\n\n\n\n<p class=\"has-background\" style=\"background-color:#ddedf3;font-size:25px\"><strong>ATIVIDADE 1<\/strong><\/p>\n\n\n\n<p class=\"has-medium-font-size\">1. <strong>&nbsp;<\/strong>QUAIS DESTAS BRINCADEIRAS ERAM COMUNS ENTRE AS CRIAN\u00c7AS DE ANTIGAMENTE?&nbsp;REFLITA SOBRE AS RESPOSTAS DAS ENTREVISTAS:&nbsp;<\/p>\n\n\n\n<ol class=\"has-medium-font-size wp-block-list\"><li>PI\u00c3O.&nbsp;<\/li><li>PIPA.&nbsp;<\/li><li>JOGOS DE CELULAR.<\/li><li>BRINCADEIRAS DE RODA.<\/li><\/ol>\n\n\n\n<hr class=\"wp-block-separator\"\/>\n\n\n\n<p class=\"has-background\" style=\"background-color:#ddedf3;font-size:25px\"><strong>ATIVIDADE 2<\/strong><\/p>\n\n\n\n<ol class=\"has-medium-font-size wp-block-list\"><li>ASSINALE COM UM X A RESPOSTA CORRETA:&nbsp;<\/li><\/ol>\n\n\n\n<p class=\"has-medium-font-size\">( &nbsp; ) AO CONVERSAR COM OS FAMILIARES, AS CRIAN\u00c7AS APRENDEM MAIS SOBRE SUA HIST\u00d3RIA.&nbsp;<\/p>\n\n\n\n<p class=\"has-medium-font-size\">( &nbsp; ) OS COLEGAS DA ESCOLA FAZEM PARTE DO MESMO GRUPO FAMILIAR.&nbsp;<\/p>\n\n\n\n<p class=\"has-medium-font-size\">( &nbsp; ) TODAS AS CRIAN\u00c7AS T\u00caM FAM\u00cdLIAS IGUAIS.&nbsp;<\/p>\n\n\n\n<hr class=\"wp-block-separator\"\/>\n\n\n\n<p class=\"has-background\" style=\"background-color:#edd4f2;font-size:25px\"><strong>AGORA, VAMOS RELEMBRAR O QUE APRENDEMOS HOJE?<\/strong><\/p>\n\n\n\n<ul class=\"has-medium-font-size wp-block-list\"><li>COMPARAR ACONTECIMENTOS DA VIDA COTIDIANA DO PASSADO E PRESENTE.<\/li><li>PERCEBER AS MUDAN\u00c7AS E PERMAN\u00caNCIAS NO DECORRER DO TEMPO.&nbsp;<\/li><li>RECONHECER FATOS DE SUA VIDA SITUADOS NO TEMPO.<\/li><li>RECONHECER-SE COMO PARTE DE SUA FAM\u00cdLIA.<\/li><\/ul>\n\n\n\n<hr class=\"wp-block-separator\"\/>\n\n\n\n<p class=\"has-text-align-center has-background\" style=\"background-color:#d7eaf2;font-size:15px\">Professor, essa aula segue a Matriz Curricular das Habilidades Estruturantes 2021-2021. Foi elaborada no ano de 2020, com a suspens\u00e3o das aulas presenciais devido \u00e0 pandemia da Covid-19 e segue as orienta\u00e7\u00f5es de flexibiliza\u00e7\u00e3o curricular para o bi\u00eanio 2020\/2021 (Of\u00edcio Circular 147\/2020 Dirped).<\/p>\n\n\n\n<figure class=\"wp-block-table is-style-regular\"><table class=\"has-background\" style=\"background-color:#e7f5fe\"><tbody><tr><td><br><strong>HABILIDADES ESTRUTURANTES<\/strong><br><\/td><td><strong>(EF02HI03)<\/strong> SELECIONAR SITUA\u00c7\u00d5ES COTIDIANAS QUE REMETAM \u00c0 PERCEP\u00c7\u00c3O DE MUDAN\u00c7A, PERTENCIMENTO E MEM\u00d3RIA.&nbsp;<strong>(EF02HI08)<\/strong> COMPILAR HIST\u00d3RIAS DA FAM\u00cdLIA E DE CONHECIDOS REGISTRADAS EM DIFERENTES FONTES.&nbsp;<strong>(EF02HI09)<\/strong> IDENTIFICAR OBJETOS E DOCUMENTOS PESSOAIS QUE REMETAM \u00c0 PR\u00d3PRIA EXPERI\u00caNCIA NO \u00c2MBITO DA FAM\u00cdLIA E\/OU DA COMUNIDADE, DISCUTINDO AS RAZ\u00d5ES PELAS QUAIS ALGUNS OBJETOS S\u00c3O PRESERVADOS E OUTROS S\u00c3O DESCARTADOS.&nbsp;<\/td><\/tr><\/tbody><\/table><\/figure>\n\n\n\n<hr class=\"wp-block-separator\"\/>\n\n\n\n<figure class=\"wp-block-table is-style-regular\"><table class=\"has-background\" style=\"background-color:#e9fbe5\"><tbody><tr><td><strong>REFER\u00caNCIAS<\/strong><\/td><td>DCGO AMPLIADO, MATRIZ DE HABILIDADES 2020\/2021<a href=\"https:\/\/educacaobasica.editorasaraiva.com.br\/pnld\/edital\/pnld-2019\/sequencias-didaticas\/?disciplina=88&amp;&amp;pagina=2#obras\">https:\/\/educacaobasica.editorasaraiva.com.br\/pnld\/edital\/pnld-2019\/sequencias-didaticas\/?disciplina=88&amp;&amp;pagina=2#obras<\/a>&nbsp;<br>IMAGENS: depositphotos.com\/free-image<\/td><\/tr><\/tbody><\/table><\/figure>\n\n\n\n<hr class=\"wp-block-separator\"\/>\n","protected":false},"author":39,"featured_media":132836,"template":"","ef_categoria":[30],"ef_ano":[85],"ef_componente":[95],"class_list":["post-131576","ensino_fundamental","type-ensino_fundamental","status-publish","has-post-thumbnail","hentry","ef_categoria-etica-e-cidadania-ciclo-da-adolescencia-fg","ef_ano-2o-ano","ef_componente-historia","entry","has-media"],"acf":[],"_links":{"self":[{"href":"https:\/\/sme.goiania.go.gov.br\/conexaoescola\/wp-json\/wp\/v2\/ensino_fundamental\/131576","targetHints":{"allow":["GET"]}}],"collection":[{"href":"https:\/\/sme.goiania.go.gov.br\/conexaoescola\/wp-json\/wp\/v2\/ensino_fundamental"}],"about":[{"href":"https:\/\/sme.goiania.go.gov.br\/conexaoescola\/wp-json\/wp\/v2\/types\/ensino_fundamental"}],"author":[{"embeddable":true,"href":"https:\/\/sme.goiania.go.gov.br\/conexaoescola\/wp-json\/wp\/v2\/users\/39"}],"version-history":[{"count":0,"href":"https:\/\/sme.goiania.go.gov.br\/conexaoescola\/wp-json\/wp\/v2\/ensino_fundamental\/131576\/revisions"}],"wp:featuredmedia":[{"embeddable":true,"href":"https:\/\/sme.goiania.go.gov.br\/conexaoescola\/wp-json\/wp\/v2\/media\/132836"}],"wp:attachment":[{"href":"https:\/\/sme.goiania.go.gov.br\/conexaoescola\/wp-json\/wp\/v2\/media?parent=131576"}],"wp:term":[{"taxonomy":"ef_categoria","embeddable":true,"href":"https:\/\/sme.goiania.go.gov.br\/conexaoescola\/wp-json\/wp\/v2\/ef_categoria?post=131576"},{"taxonomy":"ef_ano","embeddable":true,"href":"https:\/\/sme.goiania.go.gov.br\/conexaoescola\/wp-json\/wp\/v2\/ef_ano?post=131576"},{"taxonomy":"ef_componente","embeddable":true,"href":"https:\/\/sme.goiania.go.gov.br\/conexaoescola\/wp-json\/wp\/v2\/ef_componente?post=131576"}],"curies":[{"name":"wp","href":"https:\/\/api.w.org\/{rel}","templated":true}]}}

HISTÓRIA &#8211; A NOÇÃO DO “EU” E DO “OUTRO”: COMUNIDADE, CONVIVÊNCIAS E INTERAÇÕES ENTRE PESSOAS &#8211; TEMPO DE RECORDAR

<p><img decoding="async" width="1152px;" height="391px;" src="https://lh3.googleusercontent.com/cCv2ooU_LZxLRshcYsvUqWn4ss7Hpn0BSaeMCbrOxOn0Eb16hBrEXHGMrS925sAeilDNhcKE651b8WWbeZnzfeHzTIpsnGfxpGOV6QBKsWN8FA-0V2REI0U7mpXquPSPs7LkFOk=s0" alt="Familiares — Fotografia de Stock"></p>



<p class="has-text-align-center" style="font-size:10px">FONTE: depositphotos.com/free-image</p>



<p class="has-text-align-center has-background has-medium-font-size" style="background-color:#e0f3f3"><strong>ESTA SEQUÊNCIA TEM COMO PROPOSTA AUXILIAR NO RECONHECIMENTO DA HISTÓRIA DA CRIANÇA E DE SUA FAMÍLIA, OFERECENDO CAMINHOS QUE PERMITAM SUA PERCEPÇÃO COMO PARTE INTEGRANTE DE UM GRUPO FAMILIAR E VALORIZANDO A MEMÓRIA COMO ELO ENTRE O PASSADO E O PRESENTE.</strong></p>



<hr class="wp-block-separator"/>



<p class="has-text-align-center has-background has-medium-font-size" style="background-color:#f7f7df"><strong>OLÁ, CRIANÇAS, TUDO BEM? NESSA VIDEOAULA VAMOS COMPARAR ACONTECIMENTOS DA VIDA COTIDIANA DO PASSADO E PRESENTE.</strong></p>



<figure class="wp-block-embed is-type-video is-provider-youtube wp-block-embed-youtube wp-embed-aspect-16-9 wp-has-aspect-ratio"><div class="wp-block-embed__wrapper">
<p class="responsive-video-wrap clr"><iframe title="História | Turma B |  2 Ano |  Ciclo da Infância" width="1200" height="675" src="https://www.youtube.com/embed/Brd5dYsFpFM?feature=oembed" frameborder="0" allow="accelerometer; autoplay; clipboard-write; encrypted-media; gyroscope; picture-in-picture" allowfullscreen></iframe></p>
</div><figcaption>HISTÓRIA/ TURMA B/ 2 ANO/ CICLO DA INFÂNCIA</figcaption></figure>



<p class="has-text-align-center has-background has-medium-font-size" style="background-color:#f2e4de">&nbsp;<strong>AS FAMÍLIAS SÃO DIFERENTES, AS PESSOAS SÃO DIFERENTES. O QUE AS FAMÍLIAS GOSTAVAM DE FAZER NO PASSADO?&nbsp;</strong></p>



<p style="font-size:22px">AGORA VOCÊS VÃO FAZER UMA ENTREVISTA COM PESSOAS DA SUA FAMÍLIA. COPIEM EM SEUS CADERNOS, DEIXANDO LINHAS PARA ANOTAR AS RESPOSTAS DOS ADULTOS DE SUA FAMÍLIA QUE VOCÊ VAI ENTREVISTAR.</p>



<ul class="has-vivid-cyan-blue-color has-text-color wp-block-list" style="font-size:25px"><li>IDENTIFICAÇÃO DO ENTREVISTADO:&nbsp;</li><li>GRAU DE PARENTESCO:</li></ul>



<p style="font-size:25px">QUANDO VOCÊ ERA CRIANÇA:&nbsp;</p>



<p class="has-medium-font-size">A) DE QUAL BRINCADEIRA VOCÊ MAIS GOSTAVA?&nbsp;&nbsp;</p>



<p class="has-medium-font-size">B) DE QUAL ESPORTE VOCÊ MAIS GOSTAVA?&nbsp;</p>



<p class="has-medium-font-size">C) ONDE VOCÊ GOSTAVA DE PASSEAR?&nbsp;</p>



<p class="has-medium-font-size">D) COM QUEM PASSEAVA?&nbsp;</p>



<hr class="wp-block-separator"/>



<p class="has-background" style="background-color:#ddedf3;font-size:25px"><strong>ATIVIDADE 1</strong></p>



<p class="has-medium-font-size">1. <strong>&nbsp;</strong>QUAIS DESTAS BRINCADEIRAS ERAM COMUNS ENTRE AS CRIANÇAS DE ANTIGAMENTE?&nbsp;REFLITA SOBRE AS RESPOSTAS DAS ENTREVISTAS:&nbsp;</p>



<ol class="has-medium-font-size wp-block-list"><li>PIÃO.&nbsp;</li><li>PIPA.&nbsp;</li><li>JOGOS DE CELULAR.</li><li>BRINCADEIRAS DE RODA.</li></ol>



<hr class="wp-block-separator"/>



<p class="has-background" style="background-color:#ddedf3;font-size:25px"><strong>ATIVIDADE 2</strong></p>



<ol class="has-medium-font-size wp-block-list"><li>ASSINALE COM UM X A RESPOSTA CORRETA:&nbsp;</li></ol>



<p class="has-medium-font-size">( &nbsp; ) AO CONVERSAR COM OS FAMILIARES, AS CRIANÇAS APRENDEM MAIS SOBRE SUA HISTÓRIA.&nbsp;</p>



<p class="has-medium-font-size">( &nbsp; ) OS COLEGAS DA ESCOLA FAZEM PARTE DO MESMO GRUPO FAMILIAR.&nbsp;</p>



<p class="has-medium-font-size">( &nbsp; ) TODAS AS CRIANÇAS TÊM FAMÍLIAS IGUAIS.&nbsp;</p>



<hr class="wp-block-separator"/>



<p class="has-background" style="background-color:#edd4f2;font-size:25px"><strong>AGORA, VAMOS RELEMBRAR O QUE APRENDEMOS HOJE?</strong></p>



<ul class="has-medium-font-size wp-block-list"><li>COMPARAR ACONTECIMENTOS DA VIDA COTIDIANA DO PASSADO E PRESENTE.</li><li>PERCEBER AS MUDANÇAS E PERMANÊNCIAS NO DECORRER DO TEMPO.&nbsp;</li><li>RECONHECER FATOS DE SUA VIDA SITUADOS NO TEMPO.</li><li>RECONHECER-SE COMO PARTE DE SUA FAMÍLIA.</li></ul>



<hr class="wp-block-separator"/>



<p class="has-text-align-center has-background" style="background-color:#d7eaf2;font-size:15px">Professor, essa aula segue a Matriz Curricular das Habilidades Estruturantes 2021-2021. Foi elaborada no ano de 2020, com a suspensão das aulas presenciais devido à pandemia da Covid-19 e segue as orientações de flexibilização curricular para o biênio 2020/2021 (Ofício Circular 147/2020 Dirped).</p>



<figure class="wp-block-table is-style-regular"><table class="has-background" style="background-color:#e7f5fe"><tbody><tr><td><br><strong>HABILIDADES ESTRUTURANTES</strong><br></td><td><strong>(EF02HI03)</strong> SELECIONAR SITUAÇÕES COTIDIANAS QUE REMETAM À PERCEPÇÃO DE MUDANÇA, PERTENCIMENTO E MEMÓRIA.&nbsp;<strong>(EF02HI08)</strong> COMPILAR HISTÓRIAS DA FAMÍLIA E DE CONHECIDOS REGISTRADAS EM DIFERENTES FONTES.&nbsp;<strong>(EF02HI09)</strong> IDENTIFICAR OBJETOS E DOCUMENTOS PESSOAIS QUE REMETAM À PRÓPRIA EXPERIÊNCIA NO ÂMBITO DA FAMÍLIA E/OU DA COMUNIDADE, DISCUTINDO AS RAZÕES PELAS QUAIS ALGUNS OBJETOS SÃO PRESERVADOS E OUTROS SÃO DESCARTADOS.&nbsp;</td></tr></tbody></table></figure>



<hr class="wp-block-separator"/>



<figure class="wp-block-table is-style-regular"><table class="has-background" style="background-color:#e9fbe5"><tbody><tr><td><strong>REFERÊNCIAS</strong></td><td>DCGO AMPLIADO, MATRIZ DE HABILIDADES 2020/2021<a href="https://educacaobasica.editorasaraiva.com.br/pnld/edital/pnld-2019/sequencias-didaticas/?disciplina=88&amp;&amp;pagina=2#obras">https://educacaobasica.editorasaraiva.com.br/pnld/edital/pnld-2019/sequencias-didaticas/?disciplina=88&amp;&amp;pagina=2#obras</a>&nbsp;<br>IMAGENS: depositphotos.com/free-image</td></tr></tbody></table></figure>



<hr class="wp-block-separator"/>
