{"id":131534,"date":"2021-09-13T07:00:00","date_gmt":"2021-09-13T10:00:00","guid":{"rendered":"https:\/\/sme.goiania.go.gov.br\/conexaoescola\/?post_type=ensino_fundamental&#038;p=131534"},"modified":"2022-04-12T19:48:28","modified_gmt":"2022-04-12T22:48:28","slug":"nutrientes-no-organismo","status":"publish","type":"ensino_fundamental","link":"https:\/\/sme.goiania.go.gov.br\/conexaoescola\/ensino_fundamental\/nutrientes-no-organismo\/","title":{"rendered":"Ci\u00eancia da Natureza &#8211; Nutrientes no organismo"},"content":{"rendered":"\n<p class=\"has-pale-cyan-blue-background-color has-background has-medium-font-size\">Ol\u00e1, alunos! Os nutriente s\u00e3o substancias presentes nos alimentos que s\u00e3o importantes para o funcionamento do nosso organismo.<\/p>\n\n\n\n<h2 class=\"has-pale-cyan-blue-background-color has-background wp-block-heading\">Atividade 1<\/h2>\n\n\n\n<p class=\"has-medium-font-size\">A seguir, fa\u00e7a a leitura do texto sobre esse assunto:<\/p>\n\n\n\n<p class=\"has-medium-font-size\">Nutrientes e suas Fun\u00e7\u00f5es: equil\u00edbrio \u00e9 fundamental quando se trata de alimenta\u00e7\u00e3o saud\u00e1vel<\/p>\n\n\n\n<p class=\"has-medium-font-size\">&nbsp;&nbsp;&nbsp;&nbsp;&nbsp; Quando o assunto \u00e9 alimenta\u00e7\u00e3o saud\u00e1vel, a maioria das pessoas tende a lembrar somente das famosas calorias e que, para manter a linha, a ordem \u00e9 seguir aquela frase t\u00e3o conhecida: \u201cvoc\u00ea tem de gastar mais do que voc\u00ea ingere\u201d.<\/p>\n\n\n\n<p class=\"has-medium-font-size\">&nbsp;&nbsp;&nbsp;&nbsp;&nbsp; Por\u00e9m, \u00e9 sempre bom lembrar que \u201cestar na linha\u201d nem sempre significa \u201cestar saud\u00e1vel\u201d, e que, obviamente, n\u00e3o devemos gastar mais do que o nosso corpo tem e necessita, pois ficaremos com saldo negativo. Vamos, ent\u00e3o, entender um pouco melhor o&nbsp;papel dos nutrientes em nosso corpo&nbsp;e como eles nos ajudam a manter o organismo em dia.<\/p>\n\n\n\n<p class=\"has-medium-font-size\">O que s\u00e3o nutrientes?<\/p>\n\n\n\n<p class=\"has-medium-font-size\">&nbsp;&nbsp;&nbsp;&nbsp;&nbsp; S\u00e3o todas as subst\u00e2ncias encontradas nos alimentos, que s\u00e3o \u00fateis para o metabolismo org\u00e2nico e indispens\u00e1veis para o crescimento, desenvolvimento e manuten\u00e7\u00e3o das fun\u00e7\u00f5es vitais dos organismos vivos, e consequentemente, para a boa manuten\u00e7\u00e3o da sa\u00fade. Dividem-se em&nbsp;macro nutrientes, aqueles presentes em grande quantidade nos alimentos, como \u00e9 o caso de carboidratos, prote\u00ednas e lip\u00eddios (ou gorduras); ou&nbsp;micronutrientes, aqueles que se apresentam em quantidades pequenas, como minerais e vitaminas.<\/p>\n\n\n\n<p class=\"has-medium-font-size\">Fonte: https:\/\/alimentacaoemfoco.org.br\/nutrientes-e-suas-funcoes\/<\/p>\n\n\n\n<h2 class=\"has-pale-cyan-blue-background-color has-background wp-block-heading\">Atividade 2<\/h2>\n\n\n\n<p class=\"has-medium-font-size\">Responda as quest\u00f5es:<\/p>\n\n\n\n<p class=\"has-medium-font-size\">1. Qual \u00e9 o papel dos nutrientes no nosso corpo?<\/p>\n\n\n\n<p class=\"has-medium-font-size\">2. Qual tipo de alimento devemos comer mais?<\/p>\n\n\n\n<p class=\"has-medium-font-size\">3. De acordo com a not\u00edcia da d\u00e9cada de 1940, eram quatro produtos principais para a alimenta\u00e7\u00e3o. Que produtos eram esses?&nbsp;&nbsp;&nbsp;<\/p>\n\n\n\n<p class=\"has-pale-cyan-blue-background-color has-background has-medium-font-size\">SAIBA MAIS:<\/p>\n\n\n\n<p class=\"has-medium-font-size\">Dispon\u00edvel em: <a href=\"https:\/\/sme.goiania.go.gov.br\/conexaoescola\/ensino_fundamental\/a-importancia-dos-nutrientes-e-da-boa-alimentacao\/\">https:\/\/sme.goiania.go.gov.br\/conexaoescola\/ensino_fundamental\/a-importancia-dos-nutrientes-e-da-boa-alimentacao<\/a><\/p>\n\n\n\n<figure class=\"wp-block-table alignwide is-style-regular\"><table><tbody><tr><td><strong>Cicio&nbsp;da inf\u00e2ncia \/<\/strong><strong>Ciclo da&nbsp;Adolesc\u00eancia<\/strong><\/td><td>Ciclo da Inf\u00e2ncia<\/td><\/tr><tr><td><strong>Turma\/agrupamento<\/strong><\/td><td>D<\/td><\/tr><tr><td><strong>Componente Curricular:<\/strong><\/td><td>Ci\u00eancias<\/td><\/tr><tr><td><strong>Cicio da&nbsp;inf\u00e2ncia&nbsp;e adolesc\u00eancia:&nbsp;Habilidade estruturante e Habilidades&nbsp;<\/strong><strong>Complementares<\/strong><\/td><td>(EF05CI08) Organizar um card\u00e1pio equilibrado com base nas caracter\u00edsticas dos grupos alimentares (nutrientes e calorias) e nas necessidades individuais (atividades individuais, idade, sexo, etc.) para a manuten\u00e7\u00e3o da sa\u00fade do organismo.<br>(EF05CI15) Identificar h\u00e1bitos de higiene necess\u00e1rios no manuseio, preparo e armazenamentos dos alimentos.<br>(EF05CI09) Discutir a ocorr\u00eancia de dist\u00farbios nutricionais (como obesidade, subnutri\u00e7\u00e3o, etc) entre as crian\u00e7as e jovens a partir da an\u00e1lise de seus h\u00e1bitos (tipos e quantidade de alimento ingerido, pr\u00e1tica de atividade f\u00edsica, etc).<\/td><\/tr><\/tbody><\/table><\/figure>\n","protected":false},"author":14,"featured_media":131537,"template":"","ef_categoria":[14,23],"ef_ano":[87],"ef_componente":[98],"class_list":["post-131534","ensino_fundamental","type-ensino_fundamental","status-publish","has-post-thumbnail","hentry","ef_categoria-ciclo-da-infancia-de","ef_categoria-educacao-ambiental-e-saude-ciclo-da-infancia-de","ef_ano-4o-ano","ef_componente-ciencia-da-natureza-ef","entry","has-media"],"acf":[],"_links":{"self":[{"href":"https:\/\/sme.goiania.go.gov.br\/conexaoescola\/wp-json\/wp\/v2\/ensino_fundamental\/131534","targetHints":{"allow":["GET"]}}],"collection":[{"href":"https:\/\/sme.goiania.go.gov.br\/conexaoescola\/wp-json\/wp\/v2\/ensino_fundamental"}],"about":[{"href":"https:\/\/sme.goiania.go.gov.br\/conexaoescola\/wp-json\/wp\/v2\/types\/ensino_fundamental"}],"author":[{"embeddable":true,"href":"https:\/\/sme.goiania.go.gov.br\/conexaoescola\/wp-json\/wp\/v2\/users\/14"}],"version-history":[{"count":0,"href":"https:\/\/sme.goiania.go.gov.br\/conexaoescola\/wp-json\/wp\/v2\/ensino_fundamental\/131534\/revisions"}],"wp:featuredmedia":[{"embeddable":true,"href":"https:\/\/sme.goiania.go.gov.br\/conexaoescola\/wp-json\/wp\/v2\/media\/131537"}],"wp:attachment":[{"href":"https:\/\/sme.goiania.go.gov.br\/conexaoescola\/wp-json\/wp\/v2\/media?parent=131534"}],"wp:term":[{"taxonomy":"ef_categoria","embeddable":true,"href":"https:\/\/sme.goiania.go.gov.br\/conexaoescola\/wp-json\/wp\/v2\/ef_categoria?post=131534"},{"taxonomy":"ef_ano","embeddable":true,"href":"https:\/\/sme.goiania.go.gov.br\/conexaoescola\/wp-json\/wp\/v2\/ef_ano?post=131534"},{"taxonomy":"ef_componente","embeddable":true,"href":"https:\/\/sme.goiania.go.gov.br\/conexaoescola\/wp-json\/wp\/v2\/ef_componente?post=131534"}],"curies":[{"name":"wp","href":"https:\/\/api.w.org\/{rel}","templated":true}]}}

Ciência da Natureza &#8211; Nutrientes no organismo

<p class="has-pale-cyan-blue-background-color has-background has-medium-font-size">Olá, alunos! Os nutriente são substancias presentes nos alimentos que são importantes para o funcionamento do nosso organismo.</p>



<h2 class="has-pale-cyan-blue-background-color has-background wp-block-heading">Atividade 1</h2>



<p class="has-medium-font-size">A seguir, faça a leitura do texto sobre esse assunto:</p>



<p class="has-medium-font-size">Nutrientes e suas Funções: equilíbrio é fundamental quando se trata de alimentação saudável</p>



<p class="has-medium-font-size">&nbsp;&nbsp;&nbsp;&nbsp;&nbsp; Quando o assunto é alimentação saudável, a maioria das pessoas tende a lembrar somente das famosas calorias e que, para manter a linha, a ordem é seguir aquela frase tão conhecida: “você tem de gastar mais do que você ingere”.</p>



<p class="has-medium-font-size">&nbsp;&nbsp;&nbsp;&nbsp;&nbsp; Porém, é sempre bom lembrar que “estar na linha” nem sempre significa “estar saudável”, e que, obviamente, não devemos gastar mais do que o nosso corpo tem e necessita, pois ficaremos com saldo negativo. Vamos, então, entender um pouco melhor o&nbsp;papel dos nutrientes em nosso corpo&nbsp;e como eles nos ajudam a manter o organismo em dia.</p>



<p class="has-medium-font-size">O que são nutrientes?</p>



<p class="has-medium-font-size">&nbsp;&nbsp;&nbsp;&nbsp;&nbsp; São todas as substâncias encontradas nos alimentos, que são úteis para o metabolismo orgânico e indispensáveis para o crescimento, desenvolvimento e manutenção das funções vitais dos organismos vivos, e consequentemente, para a boa manutenção da saúde. Dividem-se em&nbsp;macro nutrientes, aqueles presentes em grande quantidade nos alimentos, como é o caso de carboidratos, proteínas e lipídios (ou gorduras); ou&nbsp;micronutrientes, aqueles que se apresentam em quantidades pequenas, como minerais e vitaminas.</p>



<p class="has-medium-font-size">Fonte: https://alimentacaoemfoco.org.br/nutrientes-e-suas-funcoes/</p>



<h2 class="has-pale-cyan-blue-background-color has-background wp-block-heading">Atividade 2</h2>



<p class="has-medium-font-size">Responda as questões:</p>



<p class="has-medium-font-size">1. Qual é o papel dos nutrientes no nosso corpo?</p>



<p class="has-medium-font-size">2. Qual tipo de alimento devemos comer mais?</p>



<p class="has-medium-font-size">3. De acordo com a notícia da década de 1940, eram quatro produtos principais para a alimentação. Que produtos eram esses?&nbsp;&nbsp;&nbsp;</p>



<p class="has-pale-cyan-blue-background-color has-background has-medium-font-size">SAIBA MAIS:</p>



<p class="has-medium-font-size">Disponível em: <a href="https://sme.goiania.go.gov.br/conexaoescola/ensino_fundamental/a-importancia-dos-nutrientes-e-da-boa-alimentacao/">https://sme.goiania.go.gov.br/conexaoescola/ensino_fundamental/a-importancia-dos-nutrientes-e-da-boa-alimentacao</a></p>



<figure class="wp-block-table alignwide is-style-regular"><table><tbody><tr><td><strong>Cicio&nbsp;da infância /</strong><strong>Ciclo da&nbsp;Adolescência</strong></td><td>Ciclo da Infância</td></tr><tr><td><strong>Turma/agrupamento</strong></td><td>D</td></tr><tr><td><strong>Componente Curricular:</strong></td><td>Ciências</td></tr><tr><td><strong>Cicio da&nbsp;infância&nbsp;e adolescência:&nbsp;Habilidade estruturante e Habilidades&nbsp;</strong><strong>Complementares</strong></td><td>(EF05CI08) Organizar um cardápio equilibrado com base nas características dos grupos alimentares (nutrientes e calorias) e nas necessidades individuais (atividades individuais, idade, sexo, etc.) para a manutenção da saúde do organismo.<br>(EF05CI15) Identificar hábitos de higiene necessários no manuseio, preparo e armazenamentos dos alimentos.<br>(EF05CI09) Discutir a ocorrência de distúrbios nutricionais (como obesidade, subnutrição, etc) entre as crianças e jovens a partir da análise de seus hábitos (tipos e quantidade de alimento ingerido, prática de atividade física, etc).</td></tr></tbody></table></figure>
