{"id":131504,"date":"2021-09-16T07:00:00","date_gmt":"2021-09-16T10:00:00","guid":{"rendered":"https:\/\/sme.goiania.go.gov.br\/conexaoescola\/?post_type=ensino_fundamental&#038;p=131504"},"modified":"2022-03-31T22:38:15","modified_gmt":"2022-04-01T01:38:15","slug":"arte-conhecendo-a-vila-cenografica-de-santa-luzia-2a-parte","status":"publish","type":"ensino_fundamental","link":"https:\/\/sme.goiania.go.gov.br\/conexaoescola\/ensino_fundamental\/arte-conhecendo-a-vila-cenografica-de-santa-luzia-2a-parte\/","title":{"rendered":"ARTE &#8211; Conhecendo a Vila Cenogr\u00e1fica de Santa Luzia (2\u00aa parte)"},"content":{"rendered":"\n<p class=\"has-medium-font-size\"><strong>Sinopse<\/strong>: Voc\u00ea j\u00e1 foi a um Museu? Conhece aos museus de Goi\u00e2nia? Hoje teremos a oportunidade de conhecer um museu incr\u00edvel! O Memorial do Cerrado! Que foi eleito em 2008 como o local mais bonito de Goi\u00e2nia.<\/p>\n\n\n\n<hr class=\"wp-block-separator has-text-color has-background has-vivid-red-background-color has-vivid-red-color\"\/>\n\n\n\n<p class=\"has-pale-cyan-blue-background-color has-background has-medium-font-size\"><em>Ol\u00e1, educando (a)!<\/em><br><em>Esta videoaula de Arte <strong>\u00e9 a continuidade<\/strong> da videoaula de Arte veiculada na TV dia <\/em><strong><em>19\/08\/2021 (Quinta-feira)<\/em><\/strong><em>. Aqui no Portal Conex\u00e3o Escola, ela est\u00e1 dispon\u00edvel juntamente com a proposta de atividade.<\/em><\/p>\n\n\n\n<p class=\"has-text-align-center has-vivid-red-color has-text-color has-medium-font-size\"><strong>Assista a segunda parte da videoaula abaixo, com a tem\u00e1tica &#8211; Vamos ao Museu?<\/strong> <strong>Vila de antigamente<\/strong><\/p>\n\n\n\n<hr class=\"wp-block-separator has-text-color has-background has-vivid-red-background-color has-vivid-red-color\"\/>\n\n\n\n<figure class=\"wp-block-embed is-type-video is-provider-youtube wp-block-embed-youtube wp-embed-aspect-16-9 wp-has-aspect-ratio\"><div class=\"wp-block-embed__wrapper\">\n<p class=\"responsive-video-wrap clr\"><iframe title=\"9 ano   Arte   Memorial do Cerrado   Vila de antigamente\" width=\"1200\" height=\"675\" src=\"https:\/\/www.youtube.com\/embed\/pb_6eVDY6Sk?feature=oembed\" frameborder=\"0\" allow=\"accelerometer; autoplay; clipboard-write; encrypted-media; gyroscope; picture-in-picture\" allowfullscreen><\/iframe><\/p>\n<\/div><figcaption>AGRUPAMENTO I | 9\u00ba ANO | CICLO DA ADOLESC\u00caNCIA | ARTE | PROF.: POLLYANNA BRITO<\/figcaption><\/figure>\n\n\n\n<hr class=\"wp-block-separator has-text-color has-background has-vivid-red-background-color has-vivid-red-color\"\/>\n\n\n\n<p class=\"has-text-align-center has-white-color has-vivid-cyan-blue-background-color has-text-color has-background has-medium-font-size\"><strong>Museu Memorial do Cerrado:&nbsp;<\/strong><\/p>\n\n\n\n<p class=\"has-text-align-center has-white-color has-vivid-cyan-blue-background-color has-text-color has-background has-medium-font-size\"><strong>Conhecendo a<\/strong><strong> <\/strong><strong>Vila Cenogr\u00e1fica de Santa Luzia<\/strong><\/p>\n\n\n\n<p class=\"has-luminous-vivid-orange-background-color has-background has-medium-font-size\"><strong>O Memorial do Cerrado \u00e9 um complexo cient\u00edfico que funciona no Campus II da&nbsp;PUC Goi\u00e1s. \u00c9 um museu que retrata desde a origem do planeta Terra \u00e0 chegada dos portugueses ao Brasil.&nbsp; E hoje continuaremos a conheceremos como era uma Vila no Per\u00edodo Colonial. Como era uma Vila? Como funcionava? Ser\u00e1 se tinha os mesmos luxos que temos hoje? Vamos conhecer juntos a Vila Cenogr\u00e1fica de Santa Luzia?&nbsp;&nbsp;&nbsp;&nbsp;&nbsp;<\/strong><\/p>\n\n\n\n<p class=\"has-white-color has-vivid-cyan-blue-background-color has-text-color has-background has-medium-font-size\"><strong>O Memorial do Cerrado tem como proposito o estudo, valoriza\u00e7\u00e3o e consci\u00eancia do Bioma Cerrado. Bem como da cultura dos povos do Cerrado. Entender como essas culturas vivem e vem se desenvolvendo nos ajuda a entender porque ele vem sendo t\u00e3o devastado e como ele pode ser preservado.&nbsp;<\/strong><\/p>\n\n\n\n<p class=\"has-luminous-vivid-orange-background-color has-background has-medium-font-size\"><strong>A Vila Cenogr\u00e1fica de Santa Luzia foi reconstru\u00edda em tamanho original dos primeiros povoados de origem colonial portuguesa na regi\u00e3o central do Brasil. A vila conta com espa\u00e7o urbano e rural, com r\u00e9plicas de fazendas e oficinas rurais, respons\u00e1veis pela gera\u00e7\u00e3o de riqueza daquele tempo. Andar pelo local \u00e9 uma forma de se inserir na hist\u00f3ria, j\u00e1 que o visitante fica em contato direto com as antigas moendas, alambiques de barro, oficina de rapadura&nbsp;e a\u00e7\u00facar, oficina do ferreiro, seleiro, funilaria do carapina, serraria, al\u00e9m da venda \u2013 ponto de com\u00e9rcio da \u00e9poca \u2013 a igreja, a prefeitura, a cadeia, o bordel, dentre outras atra\u00e7\u00f5es interessantes (Dispon\u00edvel em: https:\/\/museucerrado.com.br\/eco-historia\/memorial-do-cerrado\/).&nbsp;As casas da fazenda estavam decoradas, retratando antigas fazendas de nossa regi\u00e3o. Os objetos dentro delas foram doados ao Memorial. Tinham camas, quadros, enfeites e muitos outros. &nbsp;<\/strong>&nbsp;<\/p>\n\n\n\n<hr class=\"wp-block-separator has-text-color has-background has-vivid-red-background-color has-vivid-red-color\"\/>\n\n\n\n<p><strong>Habilidade estruturante&nbsp;\/Habilidades complementares<\/strong><\/p>\n\n\n\n<p>(GO-EF09AR01) Pesquisar, apreciar e analisar formas distintas das artes visuais tradicionais e contempor\u00e2neas, em obras de artistas goianos, brasileiros e estrangeiros, de diferentes \u00e9pocas e em diferentes matrizes est\u00e9ticas e culturais, de modo a ampliar a experi\u00eancia com diferentes contextos e pr\u00e1ticas art\u00edstico-visuais. Cultivar a percep\u00e7\u00e3o est\u00e9tica, o imagin\u00e1rio, a capacidade de simbolizar, de interpretar e ampliar o seu repert\u00f3rio imag\u00e9tico.<\/p>\n\n\n\n<hr class=\"wp-block-separator has-text-color has-background has-vivid-red-background-color has-vivid-red-color\"\/>\n\n\n\n<p><strong>Refer\u00eancias:<\/strong> https:\/\/museucerrado.com.br\/eco-historia\/memorial-do-cerrado e https:\/\/especiais.opopular.com.br\/museu-e-seu\/memorial-do-cerrado e https:\/\/vamosporai.com\/viagens-pelo-brasil\/centro-oeste\/goias\/memorial-do-cerrado-em-goiania<\/p>\n","protected":false},"author":33,"featured_media":131510,"template":"","ef_categoria":[16,32],"ef_ano":[92],"ef_componente":[99],"class_list":["post-131504","ensino_fundamental","type-ensino_fundamental","status-publish","has-post-thumbnail","hentry","ef_categoria-ciclo-da-adolescencia-hi","ef_categoria-corpo-e-movimento-ciclo-da-adolescencia-hi","ef_ano-9o-ano","ef_componente-arte-ef","entry","has-media"],"acf":[],"_links":{"self":[{"href":"https:\/\/sme.goiania.go.gov.br\/conexaoescola\/wp-json\/wp\/v2\/ensino_fundamental\/131504","targetHints":{"allow":["GET"]}}],"collection":[{"href":"https:\/\/sme.goiania.go.gov.br\/conexaoescola\/wp-json\/wp\/v2\/ensino_fundamental"}],"about":[{"href":"https:\/\/sme.goiania.go.gov.br\/conexaoescola\/wp-json\/wp\/v2\/types\/ensino_fundamental"}],"author":[{"embeddable":true,"href":"https:\/\/sme.goiania.go.gov.br\/conexaoescola\/wp-json\/wp\/v2\/users\/33"}],"version-history":[{"count":0,"href":"https:\/\/sme.goiania.go.gov.br\/conexaoescola\/wp-json\/wp\/v2\/ensino_fundamental\/131504\/revisions"}],"wp:featuredmedia":[{"embeddable":true,"href":"https:\/\/sme.goiania.go.gov.br\/conexaoescola\/wp-json\/wp\/v2\/media\/131510"}],"wp:attachment":[{"href":"https:\/\/sme.goiania.go.gov.br\/conexaoescola\/wp-json\/wp\/v2\/media?parent=131504"}],"wp:term":[{"taxonomy":"ef_categoria","embeddable":true,"href":"https:\/\/sme.goiania.go.gov.br\/conexaoescola\/wp-json\/wp\/v2\/ef_categoria?post=131504"},{"taxonomy":"ef_ano","embeddable":true,"href":"https:\/\/sme.goiania.go.gov.br\/conexaoescola\/wp-json\/wp\/v2\/ef_ano?post=131504"},{"taxonomy":"ef_componente","embeddable":true,"href":"https:\/\/sme.goiania.go.gov.br\/conexaoescola\/wp-json\/wp\/v2\/ef_componente?post=131504"}],"curies":[{"name":"wp","href":"https:\/\/api.w.org\/{rel}","templated":true}]}}

ARTE &#8211; Conhecendo a Vila Cenográfica de Santa Luzia (2ª parte)

<p class="has-medium-font-size"><strong>Sinopse</strong>: Você já foi a um Museu? Conhece aos museus de Goiânia? Hoje teremos a oportunidade de conhecer um museu incrível! O Memorial do Cerrado! Que foi eleito em 2008 como o local mais bonito de Goiânia.</p>



<hr class="wp-block-separator has-text-color has-background has-vivid-red-background-color has-vivid-red-color"/>



<p class="has-pale-cyan-blue-background-color has-background has-medium-font-size"><em>Olá, educando (a)!</em><br><em>Esta videoaula de Arte <strong>é a continuidade</strong> da videoaula de Arte veiculada na TV dia </em><strong><em>19/08/2021 (Quinta-feira)</em></strong><em>. Aqui no Portal Conexão Escola, ela está disponível juntamente com a proposta de atividade.</em></p>



<p class="has-text-align-center has-vivid-red-color has-text-color has-medium-font-size"><strong>Assista a segunda parte da videoaula abaixo, com a temática &#8211; Vamos ao Museu?</strong> <strong>Vila de antigamente</strong></p>



<hr class="wp-block-separator has-text-color has-background has-vivid-red-background-color has-vivid-red-color"/>



<figure class="wp-block-embed is-type-video is-provider-youtube wp-block-embed-youtube wp-embed-aspect-16-9 wp-has-aspect-ratio"><div class="wp-block-embed__wrapper">
<p class="responsive-video-wrap clr"><iframe title="9 ano   Arte   Memorial do Cerrado   Vila de antigamente" width="1200" height="675" src="https://www.youtube.com/embed/pb_6eVDY6Sk?feature=oembed" frameborder="0" allow="accelerometer; autoplay; clipboard-write; encrypted-media; gyroscope; picture-in-picture" allowfullscreen></iframe></p>
</div><figcaption>AGRUPAMENTO I | 9º ANO | CICLO DA ADOLESCÊNCIA | ARTE | PROF.: POLLYANNA BRITO</figcaption></figure>



<hr class="wp-block-separator has-text-color has-background has-vivid-red-background-color has-vivid-red-color"/>



<p class="has-text-align-center has-white-color has-vivid-cyan-blue-background-color has-text-color has-background has-medium-font-size"><strong>Museu Memorial do Cerrado:&nbsp;</strong></p>



<p class="has-text-align-center has-white-color has-vivid-cyan-blue-background-color has-text-color has-background has-medium-font-size"><strong>Conhecendo a</strong><strong> </strong><strong>Vila Cenográfica de Santa Luzia</strong></p>



<p class="has-luminous-vivid-orange-background-color has-background has-medium-font-size"><strong>O Memorial do Cerrado é um complexo científico que funciona no Campus II da&nbsp;PUC Goiás. É um museu que retrata desde a origem do planeta Terra à chegada dos portugueses ao Brasil.&nbsp; E hoje continuaremos a conheceremos como era uma Vila no Período Colonial. Como era uma Vila? Como funcionava? Será se tinha os mesmos luxos que temos hoje? Vamos conhecer juntos a Vila Cenográfica de Santa Luzia?&nbsp;&nbsp;&nbsp;&nbsp;&nbsp;</strong></p>



<p class="has-white-color has-vivid-cyan-blue-background-color has-text-color has-background has-medium-font-size"><strong>O Memorial do Cerrado tem como proposito o estudo, valorização e consciência do Bioma Cerrado. Bem como da cultura dos povos do Cerrado. Entender como essas culturas vivem e vem se desenvolvendo nos ajuda a entender porque ele vem sendo tão devastado e como ele pode ser preservado.&nbsp;</strong></p>



<p class="has-luminous-vivid-orange-background-color has-background has-medium-font-size"><strong>A Vila Cenográfica de Santa Luzia foi reconstruída em tamanho original dos primeiros povoados de origem colonial portuguesa na região central do Brasil. A vila conta com espaço urbano e rural, com réplicas de fazendas e oficinas rurais, responsáveis pela geração de riqueza daquele tempo. Andar pelo local é uma forma de se inserir na história, já que o visitante fica em contato direto com as antigas moendas, alambiques de barro, oficina de rapadura&nbsp;e açúcar, oficina do ferreiro, seleiro, funilaria do carapina, serraria, além da venda – ponto de comércio da época – a igreja, a prefeitura, a cadeia, o bordel, dentre outras atrações interessantes (Disponível em: https://museucerrado.com.br/eco-historia/memorial-do-cerrado/).&nbsp;As casas da fazenda estavam decoradas, retratando antigas fazendas de nossa região. Os objetos dentro delas foram doados ao Memorial. Tinham camas, quadros, enfeites e muitos outros. &nbsp;</strong>&nbsp;</p>



<hr class="wp-block-separator has-text-color has-background has-vivid-red-background-color has-vivid-red-color"/>



<p><strong>Habilidade estruturante&nbsp;/Habilidades complementares</strong></p>



<p>(GO-EF09AR01) Pesquisar, apreciar e analisar formas distintas das artes visuais tradicionais e contemporâneas, em obras de artistas goianos, brasileiros e estrangeiros, de diferentes épocas e em diferentes matrizes estéticas e culturais, de modo a ampliar a experiência com diferentes contextos e práticas artístico-visuais. Cultivar a percepção estética, o imaginário, a capacidade de simbolizar, de interpretar e ampliar o seu repertório imagético.</p>



<hr class="wp-block-separator has-text-color has-background has-vivid-red-background-color has-vivid-red-color"/>



<p><strong>Referências:</strong> https://museucerrado.com.br/eco-historia/memorial-do-cerrado e https://especiais.opopular.com.br/museu-e-seu/memorial-do-cerrado e https://vamosporai.com/viagens-pelo-brasil/centro-oeste/goias/memorial-do-cerrado-em-goiania</p>
