{"id":131364,"date":"2021-09-09T07:52:44","date_gmt":"2021-09-09T10:52:44","guid":{"rendered":"https:\/\/sme.goiania.go.gov.br\/conexaoescola\/?post_type=ensino_fundamental&#038;p=131364"},"modified":"2022-04-12T19:50:17","modified_gmt":"2022-04-12T22:50:17","slug":"geografia-tipos-de-trabalho-em-lugares-e-tempos-diferentes","status":"publish","type":"ensino_fundamental","link":"https:\/\/sme.goiania.go.gov.br\/conexaoescola\/ensino_fundamental\/geografia-tipos-de-trabalho-em-lugares-e-tempos-diferentes\/","title":{"rendered":"GEOGRAFIA: TIPOS DE TRABALHO EM LUGARES E TEMPOS DIFERENTES"},"content":{"rendered":"\n<p class=\"has-text-align-center has-background has-medium-font-size\" style=\"background-color:#f2eedf\"><strong>HOJE ESTUDAREMOS SOBRE OS TIPOS DE TRABALHO EM LUGARES E TEMPOS DIFERENTES. PARA INICIAR A COMPREENS\u00c3O DAS PRINCIPAIS ATIVIDADES ECON\u00d4MICAS REALIZADAS NO CAMPO E NA CIDADE, OS ALUNOS DEVEM PRIMEIRO COMPREENDER O QUE S\u00c3O A AGRICULTURA, O EXTRATIVISMO, A IND\u00daSTRIA E TAMB\u00c9M A PECU\u00c1RIA.<\/strong><\/p>\n\n\n\n<p class=\"has-medium-font-size\"><strong>NA NOSSA V\u00cdDEOAULA DE HOJE CONHECEREMOS UM POUCO MAIS SOBRE AS PRINCIPAIS ATIVIDADES ECON\u00d4MICAS. VAMOS L\u00c1?<\/strong><\/p>\n\n\n\n<figure class=\"wp-block-embed aligncenter is-type-video is-provider-youtube wp-block-embed-youtube wp-embed-aspect-16-9 wp-has-aspect-ratio\"><div class=\"wp-block-embed__wrapper\">\n<p class=\"responsive-video-wrap clr\"><iframe title=\"Geografia  | Turma B | 2 Ano  | Ciclo da Inf\u00e2ncia\" width=\"1200\" height=\"675\" src=\"https:\/\/www.youtube.com\/embed\/vD1NsSUu8Dk?feature=oembed\" frameborder=\"0\" allow=\"accelerometer; autoplay; clipboard-write; encrypted-media; gyroscope; picture-in-picture\" allowfullscreen><\/iframe><\/p>\n<\/div><figcaption>GEOGRAFIA\/TURMA B\/2 ANO\/CICLO DA INF\u00c2NCIA<\/figcaption><\/figure>\n\n\n\n<hr class=\"wp-block-separator\"\/>\n\n\n\n<p class=\"has-text-align-center has-background has-medium-font-size\" style=\"background-color:#e4e0f8\"><strong>OL\u00c1, CRIAN\u00c7AS, TUDO BEM? NESSA ATIVIDADE VAMOS FALAR SOBRE ALGUMAS NO\u00c7\u00d5ES DE ATIVIDADES DE TRABALHO. S\u00c3O ELAS: A AGRICULTURA, O EXTRATIVISMO, A IND\u00daSTRIA E A&nbsp;PECU\u00c1RIA. APRENDEMOS TAMB\u00c9M QUE OS ALIMENTOS PODEM SER DE ORIGEM ANIMAL E DE ORIGEM VEGETAL. VEJA OS EXEMPLOS:<\/strong><\/p>\n\n\n\n<ul class=\"has-background wp-block-list\" style=\"background-color:#e7f8f7;font-size:25px\"><li><strong>ALIMENTOS ANIMAIS<\/strong>: ALIMENTOS PROVENIENTES DE ANIMAIS, COMO OS OVOS, LEITE E CARNES.<\/li><li><strong>ALIMENTOS VEGETAIS<\/strong>: ALIMENTOS PROVENIENTES DE VEGETAIS. EXEMPLO: LEGUMES, VERDURAS E FRUTAS.<\/li><\/ul>\n\n\n\n<hr class=\"wp-block-separator\"\/>\n\n\n\n<p class=\"has-text-align-center has-background has-medium-font-size\" style=\"background-color:#e7f7e1\"><strong>AGORA, PE\u00c7A AJUDA DE UM ADULTO PARA FAZER AS ATIVIDADES DE HOJE.<\/strong>  <\/p>\n\n\n\n<p class=\"has-background\" style=\"background-color:#ddedf3;font-size:25px\"><strong>ATIVIDADE 1<\/strong><\/p>\n\n\n\n<p class=\"has-medium-font-size\">ESCREVA NO SEU CADERNO \u201cALIMENTOS DE ORIGEM ANIMAL\u201d E \u201cALIMENTOS DE ORIGEM VEGETAL\u201d. PROCURE EM JORNAIS OU REVISTAS IMAGENS DE PRODUTOS DE ORIGEM ANIMAL E PRODUTOS DE ORIGEM VEGETAL, RECORTANDO-AS E COLANDO-AS NO CADERNO. SE PREFERIR, DESENHE.<\/p>\n\n\n\n<hr class=\"wp-block-separator\"\/>\n\n\n\n<p class=\"has-background\" style=\"background-color:#ddedf3;font-size:25px\"><strong>ATIVIDADE 2<\/strong><\/p>\n\n\n\n<p class=\"has-medium-font-size\">ESCREVA: (1) PARA ALIMENTOS VINDOS DA AGRICULTURA; (2) PARA ALIMENTOS VINDOS DA PECU\u00c1RIA; (3) PARA ALIMENTOS VINDOS DO EXTRATIVISMO.&nbsp;<\/p>\n\n\n\n<p class=\"has-medium-font-size\">( &nbsp; ) OVOS&nbsp;<\/p>\n\n\n\n<p class=\"has-medium-font-size\">( &nbsp; ) ALFACE&nbsp;<\/p>\n\n\n\n<p class=\"has-medium-font-size\">( <strong>&nbsp;<\/strong>&nbsp;) LARANJA&nbsp;<\/p>\n\n\n\n<p class=\"has-medium-font-size\">( <strong>&nbsp;<\/strong>&nbsp;) CARNE&nbsp;<\/p>\n\n\n\n<p class=\"has-medium-font-size\">( <strong>&nbsp;<\/strong>&nbsp;) LEITE&nbsp;<\/p>\n\n\n\n<p class=\"has-medium-font-size\">(<strong> &nbsp; <\/strong>) PEIXE&nbsp;<\/p>\n\n\n\n<hr class=\"wp-block-separator\"\/>\n\n\n\n<p class=\"has-background\" style=\"background-color:#ddedf3;font-size:25px\"><strong>ATIVIDADE 3<\/strong><\/p>\n\n\n\n<h3 class=\"has-medium-font-size wp-block-heading\">FA\u00c7A UM X NOS ALIMENTOS QUE PASSARAM POR TRANSFORMA\u00c7\u00d5ES NA IND\u00daSTRIA:&nbsp;<\/h3>\n\n\n\n<div class=\"wp-block-image\"><figure class=\"aligncenter\"><img decoding=\"async\" src=\"https:\/\/lh3.googleusercontent.com\/E-3oyfgeqMp1jh33Kms0fG6-CNjoPMwnIjnqmN7PmYfo9cFjM_CU8xAnMq2Vu32EXRYR69C_KsTZtnTYVQP-sUDnQ24iJWpi-A1xYjJiq6743dU3CXCG-nU8uklltI2_Lim_BJQ=s0\" alt=\"Tomatoes Free Photo\"\/><\/figure><\/div>\n\n\n\n<div class=\"wp-block-image\"><figure class=\"aligncenter\"><img decoding=\"async\" src=\"https:\/\/lh4.googleusercontent.com\/KS1HXP-N19qr3ClpSO_7D242SmxAVYxJ1K8qZg8kUYZT1uW2jPEXMALlDVuzdi4bRpdLquvZqS3ylGuuVIBhbSiurkVIUUeNANfFOLXth2TlMdMWQS5u8EzNCO1tU-OLtR_mvP8=s0\" alt=\"Baguettes wrapped in the paper over the wooden background Free Photo\"\/><\/figure><\/div>\n\n\n\n<div class=\"wp-block-image\"><figure class=\"aligncenter\"><img decoding=\"async\" src=\"https:\/\/lh3.googleusercontent.com\/GD-IJz0oYIt3yIFoB5wnJ7oexj7nGP-iddjQ2V1wiFc-gfTjDyFUNHJb__KNYryTCyZFqQ2waeGxjbl_QsdW2ELkZVraX7ouJwiHYXCObXNBnRoRexFZ1WMT7Zdkw3BY7X9VbvM=s0\" alt=\"Fresh strawberries Free Photo\"\/><\/figure><\/div>\n\n\n\n<div class=\"wp-block-image\"><figure class=\"aligncenter\"><img decoding=\"async\" src=\"https:\/\/lh5.googleusercontent.com\/SVYn9mW0I0YjIDBNzs9lDIO9Aee6fopHv-DXMzBR_FHnn-wuE3RbcbKRUZ16rqSC11ECMIh0DpZki3TxnjrV585cYhE7fSgtkSI8_J7_lW2tGSUKhU2R00aUbH1ZANwb2icyxRc=s0\" alt=\"A cup of coffee on brown beans. Free Photo\"\/><\/figure><\/div>\n\n\n\n<div class=\"wp-block-image\"><figure class=\"aligncenter\"><img decoding=\"async\" src=\"https:\/\/lh5.googleusercontent.com\/tqH8POtzdk8AExEo4Y1hZjrfyNsJ3qf9h9DJ_xXfsJQO8NVLHBaz11yik24AWllATks-_JZJPXRTTho5HUg7RUJlaGpGjMe4jrgY2m3zHs4FD7gGGhgoCpfqgCRpbnxbEmmOQo0=s0\" alt=\"Wooden surface with strawberry jam Free Photo\"\/><\/figure><\/div>\n\n\n\n<div class=\"wp-block-image\"><figure class=\"aligncenter\"><img decoding=\"async\" src=\"https:\/\/lh4.googleusercontent.com\/NNa1FhMumCh_S1CAk2ZpNMgcvZCSiikC6lh1rTb_Y1LZSA9DIwwfTjJzjpDVcEOPwdgsnd0umYwih7hjhr6K5RW_eGRqlR3ZFWBh_GONNmCXcrxHB4EWMSI1lna0hWv2NkYx8h4=s0\" alt=\"Rice Free Photo\"\/><\/figure><\/div>\n\n\n\n<div class=\"wp-block-image\"><figure class=\"aligncenter\"><img decoding=\"async\" src=\"https:\/\/lh4.googleusercontent.com\/-MVheQsQcu6ndAoGeqTfZ3vBoxsUl6Z10LXYKeDcOCadZCAsTW6vUHpRs8PGC-lzIKaUxor3ode7iD4fpZSrACDJsFRwGzQ0QrtKAzCGxHbKhmoEgJjt4O2b31VVz_GqIyewUFM=s0\" alt=\"Caf\u00e9 em P\u00f3 Extra Forte UTAM 500g - Mercearia, Caf\u00e9s, Ch\u00e1s e Achocolatados,  Caf\u00e9s- na Loja Cenour\u00e3o\"\/><\/figure><\/div>\n\n\n\n<hr class=\"wp-block-separator\"\/>\n\n\n\n<p class=\"has-background\" style=\"background-color:#ebd3d8;font-size:25px\"><strong>AGORA, VAMOS RELEMBRAR O QUE APRENDEMOS HOJE?<\/strong><\/p>\n\n\n\n<ul class=\"has-medium-font-size wp-block-list\"><li>COMPREENDERAM QUE MUITOS ALIMENTOS CONSUMIDOS S\u00c3O DE ORIGEM VEGETAL E ANIMAL.<\/li><li>COMPREENDERAM AS NO\u00c7\u00d5ES INTRODUT\u00d3RIAS SOBRE AGRICULTURA, PECU\u00c1RIA E EXTRATIVISMO.<\/li><li>COMPREENDERAM A NO\u00c7\u00c3O DE PRODUTOS INDUSTRIALIZADOS.<\/li><\/ul>\n\n\n\n<hr class=\"wp-block-separator\"\/>\n\n\n\n<figure class=\"wp-block-table is-style-regular\"><table class=\"has-background\" style=\"background-color:#fcf0ef\"><tbody><tr><td>HABILIDADES ESTRUTURANTES<\/td><td>(EF02GE07) DESCREVER AS ATIVIDADES EXTRATIVAS (MINERAIS, AGROPECU\u00c1RIAS E INDUSTRIAIS) DE DIFERENTES LUGARES.<\/td><\/tr><\/tbody><\/table><\/figure>\n\n\n\n<hr class=\"wp-block-separator\"\/>\n\n\n\n<figure class=\"wp-block-table is-style-regular\"><table class=\"has-background\" style=\"background-color:#f3f4f5\"><tbody><tr><td><strong>REFER\u00caNCIAS<\/strong><\/td><td>GOVERNO DO ESTADO DE GOI\u00c1S. SECRET\u00c1RIA DE ESTADO DE EDUCA\u00c7\u00c3O \u2013 SEDUC\/CONSED. DOCUMENTO CURRICULAR PARA GOI\u00c1S \u2013 AMPLIADO: <strong>VOLUME II ENSINO FUNDAMENTAL ANOS INICIAIS<\/strong>. DISPON\u00cdVEL EM:&nbsp;&lt; file:\/\/\/C:\/Users\/NossaCasa\/Downloads\/Vol%20II%20-%20Anos%20Iniciais%20leila%20mandou.pdf &gt;. ACESSO EM: 29 DE MAIO DE 2021.<br>IMAGENS RETIRADAS DOS SITES:<br><a href=\"https:\/\/www.freepik.com\/\">https:\/\/www.freepik.com\/<\/a>&nbsp;<\/td><\/tr><\/tbody><\/table><\/figure>\n\n\n\n<hr class=\"wp-block-separator\"\/>\n","protected":false},"author":20,"featured_media":132837,"template":"","ef_categoria":[28],"ef_ano":[85],"ef_componente":[96],"class_list":["post-131364","ensino_fundamental","type-ensino_fundamental","status-publish","has-post-thumbnail","hentry","ef_categoria-educacao-ambiental-e-saude-ciclo-da-adolescencia-fg","ef_ano-2o-ano","ef_componente-geografia","entry","has-media"],"acf":[],"_links":{"self":[{"href":"https:\/\/sme.goiania.go.gov.br\/conexaoescola\/wp-json\/wp\/v2\/ensino_fundamental\/131364","targetHints":{"allow":["GET"]}}],"collection":[{"href":"https:\/\/sme.goiania.go.gov.br\/conexaoescola\/wp-json\/wp\/v2\/ensino_fundamental"}],"about":[{"href":"https:\/\/sme.goiania.go.gov.br\/conexaoescola\/wp-json\/wp\/v2\/types\/ensino_fundamental"}],"author":[{"embeddable":true,"href":"https:\/\/sme.goiania.go.gov.br\/conexaoescola\/wp-json\/wp\/v2\/users\/20"}],"version-history":[{"count":0,"href":"https:\/\/sme.goiania.go.gov.br\/conexaoescola\/wp-json\/wp\/v2\/ensino_fundamental\/131364\/revisions"}],"wp:featuredmedia":[{"embeddable":true,"href":"https:\/\/sme.goiania.go.gov.br\/conexaoescola\/wp-json\/wp\/v2\/media\/132837"}],"wp:attachment":[{"href":"https:\/\/sme.goiania.go.gov.br\/conexaoescola\/wp-json\/wp\/v2\/media?parent=131364"}],"wp:term":[{"taxonomy":"ef_categoria","embeddable":true,"href":"https:\/\/sme.goiania.go.gov.br\/conexaoescola\/wp-json\/wp\/v2\/ef_categoria?post=131364"},{"taxonomy":"ef_ano","embeddable":true,"href":"https:\/\/sme.goiania.go.gov.br\/conexaoescola\/wp-json\/wp\/v2\/ef_ano?post=131364"},{"taxonomy":"ef_componente","embeddable":true,"href":"https:\/\/sme.goiania.go.gov.br\/conexaoescola\/wp-json\/wp\/v2\/ef_componente?post=131364"}],"curies":[{"name":"wp","href":"https:\/\/api.w.org\/{rel}","templated":true}]}}

<p class="has-text-align-center has-background has-medium-font-size" style="background-color:#f2eedf"><strong>HOJE ESTUDAREMOS SOBRE OS TIPOS DE TRABALHO EM LUGARES E TEMPOS DIFERENTES. PARA INICIAR A COMPREENSÃO DAS PRINCIPAIS ATIVIDADES ECONÔMICAS REALIZADAS NO CAMPO E NA CIDADE, OS ALUNOS DEVEM PRIMEIRO COMPREENDER O QUE SÃO A AGRICULTURA, O EXTRATIVISMO, A INDÚSTRIA E TAMBÉM A PECUÁRIA.</strong></p>



<p class="has-medium-font-size"><strong>NA NOSSA VÍDEOAULA DE HOJE CONHECEREMOS UM POUCO MAIS SOBRE AS PRINCIPAIS ATIVIDADES ECONÔMICAS. VAMOS LÁ?</strong></p>



<figure class="wp-block-embed aligncenter is-type-video is-provider-youtube wp-block-embed-youtube wp-embed-aspect-16-9 wp-has-aspect-ratio"><div class="wp-block-embed__wrapper">
<p class="responsive-video-wrap clr"><iframe title="Geografia  | Turma B | 2 Ano  | Ciclo da Infância" width="1200" height="675" src="https://www.youtube.com/embed/vD1NsSUu8Dk?feature=oembed" frameborder="0" allow="accelerometer; autoplay; clipboard-write; encrypted-media; gyroscope; picture-in-picture" allowfullscreen></iframe></p>
</div><figcaption>GEOGRAFIA/TURMA B/2 ANO/CICLO DA INFÂNCIA</figcaption></figure>



<hr class="wp-block-separator"/>



<p class="has-text-align-center has-background has-medium-font-size" style="background-color:#e4e0f8"><strong>OLÁ, CRIANÇAS, TUDO BEM? NESSA ATIVIDADE VAMOS FALAR SOBRE ALGUMAS NOÇÕES DE ATIVIDADES DE TRABALHO. SÃO ELAS: A AGRICULTURA, O EXTRATIVISMO, A INDÚSTRIA E A&nbsp;PECUÁRIA. APRENDEMOS TAMBÉM QUE OS ALIMENTOS PODEM SER DE ORIGEM ANIMAL E DE ORIGEM VEGETAL. VEJA OS EXEMPLOS:</strong></p>



<ul class="has-background wp-block-list" style="background-color:#e7f8f7;font-size:25px"><li><strong>ALIMENTOS ANIMAIS</strong>: ALIMENTOS PROVENIENTES DE ANIMAIS, COMO OS OVOS, LEITE E CARNES.</li><li><strong>ALIMENTOS VEGETAIS</strong>: ALIMENTOS PROVENIENTES DE VEGETAIS. EXEMPLO: LEGUMES, VERDURAS E FRUTAS.</li></ul>



<hr class="wp-block-separator"/>



<p class="has-text-align-center has-background has-medium-font-size" style="background-color:#e7f7e1"><strong>AGORA, PEÇA AJUDA DE UM ADULTO PARA FAZER AS ATIVIDADES DE HOJE.</strong>  </p>



<p class="has-background" style="background-color:#ddedf3;font-size:25px"><strong>ATIVIDADE 1</strong></p>



<p class="has-medium-font-size">ESCREVA NO SEU CADERNO “ALIMENTOS DE ORIGEM ANIMAL” E “ALIMENTOS DE ORIGEM VEGETAL”. PROCURE EM JORNAIS OU REVISTAS IMAGENS DE PRODUTOS DE ORIGEM ANIMAL E PRODUTOS DE ORIGEM VEGETAL, RECORTANDO-AS E COLANDO-AS NO CADERNO. SE PREFERIR, DESENHE.</p>



<hr class="wp-block-separator"/>



<p class="has-background" style="background-color:#ddedf3;font-size:25px"><strong>ATIVIDADE 2</strong></p>



<p class="has-medium-font-size">ESCREVA: (1) PARA ALIMENTOS VINDOS DA AGRICULTURA; (2) PARA ALIMENTOS VINDOS DA PECUÁRIA; (3) PARA ALIMENTOS VINDOS DO EXTRATIVISMO.&nbsp;</p>



<p class="has-medium-font-size">( &nbsp; ) OVOS&nbsp;</p>



<p class="has-medium-font-size">( &nbsp; ) ALFACE&nbsp;</p>



<p class="has-medium-font-size">( <strong>&nbsp;</strong>&nbsp;) LARANJA&nbsp;</p>



<p class="has-medium-font-size">( <strong>&nbsp;</strong>&nbsp;) CARNE&nbsp;</p>



<p class="has-medium-font-size">( <strong>&nbsp;</strong>&nbsp;) LEITE&nbsp;</p>



<p class="has-medium-font-size">(<strong> &nbsp; </strong>) PEIXE&nbsp;</p>



<hr class="wp-block-separator"/>



<p class="has-background" style="background-color:#ddedf3;font-size:25px"><strong>ATIVIDADE 3</strong></p>



<h3 class="has-medium-font-size wp-block-heading">FAÇA UM X NOS ALIMENTOS QUE PASSARAM POR TRANSFORMAÇÕES NA INDÚSTRIA:&nbsp;</h3>



<div class="wp-block-image"><figure class="aligncenter"><img decoding="async" src="https://lh3.googleusercontent.com/E-3oyfgeqMp1jh33Kms0fG6-CNjoPMwnIjnqmN7PmYfo9cFjM_CU8xAnMq2Vu32EXRYR69C_KsTZtnTYVQP-sUDnQ24iJWpi-A1xYjJiq6743dU3CXCG-nU8uklltI2_Lim_BJQ=s0" alt="Tomatoes Free Photo"/></figure></div>



<div class="wp-block-image"><figure class="aligncenter"><img decoding="async" src="https://lh4.googleusercontent.com/KS1HXP-N19qr3ClpSO_7D242SmxAVYxJ1K8qZg8kUYZT1uW2jPEXMALlDVuzdi4bRpdLquvZqS3ylGuuVIBhbSiurkVIUUeNANfFOLXth2TlMdMWQS5u8EzNCO1tU-OLtR_mvP8=s0" alt="Baguettes wrapped in the paper over the wooden background Free Photo"/></figure></div>



<div class="wp-block-image"><figure class="aligncenter"><img decoding="async" src="https://lh3.googleusercontent.com/GD-IJz0oYIt3yIFoB5wnJ7oexj7nGP-iddjQ2V1wiFc-gfTjDyFUNHJb__KNYryTCyZFqQ2waeGxjbl_QsdW2ELkZVraX7ouJwiHYXCObXNBnRoRexFZ1WMT7Zdkw3BY7X9VbvM=s0" alt="Fresh strawberries Free Photo"/></figure></div>



<div class="wp-block-image"><figure class="aligncenter"><img decoding="async" src="https://lh5.googleusercontent.com/SVYn9mW0I0YjIDBNzs9lDIO9Aee6fopHv-DXMzBR_FHnn-wuE3RbcbKRUZ16rqSC11ECMIh0DpZki3TxnjrV585cYhE7fSgtkSI8_J7_lW2tGSUKhU2R00aUbH1ZANwb2icyxRc=s0" alt="A cup of coffee on brown beans. Free Photo"/></figure></div>



<div class="wp-block-image"><figure class="aligncenter"><img decoding="async" src="https://lh5.googleusercontent.com/tqH8POtzdk8AExEo4Y1hZjrfyNsJ3qf9h9DJ_xXfsJQO8NVLHBaz11yik24AWllATks-_JZJPXRTTho5HUg7RUJlaGpGjMe4jrgY2m3zHs4FD7gGGhgoCpfqgCRpbnxbEmmOQo0=s0" alt="Wooden surface with strawberry jam Free Photo"/></figure></div>



<div class="wp-block-image"><figure class="aligncenter"><img decoding="async" src="https://lh4.googleusercontent.com/NNa1FhMumCh_S1CAk2ZpNMgcvZCSiikC6lh1rTb_Y1LZSA9DIwwfTjJzjpDVcEOPwdgsnd0umYwih7hjhr6K5RW_eGRqlR3ZFWBh_GONNmCXcrxHB4EWMSI1lna0hWv2NkYx8h4=s0" alt="Rice Free Photo"/></figure></div>



<div class="wp-block-image"><figure class="aligncenter"><img decoding="async" src="https://lh4.googleusercontent.com/-MVheQsQcu6ndAoGeqTfZ3vBoxsUl6Z10LXYKeDcOCadZCAsTW6vUHpRs8PGC-lzIKaUxor3ode7iD4fpZSrACDJsFRwGzQ0QrtKAzCGxHbKhmoEgJjt4O2b31VVz_GqIyewUFM=s0" alt="Café em Pó Extra Forte UTAM 500g - Mercearia, Cafés, Chás e Achocolatados,  Cafés- na Loja Cenourão"/></figure></div>



<hr class="wp-block-separator"/>



<p class="has-background" style="background-color:#ebd3d8;font-size:25px"><strong>AGORA, VAMOS RELEMBRAR O QUE APRENDEMOS HOJE?</strong></p>



<ul class="has-medium-font-size wp-block-list"><li>COMPREENDERAM QUE MUITOS ALIMENTOS CONSUMIDOS SÃO DE ORIGEM VEGETAL E ANIMAL.</li><li>COMPREENDERAM AS NOÇÕES INTRODUTÓRIAS SOBRE AGRICULTURA, PECUÁRIA E EXTRATIVISMO.</li><li>COMPREENDERAM A NOÇÃO DE PRODUTOS INDUSTRIALIZADOS.</li></ul>



<hr class="wp-block-separator"/>



<figure class="wp-block-table is-style-regular"><table class="has-background" style="background-color:#fcf0ef"><tbody><tr><td>HABILIDADES ESTRUTURANTES</td><td>(EF02GE07) DESCREVER AS ATIVIDADES EXTRATIVAS (MINERAIS, AGROPECUÁRIAS E INDUSTRIAIS) DE DIFERENTES LUGARES.</td></tr></tbody></table></figure>



<hr class="wp-block-separator"/>



<figure class="wp-block-table is-style-regular"><table class="has-background" style="background-color:#f3f4f5"><tbody><tr><td><strong>REFERÊNCIAS</strong></td><td>GOVERNO DO ESTADO DE GOIÁS. SECRETÁRIA DE ESTADO DE EDUCAÇÃO – SEDUC/CONSED. DOCUMENTO CURRICULAR PARA GOIÁS – AMPLIADO: <strong>VOLUME II ENSINO FUNDAMENTAL ANOS INICIAIS</strong>. DISPONÍVEL EM:&nbsp;&lt; file:///C:/Users/NossaCasa/Downloads/Vol%20II%20-%20Anos%20Iniciais%20leila%20mandou.pdf &gt;. ACESSO EM: 29 DE MAIO DE 2021.<br>IMAGENS RETIRADAS DOS SITES:<br><a href="https://www.freepik.com/">https://www.freepik.com/</a>&nbsp;</td></tr></tbody></table></figure>



<hr class="wp-block-separator"/>
