{"id":131357,"date":"2021-09-03T10:27:50","date_gmt":"2021-09-03T13:27:50","guid":{"rendered":"https:\/\/sme.goiania.go.gov.br\/conexaoescola\/?post_type=ensino_fundamental&#038;p=131357"},"modified":"2022-04-20T10:00:48","modified_gmt":"2022-04-20T13:00:48","slug":"ciencias-terra-e-universo-escalas-de-tempo-o-dia-e-a-noite","status":"publish","type":"ensino_fundamental","link":"https:\/\/sme.goiania.go.gov.br\/conexaoescola\/ensino_fundamental\/ciencias-terra-e-universo-escalas-de-tempo-o-dia-e-a-noite\/","title":{"rendered":"CI\u00caNCIAS DA NATUREZA &#8211; TERRA E UNIVERSO: ESCALAS DE TEMPO (O DIA E A NOITE)"},"content":{"rendered":"\n<div class=\"wp-block-image\"><figure class=\"aligncenter\"><img decoding=\"async\" src=\"https:\/\/lh5.googleusercontent.com\/s92lNUCrly8w60BVq--nGx0-wPA2T-TFtorcdchEIGJkcatxO6SBuE_Bfe6XXt9wLjKXFiTInXquSMvdYKeORP_dVSIAS2RFCwbciw2W27Cnl914z73ukTwlD7nu-5IwFQ_fNgs=s0\" alt=\"C:\\Users\\Deise&amp;Branco\\Downloads\\childrens-book-3219382_1280.png\"\/><figcaption>DISPON\u00cdVEL EM: &lt;<a href=\"https:\/\/pixabay.com\/pt\/illustrations\/livro-infantil-lua-e-sol-3219382\/\">https:\/\/pixabay.com\/pt\/illustrations\/livro-infantil-lua-e-sol-3219382\/<\/a>&gt;. ACESSO EM 27 DE MAIO DE 2021.<\/figcaption><\/figure><\/div>\n\n\n\n<p class=\"has-background has-medium-font-size\" style=\"background-color:#daf5ee\"><em><strong>OL\u00c1, EDUCANDO (A)!ESTA VIDEOAULA DE HIST\u00d3RIA FOI VEICULADA NA TV NO DIA 16\/08\/2021 (SEGUNDA-FEIRA). AQUI NO PORTAL CONEX\u00c3O ESCOLA, ELA EST\u00c1 DISPON\u00cdVEL JUNTAMENTE COM A PROPOSTA DE ATIVIDADE.<\/strong><\/em><\/p>\n\n\n\n<p class=\"has-text-align-center has-background\" style=\"background-color:#d9eef7;font-size:25px\"><strong>HOJE, IREMOS ESTUDAR E COMPREENDER AS ESCALAS DE TEMPO: O DIA E A NOITE. VOC\u00ca J\u00c1 OBSERVOU QUE NOSSA VIDA \u00c9 DIVIDIDA POR TEMPO E QUE TEMOS DIFERENTES MOMENTOS EM NOSSO DIA? VOC\u00ca SABE DIFERENCIAR O DIA E A NOITE?&nbsp;<\/strong><\/p>\n\n\n\n<p class=\"has-text-align-center has-luminous-vivid-orange-color has-text-color\" style=\"font-size:25px\"><strong>APRENDA MAIS SOBRE ESSE ASSUNTO ASSISTINDO A VIDEOAULA QUE EST\u00c1 MUITO DIVERTIDA E INTERESSANTE. ENT\u00c3O, EST\u00c3O PREPARADOS?<\/strong><\/p>\n\n\n\n<figure class=\"wp-block-embed aligncenter is-type-video is-provider-youtube wp-block-embed-youtube wp-embed-aspect-16-9 wp-has-aspect-ratio\"><div class=\"wp-block-embed__wrapper\">\n<p class=\"responsive-video-wrap clr\"><iframe title=\"Ci\u00eancias  | Turma A  | 1 Ano  | Ciclo da Inf\u00e2ncia\" width=\"1200\" height=\"675\" src=\"https:\/\/www.youtube.com\/embed\/JZV7ZLSogMs?feature=oembed\" frameborder=\"0\" allow=\"accelerometer; autoplay; clipboard-write; encrypted-media; gyroscope; picture-in-picture\" allowfullscreen><\/iframe><\/p>\n<\/div><figcaption>CI\u00caNCIAS\/TURMA A\/1 ANO\/CICLO DA INF\u00c2NCIA<\/figcaption><\/figure>\n\n\n\n<hr class=\"wp-block-separator\"\/>\n\n\n\n<p class=\"has-text-align-center has-background\" style=\"background-color:#eee7dc;font-size:25px\"><strong>AGORA CHEGOU A SUA VEZ DE PENSAR&#8230; VAMOS L\u00c1 CRIAN\u00c7AS PE\u00c7A AJUDA DE UM ADULTO!!!<\/strong><\/p>\n\n\n\n<p class=\"has-background\" style=\"background-color:#ddedf3;font-size:25px\"><strong>ATIVIDADE 1 <\/strong><\/p>\n\n\n\n<p class=\"has-medium-font-size\">CRIAR UM PAINEL COM FIGURAS OU DESENHOS DO SOL OU DA LUA REPRESENTANDO O DIA E A NOITE E ABAIXO DESCREVER SUAS ATIVIDADES DURANTE ESSES PER\u00cdODOS.<\/p>\n\n\n\n<div class=\"wp-block-image\"><figure class=\"aligncenter\"><img decoding=\"async\" src=\"https:\/\/lh4.googleusercontent.com\/cvwy7TTheULAEH5-6fNQIg9cfbsox0_sF33CDuRXn07ArFixioA44qkzqAGf81_BGLPTIc95HLykMWYA09ZZHm_MqE2W031OuvZNegC3qd9qtBdNNbFuuAvtcrmlPgBitQNORFw=s0\" alt=\"\"\/><\/figure><\/div>\n\n\n\n<p class=\"has-text-align-center\" style=\"font-size:9px\">DISPON\u00cdVEL EM PIXABAY. &lt;<a href=\"https:\/\/pixabay.com\/pt\/illustrations\/equin%C3%B3cio-sun-lua-paisagem-m%C3%ADstico-2194645\/\">https:\/\/pixabay.com\/pt\/illustrations\/equin%C3%B3cio-sun-lua-paisagem-m%C3%ADstico-2194645\/<\/a>&gt; ACESSO EM 27 DE MAIO DE 2021.<\/p>\n\n\n\n<hr class=\"wp-block-separator\"\/>\n\n\n\n<p class=\"has-background\" style=\"background-color:#ddedf3;font-size:25px\"><strong>ATIVIDADE 2<\/strong> <\/p>\n\n\n\n<p class=\"has-medium-font-size\">CONVERSE COM ALGU\u00c9M DA SUA FAM\u00cdLIA SOBRE A PERGUNTA A SEGUIR:&nbsp;<\/p>\n\n\n\n<ul class=\"has-medium-font-size wp-block-list\"><li>&nbsp;O QUE VOC\u00ca PREFERE: O DIA PARA BRINCAR OU A NOITE PARA SONHAR? AP\u00d3S CONVERSAREM, ESCREVA:<\/li><li>&nbsp;O QUE VOC\u00ca MAIS GOSTA DE FAZER DE DIA?&nbsp;<\/li><li>&nbsp;O QUE VOC\u00ca MAIS GOSTA DE FAZER \u00c0 NOITE?&nbsp;<\/li><li>SE PREFERIR PODE DESENHAR SUAS PREFER\u00caNCIAS: O QUE GOSTA DE FAZER DURANTE O DIA E A NOITE.&nbsp;<\/li><li>BONS ESTUDOS! FA\u00c7A COM CAPRICHO E ATEN\u00c7\u00c3O.&nbsp;<\/li><\/ul>\n\n\n\n<hr class=\"wp-block-separator\"\/>\n\n\n\n<p class=\"has-background\" style=\"background-color:#d6f3f0;font-size:25px\"><strong>RELEMBRANDO!<\/strong><\/p>\n\n\n\n<ul class=\"has-medium-font-size wp-block-list\"><li>1. IDENTIFICAMOS DIFERENTES ESCALAS DE TEMPO;<\/li><li>2. APRENDEMOS COMO ORGANIZAR OS ACONTECIMENTOS DO NOSSO DIA;<\/li><li>3. OBSERVAMOS E ENTENDEMOS AS DIFERENCIA\u00c7\u00d5ES QUE OCORREM DURANTE O DIA E A NOITE;<\/li><li>4. HIST\u00d3RIA DO LIVRO \u201cO DIA E A NOITE\u201d DE MARY FRAN\u00c7A E ELIARDO FRAN\u00c7A.&nbsp;<\/li><\/ul>\n\n\n\n<hr class=\"wp-block-separator\"\/>\n\n\n\n<figure class=\"wp-block-table is-style-regular\"><table class=\"has-background\" style=\"background-color:#e7f5fe\"><tbody><tr><td>HABILIDADES ESTRUTURANTES<\/td><td>(EF01CI05-A\/C) IDENTIFICAR, NOMEAR E CATEGORIZAR DIFERENTES ESCALAS DE TEMPO, TAIS COMO: OS PER\u00cdODOS DI\u00c1RIOS, MANH\u00c3, TARDE, NOITE, BEM COMO A SUCESS\u00c3O DE DIAS, SEMANAS, MESES E ANOS: PER\u00cdODO LETIVO, DATA DE ANIVERS\u00c1RIO, FINAL DE SEMANA.&nbsp;<\/td><\/tr><\/tbody><\/table><\/figure>\n\n\n\n<hr class=\"wp-block-separator\"\/>\n\n\n\n<figure class=\"wp-block-table is-style-regular\"><table class=\"has-background\" style=\"background-color:#fcf0ef\"><tbody><tr><td><strong>REFER\u00caNCIAS:<\/strong><\/td><td>GOVERNO DO ESTADO DE GOI\u00c1S. SECRET\u00c1RIA DE ESTADO DE EDUCA\u00c7\u00c3O \u2013 SEDUC\/CONSED. DOCUMENTO CURRICULAR PARA GOI\u00c1S \u2013 AMPLIADO: <strong>VOLUME II ENSINO FUNDAMENTAL ANOS INICIAIS<\/strong>. DISPON\u00cdVEL EM: &lt; file:\/\/\/C:\/Users\/NossaCasa\/Downloads\/Vol%20II%20-%20Anos%20Iniciais%20leila%20mandou.pdf &gt;. ACESSO EM:&nbsp; 27 DE MAIO DE 2021.IMAGENS RETIRADAS DOS SITES:<a href=\"https:\/\/br.freepik.com\/\">https:\/\/br.freepik.com\/<\/a><a href=\"https:\/\/pixabay.com\/pt\/\">https:\/\/pixabay.com\/pt\/<\/a><\/td><\/tr><\/tbody><\/table><\/figure>\n\n\n\n<hr class=\"wp-block-separator\"\/>\n\n\n\n<p><\/p>\n","protected":false},"author":49,"featured_media":132838,"template":"","ef_categoria":[28,30],"ef_ano":[84],"ef_componente":[98],"class_list":["post-131357","ensino_fundamental","type-ensino_fundamental","status-publish","has-post-thumbnail","hentry","ef_categoria-educacao-ambiental-e-saude-ciclo-da-adolescencia-fg","ef_categoria-etica-e-cidadania-ciclo-da-adolescencia-fg","ef_ano-1o-ano","ef_componente-ciencia-da-natureza-ef","entry","has-media"],"acf":[],"_links":{"self":[{"href":"https:\/\/sme.goiania.go.gov.br\/conexaoescola\/wp-json\/wp\/v2\/ensino_fundamental\/131357","targetHints":{"allow":["GET"]}}],"collection":[{"href":"https:\/\/sme.goiania.go.gov.br\/conexaoescola\/wp-json\/wp\/v2\/ensino_fundamental"}],"about":[{"href":"https:\/\/sme.goiania.go.gov.br\/conexaoescola\/wp-json\/wp\/v2\/types\/ensino_fundamental"}],"author":[{"embeddable":true,"href":"https:\/\/sme.goiania.go.gov.br\/conexaoescola\/wp-json\/wp\/v2\/users\/49"}],"version-history":[{"count":0,"href":"https:\/\/sme.goiania.go.gov.br\/conexaoescola\/wp-json\/wp\/v2\/ensino_fundamental\/131357\/revisions"}],"wp:featuredmedia":[{"embeddable":true,"href":"https:\/\/sme.goiania.go.gov.br\/conexaoescola\/wp-json\/wp\/v2\/media\/132838"}],"wp:attachment":[{"href":"https:\/\/sme.goiania.go.gov.br\/conexaoescola\/wp-json\/wp\/v2\/media?parent=131357"}],"wp:term":[{"taxonomy":"ef_categoria","embeddable":true,"href":"https:\/\/sme.goiania.go.gov.br\/conexaoescola\/wp-json\/wp\/v2\/ef_categoria?post=131357"},{"taxonomy":"ef_ano","embeddable":true,"href":"https:\/\/sme.goiania.go.gov.br\/conexaoescola\/wp-json\/wp\/v2\/ef_ano?post=131357"},{"taxonomy":"ef_componente","embeddable":true,"href":"https:\/\/sme.goiania.go.gov.br\/conexaoescola\/wp-json\/wp\/v2\/ef_componente?post=131357"}],"curies":[{"name":"wp","href":"https:\/\/api.w.org\/{rel}","templated":true}]}}

CIÊNCIAS DA NATUREZA &#8211; TERRA E UNIVERSO: ESCALAS DE TEMPO (O DIA E A NOITE)

<div class="wp-block-image"><figure class="aligncenter"><img decoding="async" src="https://lh5.googleusercontent.com/s92lNUCrly8w60BVq--nGx0-wPA2T-TFtorcdchEIGJkcatxO6SBuE_Bfe6XXt9wLjKXFiTInXquSMvdYKeORP_dVSIAS2RFCwbciw2W27Cnl914z73ukTwlD7nu-5IwFQ_fNgs=s0" alt="C:\Users\Deise&amp;Branco\Downloads\childrens-book-3219382_1280.png"/><figcaption>DISPONÍVEL EM: &lt;<a href="https://pixabay.com/pt/illustrations/livro-infantil-lua-e-sol-3219382/">https://pixabay.com/pt/illustrations/livro-infantil-lua-e-sol-3219382/</a>&gt;. ACESSO EM 27 DE MAIO DE 2021.</figcaption></figure></div>



<p class="has-background has-medium-font-size" style="background-color:#daf5ee"><em><strong>OLÁ, EDUCANDO (A)!ESTA VIDEOAULA DE HISTÓRIA FOI VEICULADA NA TV NO DIA 16/08/2021 (SEGUNDA-FEIRA). AQUI NO PORTAL CONEXÃO ESCOLA, ELA ESTÁ DISPONÍVEL JUNTAMENTE COM A PROPOSTA DE ATIVIDADE.</strong></em></p>



<p class="has-text-align-center has-background" style="background-color:#d9eef7;font-size:25px"><strong>HOJE, IREMOS ESTUDAR E COMPREENDER AS ESCALAS DE TEMPO: O DIA E A NOITE. VOCÊ JÁ OBSERVOU QUE NOSSA VIDA É DIVIDIDA POR TEMPO E QUE TEMOS DIFERENTES MOMENTOS EM NOSSO DIA? VOCÊ SABE DIFERENCIAR O DIA E A NOITE?&nbsp;</strong></p>



<p class="has-text-align-center has-luminous-vivid-orange-color has-text-color" style="font-size:25px"><strong>APRENDA MAIS SOBRE ESSE ASSUNTO ASSISTINDO A VIDEOAULA QUE ESTÁ MUITO DIVERTIDA E INTERESSANTE. ENTÃO, ESTÃO PREPARADOS?</strong></p>



<figure class="wp-block-embed aligncenter is-type-video is-provider-youtube wp-block-embed-youtube wp-embed-aspect-16-9 wp-has-aspect-ratio"><div class="wp-block-embed__wrapper">
<p class="responsive-video-wrap clr"><iframe title="Ciências  | Turma A  | 1 Ano  | Ciclo da Infância" width="1200" height="675" src="https://www.youtube.com/embed/JZV7ZLSogMs?feature=oembed" frameborder="0" allow="accelerometer; autoplay; clipboard-write; encrypted-media; gyroscope; picture-in-picture" allowfullscreen></iframe></p>
</div><figcaption>CIÊNCIAS/TURMA A/1 ANO/CICLO DA INFÂNCIA</figcaption></figure>



<hr class="wp-block-separator"/>



<p class="has-text-align-center has-background" style="background-color:#eee7dc;font-size:25px"><strong>AGORA CHEGOU A SUA VEZ DE PENSAR&#8230; VAMOS LÁ CRIANÇAS PEÇA AJUDA DE UM ADULTO!!!</strong></p>



<p class="has-background" style="background-color:#ddedf3;font-size:25px"><strong>ATIVIDADE 1 </strong></p>



<p class="has-medium-font-size">CRIAR UM PAINEL COM FIGURAS OU DESENHOS DO SOL OU DA LUA REPRESENTANDO O DIA E A NOITE E ABAIXO DESCREVER SUAS ATIVIDADES DURANTE ESSES PERÍODOS.</p>



<div class="wp-block-image"><figure class="aligncenter"><img decoding="async" src="https://lh4.googleusercontent.com/cvwy7TTheULAEH5-6fNQIg9cfbsox0_sF33CDuRXn07ArFixioA44qkzqAGf81_BGLPTIc95HLykMWYA09ZZHm_MqE2W031OuvZNegC3qd9qtBdNNbFuuAvtcrmlPgBitQNORFw=s0" alt=""/></figure></div>



<p class="has-text-align-center" style="font-size:9px">DISPONÍVEL EM PIXABAY. &lt;<a href="https://pixabay.com/pt/illustrations/equin%C3%B3cio-sun-lua-paisagem-m%C3%ADstico-2194645/">https://pixabay.com/pt/illustrations/equin%C3%B3cio-sun-lua-paisagem-m%C3%ADstico-2194645/</a>&gt; ACESSO EM 27 DE MAIO DE 2021.</p>



<hr class="wp-block-separator"/>



<p class="has-background" style="background-color:#ddedf3;font-size:25px"><strong>ATIVIDADE 2</strong> </p>



<p class="has-medium-font-size">CONVERSE COM ALGUÉM DA SUA FAMÍLIA SOBRE A PERGUNTA A SEGUIR:&nbsp;</p>



<ul class="has-medium-font-size wp-block-list"><li>&nbsp;O QUE VOCÊ PREFERE: O DIA PARA BRINCAR OU A NOITE PARA SONHAR? APÓS CONVERSAREM, ESCREVA:</li><li>&nbsp;O QUE VOCÊ MAIS GOSTA DE FAZER DE DIA?&nbsp;</li><li>&nbsp;O QUE VOCÊ MAIS GOSTA DE FAZER À NOITE?&nbsp;</li><li>SE PREFERIR PODE DESENHAR SUAS PREFERÊNCIAS: O QUE GOSTA DE FAZER DURANTE O DIA E A NOITE.&nbsp;</li><li>BONS ESTUDOS! FAÇA COM CAPRICHO E ATENÇÃO.&nbsp;</li></ul>



<hr class="wp-block-separator"/>



<p class="has-background" style="background-color:#d6f3f0;font-size:25px"><strong>RELEMBRANDO!</strong></p>



<ul class="has-medium-font-size wp-block-list"><li>1. IDENTIFICAMOS DIFERENTES ESCALAS DE TEMPO;</li><li>2. APRENDEMOS COMO ORGANIZAR OS ACONTECIMENTOS DO NOSSO DIA;</li><li>3. OBSERVAMOS E ENTENDEMOS AS DIFERENCIAÇÕES QUE OCORREM DURANTE O DIA E A NOITE;</li><li>4. HISTÓRIA DO LIVRO “O DIA E A NOITE” DE MARY FRANÇA E ELIARDO FRANÇA.&nbsp;</li></ul>



<hr class="wp-block-separator"/>



<figure class="wp-block-table is-style-regular"><table class="has-background" style="background-color:#e7f5fe"><tbody><tr><td>HABILIDADES ESTRUTURANTES</td><td>(EF01CI05-A/C) IDENTIFICAR, NOMEAR E CATEGORIZAR DIFERENTES ESCALAS DE TEMPO, TAIS COMO: OS PERÍODOS DIÁRIOS, MANHÃ, TARDE, NOITE, BEM COMO A SUCESSÃO DE DIAS, SEMANAS, MESES E ANOS: PERÍODO LETIVO, DATA DE ANIVERSÁRIO, FINAL DE SEMANA.&nbsp;</td></tr></tbody></table></figure>



<hr class="wp-block-separator"/>



<figure class="wp-block-table is-style-regular"><table class="has-background" style="background-color:#fcf0ef"><tbody><tr><td><strong>REFERÊNCIAS:</strong></td><td>GOVERNO DO ESTADO DE GOIÁS. SECRETÁRIA DE ESTADO DE EDUCAÇÃO – SEDUC/CONSED. DOCUMENTO CURRICULAR PARA GOIÁS – AMPLIADO: <strong>VOLUME II ENSINO FUNDAMENTAL ANOS INICIAIS</strong>. DISPONÍVEL EM: &lt; file:///C:/Users/NossaCasa/Downloads/Vol%20II%20-%20Anos%20Iniciais%20leila%20mandou.pdf &gt;. ACESSO EM:&nbsp; 27 DE MAIO DE 2021.IMAGENS RETIRADAS DOS SITES:<a href="https://br.freepik.com/">https://br.freepik.com/</a><a href="https://pixabay.com/pt/">https://pixabay.com/pt/</a></td></tr></tbody></table></figure>



<hr class="wp-block-separator"/>



<p></p>
