{"id":131292,"date":"2021-09-06T07:00:00","date_gmt":"2021-09-06T10:00:00","guid":{"rendered":"https:\/\/sme.goiania.go.gov.br\/conexaoescola\/?post_type=ensino_fundamental&#038;p=131292"},"modified":"2021-11-16T15:57:42","modified_gmt":"2021-11-16T17:57:42","slug":"leitura-interpretacao-de-texto","status":"publish","type":"ensino_fundamental","link":"https:\/\/sme.goiania.go.gov.br\/conexaoescola\/ensino_fundamental\/leitura-interpretacao-de-texto\/","title":{"rendered":"L\u00edngua Portuguesa &#8211; Leitura, Interpreta\u00e7\u00e3o de Texto"},"content":{"rendered":"\n<p class=\"has-medium-font-size\">Ol\u00e1<em>. <\/em>Faremos&nbsp; agora estudo sobre um texto, e&nbsp; sobre a forma\u00e7\u00e3o das palavras. Fique atento!!&nbsp;&nbsp;<\/p>\n\n\n\n<p class=\"has-medium-font-size\">L\u00e1pis e caderno na m\u00e3o e vamos l\u00e1!!<\/p>\n\n\n\n<hr class=\"wp-block-separator\"\/>\n\n\n\n<h2 class=\"has-vivid-green-cyan-background-color has-background wp-block-heading\"><strong>ATIVIDADE 1&nbsp;<\/strong><\/h2>\n\n\n\n<p class=\"has-medium-font-size\">Leia o texto e responda as quest\u00f5es abaixo:<\/p>\n\n\n\n<figure class=\"wp-block-image\"><img decoding=\"async\" src=\"https:\/\/lh3.googleusercontent.com\/klUQsfLBliegcgMXRtlrdd2A-AfAkj8-g5SAxAXCZR6HqzI1oj7Edc2TRPj5S1afIoRoybAsjbc5OwxHJ19GU60Aq20uXHJBij1MrKgZgkkiiXCXZDfGAXz2hOI7a9uGIdoUIHg=s0\" alt=\"Pin em 1\u00ba ANO - TEXTOS\"\/><figcaption>Fonte: <a href=\"https:\/\/images.app.goo.gl\/xYHYifiE3KAedwq37\">https:\/\/images.app.goo.gl\/xYHYifiE3KAedwq37<\/a><\/figcaption><\/figure>\n\n\n\n<p class=\"has-medium-font-size\"><strong>Chegou a hora de praticar! Agora \u00e9 com voc\u00ea!<\/strong> Em seu caderno, fa\u00e7a o cabe\u00e7alho completo como de costume, em seguida, copie em seu caderno e responda as atividades abaixo:<\/p>\n\n\n\n<p class=\"has-medium-font-size\">a) Qual \u00e9 o t\u00edtulo do texto?&nbsp;<\/p>\n\n\n\n<p class=\"has-medium-font-size\">b) Quais s\u00e3o os personagens do texto?<\/p>\n\n\n\n<p class=\"has-medium-font-size\">c) O que fez o le\u00e3o?&nbsp;<\/p>\n\n\n\n<p class=\"has-medium-font-size\">d) Quem ficou com medo?&nbsp;<\/p>\n\n\n\n<p class=\"has-medium-font-size\">e) O que o macaco fala?<\/p>\n\n\n\n<hr class=\"wp-block-separator\"\/>\n\n\n\n<h2 class=\"has-pale-cyan-blue-background-color has-background wp-block-heading\"><strong>ATIVIDADE 2<\/strong><\/h2>\n\n\n\n<p class=\"has-medium-font-size\">Fa\u00e7a uma ilustra\u00e7\u00e3o da hist\u00f3ria.<\/p>\n\n\n\n<hr class=\"wp-block-separator\"\/>\n\n\n\n<h2 class=\"has-luminous-vivid-orange-background-color has-background wp-block-heading\"><strong>ATIVIDADE 3<\/strong><\/h2>\n\n\n\n<p>Leia as palavras abaixo, depois as copie em seu caderno e separe as s\u00edlabas:<\/p>\n\n\n\n<p>jabuti ____________________<\/p>\n\n\n\n<p>macaco ___________________<\/p>\n\n\n\n<p>le\u00e3o ______________________<\/p>\n\n\n\n<p>brincar ____________________<\/p>\n\n\n\n<p>embora ____________________<\/p>\n\n\n\n<p>tamb\u00e9m ____________________<\/p>\n\n\n\n<p>medo ______________________<\/p>\n\n\n\n<p>corre _______________________<\/p>\n\n\n\n<p>podem ______________________<\/p>\n\n\n\n<p>forte ________________________<\/p>\n\n\n\n<hr class=\"wp-block-separator\"\/>\n\n\n\n<h2 class=\"has-luminous-vivid-amber-background-color has-background wp-block-heading\"><strong>ATIVIDADE 4<\/strong><\/h2>\n\n\n\n<p class=\"has-medium-font-size\">Escreva as palavras abaixo em seu caderno e complete-as com a s\u00edlaba com uma das s\u00edlabas do quadro em destaque:&nbsp;<\/p>\n\n\n\n<figure class=\"wp-block-table\"><table><tbody><tr><td><strong>CO<\/strong><\/td><td><strong>CA<\/strong><\/td><td><strong>MA<\/strong><\/td><td><strong>TU<\/strong><\/td><td><strong>TA<\/strong><\/td><\/tr><\/tbody><\/table><figcaption><br><\/figcaption><\/figure>\n\n\n\n<p><strong>____CADA &nbsp; &nbsp; &nbsp; &nbsp; &nbsp; &nbsp;         &nbsp; &nbsp; ____MA&nbsp; &nbsp; &nbsp; &nbsp; &nbsp; &nbsp; &nbsp; &nbsp;      &nbsp; &nbsp; ____MIDA<\/strong><\/p>\n\n\n\n<p><strong>TA_____ &nbsp; &nbsp; &nbsp; &nbsp; &nbsp; &nbsp; &nbsp;        &nbsp; &nbsp; &nbsp; ____PETE &nbsp; &nbsp; &nbsp;        &nbsp; &nbsp; &nbsp; &nbsp; &nbsp; ____CANO<\/strong><\/p>\n\n\n\n<p><strong>____BANA&nbsp; &nbsp; &nbsp; &nbsp; &nbsp;       &nbsp; &nbsp; &nbsp; &nbsp; PIJA____ &nbsp; &nbsp; &nbsp; &nbsp; &nbsp; &nbsp; &nbsp; &nbsp;        ____CARR\u00c3O<\/strong><\/p>\n\n\n\n<p><strong>SA____LA&nbsp; &nbsp; &nbsp;       &nbsp; &nbsp; &nbsp; &nbsp; &nbsp; &nbsp; BA_____TA &nbsp; &nbsp; &nbsp; &nbsp; &nbsp; &nbsp;            JA_____R\u00c9<\/strong><\/p>\n\n\n\n<p><strong>CIN____RA&nbsp; &nbsp; &nbsp; &nbsp; &nbsp;        &nbsp; &nbsp; &nbsp; &nbsp; ____LA&nbsp; &nbsp; &nbsp; &nbsp; &nbsp;       &nbsp; &nbsp; &nbsp; &nbsp; &nbsp; &nbsp; ____RRO<\/strong><\/p>\n\n\n\n<hr class=\"wp-block-separator\"\/>\n\n\n\n<figure class=\"wp-block-table alignfull\"><table><tbody><tr><td>Proponentes &#8211; Professores<\/td><td>Eliana Francisca\/ Fernanda Guimar\u00e3es\/ Simone Nicolau<\/td><\/tr><tr><td>Institui\u00e7\u00e3o Educacional<\/td><td>Escola Municipal Tropical Ville<\/td><\/tr><tr><td>CRE<\/td><td>Brasil Di Ramos Caiado<\/td><\/tr><tr><td>Refer\u00eancias &#8211; Texto elaborado com fins pedag\u00f3gicos.<\/td><td>Figura &#8211; <a href=\"https:\/\/images.app.goo.gl\/xYHYifiE3KAedwq37\">https:\/\/images.app.goo.gl\/xYHYifiE3KAedwq37<\/a><\/td><\/tr><\/tbody><\/table><\/figure>\n\n\n\n<figure class=\"wp-block-table alignfull\"><table><tbody><tr><td>Ciclo da Inf\u00e2ncia\/Ciclo da Adolesc\u00eancia ou EAJA<\/td><td>Ciclo da Inf\u00e2ncia<\/td><\/tr><tr><td>Turma\/agrupamento<\/td><td>B<\/td><\/tr><tr><td>Componente Curricular:<\/td><td>L\u00edngua Portuguesa<\/td><\/tr><tr><td>Ciclo da Inf\u00e2ncia e Adolesc\u00eancia: Habilidade estruturante <br>Habilidades Complementares<br>EAJA:<br>Objetivos de Aprendizagem e Desenvolvimento<\/td><td><strong>Habilidade estruturante:<\/strong> (EF15LP03) Localizar informa\u00e7\u00f5es expl\u00edcitas em textos.&nbsp;(EF02LP02-A) Segmentar palavras em s\u00edlabas.(EF02LP02-B) Remover e substituir s\u00edlabas iniciais, mediais ou finais para criar novas palavras.<\/td><\/tr><tr><td>Tem\u00e1tica<\/td><td>Leitura, interpreta\u00e7\u00e3o de texto e segmenta\u00e7\u00e3o de palavras<\/td><\/tr><\/tbody><\/table><\/figure>\n","protected":false},"author":23,"featured_media":131293,"template":"","ef_categoria":[13,21],"ef_ano":[85],"ef_componente":[93],"class_list":["post-131292","ensino_fundamental","type-ensino_fundamental","status-publish","has-post-thumbnail","hentry","ef_categoria-ciclo-da-infancia-abc","ef_categoria-experiencias-e-curiosidades","ef_ano-2o-ano","ef_componente-portugues","entry","has-media"],"acf":[],"_links":{"self":[{"href":"https:\/\/sme.goiania.go.gov.br\/conexaoescola\/wp-json\/wp\/v2\/ensino_fundamental\/131292","targetHints":{"allow":["GET"]}}],"collection":[{"href":"https:\/\/sme.goiania.go.gov.br\/conexaoescola\/wp-json\/wp\/v2\/ensino_fundamental"}],"about":[{"href":"https:\/\/sme.goiania.go.gov.br\/conexaoescola\/wp-json\/wp\/v2\/types\/ensino_fundamental"}],"author":[{"embeddable":true,"href":"https:\/\/sme.goiania.go.gov.br\/conexaoescola\/wp-json\/wp\/v2\/users\/23"}],"version-history":[{"count":0,"href":"https:\/\/sme.goiania.go.gov.br\/conexaoescola\/wp-json\/wp\/v2\/ensino_fundamental\/131292\/revisions"}],"wp:featuredmedia":[{"embeddable":true,"href":"https:\/\/sme.goiania.go.gov.br\/conexaoescola\/wp-json\/wp\/v2\/media\/131293"}],"wp:attachment":[{"href":"https:\/\/sme.goiania.go.gov.br\/conexaoescola\/wp-json\/wp\/v2\/media?parent=131292"}],"wp:term":[{"taxonomy":"ef_categoria","embeddable":true,"href":"https:\/\/sme.goiania.go.gov.br\/conexaoescola\/wp-json\/wp\/v2\/ef_categoria?post=131292"},{"taxonomy":"ef_ano","embeddable":true,"href":"https:\/\/sme.goiania.go.gov.br\/conexaoescola\/wp-json\/wp\/v2\/ef_ano?post=131292"},{"taxonomy":"ef_componente","embeddable":true,"href":"https:\/\/sme.goiania.go.gov.br\/conexaoescola\/wp-json\/wp\/v2\/ef_componente?post=131292"}],"curies":[{"name":"wp","href":"https:\/\/api.w.org\/{rel}","templated":true}]}}

Língua Portuguesa &#8211; Leitura, Interpretação de Texto

<p class="has-medium-font-size">Olá<em>. </em>Faremos&nbsp; agora estudo sobre um texto, e&nbsp; sobre a formação das palavras. Fique atento!!&nbsp;&nbsp;</p>



<p class="has-medium-font-size">Lápis e caderno na mão e vamos lá!!</p>



<hr class="wp-block-separator"/>



<h2 class="has-vivid-green-cyan-background-color has-background wp-block-heading"><strong>ATIVIDADE 1&nbsp;</strong></h2>



<p class="has-medium-font-size">Leia o texto e responda as questões abaixo:</p>



<figure class="wp-block-image"><img decoding="async" src="https://lh3.googleusercontent.com/klUQsfLBliegcgMXRtlrdd2A-AfAkj8-g5SAxAXCZR6HqzI1oj7Edc2TRPj5S1afIoRoybAsjbc5OwxHJ19GU60Aq20uXHJBij1MrKgZgkkiiXCXZDfGAXz2hOI7a9uGIdoUIHg=s0" alt="Pin em 1º ANO - TEXTOS"/><figcaption>Fonte: <a href="https://images.app.goo.gl/xYHYifiE3KAedwq37">https://images.app.goo.gl/xYHYifiE3KAedwq37</a></figcaption></figure>



<p class="has-medium-font-size"><strong>Chegou a hora de praticar! Agora é com você!</strong> Em seu caderno, faça o cabeçalho completo como de costume, em seguida, copie em seu caderno e responda as atividades abaixo:</p>



<p class="has-medium-font-size">a) Qual é o título do texto?&nbsp;</p>



<p class="has-medium-font-size">b) Quais são os personagens do texto?</p>



<p class="has-medium-font-size">c) O que fez o leão?&nbsp;</p>



<p class="has-medium-font-size">d) Quem ficou com medo?&nbsp;</p>



<p class="has-medium-font-size">e) O que o macaco fala?</p>



<hr class="wp-block-separator"/>



<h2 class="has-pale-cyan-blue-background-color has-background wp-block-heading"><strong>ATIVIDADE 2</strong></h2>



<p class="has-medium-font-size">Faça uma ilustração da história.</p>



<hr class="wp-block-separator"/>



<h2 class="has-luminous-vivid-orange-background-color has-background wp-block-heading"><strong>ATIVIDADE 3</strong></h2>



<p>Leia as palavras abaixo, depois as copie em seu caderno e separe as sílabas:</p>



<p>jabuti ____________________</p>



<p>macaco ___________________</p>



<p>leão ______________________</p>



<p>brincar ____________________</p>



<p>embora ____________________</p>



<p>também ____________________</p>



<p>medo ______________________</p>



<p>corre _______________________</p>



<p>podem ______________________</p>



<p>forte ________________________</p>



<hr class="wp-block-separator"/>



<h2 class="has-luminous-vivid-amber-background-color has-background wp-block-heading"><strong>ATIVIDADE 4</strong></h2>



<p class="has-medium-font-size">Escreva as palavras abaixo em seu caderno e complete-as com a sílaba com uma das sílabas do quadro em destaque:&nbsp;</p>



<figure class="wp-block-table"><table><tbody><tr><td><strong>CO</strong></td><td><strong>CA</strong></td><td><strong>MA</strong></td><td><strong>TU</strong></td><td><strong>TA</strong></td></tr></tbody></table><figcaption><br></figcaption></figure>



<p><strong>____CADA &nbsp; &nbsp; &nbsp; &nbsp; &nbsp; &nbsp;         &nbsp; &nbsp; ____MA&nbsp; &nbsp; &nbsp; &nbsp; &nbsp; &nbsp; &nbsp; &nbsp;      &nbsp; &nbsp; ____MIDA</strong></p>



<p><strong>TA_____ &nbsp; &nbsp; &nbsp; &nbsp; &nbsp; &nbsp; &nbsp;        &nbsp; &nbsp; &nbsp; ____PETE &nbsp; &nbsp; &nbsp;        &nbsp; &nbsp; &nbsp; &nbsp; &nbsp; ____CANO</strong></p>



<p><strong>____BANA&nbsp; &nbsp; &nbsp; &nbsp; &nbsp;       &nbsp; &nbsp; &nbsp; &nbsp; PIJA____ &nbsp; &nbsp; &nbsp; &nbsp; &nbsp; &nbsp; &nbsp; &nbsp;        ____CARRÃO</strong></p>



<p><strong>SA____LA&nbsp; &nbsp; &nbsp;       &nbsp; &nbsp; &nbsp; &nbsp; &nbsp; &nbsp; BA_____TA &nbsp; &nbsp; &nbsp; &nbsp; &nbsp; &nbsp;            JA_____RÉ</strong></p>



<p><strong>CIN____RA&nbsp; &nbsp; &nbsp; &nbsp; &nbsp;        &nbsp; &nbsp; &nbsp; &nbsp; ____LA&nbsp; &nbsp; &nbsp; &nbsp; &nbsp;       &nbsp; &nbsp; &nbsp; &nbsp; &nbsp; &nbsp; ____RRO</strong></p>



<hr class="wp-block-separator"/>



<figure class="wp-block-table alignfull"><table><tbody><tr><td>Proponentes &#8211; Professores</td><td>Eliana Francisca/ Fernanda Guimarães/ Simone Nicolau</td></tr><tr><td>Instituição Educacional</td><td>Escola Municipal Tropical Ville</td></tr><tr><td>CRE</td><td>Brasil Di Ramos Caiado</td></tr><tr><td>Referências &#8211; Texto elaborado com fins pedagógicos.</td><td>Figura &#8211; <a href="https://images.app.goo.gl/xYHYifiE3KAedwq37">https://images.app.goo.gl/xYHYifiE3KAedwq37</a></td></tr></tbody></table></figure>



<figure class="wp-block-table alignfull"><table><tbody><tr><td>Ciclo da Infância/Ciclo da Adolescência ou EAJA</td><td>Ciclo da Infância</td></tr><tr><td>Turma/agrupamento</td><td>B</td></tr><tr><td>Componente Curricular:</td><td>Língua Portuguesa</td></tr><tr><td>Ciclo da Infância e Adolescência: Habilidade estruturante <br>Habilidades Complementares<br>EAJA:<br>Objetivos de Aprendizagem e Desenvolvimento</td><td><strong>Habilidade estruturante:</strong> (EF15LP03) Localizar informações explícitas em textos.&nbsp;(EF02LP02-A) Segmentar palavras em sílabas.(EF02LP02-B) Remover e substituir sílabas iniciais, mediais ou finais para criar novas palavras.</td></tr><tr><td>Temática</td><td>Leitura, interpretação de texto e segmentação de palavras</td></tr></tbody></table></figure>
