{"id":131260,"date":"2021-09-06T07:00:00","date_gmt":"2021-09-06T10:00:00","guid":{"rendered":"https:\/\/sme.goiania.go.gov.br\/conexaoescola\/?post_type=ensino_fundamental&#038;p=131260"},"modified":"2022-05-20T09:11:49","modified_gmt":"2022-05-20T12:11:49","slug":"o-ser-humano-e-o-ambiente","status":"publish","type":"ensino_fundamental","link":"https:\/\/sme.goiania.go.gov.br\/conexaoescola\/ensino_fundamental\/o-ser-humano-e-o-ambiente\/","title":{"rendered":"Geografia &#8211; O ser humano e o ambiente"},"content":{"rendered":"\n<p class=\"has-black-color has-luminous-vivid-amber-background-color has-text-color has-background has-medium-font-size\">Ol\u00e1! O ser humano atua sobre o mundo provocando diversas altera\u00e7\u00f5es na paisagem para atender as suas necessidades e interesses. Nesta atividade voc\u00ea vai perceber o impacto dessas a\u00e7\u00f5es.<\/p>\n\n\n\n<h2 class=\"has-luminous-vivid-amber-background-color has-background wp-block-heading\">Atividade 1<\/h2>\n\n\n\n<p class=\"has-medium-font-size\">1 &#8211; Observe as fotografias abaixo:<\/p>\n\n\n\n<p><img decoding=\"async\" src=\"https:\/\/lh4.googleusercontent.com\/fEwPzz2HntPguhpb0kqhz8RLSOzVGF7r7K9LsSMVjMTfFovdDXga_C0bGCCVggwwLUW_jlztWzf8bAEDZMTH6MNR9BqelxBUAvp9WgyH6fIBe_8J7WnU5PDn5m1tpU5cFgZakbI=s0\" width=\"517\" height=\"332.9982477426529\"><\/p>\n\n\n\n<p class=\"has-medium-font-size\">Responda no seu caderno de Geografia:<\/p>\n\n\n\n<ol class=\"has-medium-font-size wp-block-list\"><li>O que aconteceria se as ind\u00fastrias despejassem esgoto n\u00e3o tratado no rio da fotografia 1?<\/li><\/ol>\n\n\n\n<ol start=\"2\" class=\"has-medium-font-size wp-block-list\"><li>O que poderia acontecer com os animais da fotografia 2 se a vegeta\u00e7\u00e3o fosse destru\u00edda?<\/li><\/ol>\n\n\n\n<p><strong>SAIBA MAIS: <\/strong><\/p>\n\n\n\n<p class=\"has-medium-font-size\">Veja algumas dicas de como cuidar do meio ambiente:<\/p>\n\n\n\n<figure class=\"wp-block-embed is-type-video is-provider-youtube wp-block-embed-youtube wp-embed-aspect-16-9 wp-has-aspect-ratio\"><div class=\"wp-block-embed__wrapper\">\n<p class=\"responsive-video-wrap clr\"><iframe title=\"Como cuidar do meio ambiente? -  10 dicas para cuidar do meio ambiente\" width=\"1200\" height=\"675\" src=\"https:\/\/www.youtube.com\/embed\/Ekbd_hSQOhc?feature=oembed\" frameborder=\"0\" allow=\"accelerometer; autoplay; clipboard-write; encrypted-media; gyroscope; picture-in-picture\" allowfullscreen><\/iframe><\/p>\n<\/div><figcaption>Como cuidar do meio ambiente? &#8211; 10 dicas para cuidar do meio ambiente &#8211; Canal: <a href=\"https:\/\/www.youtube.com\/channel\/UCYKeu41LiJOIoyEkStWqCLw\">Smile and Learn &#8211; Portugu\u00eas<\/a> &#8211;<br>Link: https:\/\/www.youtube.com\/watch?v=Ekbd_hSQOhc<\/figcaption><\/figure>\n\n\n\n<hr class=\"wp-block-separator\"\/>\n\n\n\n<figure class=\"wp-block-table alignwide is-style-regular\"><table><tbody><tr><td><strong>Cicio&nbsp;da inf\u00e2ncia \/<\/strong><strong>Ciclo da&nbsp;Adolesc\u00eancia<\/strong><\/td><td>Ciclo da Inf\u00e2ncia<\/td><\/tr><tr><td><strong>Turma\/agrupamento<\/strong><\/td><td>C<\/td><\/tr><tr><td><strong>Componente Curricular:<\/strong><\/td><td>Geografia<\/td><\/tr><tr><td><strong>Cicio da&nbsp;inf\u00e2ncia&nbsp;e adolesc\u00eancia:&nbsp;Habilidade estruturante e Habilidades&nbsp;<\/strong><strong>Complementares<\/strong><\/td><td>(EF04CI04) \u2013 Analisar e construir cadeias alimentares simples, reconhecendo a posi\u00e7\u00e3o ocupada pelos seres vivos nessas cadeias e o papel do Sol como fonte prim\u00e1ria de energia na produ\u00e7\u00e3o de alimentos.<\/td><\/tr><\/tbody><\/table><\/figure>\n","protected":false},"author":20,"featured_media":131263,"template":"","ef_categoria":[13,20],"ef_ano":[86],"ef_componente":[96],"class_list":["post-131260","ensino_fundamental","type-ensino_fundamental","status-publish","has-post-thumbnail","hentry","ef_categoria-ciclo-da-infancia-abc","ef_categoria-etica-e-cidadania","ef_ano-3o-ano","ef_componente-geografia","entry","has-media"],"acf":[],"_links":{"self":[{"href":"https:\/\/sme.goiania.go.gov.br\/conexaoescola\/wp-json\/wp\/v2\/ensino_fundamental\/131260","targetHints":{"allow":["GET"]}}],"collection":[{"href":"https:\/\/sme.goiania.go.gov.br\/conexaoescola\/wp-json\/wp\/v2\/ensino_fundamental"}],"about":[{"href":"https:\/\/sme.goiania.go.gov.br\/conexaoescola\/wp-json\/wp\/v2\/types\/ensino_fundamental"}],"author":[{"embeddable":true,"href":"https:\/\/sme.goiania.go.gov.br\/conexaoescola\/wp-json\/wp\/v2\/users\/20"}],"version-history":[{"count":0,"href":"https:\/\/sme.goiania.go.gov.br\/conexaoescola\/wp-json\/wp\/v2\/ensino_fundamental\/131260\/revisions"}],"wp:featuredmedia":[{"embeddable":true,"href":"https:\/\/sme.goiania.go.gov.br\/conexaoescola\/wp-json\/wp\/v2\/media\/131263"}],"wp:attachment":[{"href":"https:\/\/sme.goiania.go.gov.br\/conexaoescola\/wp-json\/wp\/v2\/media?parent=131260"}],"wp:term":[{"taxonomy":"ef_categoria","embeddable":true,"href":"https:\/\/sme.goiania.go.gov.br\/conexaoescola\/wp-json\/wp\/v2\/ef_categoria?post=131260"},{"taxonomy":"ef_ano","embeddable":true,"href":"https:\/\/sme.goiania.go.gov.br\/conexaoescola\/wp-json\/wp\/v2\/ef_ano?post=131260"},{"taxonomy":"ef_componente","embeddable":true,"href":"https:\/\/sme.goiania.go.gov.br\/conexaoescola\/wp-json\/wp\/v2\/ef_componente?post=131260"}],"curies":[{"name":"wp","href":"https:\/\/api.w.org\/{rel}","templated":true}]}}

<p class="has-black-color has-luminous-vivid-amber-background-color has-text-color has-background has-medium-font-size">Olá! O ser humano atua sobre o mundo provocando diversas alterações na paisagem para atender as suas necessidades e interesses. Nesta atividade você vai perceber o impacto dessas ações.</p>



<h2 class="has-luminous-vivid-amber-background-color has-background wp-block-heading">Atividade 1</h2>



<p class="has-medium-font-size">1 &#8211; Observe as fotografias abaixo:</p>



<p><img decoding="async" src="https://lh4.googleusercontent.com/fEwPzz2HntPguhpb0kqhz8RLSOzVGF7r7K9LsSMVjMTfFovdDXga_C0bGCCVggwwLUW_jlztWzf8bAEDZMTH6MNR9BqelxBUAvp9WgyH6fIBe_8J7WnU5PDn5m1tpU5cFgZakbI=s0" width="517" height="332.9982477426529"></p>



<p class="has-medium-font-size">Responda no seu caderno de Geografia:</p>



<ol class="has-medium-font-size wp-block-list"><li>O que aconteceria se as indústrias despejassem esgoto não tratado no rio da fotografia 1?</li></ol>



<ol start="2" class="has-medium-font-size wp-block-list"><li>O que poderia acontecer com os animais da fotografia 2 se a vegetação fosse destruída?</li></ol>



<p><strong>SAIBA MAIS: </strong></p>



<p class="has-medium-font-size">Veja algumas dicas de como cuidar do meio ambiente:</p>



<figure class="wp-block-embed is-type-video is-provider-youtube wp-block-embed-youtube wp-embed-aspect-16-9 wp-has-aspect-ratio"><div class="wp-block-embed__wrapper">
<p class="responsive-video-wrap clr"><iframe title="Como cuidar do meio ambiente? -  10 dicas para cuidar do meio ambiente" width="1200" height="675" src="https://www.youtube.com/embed/Ekbd_hSQOhc?feature=oembed" frameborder="0" allow="accelerometer; autoplay; clipboard-write; encrypted-media; gyroscope; picture-in-picture" allowfullscreen></iframe></p>
</div><figcaption>Como cuidar do meio ambiente? &#8211; 10 dicas para cuidar do meio ambiente &#8211; Canal: <a href="https://www.youtube.com/channel/UCYKeu41LiJOIoyEkStWqCLw">Smile and Learn &#8211; Português</a> &#8211;<br>Link: https://www.youtube.com/watch?v=Ekbd_hSQOhc</figcaption></figure>



<hr class="wp-block-separator"/>



<figure class="wp-block-table alignwide is-style-regular"><table><tbody><tr><td><strong>Cicio&nbsp;da infância /</strong><strong>Ciclo da&nbsp;Adolescência</strong></td><td>Ciclo da Infância</td></tr><tr><td><strong>Turma/agrupamento</strong></td><td>C</td></tr><tr><td><strong>Componente Curricular:</strong></td><td>Geografia</td></tr><tr><td><strong>Cicio da&nbsp;infância&nbsp;e adolescência:&nbsp;Habilidade estruturante e Habilidades&nbsp;</strong><strong>Complementares</strong></td><td>(EF04CI04) – Analisar e construir cadeias alimentares simples, reconhecendo a posição ocupada pelos seres vivos nessas cadeias e o papel do Sol como fonte primária de energia na produção de alimentos.</td></tr></tbody></table></figure>
