{"id":131247,"date":"2021-09-09T09:50:11","date_gmt":"2021-09-09T12:50:11","guid":{"rendered":"https:\/\/sme.goiania.go.gov.br\/conexaoescola\/?post_type=ensino_fundamental&#038;p=131247"},"modified":"2022-04-12T19:49:48","modified_gmt":"2022-04-12T22:49:48","slug":"lingua-portuguesa-viajando-pelo-mundo-dos-contos-de-fadas","status":"publish","type":"ensino_fundamental","link":"https:\/\/sme.goiania.go.gov.br\/conexaoescola\/ensino_fundamental\/lingua-portuguesa-viajando-pelo-mundo-dos-contos-de-fadas\/","title":{"rendered":"L\u00cdNGUA PORTUGUESA &#8211; VIAJANDO PELO MUNDO DOS CONTOS DE FADAS"},"content":{"rendered":"\n<p class=\"has-text-align-center\"><img fetchpriority=\"high\" decoding=\"async\" width=\"487\" height=\"335\" alt=\"Fada na casa do monte Vetor gr\u00e1tis\" src=\"https:\/\/lh6.googleusercontent.com\/zsNh34NkGBN9ytrJCUExL-VoNbzDhM7TRSRptETDlySIV_4BJwTfyPQKLrhP7a85b66CR6YiF0ifyK7EdwTNxLS9NmRbNvbldPZmw9fpnS25da7jo4uiua_aMb3xdzhSY1ph4Y8=s0\"><\/p>\n\n\n\n<p class=\"has-text-align-center\" style=\"font-size:8px\">DISPON\u00cdVEL EM <a href=\"https:\/\/br.freepik.com\/\">https:\/\/br.freepik.com\/<\/a> ACESSO EM 10 DE AGOSTO DE 2021.<\/p>\n\n\n\n<p class=\"has-text-align-center has-background has-medium-font-size\" style=\"background-color:#c1e2f0\"><em>OL\u00c1, EDUCANDO (A)!<\/em><em>ESTA VIDEOAULA DE <\/em><strong><em>L\u00cdNGUA PORTUGUESA<\/em><\/strong><em> FOI VEICULADA NA TV NO DIA <\/em><strong><em>06\/09\/2021 (SEGUNDA-FEIRA)<\/em><\/strong><em>. AQUI NO PORTAL CONEX\u00c3O ESCOLA, ELA EST\u00c1 DISPON\u00cdVEL JUNTAMENTE COM A PROPOSTA DE ATIVIDADE.<\/em><\/p>\n\n\n\n<p class=\"has-text-align-center has-medium-font-size\"><strong>HOJE IREMOS CONHECER UM POUCO SOBRE O CONTO DE FADAS. O CONTO DE FADAS \u00c9 UM G\u00caNERO TEXTUAL FORMADO POR NARRATIVAS SIMPLES. UMA DAS SUAS PRINCIPAIS CARACTER\u00cdSTICAS \u00c9 SEU IN\u00cdCIO COM O FAMOSO \u201cERA UMA VEZ\u201d OU OUTRA FRASE CURTA QUE DEMONSTRA UM TEMPO INDETERMINADO. POSSUI TAMB\u00c9M UM ENREDO FICCIONAL, QUE NORMALMENTE APRESENTA SEUS PERSONAGENS E OS ASPECTOS M\u00c1GICOS DO CONTO, EM SEGUIDA TRAZ UM CONFLITO QUE OCORRER\u00c1 COM MOMENTO DE TENS\u00c3O, DEIXANDO EXPL\u00cdCITA A RELA\u00c7\u00c3O ENTRE O BEM E O MAL E POR FIM O DESFECHO QUE REVELA A SOLU\u00c7\u00c3O PARA O CONFLITO.<\/strong><\/p>\n\n\n\n<hr class=\"wp-block-separator\"\/>\n\n\n\n<p class=\"has-text-align-center has-background\" style=\"background-color:#f3ddd2;font-size:25px\"><strong>NESTA VIDEOAULA, VOC\u00ca VAI APRENDER UM POUCO SOBRE OS CONTOS DE FADAS, SE ENCANTAR E VIAJAR COM A SUA IMAGINA\u00c7\u00c3O. VAMOS L\u00c1?<\/strong><\/p>\n\n\n\n<figure class=\"wp-block-embed aligncenter is-type-video is-provider-youtube wp-block-embed-youtube wp-embed-aspect-16-9 wp-has-aspect-ratio\"><div class=\"wp-block-embed__wrapper\">\n<p class=\"responsive-video-wrap clr\"><iframe title=\"Portugu\u00eas  | Turma A  | 1\u00ba Ano | Ciclo da Inf\u00e2ncia\" width=\"1200\" height=\"675\" src=\"https:\/\/www.youtube.com\/embed\/ftdIuG40t8w?feature=oembed\" frameborder=\"0\" allow=\"accelerometer; autoplay; clipboard-write; encrypted-media; gyroscope; picture-in-picture\" allowfullscreen><\/iframe><\/p>\n<\/div><figcaption>PORTUGU\u00caS\/TURMA A\/1 ANO\/CICLO DA INF\u00c2NCIA<\/figcaption><\/figure>\n\n\n\n<hr class=\"wp-block-separator\"\/>\n\n\n\n<p class=\"has-text-align-center has-background\" style=\"background-color:#efcde3;font-size:25px\">PE\u00c7A AJUDA DE UM ADULTO PARA REALIZAR AS ATIVIDADES COM VOC\u00ca.<\/p>\n\n\n\n<p class=\"has-background\" style=\"background-color:#ddedf3;font-size:25px\"><strong>ATIVIDADE 1<\/strong><\/p>\n\n\n\n<p style=\"font-size:25px\">OBSERVE OS PERSONAGENS DE CONTOS DE FADAS, E MARQUE UM X, A QUE HIST\u00d3RIA PERTENCE CADA PERSONAGEM. PRESTE BASTANTE ATEN\u00c7\u00c3O, S\u00c3O PERSONAGENS CONHECIDOS, ACHO QUE VOC\u00ca VAI ACERTAR. VAMOS L\u00c1?<\/p>\n\n\n\n<figure class=\"wp-block-image\"><img decoding=\"async\" src=\"https:\/\/lh4.googleusercontent.com\/pmbHIe2u0ZkxehHCr-IMN4OTwBdfjwYqmDfAUinqyunlfihZhXKutwJI4zRh-afV9HuN5S8Zj5BqbEf-Oi_1XfPXrPfhU3P9z1d1z1d0DvEPe1HlX68cXyynCX5L7uBptxwRM_c=s0\" alt=\"\"\/><\/figure>\n\n\n\n<hr class=\"wp-block-separator\"\/>\n\n\n\n<p class=\"has-background\" style=\"background-color:#ddedf3;font-size:25px\"><strong>ATIVIDADE 2<\/strong><\/p>\n\n\n\n<p class=\"has-white-background-color has-background\" style=\"font-size:25px\"><strong>ADIVINHAS: CONTOS DE FADAS \u2013 QUEM \u00c9 QUEM \u00c9?<\/strong><\/p>\n\n\n\n<p class=\"has-text-align-center\"><img decoding=\"async\" width=\"238\" height=\"238\" alt=\"Ilustra\u00e7\u00e3o de menina pensando com pontos de interroga\u00e7\u00e3o Vetor Premium\" src=\"https:\/\/lh3.googleusercontent.com\/PXNCRE0kHisZHjnRN2NQ6iZmgf-xlf-cWsNKGYlUxkJIcKzzJeh7E_GjDrZSdBYotRqWqUv9cZXE75mz9qMSWYEM5eN1nLGQzo_0mLHDeKr_DZA5m72iLPv6QCtS2VAmbW_iK-A=s0\"><\/p>\n\n\n\n<p class=\"has-text-align-center\" style=\"font-size:10px\">DISPON\u00cdVEL EM <a href=\"https:\/\/br.freepik.com\/\">https:\/\/br.freepik.com\/<\/a> ACESSO EM 10 DE AGOSTO DE 2021.<\/p>\n\n\n\n<ul class=\"has-medium-font-size wp-block-list\"><li>QUE TEM 7 AMIGUINHOS E ADORA UMA MA\u00c7\u00c3?<\/li><li>QUE USA UMA CAPA VERMELHA E LEVA DOCES PARA VOV\u00d3?<\/li><li>QUE VIVE NO ALTO DE UMA TORRE E TEM CABELOS COR DE MEL?<\/li><li>QUE S\u00c3O TR\u00caS IRM\u00c3OS ROSINHAS E O LOBO VIVE ATR\u00c1S?<\/li><\/ul>\n\n\n\n<hr class=\"wp-block-separator\"\/>\n\n\n\n<p class=\"has-background\" style=\"background-color:#e7d4fc;font-size:25px\"><strong>AGORA, VAMOS RELEMBRAR O QUE APRENDEMOS HOJE?<\/strong><\/p>\n\n\n\n<ul class=\"has-medium-font-size wp-block-list\"><li>&nbsp;O CONTO DE FADAS \u00c9 UM G\u00caNERO TEXTUAL FORMADO POR NARRATIVAS SIMPLES.<\/li><li>ELEMENTOS DOS CONTOS DE FADAS: SITUA\u00c7\u00c3O INICIAL (ERA UMA VEZ); CONFLITO; DESENVOLVIMENTO; FINAL (FELIZES PARA SEMPRE); NARRADOR; TEM\u00c1TICA; LUGAR.<\/li><li>HIST\u00d3RIA: A GALINHA RUIVA;<\/li><li>EXEMPLOS DE CONTOS DE FADAS;<\/li><li>ATIVIDADE DE FIXA\u00c7\u00c3O.<\/li><\/ul>\n\n\n\n<hr class=\"wp-block-separator\"\/>\n\n\n\n<figure class=\"wp-block-table is-style-regular\"><table class=\"has-background\" style=\"background-color:#e7f5fe\"><tbody><tr><td><strong>HABILIDADES ESTRUTURANTES<\/strong><\/td><td>(EF15LP16) LER E COMPREENDER, EM COLABORA\u00c7\u00c3O COM OS COLEGAS E COM A AJUDA DO PROFESSOR E, MAIS TARDE, DE MANEIRA AUT\u00d4NOMA, TEXTOS NARRATIVOS DE MAIOR PORTE COMO CONTOS DE FADAS, ENTRE OUTROS. <br>(EF15LP15-A\/B\/C) RECONHECER QUE OS TEXTOS LITER\u00c1RIOS FAZEM PARTE DO MUNDO DO IMAGIN\u00c1RIO E APRESENTAM UMA DIMENS\u00c3O L\u00daDICA, DE ENCANTAMENTO, VALORIZANDO- OS, EM SUA DIVERSIDADE CULTURAL, COMO PATRIM\u00d4NIO ART\u00cdSTICO DA HUMANIDADE, INCLUINDO A LITERATURA GOIANA. <br>(EF15LP13) IDENTIFICAR FINALIDADES DA INTERA\u00c7\u00c3O ORAL EM DIFERENTES CONTEXTOS COMUNICATIVOS (SOLICITAR INFORMA\u00c7\u00d5ES, APRESENTAR OPINI\u00d5ES, INFORMAR, RELATAR EXPERI\u00caNCIAS ETC.). <br>(EF01LP26) IDENTIFICAR ELEMENTOS DE UMA NARRATIVA LIDA OU ESCUTADA, INCLUINDO PERSONAGENS, ENREDO, TEMPO E ESPA\u00c7O. <br>(GO-EF12LP20) IDENTIFICAR IN\u00cdCIO, MEIO E FIM EM NARRATIVA LIDA OU ESCUTADA.<\/td><\/tr><\/tbody><\/table><\/figure>\n\n\n\n<hr class=\"wp-block-separator\"\/>\n\n\n\n<figure class=\"wp-block-table is-style-regular\"><table class=\"has-background\" style=\"background-color:#fcf0ef\"><tbody><tr><td><strong>REFER\u00caNCIAS<\/strong><\/td><td>GOVERNO DO ESTADO DE GOI\u00c1S. SECRET\u00c1RIA DE ESTADO DE EDUCA\u00c7\u00c3O \u2013 SEDUC\/CONSED. DOCUMENTO CURRICULAR PARA GOI\u00c1S \u2013 AMPLIADO: <strong>VOLUME II ENSINO FUNDAMENTAL ANOS INICIAIS<\/strong>.&nbsp;IMAGENS RETIRADAS DO SITE:<a href=\"https:\/\/br.freepik.com\/\">https:\/\/br.freepik.com\/<\/a><\/td><\/tr><\/tbody><\/table><\/figure>\n","protected":false},"author":42,"featured_media":132834,"template":"","ef_categoria":[30],"ef_ano":[84],"ef_componente":[93],"class_list":["post-131247","ensino_fundamental","type-ensino_fundamental","status-publish","has-post-thumbnail","hentry","ef_categoria-etica-e-cidadania-ciclo-da-adolescencia-fg","ef_ano-1o-ano","ef_componente-portugues","entry","has-media"],"acf":[],"_links":{"self":[{"href":"https:\/\/sme.goiania.go.gov.br\/conexaoescola\/wp-json\/wp\/v2\/ensino_fundamental\/131247","targetHints":{"allow":["GET"]}}],"collection":[{"href":"https:\/\/sme.goiania.go.gov.br\/conexaoescola\/wp-json\/wp\/v2\/ensino_fundamental"}],"about":[{"href":"https:\/\/sme.goiania.go.gov.br\/conexaoescola\/wp-json\/wp\/v2\/types\/ensino_fundamental"}],"author":[{"embeddable":true,"href":"https:\/\/sme.goiania.go.gov.br\/conexaoescola\/wp-json\/wp\/v2\/users\/42"}],"version-history":[{"count":0,"href":"https:\/\/sme.goiania.go.gov.br\/conexaoescola\/wp-json\/wp\/v2\/ensino_fundamental\/131247\/revisions"}],"wp:featuredmedia":[{"embeddable":true,"href":"https:\/\/sme.goiania.go.gov.br\/conexaoescola\/wp-json\/wp\/v2\/media\/132834"}],"wp:attachment":[{"href":"https:\/\/sme.goiania.go.gov.br\/conexaoescola\/wp-json\/wp\/v2\/media?parent=131247"}],"wp:term":[{"taxonomy":"ef_categoria","embeddable":true,"href":"https:\/\/sme.goiania.go.gov.br\/conexaoescola\/wp-json\/wp\/v2\/ef_categoria?post=131247"},{"taxonomy":"ef_ano","embeddable":true,"href":"https:\/\/sme.goiania.go.gov.br\/conexaoescola\/wp-json\/wp\/v2\/ef_ano?post=131247"},{"taxonomy":"ef_componente","embeddable":true,"href":"https:\/\/sme.goiania.go.gov.br\/conexaoescola\/wp-json\/wp\/v2\/ef_componente?post=131247"}],"curies":[{"name":"wp","href":"https:\/\/api.w.org\/{rel}","templated":true}]}}

LÍNGUA PORTUGUESA &#8211; VIAJANDO PELO MUNDO DOS CONTOS DE FADAS

<p class="has-text-align-center"><img fetchpriority="high" decoding="async" width="487" height="335" alt="Fada na casa do monte Vetor grátis" src="https://lh6.googleusercontent.com/zsNh34NkGBN9ytrJCUExL-VoNbzDhM7TRSRptETDlySIV_4BJwTfyPQKLrhP7a85b66CR6YiF0ifyK7EdwTNxLS9NmRbNvbldPZmw9fpnS25da7jo4uiua_aMb3xdzhSY1ph4Y8=s0"></p>



<p class="has-text-align-center" style="font-size:8px">DISPONÍVEL EM <a href="https://br.freepik.com/">https://br.freepik.com/</a> ACESSO EM 10 DE AGOSTO DE 2021.</p>



<p class="has-text-align-center has-background has-medium-font-size" style="background-color:#c1e2f0"><em>OLÁ, EDUCANDO (A)!</em><em>ESTA VIDEOAULA DE </em><strong><em>LÍNGUA PORTUGUESA</em></strong><em> FOI VEICULADA NA TV NO DIA </em><strong><em>06/09/2021 (SEGUNDA-FEIRA)</em></strong><em>. AQUI NO PORTAL CONEXÃO ESCOLA, ELA ESTÁ DISPONÍVEL JUNTAMENTE COM A PROPOSTA DE ATIVIDADE.</em></p>



<p class="has-text-align-center has-medium-font-size"><strong>HOJE IREMOS CONHECER UM POUCO SOBRE O CONTO DE FADAS. O CONTO DE FADAS É UM GÊNERO TEXTUAL FORMADO POR NARRATIVAS SIMPLES. UMA DAS SUAS PRINCIPAIS CARACTERÍSTICAS É SEU INÍCIO COM O FAMOSO “ERA UMA VEZ” OU OUTRA FRASE CURTA QUE DEMONSTRA UM TEMPO INDETERMINADO. POSSUI TAMBÉM UM ENREDO FICCIONAL, QUE NORMALMENTE APRESENTA SEUS PERSONAGENS E OS ASPECTOS MÁGICOS DO CONTO, EM SEGUIDA TRAZ UM CONFLITO QUE OCORRERÁ COM MOMENTO DE TENSÃO, DEIXANDO EXPLÍCITA A RELAÇÃO ENTRE O BEM E O MAL E POR FIM O DESFECHO QUE REVELA A SOLUÇÃO PARA O CONFLITO.</strong></p>



<hr class="wp-block-separator"/>



<p class="has-text-align-center has-background" style="background-color:#f3ddd2;font-size:25px"><strong>NESTA VIDEOAULA, VOCÊ VAI APRENDER UM POUCO SOBRE OS CONTOS DE FADAS, SE ENCANTAR E VIAJAR COM A SUA IMAGINAÇÃO. VAMOS LÁ?</strong></p>



<figure class="wp-block-embed aligncenter is-type-video is-provider-youtube wp-block-embed-youtube wp-embed-aspect-16-9 wp-has-aspect-ratio"><div class="wp-block-embed__wrapper">
<p class="responsive-video-wrap clr"><iframe title="Português  | Turma A  | 1º Ano | Ciclo da Infância" width="1200" height="675" src="https://www.youtube.com/embed/ftdIuG40t8w?feature=oembed" frameborder="0" allow="accelerometer; autoplay; clipboard-write; encrypted-media; gyroscope; picture-in-picture" allowfullscreen></iframe></p>
</div><figcaption>PORTUGUÊS/TURMA A/1 ANO/CICLO DA INFÂNCIA</figcaption></figure>



<hr class="wp-block-separator"/>



<p class="has-text-align-center has-background" style="background-color:#efcde3;font-size:25px">PEÇA AJUDA DE UM ADULTO PARA REALIZAR AS ATIVIDADES COM VOCÊ.</p>



<p class="has-background" style="background-color:#ddedf3;font-size:25px"><strong>ATIVIDADE 1</strong></p>



<p style="font-size:25px">OBSERVE OS PERSONAGENS DE CONTOS DE FADAS, E MARQUE UM X, A QUE HISTÓRIA PERTENCE CADA PERSONAGEM. PRESTE BASTANTE ATENÇÃO, SÃO PERSONAGENS CONHECIDOS, ACHO QUE VOCÊ VAI ACERTAR. VAMOS LÁ?</p>



<figure class="wp-block-image"><img decoding="async" src="https://lh4.googleusercontent.com/pmbHIe2u0ZkxehHCr-IMN4OTwBdfjwYqmDfAUinqyunlfihZhXKutwJI4zRh-afV9HuN5S8Zj5BqbEf-Oi_1XfPXrPfhU3P9z1d1z1d0DvEPe1HlX68cXyynCX5L7uBptxwRM_c=s0" alt=""/></figure>



<hr class="wp-block-separator"/>



<p class="has-background" style="background-color:#ddedf3;font-size:25px"><strong>ATIVIDADE 2</strong></p>



<p class="has-white-background-color has-background" style="font-size:25px"><strong>ADIVINHAS: CONTOS DE FADAS – QUEM É QUEM É?</strong></p>



<p class="has-text-align-center"><img decoding="async" width="238" height="238" alt="Ilustração de menina pensando com pontos de interrogação Vetor Premium" src="https://lh3.googleusercontent.com/PXNCRE0kHisZHjnRN2NQ6iZmgf-xlf-cWsNKGYlUxkJIcKzzJeh7E_GjDrZSdBYotRqWqUv9cZXE75mz9qMSWYEM5eN1nLGQzo_0mLHDeKr_DZA5m72iLPv6QCtS2VAmbW_iK-A=s0"></p>



<p class="has-text-align-center" style="font-size:10px">DISPONÍVEL EM <a href="https://br.freepik.com/">https://br.freepik.com/</a> ACESSO EM 10 DE AGOSTO DE 2021.</p>



<ul class="has-medium-font-size wp-block-list"><li>QUE TEM 7 AMIGUINHOS E ADORA UMA MAÇÃ?</li><li>QUE USA UMA CAPA VERMELHA E LEVA DOCES PARA VOVÓ?</li><li>QUE VIVE NO ALTO DE UMA TORRE E TEM CABELOS COR DE MEL?</li><li>QUE SÃO TRÊS IRMÃOS ROSINHAS E O LOBO VIVE ATRÁS?</li></ul>



<hr class="wp-block-separator"/>



<p class="has-background" style="background-color:#e7d4fc;font-size:25px"><strong>AGORA, VAMOS RELEMBRAR O QUE APRENDEMOS HOJE?</strong></p>



<ul class="has-medium-font-size wp-block-list"><li>&nbsp;O CONTO DE FADAS É UM GÊNERO TEXTUAL FORMADO POR NARRATIVAS SIMPLES.</li><li>ELEMENTOS DOS CONTOS DE FADAS: SITUAÇÃO INICIAL (ERA UMA VEZ); CONFLITO; DESENVOLVIMENTO; FINAL (FELIZES PARA SEMPRE); NARRADOR; TEMÁTICA; LUGAR.</li><li>HISTÓRIA: A GALINHA RUIVA;</li><li>EXEMPLOS DE CONTOS DE FADAS;</li><li>ATIVIDADE DE FIXAÇÃO.</li></ul>



<hr class="wp-block-separator"/>



<figure class="wp-block-table is-style-regular"><table class="has-background" style="background-color:#e7f5fe"><tbody><tr><td><strong>HABILIDADES ESTRUTURANTES</strong></td><td>(EF15LP16) LER E COMPREENDER, EM COLABORAÇÃO COM OS COLEGAS E COM A AJUDA DO PROFESSOR E, MAIS TARDE, DE MANEIRA AUTÔNOMA, TEXTOS NARRATIVOS DE MAIOR PORTE COMO CONTOS DE FADAS, ENTRE OUTROS. <br>(EF15LP15-A/B/C) RECONHECER QUE OS TEXTOS LITERÁRIOS FAZEM PARTE DO MUNDO DO IMAGINÁRIO E APRESENTAM UMA DIMENSÃO LÚDICA, DE ENCANTAMENTO, VALORIZANDO- OS, EM SUA DIVERSIDADE CULTURAL, COMO PATRIMÔNIO ARTÍSTICO DA HUMANIDADE, INCLUINDO A LITERATURA GOIANA. <br>(EF15LP13) IDENTIFICAR FINALIDADES DA INTERAÇÃO ORAL EM DIFERENTES CONTEXTOS COMUNICATIVOS (SOLICITAR INFORMAÇÕES, APRESENTAR OPINIÕES, INFORMAR, RELATAR EXPERIÊNCIAS ETC.). <br>(EF01LP26) IDENTIFICAR ELEMENTOS DE UMA NARRATIVA LIDA OU ESCUTADA, INCLUINDO PERSONAGENS, ENREDO, TEMPO E ESPAÇO. <br>(GO-EF12LP20) IDENTIFICAR INÍCIO, MEIO E FIM EM NARRATIVA LIDA OU ESCUTADA.</td></tr></tbody></table></figure>



<hr class="wp-block-separator"/>



<figure class="wp-block-table is-style-regular"><table class="has-background" style="background-color:#fcf0ef"><tbody><tr><td><strong>REFERÊNCIAS</strong></td><td>GOVERNO DO ESTADO DE GOIÁS. SECRETÁRIA DE ESTADO DE EDUCAÇÃO – SEDUC/CONSED. DOCUMENTO CURRICULAR PARA GOIÁS – AMPLIADO: <strong>VOLUME II ENSINO FUNDAMENTAL ANOS INICIAIS</strong>.&nbsp;IMAGENS RETIRADAS DO SITE:<a href="https://br.freepik.com/">https://br.freepik.com/</a></td></tr></tbody></table></figure>
