{"id":131214,"date":"2021-09-06T07:00:00","date_gmt":"2021-09-06T10:00:00","guid":{"rendered":"https:\/\/sme.goiania.go.gov.br\/conexaoescola\/?post_type=ensino_fundamental&#038;p=131214"},"modified":"2022-04-20T09:58:00","modified_gmt":"2022-04-20T12:58:00","slug":"consumo-consciente-3","status":"publish","type":"ensino_fundamental","link":"https:\/\/sme.goiania.go.gov.br\/conexaoescola\/ensino_fundamental\/consumo-consciente-3\/","title":{"rendered":"Ci\u00eancia da Natureza &#8211; Consumo Consciente"},"content":{"rendered":"\n<p class=\"has-medium-font-size\">Ol\u00e1, tudo bem? Tudo o que existe utiliza mat\u00e9ria prima da natureza. A folha de papel do seu caderno, por exemplo, \u00e9 feita de \u00e1rvores. Al\u00e9m das \u00e1rvores, para fazer utiliza-se \u00e1gua e energia. Voc\u00eas j\u00e1 pararam para pensar onde o lixo vai parar e quanto tempo ele fica na natureza? J\u00e1 ouviu falar sobre consumo consciente? \u00c9 quando pensamos na natureza antes de consumir alguma coisa. O lixo que produzimos volta para natureza e tem algumas coisas que demoram muito tempo de se decompor, ficando durante muitos anos no meio ambiente.<\/p>\n\n\n\n<p class=\"has-medium-font-size\">Leia com aten\u00e7\u00e3o o folder abaixo:<\/p>\n\n\n\n<figure class=\"wp-block-image\"><img decoding=\"async\" src=\"https:\/\/lh4.googleusercontent.com\/_5566uThhJX1DwQgDAM1eUmLaeQqg0N41ae7iyMsl0gnUsrrjuHG_x9DjSq34pPivB5Q85Pnlw3kMm_rML-SeyxLTOZwltuhygVoBgg1JOLj-bSNsuZYFQVWeW68y0PJwDzwfVc=s0\" alt=\"\"\/><figcaption>Fonte: <a href=\"about:blank\">https:\/\/meioambiente.culturamix.com\/lixo\/tempo-de-decomposicao-do-lixo<\/a> . \u00daltimo acesso em: 13\/03\/2021<\/figcaption><\/figure>\n\n\n\n<hr class=\"wp-block-separator\"\/>\n\n\n\n<h2 class=\"has-luminous-vivid-amber-background-color has-background wp-block-heading\"><strong>ATIVIDADE 1<\/strong><\/h2>\n\n\n\n<p class=\"has-medium-font-size\">Clique no link abaixo e assista ao v\u00eddeo com aten\u00e7\u00e3o.<\/p>\n\n\n\n<figure class=\"wp-block-embed is-type-video is-provider-youtube wp-block-embed-youtube wp-embed-aspect-4-3 wp-has-aspect-ratio\"><div class=\"wp-block-embed__wrapper\">\n<p class=\"responsive-video-wrap clr\"><iframe title=\"Projeto USE - Consumo Consciente (Epis\u00f3dio 1)\" width=\"1200\" height=\"900\" src=\"https:\/\/www.youtube.com\/embed\/ydD5bG4AKJc?feature=oembed\" frameborder=\"0\" allow=\"accelerometer; autoplay; clipboard-write; encrypted-media; gyroscope; picture-in-picture\" allowfullscreen><\/iframe><\/p>\n<\/div><figcaption>&#8220;Consumo consciente&#8221; &#8211; Canal: Projeto USE &#8211; Link: https:\/\/www.youtube.com\/watch?v=ydD5bG4AKJc<\/figcaption><\/figure>\n\n\n\n<p class=\"has-medium-font-size\">O v\u00eddeo mostrou que tudo o que produzimos retiramos da natureza, ent\u00e3o precisamos come\u00e7ar a pensar em preservar a natureza.<\/p>\n\n\n\n<hr class=\"wp-block-separator\"\/>\n\n\n\n<h2 class=\"has-light-green-cyan-background-color has-background wp-block-heading\"><strong>ATIVIDADE 2<\/strong><\/h2>\n\n\n\n<p class=\"has-medium-font-size\">Agora, a Turma da M\u00f4nica tem uma li\u00e7\u00e3o bem bacana para nos ensinar, vamos l\u00e1?<\/p>\n\n\n\n<figure class=\"wp-block-embed is-type-video is-provider-youtube wp-block-embed-youtube wp-embed-aspect-16-9 wp-has-aspect-ratio\"><div class=\"wp-block-embed__wrapper\">\n<p class=\"responsive-video-wrap clr\"><iframe title=\"Turma da M\u00f4nica - Consumo Respons\u00e1vel\" width=\"1200\" height=\"675\" src=\"https:\/\/www.youtube.com\/embed\/2MmYIclnPyM?feature=oembed\" frameborder=\"0\" allow=\"accelerometer; autoplay; clipboard-write; encrypted-media; gyroscope; picture-in-picture\" allowfullscreen><\/iframe><\/p>\n<\/div><figcaption>&#8220;Turma da M\u00f4nica \u2013 Consumo Respons\u00e1vel&#8221; &#8211; Canal: Controladoria Geral da Uni\u00e3o &#8211; Link: https:\/\/youtu.be\/2MmYIclnPyM<\/figcaption><\/figure>\n\n\n\n<p class=\"has-medium-font-size\">No seu caderno, copie o cabe\u00e7alho e responda as quest\u00f5es abaixo:<\/p>\n\n\n\n<ol class=\"has-medium-font-size wp-block-list\"><li>Escreva algumas dicas dadas pela turminha da M\u00f4nica para um consumo consciente:<\/li><li>Separar o lixo facilita a reciclagem. Voc\u00ea sabia que na nossa cidade temos a coleta seletiva de lixo? O caminh\u00e3o da coleta seletiva recolhe lixos que podem ser reciclados como: papel\u00e3o, papel, pl\u00e1stico, alum\u00ednio. Que tal come\u00e7ar a separar o lixo na sua casa? Leia as palavras abaixo e escreva se o lixo \u00e9 recicl\u00e1vel ou n\u00e3o:<ul><li>Garrafa pet:&nbsp; <\/li><li>Latinha de refrigerante: <\/li><li>Papel:<\/li><li>Lixo org\u00e2nico:<\/li><li>Vidro: <\/li><li>Metal:<\/li><\/ul><\/li><\/ol>\n\n\n\n<figure class=\"wp-block-table alignfull\"><table><tbody><tr><td>Proponentes &#8211; Professores<\/td><td>Liliane Tosta Costa BarbosaViviane Aparecida Garcia Guimar\u00e3es<\/td><\/tr><tr><td>Institui\u00e7\u00e3o Educacional<\/td><td>Escola Municipal Pedro Gomes de Menezes<\/td><\/tr><tr><td>CRE<\/td><td>Brasil Di Ramos Caiado<\/td><\/tr><tr><td>Referencias &#8211; Texto elaborado com fins pedag\u00f3gicos.<\/td><td><strong>Figura 1: <\/strong><a href=\"about:blank\">https:\/\/meioambiente.culturamix.com\/lixo\/tempo-de-decomposicao-do-lixo<\/a> . \u00daltimo acesso em: 13\/03\/2021<br><strong>V\u00eddeo 1 : <\/strong><a href=\"about:blank\">https:\/\/www.youtube.com\/watch?v=ydD5bG4AKJc<\/a><br><strong>V\u00eddeo 2: <\/strong><a href=\"about:blank\">https:\/\/www.youtube.com\/watch?v=2MmYIclnPyM<\/a><br><strong>Saiba Mais:<\/strong><br>Acesse: <a href=\"about:blank\">https:\/\/meioambiente.culturamix.com\/lixo\/tempo-de-decomposicao-do-lixo<\/a> (Texto: Tempo de decomposi\u00e7\u00e3o do lixo. Site: Cultura Mix). \u00daltimo acesso em 13\/03\/2021.<\/td><\/tr><\/tbody><\/table><\/figure>\n\n\n\n<figure class=\"wp-block-table alignfull\"><table><tbody><tr><td>Ciclo da inf\u00e2ncia\/Ciclo da Adolesc\u00eancia ou EAJA<\/td><td>Ciclo da Inf\u00e2ncia<\/td><\/tr><tr><td>Turma\/agrupamento<\/td><td>B<\/td><\/tr><tr><td>Componente Curricular:<\/td><td>Ci\u00eancias<\/td><\/tr><tr><td>Ciclo da Inf\u00e2ncia e Adolesc\u00eancia: <br>Habilidade estruturante <br>Habilidades Complementares<br>EAJA:<br>Objetivos de Aprendizagem e Desenvolvimento<\/td><td><strong>Habilidade estruturante:<\/strong><br>(EF01CI01) Comparar caracter\u00edsticas de diferentes materiais presentes em objetos de uso cotidiano, discutindo sua origem, os modos como s\u00e3o descartados e como podem ser usados de forma mais consciente.<\/td><\/tr><tr><td>Tem\u00e1tica<\/td><td>Mat\u00e9ria e Energia&nbsp;<\/td><\/tr><\/tbody><\/table><\/figure>\n","protected":false},"author":49,"featured_media":131218,"template":"","ef_categoria":[13,21],"ef_ano":[85],"ef_componente":[98],"class_list":["post-131214","ensino_fundamental","type-ensino_fundamental","status-publish","has-post-thumbnail","hentry","ef_categoria-ciclo-da-infancia-abc","ef_categoria-experiencias-e-curiosidades","ef_ano-2o-ano","ef_componente-ciencia-da-natureza-ef","entry","has-media"],"acf":[],"_links":{"self":[{"href":"https:\/\/sme.goiania.go.gov.br\/conexaoescola\/wp-json\/wp\/v2\/ensino_fundamental\/131214","targetHints":{"allow":["GET"]}}],"collection":[{"href":"https:\/\/sme.goiania.go.gov.br\/conexaoescola\/wp-json\/wp\/v2\/ensino_fundamental"}],"about":[{"href":"https:\/\/sme.goiania.go.gov.br\/conexaoescola\/wp-json\/wp\/v2\/types\/ensino_fundamental"}],"author":[{"embeddable":true,"href":"https:\/\/sme.goiania.go.gov.br\/conexaoescola\/wp-json\/wp\/v2\/users\/49"}],"version-history":[{"count":0,"href":"https:\/\/sme.goiania.go.gov.br\/conexaoescola\/wp-json\/wp\/v2\/ensino_fundamental\/131214\/revisions"}],"wp:featuredmedia":[{"embeddable":true,"href":"https:\/\/sme.goiania.go.gov.br\/conexaoescola\/wp-json\/wp\/v2\/media\/131218"}],"wp:attachment":[{"href":"https:\/\/sme.goiania.go.gov.br\/conexaoescola\/wp-json\/wp\/v2\/media?parent=131214"}],"wp:term":[{"taxonomy":"ef_categoria","embeddable":true,"href":"https:\/\/sme.goiania.go.gov.br\/conexaoescola\/wp-json\/wp\/v2\/ef_categoria?post=131214"},{"taxonomy":"ef_ano","embeddable":true,"href":"https:\/\/sme.goiania.go.gov.br\/conexaoescola\/wp-json\/wp\/v2\/ef_ano?post=131214"},{"taxonomy":"ef_componente","embeddable":true,"href":"https:\/\/sme.goiania.go.gov.br\/conexaoescola\/wp-json\/wp\/v2\/ef_componente?post=131214"}],"curies":[{"name":"wp","href":"https:\/\/api.w.org\/{rel}","templated":true}]}}

Ciência da Natureza &#8211; Consumo Consciente

<p class="has-medium-font-size">Olá, tudo bem? Tudo o que existe utiliza matéria prima da natureza. A folha de papel do seu caderno, por exemplo, é feita de árvores. Além das árvores, para fazer utiliza-se água e energia. Vocês já pararam para pensar onde o lixo vai parar e quanto tempo ele fica na natureza? Já ouviu falar sobre consumo consciente? É quando pensamos na natureza antes de consumir alguma coisa. O lixo que produzimos volta para natureza e tem algumas coisas que demoram muito tempo de se decompor, ficando durante muitos anos no meio ambiente.</p>



<p class="has-medium-font-size">Leia com atenção o folder abaixo:</p>



<figure class="wp-block-image"><img decoding="async" src="https://lh4.googleusercontent.com/_5566uThhJX1DwQgDAM1eUmLaeQqg0N41ae7iyMsl0gnUsrrjuHG_x9DjSq34pPivB5Q85Pnlw3kMm_rML-SeyxLTOZwltuhygVoBgg1JOLj-bSNsuZYFQVWeW68y0PJwDzwfVc=s0" alt=""/><figcaption>Fonte: <a href="about:blank">https://meioambiente.culturamix.com/lixo/tempo-de-decomposicao-do-lixo</a> . Último acesso em: 13/03/2021</figcaption></figure>



<hr class="wp-block-separator"/>



<h2 class="has-luminous-vivid-amber-background-color has-background wp-block-heading"><strong>ATIVIDADE 1</strong></h2>



<p class="has-medium-font-size">Clique no link abaixo e assista ao vídeo com atenção.</p>



<figure class="wp-block-embed is-type-video is-provider-youtube wp-block-embed-youtube wp-embed-aspect-4-3 wp-has-aspect-ratio"><div class="wp-block-embed__wrapper">
<p class="responsive-video-wrap clr"><iframe title="Projeto USE - Consumo Consciente (Episódio 1)" width="1200" height="900" src="https://www.youtube.com/embed/ydD5bG4AKJc?feature=oembed" frameborder="0" allow="accelerometer; autoplay; clipboard-write; encrypted-media; gyroscope; picture-in-picture" allowfullscreen></iframe></p>
</div><figcaption>&#8220;Consumo consciente&#8221; &#8211; Canal: Projeto USE &#8211; Link: https://www.youtube.com/watch?v=ydD5bG4AKJc</figcaption></figure>



<p class="has-medium-font-size">O vídeo mostrou que tudo o que produzimos retiramos da natureza, então precisamos começar a pensar em preservar a natureza.</p>



<hr class="wp-block-separator"/>



<h2 class="has-light-green-cyan-background-color has-background wp-block-heading"><strong>ATIVIDADE 2</strong></h2>



<p class="has-medium-font-size">Agora, a Turma da Mônica tem uma lição bem bacana para nos ensinar, vamos lá?</p>



<figure class="wp-block-embed is-type-video is-provider-youtube wp-block-embed-youtube wp-embed-aspect-16-9 wp-has-aspect-ratio"><div class="wp-block-embed__wrapper">
<p class="responsive-video-wrap clr"><iframe title="Turma da Mônica - Consumo Responsável" width="1200" height="675" src="https://www.youtube.com/embed/2MmYIclnPyM?feature=oembed" frameborder="0" allow="accelerometer; autoplay; clipboard-write; encrypted-media; gyroscope; picture-in-picture" allowfullscreen></iframe></p>
</div><figcaption>&#8220;Turma da Mônica – Consumo Responsável&#8221; &#8211; Canal: Controladoria Geral da União &#8211; Link: https://youtu.be/2MmYIclnPyM</figcaption></figure>



<p class="has-medium-font-size">No seu caderno, copie o cabeçalho e responda as questões abaixo:</p>



<ol class="has-medium-font-size wp-block-list"><li>Escreva algumas dicas dadas pela turminha da Mônica para um consumo consciente:</li><li>Separar o lixo facilita a reciclagem. Você sabia que na nossa cidade temos a coleta seletiva de lixo? O caminhão da coleta seletiva recolhe lixos que podem ser reciclados como: papelão, papel, plástico, alumínio. Que tal começar a separar o lixo na sua casa? Leia as palavras abaixo e escreva se o lixo é reciclável ou não:<ul><li>Garrafa pet:&nbsp; </li><li>Latinha de refrigerante: </li><li>Papel:</li><li>Lixo orgânico:</li><li>Vidro: </li><li>Metal:</li></ul></li></ol>



<figure class="wp-block-table alignfull"><table><tbody><tr><td>Proponentes &#8211; Professores</td><td>Liliane Tosta Costa BarbosaViviane Aparecida Garcia Guimarães</td></tr><tr><td>Instituição Educacional</td><td>Escola Municipal Pedro Gomes de Menezes</td></tr><tr><td>CRE</td><td>Brasil Di Ramos Caiado</td></tr><tr><td>Referencias &#8211; Texto elaborado com fins pedagógicos.</td><td><strong>Figura 1: </strong><a href="about:blank">https://meioambiente.culturamix.com/lixo/tempo-de-decomposicao-do-lixo</a> . Último acesso em: 13/03/2021<br><strong>Vídeo 1 : </strong><a href="about:blank">https://www.youtube.com/watch?v=ydD5bG4AKJc</a><br><strong>Vídeo 2: </strong><a href="about:blank">https://www.youtube.com/watch?v=2MmYIclnPyM</a><br><strong>Saiba Mais:</strong><br>Acesse: <a href="about:blank">https://meioambiente.culturamix.com/lixo/tempo-de-decomposicao-do-lixo</a> (Texto: Tempo de decomposição do lixo. Site: Cultura Mix). Último acesso em 13/03/2021.</td></tr></tbody></table></figure>



<figure class="wp-block-table alignfull"><table><tbody><tr><td>Ciclo da infância/Ciclo da Adolescência ou EAJA</td><td>Ciclo da Infância</td></tr><tr><td>Turma/agrupamento</td><td>B</td></tr><tr><td>Componente Curricular:</td><td>Ciências</td></tr><tr><td>Ciclo da Infância e Adolescência: <br>Habilidade estruturante <br>Habilidades Complementares<br>EAJA:<br>Objetivos de Aprendizagem e Desenvolvimento</td><td><strong>Habilidade estruturante:</strong><br>(EF01CI01) Comparar características de diferentes materiais presentes em objetos de uso cotidiano, discutindo sua origem, os modos como são descartados e como podem ser usados de forma mais consciente.</td></tr><tr><td>Temática</td><td>Matéria e Energia&nbsp;</td></tr></tbody></table></figure>
