{"id":130625,"date":"2021-08-30T07:00:00","date_gmt":"2021-08-30T10:00:00","guid":{"rendered":"https:\/\/sme.goiania.go.gov.br\/conexaoescola\/?post_type=ensino_fundamental&#038;p=130625"},"modified":"2026-02-20T10:35:15","modified_gmt":"2026-02-20T13:35:15","slug":"a-fabula-continua","status":"publish","type":"ensino_fundamental","link":"https:\/\/sme.goiania.go.gov.br\/conexaoescola\/ensino_fundamental\/a-fabula-continua\/","title":{"rendered":"L\u00edngua Portuguesa &#8211; A F\u00e1bula Continua"},"content":{"rendered":"\n<p class=\"has-black-color has-pale-pink-background-color has-text-color has-background has-medium-font-size\">Ol\u00e1! Na aula de hoje daremos continuidade sobre as caracter\u00edsticas de uma f\u00e1bula.<\/p>\n\n\n\n<h2 class=\"wp-block-heading has-pale-pink-background-color has-background\">Atividade 1<\/h2>\n\n\n\n<p class=\"has-medium-font-size\"><strong>A f\u00e1bula<\/strong> \u00e9 uma narrativa de car\u00e1ter ficcional e que usa a alegoria para construir seus sentidos. Os animais, que s\u00e3o personagens, possuem <strong>caracter\u00edsticas humanas<\/strong>, como a <strong>gan\u00e2ncia<\/strong>, a <strong>pregui\u00e7a<\/strong>, a <strong>inveja<\/strong>, a <strong>sabedoria<\/strong>, a <strong>ast\u00facia<\/strong> etc. Por meio dessas caracter\u00edsticas, as personagens movimentam-se e a hist\u00f3ria desenrola-se, levando \u00e0 constru\u00e7\u00e3o de um ensinamento.<\/p>\n\n\n\n<p class=\"has-medium-font-size\">Sendo a f\u00e1bula um texto narrativo, \u00e9 importante lembrar-se de que ela deve ter uma&nbsp;<strong>estrutura m\u00ednima de come\u00e7o, meio e fim<\/strong>, ou seja,<\/p>\n\n\n\n<ul class=\"wp-block-list has-medium-font-size\">\n<li><strong>no in\u00edcio<\/strong>, apresentamos as personagens e a situa\u00e7\u00e3o;<\/li>\n\n\n\n<li><strong>depois<\/strong>, desenvolvemos o texto de forma que as personagens interajam em torno de uma situa\u00e7\u00e3o;<\/li>\n\n\n\n<li><strong>por fim<\/strong>, criamos um final surpreendente, que gera a reflex\u00e3o dos leitores sobre um ensinamento, uma moral, a qual aparece no final do texto geralmente.<\/li>\n<\/ul>\n\n\n\n<p class=\"has-medium-font-size\"><strong>Leia com muita aten\u00e7\u00e3o a f\u00e1bula abaixo. Depois recorte e cole o texto e a imagem em seu caderno.<\/strong><\/p>\n\n\n\n<p class=\"has-text-align-center has-medium-font-size\"><strong>O Jabuti e a on\u00e7a<\/strong><\/p>\n\n\n\n<p class=\"has-medium-font-size\">Certa vez, o jabuti pegou a sua gaita e tocou assim:<\/p>\n\n\n\n<p class=\"has-medium-font-size\">__ O osso da on\u00e7a \u00e9 a minha gaita ih,ih,ih &#8230;<\/p>\n\n\n\n<p class=\"has-medium-font-size\">A on\u00e7a passava por perto, ficou irritada e correu para peg\u00e1-lo. Mas o jabuti meteu-se num buraco adentro e a on\u00e7a s\u00f3 conseguiu agarrar-lhe a perna.<\/p>\n\n\n\n<p class=\"has-medium-font-size\">O jabuti deu uma risada e disse:<\/p>\n\n\n\n<p class=\"has-medium-font-size\">__ Pensa que agarrou a minha perna? Agarrou a raiz de um pau.<\/p>\n\n\n\n<p class=\"has-medium-font-size\">A on\u00e7a largou ent\u00e3o a perna do jabuti, que deu uma segunda risada:<\/p>\n\n\n\n<p class=\"has-medium-font-size\">__Ora, dona on\u00e7a, de fato voc\u00ea agora soltou a minha perna.<\/p>\n\n\n\n<p class=\"has-medium-font-size\">A grande tola, ao saber disto, ficou furiosa e durante muito tempo esperou o jabuti sair. Mas o jabuti, que era muito paciente, foi ficando, foi ficando, at\u00e9 a on\u00e7a desistir e ir embora.<\/p>\n\n\n\n<p><strong><em>Moral: A intelig\u00eancia vence a for\u00e7a.<\/em><\/strong><\/p>\n\n\n<div class=\"wp-block-image\">\n<figure class=\"aligncenter size-full\"><img fetchpriority=\"high\" decoding=\"async\" width=\"323\" height=\"162\" src=\"https:\/\/sme.goiania.go.gov.br\/conexaoescola\/wp-content\/uploads\/2021\/08\/image-18.png\" alt=\"\" class=\"wp-image-202706\" srcset=\"https:\/\/sme.goiania.go.gov.br\/conexaoescola\/wp-content\/uploads\/2021\/08\/image-18.png 323w, https:\/\/sme.goiania.go.gov.br\/conexaoescola\/wp-content\/uploads\/2021\/08\/image-18-300x150.png 300w\" sizes=\"(max-width: 323px) 100vw, 323px\" \/><\/figure><\/div>\n\n\n<p>Fonte: <a href=\"http:\/\/emanuellepatricias2.blogspot.com\/2009\/07\/o-jabuti-e-onca-silvio-romero-certa-vez.html\">http:\/\/emanuellepatricias2.blogspot.com\/2009\/07\/o-jabuti-e-onca-silvio-romero-certa-vez.html<\/a><\/p>\n\n\n\n<ul class=\"wp-block-list has-medium-font-size\">\n<li><strong>Copie e responda as atividades abaixo em seu caderno. N\u00e3o esque\u00e7a de fazer o cabe\u00e7alho!<\/strong><\/li>\n<\/ul>\n\n\n\n<p class=\"has-medium-font-size\"><strong>1-<\/strong> Onde se escondeu o jabuti?<\/p>\n\n\n\n<p class=\"has-medium-font-size\"><strong>2- <\/strong>Qual o animal mais esperto da hist\u00f3ria? Porque voc\u00ea acha?<\/p>\n\n\n\n<p class=\"has-medium-font-size\"><strong>3-<\/strong> Quem s\u00e3o os personagens da hist\u00f3ria?<\/p>\n\n\n\n<p class=\"has-medium-font-size\"><strong>4-<\/strong> Qual \u00e9 a moral da hist\u00f3ria?<\/p>\n\n\n\n<p class=\"has-medium-font-size\"><strong>5-<\/strong> Qual seria uma outra moral, que tamb\u00e9m se encaixaria na f\u00e1bula \u00a8O jabuti e a on\u00e7a?\u00a8<\/p>\n\n\n\n<p class=\"has-medium-font-size\"><strong>6-<\/strong>Substitua as palavras grifadas por um <strong>sin\u00f4nimo <\/strong>e reescreva as frases:<\/p>\n\n\n\n<p class=\"has-medium-font-size\"><strong>a)<\/strong>A on\u00e7a <strong><em>largou <\/em><\/strong>o jabuti e ficou <strong><em>irritada.<\/em><\/strong><\/p>\n\n\n\n<p class=\"has-medium-font-size\"><strong>b) <\/strong>Pensa que <strong><em>agarrou<\/em><\/strong> a minha perna?<\/p>\n\n\n\n<hr class=\"wp-block-separator has-css-opacity\"\/>\n\n\n\n<figure class=\"wp-block-table alignwide is-style-regular\"><table><tbody><tr><td><strong>Cicio&nbsp;da inf\u00e2ncia \/<\/strong><strong>Ciclo da&nbsp;Adolesc\u00eancia<\/strong><\/td><td>Ciclo da Inf\u00e2ncia<\/td><\/tr><tr><td><strong>Turma\/agrupamento<\/strong><\/td><td>D<\/td><\/tr><tr><td><strong>Componente Curricular:<\/strong><\/td><td>L\u00edngua Portuguesa<\/td><\/tr><tr><td><strong>Cicio da&nbsp;inf\u00e2ncia&nbsp;e adolesc\u00eancia:&nbsp;Habilidade estruturante e Habilidades&nbsp;<\/strong><strong>Complementares<\/strong><\/td><td>(EF35LP03) Identificar a ideia central do texto, demonstrando compreens\u00e3o global.<br>(EF15LP03) Localizar informa\u00e7\u00f5es expl\u00edcitas em textos.<br>(EF15LP15) Reconhecer que os textos liter\u00e1rios fazem parte do mundo do imagin\u00e1rio e apresentam uma dimens\u00e3o l\u00fadica, de encantamento, valorizando-os, em sua diversidade cultural, como patrim\u00f4nio art\u00edstico da humanidade.<\/td><\/tr><\/tbody><\/table><\/figure>\n","protected":false},"author":42,"featured_media":130626,"template":"","ef_categoria":[14,26],"ef_ano":[87],"ef_componente":[93],"class_list":["post-130625","ensino_fundamental","type-ensino_fundamental","status-publish","has-post-thumbnail","hentry","ef_categoria-ciclo-da-infancia-de","ef_categoria-experiencias-e-curiosidades-ciclo-da-infancia-de","ef_ano-4o-ano","ef_componente-portugues","entry","has-media"],"acf":[],"_links":{"self":[{"href":"https:\/\/sme.goiania.go.gov.br\/conexaoescola\/wp-json\/wp\/v2\/ensino_fundamental\/130625","targetHints":{"allow":["GET"]}}],"collection":[{"href":"https:\/\/sme.goiania.go.gov.br\/conexaoescola\/wp-json\/wp\/v2\/ensino_fundamental"}],"about":[{"href":"https:\/\/sme.goiania.go.gov.br\/conexaoescola\/wp-json\/wp\/v2\/types\/ensino_fundamental"}],"author":[{"embeddable":true,"href":"https:\/\/sme.goiania.go.gov.br\/conexaoescola\/wp-json\/wp\/v2\/users\/42"}],"version-history":[{"count":1,"href":"https:\/\/sme.goiania.go.gov.br\/conexaoescola\/wp-json\/wp\/v2\/ensino_fundamental\/130625\/revisions"}],"predecessor-version":[{"id":202708,"href":"https:\/\/sme.goiania.go.gov.br\/conexaoescola\/wp-json\/wp\/v2\/ensino_fundamental\/130625\/revisions\/202708"}],"wp:featuredmedia":[{"embeddable":true,"href":"https:\/\/sme.goiania.go.gov.br\/conexaoescola\/wp-json\/wp\/v2\/media\/130626"}],"wp:attachment":[{"href":"https:\/\/sme.goiania.go.gov.br\/conexaoescola\/wp-json\/wp\/v2\/media?parent=130625"}],"wp:term":[{"taxonomy":"ef_categoria","embeddable":true,"href":"https:\/\/sme.goiania.go.gov.br\/conexaoescola\/wp-json\/wp\/v2\/ef_categoria?post=130625"},{"taxonomy":"ef_ano","embeddable":true,"href":"https:\/\/sme.goiania.go.gov.br\/conexaoescola\/wp-json\/wp\/v2\/ef_ano?post=130625"},{"taxonomy":"ef_componente","embeddable":true,"href":"https:\/\/sme.goiania.go.gov.br\/conexaoescola\/wp-json\/wp\/v2\/ef_componente?post=130625"}],"curies":[{"name":"wp","href":"https:\/\/api.w.org\/{rel}","templated":true}]}}

Língua Portuguesa &#8211; A Fábula Continua

<p class="has-black-color has-pale-pink-background-color has-text-color has-background has-medium-font-size">Olá! Na aula de hoje daremos continuidade sobre as características de uma fábula.</p>



<h2 class="wp-block-heading has-pale-pink-background-color has-background">Atividade 1</h2>



<p class="has-medium-font-size"><strong>A fábula</strong> é uma narrativa de caráter ficcional e que usa a alegoria para construir seus sentidos. Os animais, que são personagens, possuem <strong>características humanas</strong>, como a <strong>ganância</strong>, a <strong>preguiça</strong>, a <strong>inveja</strong>, a <strong>sabedoria</strong>, a <strong>astúcia</strong> etc. Por meio dessas características, as personagens movimentam-se e a história desenrola-se, levando à construção de um ensinamento.</p>



<p class="has-medium-font-size">Sendo a fábula um texto narrativo, é importante lembrar-se de que ela deve ter uma&nbsp;<strong>estrutura mínima de começo, meio e fim</strong>, ou seja,</p>



<ul class="wp-block-list has-medium-font-size">
<li><strong>no início</strong>, apresentamos as personagens e a situação;</li>



<li><strong>depois</strong>, desenvolvemos o texto de forma que as personagens interajam em torno de uma situação;</li>



<li><strong>por fim</strong>, criamos um final surpreendente, que gera a reflexão dos leitores sobre um ensinamento, uma moral, a qual aparece no final do texto geralmente.</li>
</ul>



<p class="has-medium-font-size"><strong>Leia com muita atenção a fábula abaixo. Depois recorte e cole o texto e a imagem em seu caderno.</strong></p>



<p class="has-text-align-center has-medium-font-size"><strong>O Jabuti e a onça</strong></p>



<p class="has-medium-font-size">Certa vez, o jabuti pegou a sua gaita e tocou assim:</p>



<p class="has-medium-font-size">__ O osso da onça é a minha gaita ih,ih,ih &#8230;</p>



<p class="has-medium-font-size">A onça passava por perto, ficou irritada e correu para pegá-lo. Mas o jabuti meteu-se num buraco adentro e a onça só conseguiu agarrar-lhe a perna.</p>



<p class="has-medium-font-size">O jabuti deu uma risada e disse:</p>



<p class="has-medium-font-size">__ Pensa que agarrou a minha perna? Agarrou a raiz de um pau.</p>



<p class="has-medium-font-size">A onça largou então a perna do jabuti, que deu uma segunda risada:</p>



<p class="has-medium-font-size">__Ora, dona onça, de fato você agora soltou a minha perna.</p>



<p class="has-medium-font-size">A grande tola, ao saber disto, ficou furiosa e durante muito tempo esperou o jabuti sair. Mas o jabuti, que era muito paciente, foi ficando, foi ficando, até a onça desistir e ir embora.</p>



<p><strong><em>Moral: A inteligência vence a força.</em></strong></p>


<div class="wp-block-image">
<figure class="aligncenter size-full"><img fetchpriority="high" decoding="async" width="323" height="162" src="https://sme.goiania.go.gov.br/conexaoescola/wp-content/uploads/2021/08/image-18.png" alt="" class="wp-image-202706" srcset="https://sme.goiania.go.gov.br/conexaoescola/wp-content/uploads/2021/08/image-18.png 323w, https://sme.goiania.go.gov.br/conexaoescola/wp-content/uploads/2021/08/image-18-300x150.png 300w" sizes="(max-width: 323px) 100vw, 323px" /></figure></div>


<p>Fonte: <a href="http://emanuellepatricias2.blogspot.com/2009/07/o-jabuti-e-onca-silvio-romero-certa-vez.html">http://emanuellepatricias2.blogspot.com/2009/07/o-jabuti-e-onca-silvio-romero-certa-vez.html</a></p>



<ul class="wp-block-list has-medium-font-size">
<li><strong>Copie e responda as atividades abaixo em seu caderno. Não esqueça de fazer o cabeçalho!</strong></li>
</ul>



<p class="has-medium-font-size"><strong>1-</strong> Onde se escondeu o jabuti?</p>



<p class="has-medium-font-size"><strong>2- </strong>Qual o animal mais esperto da história? Porque você acha?</p>



<p class="has-medium-font-size"><strong>3-</strong> Quem são os personagens da história?</p>



<p class="has-medium-font-size"><strong>4-</strong> Qual é a moral da história?</p>



<p class="has-medium-font-size"><strong>5-</strong> Qual seria uma outra moral, que também se encaixaria na fábula ¨O jabuti e a onça?¨</p>



<p class="has-medium-font-size"><strong>6-</strong>Substitua as palavras grifadas por um <strong>sinônimo </strong>e reescreva as frases:</p>



<p class="has-medium-font-size"><strong>a)</strong>A onça <strong><em>largou </em></strong>o jabuti e ficou <strong><em>irritada.</em></strong></p>



<p class="has-medium-font-size"><strong>b) </strong>Pensa que <strong><em>agarrou</em></strong> a minha perna?</p>



<hr class="wp-block-separator has-css-opacity"/>



<figure class="wp-block-table alignwide is-style-regular"><table><tbody><tr><td><strong>Cicio&nbsp;da infância /</strong><strong>Ciclo da&nbsp;Adolescência</strong></td><td>Ciclo da Infância</td></tr><tr><td><strong>Turma/agrupamento</strong></td><td>D</td></tr><tr><td><strong>Componente Curricular:</strong></td><td>Língua Portuguesa</td></tr><tr><td><strong>Cicio da&nbsp;infância&nbsp;e adolescência:&nbsp;Habilidade estruturante e Habilidades&nbsp;</strong><strong>Complementares</strong></td><td>(EF35LP03) Identificar a ideia central do texto, demonstrando compreensão global.<br>(EF15LP03) Localizar informações explícitas em textos.<br>(EF15LP15) Reconhecer que os textos literários fazem parte do mundo do imaginário e apresentam uma dimensão lúdica, de encantamento, valorizando-os, em sua diversidade cultural, como patrimônio artístico da humanidade.</td></tr></tbody></table></figure>
