{"id":130556,"date":"2021-08-30T06:56:00","date_gmt":"2021-08-30T09:56:00","guid":{"rendered":"https:\/\/sme.goiania.go.gov.br\/conexaoescola\/?post_type=ensino_fundamental&#038;p=130556"},"modified":"2022-08-12T10:19:36","modified_gmt":"2022-08-12T13:19:36","slug":"touristic-attractions-the-statue-of-liberty","status":"publish","type":"ensino_fundamental","link":"https:\/\/sme.goiania.go.gov.br\/conexaoescola\/ensino_fundamental\/touristic-attractions-the-statue-of-liberty\/","title":{"rendered":"L\u00edngua Inglesa &#8211; Touristic Attractions: The Statue of Liberty"},"content":{"rendered":"\n<p class=\"has-black-color has-text-color has-background has-medium-font-size\" style=\"background-color:#e6e9ec\"><strong>Hi People! (ol\u00e1 pessoal!)<\/strong><\/p>\n\n\n\n<p class=\"has-black-color has-text-color has-medium-font-size\">Nessa aula vamos visitar um ponto tur\u00edstico de outro pa\u00eds. Um lugar muito visitado por turistas de v\u00e1rias partes do mundo. Voc\u00ea j\u00e1 ouviu falar na Est\u00e1tua da Liberdade? Sabe onde fica? Ficou curioso?<\/p>\n\n\n\n<p class=\"has-black-color has-text-color has-medium-font-size\">Ent\u00e3o vamos aprender um pouco sobre esse monumento!<\/p>\n\n\n\n<p class=\"has-black-color has-vivid-cyan-blue-background-color has-text-color has-background has-medium-font-size\"><strong>ATIVIDADE 1<\/strong><\/p>\n\n\n\n<p class=\"has-black-color has-text-color has-medium-font-size\">Sabemos que na pandemia os pontos tur\u00edsticos da maioria dos pa\u00edses est\u00e3o fechados para visita\u00e7\u00e3o para n\u00e3o ocorrerem aglomera\u00e7\u00f5es, mas ainda bem que existem as grava\u00e7\u00f5es, atrav\u00e9s delas podemos voltar no tempo, conhecer e visitar virtualmente muitos lugares no mundo.<\/p>\n\n\n\n<p class=\"has-black-color has-text-color has-medium-font-size\">&nbsp;Assista ao v\u00eddeo da garotinha L\u00edvia Oliveira, que visitou New York em 2019 e quis mostrar para as pessoas como foi sua viagem. Vamos l\u00e1!<\/p>\n\n\n\n<figure class=\"wp-block-embed is-type-video is-provider-youtube wp-block-embed-youtube wp-embed-aspect-16-9 wp-has-aspect-ratio\"><div class=\"wp-block-embed__wrapper\">\n<p class=\"responsive-video-wrap clr\"><iframe title=\"Fui at\u00e9 a Est\u00e1tua da Liberdade, em NY\" width=\"1200\" height=\"675\" src=\"https:\/\/www.youtube.com\/embed\/-fz9q3Jsd2E?feature=oembed\" frameborder=\"0\" allow=\"accelerometer; autoplay; clipboard-write; encrypted-media; gyroscope; picture-in-picture\" allowfullscreen><\/iframe><\/p>\n<\/div><\/figure>\n\n\n\n<p class=\"has-black-color has-text-color has-medium-font-size\"><strong>Agora \u00e9 com voc\u00ea!<\/strong><\/p>\n\n\n\n<p class=\"has-black-color has-text-color has-medium-font-size\">Voc\u00ea consegue lembrar de alguma palavra ou express\u00e3o em ingl\u00eas que apareceu durante o v\u00eddeo? Ent\u00e3o anote algumas delas em seu caderno.<\/p>\n\n\n\n<p class=\"has-black-color has-text-color has-medium-font-size\">Converse com algu\u00e9m de sua fam\u00edlia e conte o que voc\u00ea achou mais interessante no percurso da viagem da L\u00edvia.<\/p>\n\n\n\n<p class=\"has-black-color has-luminous-vivid-orange-background-color has-text-color has-background has-medium-font-size\"><strong>ATIVIDADE 2<\/strong><\/p>\n\n\n\n<p class=\"has-black-color has-text-color has-medium-font-size\">O v\u00eddeo a seguir est\u00e1 em ingl\u00eas, assista com aten\u00e7\u00e3o observando as imagens. N\u00e3o se preocupe se voc\u00ea n\u00e3o compreender o que est\u00e1 sendo dito, pois teremos mais informa\u00e7\u00f5es sobre o assunto depois do v\u00eddeo.<\/p>\n\n\n\n<figure class=\"wp-block-embed is-type-video is-provider-youtube wp-block-embed-youtube wp-embed-aspect-16-9 wp-has-aspect-ratio\"><div class=\"wp-block-embed__wrapper\">\n<p class=\"responsive-video-wrap clr\"><iframe title=\"Virtual Field Trip: Statue of Liberty\" width=\"1200\" height=\"675\" src=\"https:\/\/www.youtube.com\/embed\/FEqGmv8cN7w?feature=oembed\" frameborder=\"0\" allow=\"accelerometer; autoplay; clipboard-write; encrypted-media; gyroscope; picture-in-picture\" allowfullscreen><\/iframe><\/p>\n<\/div><\/figure>\n\n\n\n<p class=\"has-small-font-size\">YOUTUBE: Canal: <strong>The Real LifeTrailer. Virtual Field Trip: Statue of Liberty.<\/strong><\/p>\n\n\n\n<p class=\"has-black-color has-text-color has-medium-font-size\"><strong>Leia&nbsp; os textos abaixo para completar as informa\u00e7\u00f5es do v\u00eddeo:<\/strong><\/p>\n\n\n\n<p class=\"has-white-color has-vivid-red-background-color has-text-color has-background has-medium-font-size\"><strong>Texto 1<\/strong><\/p>\n\n\n\n<p class=\"has-medium-font-size\"><strong>The&nbsp;Statue of Liberty<\/strong><strong><\/strong><\/p>\n\n\n\n<p class=\"has-black-color has-text-color has-medium-font-size\"><strong>The Statue of Liberty<\/strong> (Liberty Enlightening the World) is a colossal neoclassical sculpture on Liberty Island in<strong> New York <\/strong>Harbor within New York City, in the <strong>United States<\/strong>. The copper statue, a gift from the <strong>people of France <\/strong>to the people of the United States, was designed by French sculptor Fr\u00e9d\u00e9ric Auguste Bartholdi and its metal framework was built by Gustave Eiffel. The statue was dedicated on <strong>October 28, 1886<\/strong>.<\/p>\n\n\n\n<p>Dispon\u00edvel em &lt;<a href=\"https:\/\/en.wikipedia.org\/wiki\/Statue_of_Liberty\" target=\"_blank\" rel=\"noreferrer noopener\">https:\/\/en.wikipedia.org\/wiki\/Statue_of_Liberty<\/a> &gt; <\/p>\n\n\n\n<p class=\"has-white-color has-black-background-color has-text-color has-background has-medium-font-size\"><strong>Texto 2<\/strong><\/p>\n\n\n\n<h1 class=\"has-black-color has-text-color has-medium-font-size wp-block-heading\">Est\u00e1tua da Liberdade<\/h1>\n\n\n\n<p class=\"has-black-color has-text-color has-medium-font-size\">A Est\u00e1tua da Liberdade (em ingl\u00eas,&nbsp;<em>The Statue of Liberty<\/em>) \u00e9 um grande monumento localizado nos Estados Unidos. Ela foi declarada pela Unesco como Patrim\u00f4nio Mundial, em 1984.<\/p>\n\n\n\n<p class=\"has-black-color has-text-color has-medium-font-size\">Uma das mais famosas do mundo, a est\u00e1tua \u00e9 um \u00edcone que simboliza a liberdade, a democracia e a esperan\u00e7a do povo estadunidense.<\/p>\n\n\n\n<p class=\"has-black-color has-text-color has-medium-font-size\">O monumento representa a deusa romana da liberdade: \u201c<em>Libertas<\/em>\u201d. Ela sustenta uma tocha na m\u00e3o direita (que est\u00e1 erguida), e na esquerda ela segura o Declara\u00e7\u00e3o da&nbsp;<a href=\"https:\/\/www.todamateria.com.br\/independencia-dos-estados-unidos\/\">Independ\u00eancia dos Estados Unidos<\/a>&nbsp;com a data da Independ\u00eancia do pa\u00eds escrita em n\u00fameros romanos: 4 de julho de 1776.<\/p>\n\n\n\n<p class=\"has-black-color has-pale-pink-background-color has-text-color has-background has-medium-font-size\"><strong>Voc\u00ea Sabia?<\/strong><\/p>\n\n\n\n<p class=\"has-black-color has-text-color has-medium-font-size\">O nome oficial da Est\u00e1tua da Liberdade \u00e9 \u201cLiberdade Iluminando o Mundo\u201d (em ingl\u00eas,&nbsp;<em>Liberty Enlightening the World<\/em>). Dispon\u00edvel em &lt; <a href=\"https:\/\/www.todamateria.com.br\/estatua-da-liberdade\/#:~:text=O%20monumento%20representa%20a%20deusa,4%20de%20julho%20de%201776\" target=\"_blank\" rel=\"noreferrer noopener\">https:\/\/www.todamateria.com.br\/estatua-da-liberdade\/#:~:text=O%20monumento%20representa%20a%20deusa,4%20de%20julho%20de%201776<\/a>&gt; acesso em &nbsp;15 de mar\u00e7o de 2021<\/p>\n\n\n\n<p class=\"has-black-color has-text-color has-medium-font-size\"><a><strong><em>Ent\u00e3o agora \u00e9 com voc\u00ea!<\/em><\/strong><\/a><\/p>\n\n\n\n<p class=\"has-black-color has-text-color has-medium-font-size\"><strong><em>Responda em ingl\u00eas no seu caderno:<\/em><\/strong><\/p>\n\n\n\n<ol type=\"1\" class=\"has-black-color has-pale-cyan-blue-background-color has-text-color has-background has-medium-font-size wp-block-list\"><li>Em qual pa\u00eds fica a Est\u00e1tua da Liberdade?<\/li><li>Em qual cidade?<\/li><li>Qual pa\u00eds deu a est\u00e1tua de presente?<\/li><li>Qual foi a data do presente?<\/li><li>Converse com algu\u00e9m de sua fam\u00edlia e fale o que voc\u00ea achou mais interessante nas curiosidades sobre a Est\u00e1tua da Liberdade.<\/li><\/ol>\n\n\n\n<p class=\"has-black-color has-luminous-vivid-amber-background-color has-text-color has-background has-medium-font-size\"><strong>Foi muito interessante essa aula, at\u00e9 a pr\u00f3xima!<\/strong><\/p>\n\n\n\n<figure class=\"wp-block-table alignfull is-style-stripes\"><table><tbody><tr><td><strong>Proponentes &#8211; Professores<\/strong><\/td><td>Rosimeire Viviane de Oliveira Ara\u00fajo<\/td><\/tr><tr><td><strong>Institui\u00e7\u00e3o Educacional<\/strong><\/td><td>Escola Municipal Nossa Senhora da Terra<\/td><\/tr><tr><td><strong>CRE<\/strong><\/td><td>Brasil Di Ramos Caiado<\/td><\/tr><tr><td><strong>Refer\u00eancias &#8211; Texto elaborado com fins pedag\u00f3gicos<\/strong><\/td><td>Dispon\u00edvel em &lt;<a href=\"https:\/\/www.todamateria.com.br\/estatua-da-liberdade\/#:~:text=O%20monumento%20representa%20a%20deusa,4%20de%20julho%20de%201776\" target=\"_blank\" rel=\"noreferrer noopener\">https:\/\/www.todamateria.com.br\/estatua-da-liberdade\/#:~:text=O%20monumento%20representa%20a%20deusa,4%20de%20julho%20de%201776<\/a>. &gt;<\/td><\/tr><\/tbody><\/table><\/figure>\n","protected":false},"author":37,"featured_media":130557,"template":"","ef_categoria":[14,26],"ef_ano":[88],"ef_componente":[101],"class_list":["post-130556","ensino_fundamental","type-ensino_fundamental","status-publish","has-post-thumbnail","hentry","ef_categoria-ciclo-da-infancia-de","ef_categoria-experiencias-e-curiosidades-ciclo-da-infancia-de","ef_ano-5o-ano","ef_componente-lingua-inglesa","entry","has-media"],"acf":[],"_links":{"self":[{"href":"https:\/\/sme.goiania.go.gov.br\/conexaoescola\/wp-json\/wp\/v2\/ensino_fundamental\/130556","targetHints":{"allow":["GET"]}}],"collection":[{"href":"https:\/\/sme.goiania.go.gov.br\/conexaoescola\/wp-json\/wp\/v2\/ensino_fundamental"}],"about":[{"href":"https:\/\/sme.goiania.go.gov.br\/conexaoescola\/wp-json\/wp\/v2\/types\/ensino_fundamental"}],"author":[{"embeddable":true,"href":"https:\/\/sme.goiania.go.gov.br\/conexaoescola\/wp-json\/wp\/v2\/users\/37"}],"version-history":[{"count":0,"href":"https:\/\/sme.goiania.go.gov.br\/conexaoescola\/wp-json\/wp\/v2\/ensino_fundamental\/130556\/revisions"}],"wp:featuredmedia":[{"embeddable":true,"href":"https:\/\/sme.goiania.go.gov.br\/conexaoescola\/wp-json\/wp\/v2\/media\/130557"}],"wp:attachment":[{"href":"https:\/\/sme.goiania.go.gov.br\/conexaoescola\/wp-json\/wp\/v2\/media?parent=130556"}],"wp:term":[{"taxonomy":"ef_categoria","embeddable":true,"href":"https:\/\/sme.goiania.go.gov.br\/conexaoescola\/wp-json\/wp\/v2\/ef_categoria?post=130556"},{"taxonomy":"ef_ano","embeddable":true,"href":"https:\/\/sme.goiania.go.gov.br\/conexaoescola\/wp-json\/wp\/v2\/ef_ano?post=130556"},{"taxonomy":"ef_componente","embeddable":true,"href":"https:\/\/sme.goiania.go.gov.br\/conexaoescola\/wp-json\/wp\/v2\/ef_componente?post=130556"}],"curies":[{"name":"wp","href":"https:\/\/api.w.org\/{rel}","templated":true}]}}

Língua Inglesa &#8211; Touristic Attractions: The Statue of Liberty

<p class="has-black-color has-text-color has-background has-medium-font-size" style="background-color:#e6e9ec"><strong>Hi People! (olá pessoal!)</strong></p>



<p class="has-black-color has-text-color has-medium-font-size">Nessa aula vamos visitar um ponto turístico de outro país. Um lugar muito visitado por turistas de várias partes do mundo. Você já ouviu falar na Estátua da Liberdade? Sabe onde fica? Ficou curioso?</p>



<p class="has-black-color has-text-color has-medium-font-size">Então vamos aprender um pouco sobre esse monumento!</p>



<p class="has-black-color has-vivid-cyan-blue-background-color has-text-color has-background has-medium-font-size"><strong>ATIVIDADE 1</strong></p>



<p class="has-black-color has-text-color has-medium-font-size">Sabemos que na pandemia os pontos turísticos da maioria dos países estão fechados para visitação para não ocorrerem aglomerações, mas ainda bem que existem as gravações, através delas podemos voltar no tempo, conhecer e visitar virtualmente muitos lugares no mundo.</p>



<p class="has-black-color has-text-color has-medium-font-size">&nbsp;Assista ao vídeo da garotinha Lívia Oliveira, que visitou New York em 2019 e quis mostrar para as pessoas como foi sua viagem. Vamos lá!</p>



<figure class="wp-block-embed is-type-video is-provider-youtube wp-block-embed-youtube wp-embed-aspect-16-9 wp-has-aspect-ratio"><div class="wp-block-embed__wrapper">
<p class="responsive-video-wrap clr"><iframe title="Fui até a Estátua da Liberdade, em NY" width="1200" height="675" src="https://www.youtube.com/embed/-fz9q3Jsd2E?feature=oembed" frameborder="0" allow="accelerometer; autoplay; clipboard-write; encrypted-media; gyroscope; picture-in-picture" allowfullscreen></iframe></p>
</div></figure>



<p class="has-black-color has-text-color has-medium-font-size"><strong>Agora é com você!</strong></p>



<p class="has-black-color has-text-color has-medium-font-size">Você consegue lembrar de alguma palavra ou expressão em inglês que apareceu durante o vídeo? Então anote algumas delas em seu caderno.</p>



<p class="has-black-color has-text-color has-medium-font-size">Converse com alguém de sua família e conte o que você achou mais interessante no percurso da viagem da Lívia.</p>



<p class="has-black-color has-luminous-vivid-orange-background-color has-text-color has-background has-medium-font-size"><strong>ATIVIDADE 2</strong></p>



<p class="has-black-color has-text-color has-medium-font-size">O vídeo a seguir está em inglês, assista com atenção observando as imagens. Não se preocupe se você não compreender o que está sendo dito, pois teremos mais informações sobre o assunto depois do vídeo.</p>



<figure class="wp-block-embed is-type-video is-provider-youtube wp-block-embed-youtube wp-embed-aspect-16-9 wp-has-aspect-ratio"><div class="wp-block-embed__wrapper">
<p class="responsive-video-wrap clr"><iframe title="Virtual Field Trip: Statue of Liberty" width="1200" height="675" src="https://www.youtube.com/embed/FEqGmv8cN7w?feature=oembed" frameborder="0" allow="accelerometer; autoplay; clipboard-write; encrypted-media; gyroscope; picture-in-picture" allowfullscreen></iframe></p>
</div></figure>



<p class="has-small-font-size">YOUTUBE: Canal: <strong>The Real LifeTrailer. Virtual Field Trip: Statue of Liberty.</strong></p>



<p class="has-black-color has-text-color has-medium-font-size"><strong>Leia&nbsp; os textos abaixo para completar as informações do vídeo:</strong></p>



<p class="has-white-color has-vivid-red-background-color has-text-color has-background has-medium-font-size"><strong>Texto 1</strong></p>



<p class="has-medium-font-size"><strong>The&nbsp;Statue of Liberty</strong><strong></strong></p>



<p class="has-black-color has-text-color has-medium-font-size"><strong>The Statue of Liberty</strong> (Liberty Enlightening the World) is a colossal neoclassical sculpture on Liberty Island in<strong> New York </strong>Harbor within New York City, in the <strong>United States</strong>. The copper statue, a gift from the <strong>people of France </strong>to the people of the United States, was designed by French sculptor Frédéric Auguste Bartholdi and its metal framework was built by Gustave Eiffel. The statue was dedicated on <strong>October 28, 1886</strong>.</p>



<p>Disponível em &lt;<a href="https://en.wikipedia.org/wiki/Statue_of_Liberty" target="_blank" rel="noreferrer noopener">https://en.wikipedia.org/wiki/Statue_of_Liberty</a> &gt; </p>



<p class="has-white-color has-black-background-color has-text-color has-background has-medium-font-size"><strong>Texto 2</strong></p>



<h1 class="has-black-color has-text-color has-medium-font-size wp-block-heading">Estátua da Liberdade</h1>



<p class="has-black-color has-text-color has-medium-font-size">A Estátua da Liberdade (em inglês,&nbsp;<em>The Statue of Liberty</em>) é um grande monumento localizado nos Estados Unidos. Ela foi declarada pela Unesco como Patrimônio Mundial, em 1984.</p>



<p class="has-black-color has-text-color has-medium-font-size">Uma das mais famosas do mundo, a estátua é um ícone que simboliza a liberdade, a democracia e a esperança do povo estadunidense.</p>



<p class="has-black-color has-text-color has-medium-font-size">O monumento representa a deusa romana da liberdade: “<em>Libertas</em>”. Ela sustenta uma tocha na mão direita (que está erguida), e na esquerda ela segura o Declaração da&nbsp;<a href="https://www.todamateria.com.br/independencia-dos-estados-unidos/">Independência dos Estados Unidos</a>&nbsp;com a data da Independência do país escrita em números romanos: 4 de julho de 1776.</p>



<p class="has-black-color has-pale-pink-background-color has-text-color has-background has-medium-font-size"><strong>Você Sabia?</strong></p>



<p class="has-black-color has-text-color has-medium-font-size">O nome oficial da Estátua da Liberdade é “Liberdade Iluminando o Mundo” (em inglês,&nbsp;<em>Liberty Enlightening the World</em>). Disponível em &lt; <a href="https://www.todamateria.com.br/estatua-da-liberdade/#:~:text=O%20monumento%20representa%20a%20deusa,4%20de%20julho%20de%201776" target="_blank" rel="noreferrer noopener">https://www.todamateria.com.br/estatua-da-liberdade/#:~:text=O%20monumento%20representa%20a%20deusa,4%20de%20julho%20de%201776</a>&gt; acesso em &nbsp;15 de março de 2021</p>



<p class="has-black-color has-text-color has-medium-font-size"><a><strong><em>Então agora é com você!</em></strong></a></p>



<p class="has-black-color has-text-color has-medium-font-size"><strong><em>Responda em inglês no seu caderno:</em></strong></p>



<ol type="1" class="has-black-color has-pale-cyan-blue-background-color has-text-color has-background has-medium-font-size wp-block-list"><li>Em qual país fica a Estátua da Liberdade?</li><li>Em qual cidade?</li><li>Qual país deu a estátua de presente?</li><li>Qual foi a data do presente?</li><li>Converse com alguém de sua família e fale o que você achou mais interessante nas curiosidades sobre a Estátua da Liberdade.</li></ol>



<p class="has-black-color has-luminous-vivid-amber-background-color has-text-color has-background has-medium-font-size"><strong>Foi muito interessante essa aula, até a próxima!</strong></p>



<figure class="wp-block-table alignfull is-style-stripes"><table><tbody><tr><td><strong>Proponentes &#8211; Professores</strong></td><td>Rosimeire Viviane de Oliveira Araújo</td></tr><tr><td><strong>Instituição Educacional</strong></td><td>Escola Municipal Nossa Senhora da Terra</td></tr><tr><td><strong>CRE</strong></td><td>Brasil Di Ramos Caiado</td></tr><tr><td><strong>Referências &#8211; Texto elaborado com fins pedagógicos</strong></td><td>Disponível em &lt;<a href="https://www.todamateria.com.br/estatua-da-liberdade/#:~:text=O%20monumento%20representa%20a%20deusa,4%20de%20julho%20de%201776" target="_blank" rel="noreferrer noopener">https://www.todamateria.com.br/estatua-da-liberdade/#:~:text=O%20monumento%20representa%20a%20deusa,4%20de%20julho%20de%201776</a>. &gt;</td></tr></tbody></table></figure>
