{"id":130511,"date":"2021-08-30T07:00:00","date_gmt":"2021-08-30T10:00:00","guid":{"rendered":"https:\/\/sme.goiania.go.gov.br\/conexaoescola\/?post_type=ensino_fundamental&#038;p=130511"},"modified":"2021-11-12T08:58:39","modified_gmt":"2021-11-12T10:58:39","slug":"genero-textual-poema-e-verbos-modo-e-tempos-verbais-parte-ii","status":"publish","type":"ensino_fundamental","link":"https:\/\/sme.goiania.go.gov.br\/conexaoescola\/ensino_fundamental\/genero-textual-poema-e-verbos-modo-e-tempos-verbais-parte-ii\/","title":{"rendered":"L\u00edngua Portuguesa &#8211; G\u00eanero textual: Poema e Verbos, modo e tempos verbais \u2013 Parte II"},"content":{"rendered":"\n<p class=\"has-black-color has-text-color has-medium-font-size\">Oi! Hoje voc\u00ea ir\u00e1 ver um novo g\u00eanero textual: Poema. Ver\u00e1 que o poema \u00e9 um texto diferenciado em sua estrutura. Ent\u00e3o vamos come\u00e7ar!<\/p>\n\n\n\n<p class=\"has-black-color has-text-color has-medium-font-size\"><strong>PARTE II <\/strong><\/p>\n\n\n\n<p class=\"has-black-color has-text-color has-medium-font-size\">Ol\u00e1, na aula de hoje continuaremos com atividades relacionadas a poema. Vamos come\u00e7ar?<\/p>\n\n\n\n<h3 class=\"has-pale-cyan-blue-color has-black-background-color has-text-color has-background has-medium-font-size wp-block-heading\">ATIVIDADE 1<\/h3>\n\n\n\n<h3 class=\"has-medium-font-size wp-block-heading\">Leia o poema:<\/h3>\n\n\n\n<h3 class=\"has-medium-font-size wp-block-heading\">&nbsp;Convite \u2013 (Jos\u00e9 Paulo Paes)<\/h3>\n\n\n\n<p class=\"has-black-color has-text-color has-medium-font-size\">Poesia<br>\u00e9 brincar com palavras<br>como se brinca<br>com bola, papagaio, pi\u00e3o.<\/p>\n\n\n\n<p class=\"has-black-color has-text-color has-medium-font-size\">S\u00f3 que<br>bola, papagaio, pi\u00e3o<br>de tanto brincar<br>se gastam.<\/p>\n\n\n\n<p class=\"has-black-color has-text-color has-medium-font-size\">As palavras n\u00e3o:<br>quanto mais se brinca<br>com elas<br>mais novas ficam.<\/p>\n\n\n\n<p class=\"has-black-color has-text-color has-medium-font-size\">Como a \u00e1gua do rio<br>que \u00e9 \u00e1gua sempre nova.<\/p>\n\n\n\n<p class=\"has-black-color has-text-color has-medium-font-size\">Como cada dia<br>que \u00e9 sempre um novo dia.<\/p>\n\n\n\n<p class=\"has-black-color has-text-color has-medium-font-size\">Vamos brincar de poesia?<\/p>\n\n\n\n<p>Dispon\u00edvel em: <a href=\"https:\/\/leiturinha.com.br\/blog\/10-poemas-famosos-para-ler-com-as-criancas\/\" target=\"_blank\" rel=\"noreferrer noopener\">https:\/\/leiturinha.com.br\/blog\/10-poemas-famosos-para-ler-com-as-criancas\/<\/a>. 10 poemas famosos para ler com as crian\u00e7as | Blog Leiturinha. Acesso em 26 de mar\u00e7o de 2021.<\/p>\n\n\n\n<p class=\"has-vivid-purple-color has-black-background-color has-text-color has-background has-medium-font-size\"><strong>ATIVIDADE 2<\/strong><\/p>\n\n\n\n<p class=\"has-black-color has-text-color has-medium-font-size\">Responda em seu caderno, de acordo com o poema que acabou de ler:<\/p>\n\n\n\n<p class=\"has-black-color has-text-color has-medium-font-size\">a) Qual o t\u00edtulo do poema?<\/p>\n\n\n\n<p class=\"has-black-color has-text-color has-medium-font-size\">b)&nbsp; Quantos versos tem o poema?<\/p>\n\n\n\n<p class=\"has-black-color has-text-color has-medium-font-size\">c) Quantas estrofes tem o poema?<\/p>\n\n\n\n<p class=\"has-black-color has-text-color has-medium-font-size\">d) Copie algumas rimas que voc\u00ea encontrou no poema:<\/p>\n\n\n\n<p class=\"has-light-green-cyan-color has-black-background-color has-text-color has-background has-medium-font-size\"><strong>ATIVIDADE 3<\/strong><\/p>\n\n\n\n<p class=\"has-black-color has-text-color has-medium-font-size\">Fazer as atividades do livro p\u00e1ginas 116 e 117. As atividades podem ser respondidas no pr\u00f3prio livro.<\/p>\n\n\n\n<p class=\"has-black-color has-text-color has-background has-medium-font-size\" style=\"background-color:#edf0f3\"><strong>ATIVIDADES COMPLEMENTARES:<\/strong><\/p>\n\n\n\n<p class=\"has-black-color has-text-color has-medium-font-size\">Voc\u00ea ir\u00e1 fazer um poema com rimas relacionado ao t\u00edtulo: Minha casa, ap\u00f3s escrever o poema grave um v\u00eddeo declamando a poesia que fez e poste no whatsapp.<\/p>\n\n\n\n<p class=\"has-black-color has-text-color has-background has-medium-font-size\" style=\"background-color:#bedff3\"><strong>ATIVIDADE(S) AVALIATIVA(S)<\/strong><\/p>\n\n\n\n<p class=\"has-black-color has-text-color has-medium-font-size\">Voc\u00ea ir\u00e1 fazer um poema com rimas relacionado ao t\u00edtulo: Minha casa<\/p>\n\n\n\n<p class=\"has-black-color has-light-green-cyan-background-color has-text-color has-background has-medium-font-size\"><strong>SAIBA MAIS:<\/strong><\/p>\n\n\n\n<p class=\"has-black-color has-text-color has-medium-font-size\">Assista ao v\u00eddeo a seguir:<\/p>\n\n\n\n<p class=\"has-black-color has-text-color has-medium-font-size\">(96) Hist\u00f3ria para Crian\u00e7as &#8211; Poesia &#8211; (Infantil) Os Mambous \u2013 YouTube<\/p>\n\n\n\n<figure class=\"wp-block-embed is-type-video is-provider-youtube wp-block-embed-youtube wp-embed-aspect-16-9 wp-has-aspect-ratio\"><div class=\"wp-block-embed__wrapper\">\n<p class=\"responsive-video-wrap clr\"><iframe title=\"Hist\u00f3ria para Crian\u00e7as - Poesia - (Infantil) Os Mambous\" width=\"1200\" height=\"675\" src=\"https:\/\/www.youtube.com\/embed\/7PxoFHrW1yk?feature=oembed\" frameborder=\"0\" allow=\"accelerometer; autoplay; clipboard-write; encrypted-media; gyroscope; picture-in-picture\" allowfullscreen><\/iframe><\/p>\n<\/div><\/figure>\n\n\n\n<p class=\"has-luminous-vivid-amber-background-color has-background has-medium-font-size\"><strong>REFER\u00caNCIAS: <\/strong><\/p>\n\n\n\n<p class=\"has-normal-font-size\">(96) videoclipe &#8211; O que \u00e9 um poema? &#8211; <a rel=\"noreferrer noopener\" href=\"https:\/\/www.youtube.com\/watch?v=TedJnMYP0vk&amp;ab_channel=Conecturma\" target=\"_blank\">YouTubehttps:\/\/www.youtube.com\/watch?v=TedJnMYP0vk&amp;ab_channel=Conecturma<\/a><\/p>\n\n\n\n<p class=\"has-black-color has-text-color\">(96) Poesia e Poema &#8211; Refor\u00e7o Escolar Online &#8211; Ol\u00e1 aluno &#8211; YouTube <a href=\"https:\/\/www.youtube.com\/watch?v=d9uaDq5Elts&amp;ab_channel=Ol%C3%A1Aluno%21\" target=\"_blank\" rel=\"noreferrer noopener\">https:\/\/www.youtube.com\/watch?v=d9uaDq5Elts&amp;ab_channel=Ol%C3%A1Aluno%21<\/a><\/p>\n\n\n\n<figure class=\"wp-block-embed is-type-video is-provider-youtube wp-block-embed-youtube wp-embed-aspect-16-9 wp-has-aspect-ratio\"><div class=\"wp-block-embed__wrapper\">\n<p class=\"responsive-video-wrap clr\"><iframe title=\"Poesia e Poema - Refor\u00e7o Escolar Online - DRR Aulas Online\" width=\"1200\" height=\"675\" src=\"https:\/\/www.youtube.com\/embed\/d9uaDq5Elts?feature=oembed\" frameborder=\"0\" allow=\"accelerometer; autoplay; clipboard-write; encrypted-media; gyroscope; picture-in-picture\" allowfullscreen><\/iframe><\/p>\n<\/div><\/figure>\n","protected":false},"author":14,"featured_media":131140,"template":"","ef_categoria":[14,22],"ef_ano":[88],"ef_componente":[93],"class_list":["post-130511","ensino_fundamental","type-ensino_fundamental","status-publish","has-post-thumbnail","hentry","ef_categoria-ciclo-da-infancia-de","ef_categoria-corpo-e-movimento-ciclo-da-infancia-de","ef_ano-5o-ano","ef_componente-portugues","entry","has-media"],"acf":[],"_links":{"self":[{"href":"https:\/\/sme.goiania.go.gov.br\/conexaoescola\/wp-json\/wp\/v2\/ensino_fundamental\/130511","targetHints":{"allow":["GET"]}}],"collection":[{"href":"https:\/\/sme.goiania.go.gov.br\/conexaoescola\/wp-json\/wp\/v2\/ensino_fundamental"}],"about":[{"href":"https:\/\/sme.goiania.go.gov.br\/conexaoescola\/wp-json\/wp\/v2\/types\/ensino_fundamental"}],"author":[{"embeddable":true,"href":"https:\/\/sme.goiania.go.gov.br\/conexaoescola\/wp-json\/wp\/v2\/users\/14"}],"version-history":[{"count":0,"href":"https:\/\/sme.goiania.go.gov.br\/conexaoescola\/wp-json\/wp\/v2\/ensino_fundamental\/130511\/revisions"}],"wp:featuredmedia":[{"embeddable":true,"href":"https:\/\/sme.goiania.go.gov.br\/conexaoescola\/wp-json\/wp\/v2\/media\/131140"}],"wp:attachment":[{"href":"https:\/\/sme.goiania.go.gov.br\/conexaoescola\/wp-json\/wp\/v2\/media?parent=130511"}],"wp:term":[{"taxonomy":"ef_categoria","embeddable":true,"href":"https:\/\/sme.goiania.go.gov.br\/conexaoescola\/wp-json\/wp\/v2\/ef_categoria?post=130511"},{"taxonomy":"ef_ano","embeddable":true,"href":"https:\/\/sme.goiania.go.gov.br\/conexaoescola\/wp-json\/wp\/v2\/ef_ano?post=130511"},{"taxonomy":"ef_componente","embeddable":true,"href":"https:\/\/sme.goiania.go.gov.br\/conexaoescola\/wp-json\/wp\/v2\/ef_componente?post=130511"}],"curies":[{"name":"wp","href":"https:\/\/api.w.org\/{rel}","templated":true}]}}

Língua Portuguesa &#8211; Gênero textual: Poema e Verbos, modo e tempos verbais – Parte II

<p class="has-black-color has-text-color has-medium-font-size">Oi! Hoje você irá ver um novo gênero textual: Poema. Verá que o poema é um texto diferenciado em sua estrutura. Então vamos começar!</p>



<p class="has-black-color has-text-color has-medium-font-size"><strong>PARTE II </strong></p>



<p class="has-black-color has-text-color has-medium-font-size">Olá, na aula de hoje continuaremos com atividades relacionadas a poema. Vamos começar?</p>



<h3 class="has-pale-cyan-blue-color has-black-background-color has-text-color has-background has-medium-font-size wp-block-heading">ATIVIDADE 1</h3>



<h3 class="has-medium-font-size wp-block-heading">Leia o poema:</h3>



<h3 class="has-medium-font-size wp-block-heading">&nbsp;Convite – (José Paulo Paes)</h3>



<p class="has-black-color has-text-color has-medium-font-size">Poesia<br>é brincar com palavras<br>como se brinca<br>com bola, papagaio, pião.</p>



<p class="has-black-color has-text-color has-medium-font-size">Só que<br>bola, papagaio, pião<br>de tanto brincar<br>se gastam.</p>



<p class="has-black-color has-text-color has-medium-font-size">As palavras não:<br>quanto mais se brinca<br>com elas<br>mais novas ficam.</p>



<p class="has-black-color has-text-color has-medium-font-size">Como a água do rio<br>que é água sempre nova.</p>



<p class="has-black-color has-text-color has-medium-font-size">Como cada dia<br>que é sempre um novo dia.</p>



<p class="has-black-color has-text-color has-medium-font-size">Vamos brincar de poesia?</p>



<p>Disponível em: <a href="https://leiturinha.com.br/blog/10-poemas-famosos-para-ler-com-as-criancas/" target="_blank" rel="noreferrer noopener">https://leiturinha.com.br/blog/10-poemas-famosos-para-ler-com-as-criancas/</a>. 10 poemas famosos para ler com as crianças | Blog Leiturinha. Acesso em 26 de março de 2021.</p>



<p class="has-vivid-purple-color has-black-background-color has-text-color has-background has-medium-font-size"><strong>ATIVIDADE 2</strong></p>



<p class="has-black-color has-text-color has-medium-font-size">Responda em seu caderno, de acordo com o poema que acabou de ler:</p>



<p class="has-black-color has-text-color has-medium-font-size">a) Qual o título do poema?</p>



<p class="has-black-color has-text-color has-medium-font-size">b)&nbsp; Quantos versos tem o poema?</p>



<p class="has-black-color has-text-color has-medium-font-size">c) Quantas estrofes tem o poema?</p>



<p class="has-black-color has-text-color has-medium-font-size">d) Copie algumas rimas que você encontrou no poema:</p>



<p class="has-light-green-cyan-color has-black-background-color has-text-color has-background has-medium-font-size"><strong>ATIVIDADE 3</strong></p>



<p class="has-black-color has-text-color has-medium-font-size">Fazer as atividades do livro páginas 116 e 117. As atividades podem ser respondidas no próprio livro.</p>



<p class="has-black-color has-text-color has-background has-medium-font-size" style="background-color:#edf0f3"><strong>ATIVIDADES COMPLEMENTARES:</strong></p>



<p class="has-black-color has-text-color has-medium-font-size">Você irá fazer um poema com rimas relacionado ao título: Minha casa, após escrever o poema grave um vídeo declamando a poesia que fez e poste no whatsapp.</p>



<p class="has-black-color has-text-color has-background has-medium-font-size" style="background-color:#bedff3"><strong>ATIVIDADE(S) AVALIATIVA(S)</strong></p>



<p class="has-black-color has-text-color has-medium-font-size">Você irá fazer um poema com rimas relacionado ao título: Minha casa</p>



<p class="has-black-color has-light-green-cyan-background-color has-text-color has-background has-medium-font-size"><strong>SAIBA MAIS:</strong></p>



<p class="has-black-color has-text-color has-medium-font-size">Assista ao vídeo a seguir:</p>



<p class="has-black-color has-text-color has-medium-font-size">(96) História para Crianças &#8211; Poesia &#8211; (Infantil) Os Mambous – YouTube</p>



<figure class="wp-block-embed is-type-video is-provider-youtube wp-block-embed-youtube wp-embed-aspect-16-9 wp-has-aspect-ratio"><div class="wp-block-embed__wrapper">
<p class="responsive-video-wrap clr"><iframe title="História para Crianças - Poesia - (Infantil) Os Mambous" width="1200" height="675" src="https://www.youtube.com/embed/7PxoFHrW1yk?feature=oembed" frameborder="0" allow="accelerometer; autoplay; clipboard-write; encrypted-media; gyroscope; picture-in-picture" allowfullscreen></iframe></p>
</div></figure>



<p class="has-luminous-vivid-amber-background-color has-background has-medium-font-size"><strong>REFERÊNCIAS: </strong></p>



<p class="has-normal-font-size">(96) videoclipe &#8211; O que é um poema? &#8211; <a rel="noreferrer noopener" href="https://www.youtube.com/watch?v=TedJnMYP0vk&amp;ab_channel=Conecturma" target="_blank">YouTubehttps://www.youtube.com/watch?v=TedJnMYP0vk&amp;ab_channel=Conecturma</a></p>



<p class="has-black-color has-text-color">(96) Poesia e Poema &#8211; Reforço Escolar Online &#8211; Olá aluno &#8211; YouTube <a href="https://www.youtube.com/watch?v=d9uaDq5Elts&amp;ab_channel=Ol%C3%A1Aluno%21" target="_blank" rel="noreferrer noopener">https://www.youtube.com/watch?v=d9uaDq5Elts&amp;ab_channel=Ol%C3%A1Aluno%21</a></p>



<figure class="wp-block-embed is-type-video is-provider-youtube wp-block-embed-youtube wp-embed-aspect-16-9 wp-has-aspect-ratio"><div class="wp-block-embed__wrapper">
<p class="responsive-video-wrap clr"><iframe title="Poesia e Poema - Reforço Escolar Online - DRR Aulas Online" width="1200" height="675" src="https://www.youtube.com/embed/d9uaDq5Elts?feature=oembed" frameborder="0" allow="accelerometer; autoplay; clipboard-write; encrypted-media; gyroscope; picture-in-picture" allowfullscreen></iframe></p>
</div></figure>
