{"id":130159,"date":"2021-08-23T07:07:00","date_gmt":"2021-08-23T10:07:00","guid":{"rendered":"https:\/\/sme.goiania.go.gov.br\/conexaoescola\/?post_type=ensino_fundamental&#038;p=130159"},"modified":"2022-08-12T10:22:19","modified_gmt":"2022-08-12T13:22:19","slug":"decomposicao-de-um-numero-em-fatores-primos-vivendo-a-matematica-com-a-professora-angela","status":"publish","type":"ensino_fundamental","link":"https:\/\/sme.goiania.go.gov.br\/conexaoescola\/ensino_fundamental\/decomposicao-de-um-numero-em-fatores-primos-vivendo-a-matematica-com-a-professora-angela\/","title":{"rendered":"Matem\u00e1tica &#8211; \u201cDecomposi\u00e7\u00e3o de um n\u00famero em fatores primos &#8211; Vivendo a Matem\u00e1tica com a Professora \u00c2ngela\u201d"},"content":{"rendered":"\n<p class=\"has-drop-cap has-black-color has-text-color has-background has-medium-font-size\" style=\"background-color:#a4efd1\">Ol\u00e1 tudo bem! Agora que voc\u00ea sabe o que s\u00e3o n\u00fameros primos e compostos. Voc\u00ea vai aprender a decompor um n\u00famero natural composto usando apenas n\u00fameros primos. Fique tranquilo, ap\u00f3s alguns exemplos ver\u00e1 que \u00e9 f\u00e1cil. &nbsp;&nbsp;&nbsp;&nbsp;&nbsp;&nbsp;&nbsp;&nbsp;&nbsp;&nbsp;&nbsp;&nbsp;&nbsp;&nbsp;&nbsp;&nbsp;&nbsp;&nbsp;&nbsp;&nbsp;&nbsp;&nbsp;&nbsp;&nbsp;&nbsp;&nbsp;&nbsp;&nbsp;&nbsp;&nbsp;&nbsp;&nbsp;&nbsp;&nbsp;&nbsp;&nbsp;&nbsp;&nbsp;&nbsp;&nbsp;&nbsp;&nbsp;&nbsp;&nbsp;&nbsp;&nbsp;&nbsp;&nbsp;&nbsp;&nbsp;&nbsp;&nbsp;&nbsp;&nbsp;&nbsp;&nbsp;&nbsp;&nbsp;&nbsp;&nbsp;&nbsp;&nbsp;&nbsp;&nbsp;&nbsp;&nbsp;&nbsp;&nbsp;&nbsp;&nbsp;&nbsp;&nbsp;&nbsp;&nbsp;&nbsp;&nbsp;&nbsp;&nbsp;&nbsp;&nbsp;&nbsp;&nbsp;&nbsp;&nbsp;&nbsp;&nbsp;&nbsp;&nbsp;&nbsp;&nbsp;&nbsp;&nbsp;&nbsp;&nbsp;&nbsp;&nbsp;&nbsp;&nbsp;&nbsp;&nbsp;&nbsp;&nbsp;&nbsp;&nbsp;&nbsp;&nbsp;&nbsp;&nbsp;&nbsp;&nbsp;&nbsp;&nbsp;&nbsp;&nbsp;&nbsp;&nbsp;&nbsp;&nbsp;&nbsp;&nbsp;&nbsp;&nbsp;&nbsp;&nbsp;&nbsp;&nbsp;&nbsp;&nbsp;&nbsp;&nbsp;&nbsp;&nbsp;&nbsp;&nbsp;&nbsp;&nbsp;&nbsp;&nbsp;&nbsp;&nbsp;&nbsp;&nbsp;&nbsp;&nbsp;&nbsp;&nbsp;&nbsp;&nbsp;&nbsp;&nbsp;&nbsp;&nbsp;&nbsp;<\/p>\n\n\n\n<p class=\"has-white-color has-vivid-red-background-color has-text-color has-background has-medium-font-size\"><strong>ATIVIDADE<\/strong><\/p>\n\n\n\n<p class=\"has-black-color has-text-color has-background has-medium-font-size\" style=\"background-color:#e1f3ff\">1 \u2013 Qual a forma decomposta em fatores primos do n\u00famero 20:<\/p>\n\n\n\n<p class=\"has-black-color has-white-background-color has-text-color has-background has-medium-font-size\">a) 2 . 2 . 2 &nbsp;&nbsp;&nbsp;&nbsp;&nbsp;&nbsp;&nbsp;&nbsp;&nbsp;b) 2 x 10 &nbsp;&nbsp;&nbsp;&nbsp;&nbsp;&nbsp;&nbsp;&nbsp;&nbsp;c) 4 . 5 &nbsp;&nbsp;&nbsp;&nbsp;&nbsp;&nbsp;&nbsp;&nbsp;&nbsp;d) 2 x 2 x 5<\/p>\n\n\n\n<p class=\"has-black-color has-text-color has-background has-medium-font-size\" style=\"background-color:#e1f3ff\">2 \u2013 A forma decomposta (fatorada) 3 x 3 x 2 corresponde a qual n\u00famero:<\/p>\n\n\n\n<p class=\"has-black-color has-white-background-color has-text-color has-background has-medium-font-size\">a) 8&nbsp;&nbsp;&nbsp;&nbsp;&nbsp;&nbsp;&nbsp;&nbsp;&nbsp;b) 18 &nbsp;&nbsp;&nbsp;&nbsp;&nbsp;&nbsp;&nbsp;&nbsp;&nbsp;c) 11 &nbsp;&nbsp;&nbsp;&nbsp;&nbsp;&nbsp;&nbsp;&nbsp;&nbsp;d) 20<\/p>\n\n\n\n<p class=\"has-black-color has-text-color has-background has-medium-font-size\" style=\"background-color:#e1f3ff\">3 \u2013 Decomponha em fatores primos o n\u00famero 24.<\/p>\n\n\n\n<p class=\"has-black-color has-text-color has-background has-medium-font-size\" style=\"background-color:#e1f3ff\">4 \u2013 Decomponha o n\u00famero 90 em fatores primos.<\/p>\n\n\n\n<p class=\"has-black-color has-text-color has-background has-medium-font-size\" style=\"background-color:#e1f3ff\">5 \u2013 Qual a forma fatorada do n\u00famero 120:<\/p>\n\n\n\n<p class=\"has-black-color has-white-background-color has-text-color has-background has-medium-font-size\">a) 2\u00b3 x 3 x 5<br>b) 2\u00b2 . 3 . 5<br>c) 2\u00b3 x 2 x 5<br>d) 3\u00b3 x 2 x 5<\/p>\n\n\n\n<hr class=\"wp-block-separator is-style-wide\"\/>\n\n\n\n<p class=\"has-luminous-vivid-amber-color has-black-background-color has-text-color has-background has-medium-font-size\"><strong>SAIBA MAIS<\/strong><\/p>\n\n\n\n<p class=\"has-black-color has-text-color\"><strong>Caso ainda tenha d\u00favidas em rela\u00e7\u00e3o ao conte\u00fado assista ao v\u00eddeo \u201cDecomposi\u00e7\u00e3o em Fatores Primos &#8211; Brasil Escola\u201d:<\/strong><\/p>\n\n\n\n<figure class=\"wp-block-embed is-type-video is-provider-youtube wp-block-embed-youtube wp-embed-aspect-16-9 wp-has-aspect-ratio\"><div class=\"wp-block-embed__wrapper\">\n<p class=\"responsive-video-wrap clr\"><iframe title=\"Decomposi\u00e7\u00e3o em Fatores Primos - Brasil Escola\" width=\"1200\" height=\"675\" src=\"https:\/\/www.youtube.com\/embed\/hJL5FTC7nXw?feature=oembed\" frameborder=\"0\" allow=\"accelerometer; autoplay; clipboard-write; encrypted-media; gyroscope; picture-in-picture\" allowfullscreen><\/iframe><\/p>\n<\/div><\/figure>\n\n\n\n<hr class=\"wp-block-separator is-style-wide\"\/>\n\n\n\n<figure class=\"wp-block-table alignfull is-style-stripes\"><table><tbody><tr><td><strong>Proponentes \u2013 Professores<\/strong><\/td><td>Rog\u00e9rio Miranda da Cruz<\/td><\/tr><tr><td><strong>Institui\u00e7\u00e3o Educacional<\/strong><\/td><td>Escola Municipal Jalles Machado de Siqueira<\/td><\/tr><tr><td><strong>CRE<\/strong><\/td><td>Maria Thom\u00e9 Neto<\/td><\/tr><\/tbody><\/table><\/figure>\n","protected":false},"author":57,"featured_media":134023,"template":"","ef_categoria":[15,29],"ef_ano":[89],"ef_componente":[94],"class_list":["post-130159","ensino_fundamental","type-ensino_fundamental","status-publish","has-post-thumbnail","hentry","ef_categoria-ciclo-da-adolescencia-fg","ef_categoria-educacao-financeira-e-empreendedorismo-ciclo-da-adolescencia-fg","ef_ano-6o-ano","ef_componente-matematica","entry","has-media"],"acf":[],"_links":{"self":[{"href":"https:\/\/sme.goiania.go.gov.br\/conexaoescola\/wp-json\/wp\/v2\/ensino_fundamental\/130159","targetHints":{"allow":["GET"]}}],"collection":[{"href":"https:\/\/sme.goiania.go.gov.br\/conexaoescola\/wp-json\/wp\/v2\/ensino_fundamental"}],"about":[{"href":"https:\/\/sme.goiania.go.gov.br\/conexaoescola\/wp-json\/wp\/v2\/types\/ensino_fundamental"}],"author":[{"embeddable":true,"href":"https:\/\/sme.goiania.go.gov.br\/conexaoescola\/wp-json\/wp\/v2\/users\/57"}],"version-history":[{"count":0,"href":"https:\/\/sme.goiania.go.gov.br\/conexaoescola\/wp-json\/wp\/v2\/ensino_fundamental\/130159\/revisions"}],"wp:featuredmedia":[{"embeddable":true,"href":"https:\/\/sme.goiania.go.gov.br\/conexaoescola\/wp-json\/wp\/v2\/media\/134023"}],"wp:attachment":[{"href":"https:\/\/sme.goiania.go.gov.br\/conexaoescola\/wp-json\/wp\/v2\/media?parent=130159"}],"wp:term":[{"taxonomy":"ef_categoria","embeddable":true,"href":"https:\/\/sme.goiania.go.gov.br\/conexaoescola\/wp-json\/wp\/v2\/ef_categoria?post=130159"},{"taxonomy":"ef_ano","embeddable":true,"href":"https:\/\/sme.goiania.go.gov.br\/conexaoescola\/wp-json\/wp\/v2\/ef_ano?post=130159"},{"taxonomy":"ef_componente","embeddable":true,"href":"https:\/\/sme.goiania.go.gov.br\/conexaoescola\/wp-json\/wp\/v2\/ef_componente?post=130159"}],"curies":[{"name":"wp","href":"https:\/\/api.w.org\/{rel}","templated":true}]}}

Matemática &#8211; “Decomposição de um número em fatores primos &#8211; Vivendo a Matemática com a Professora Ângela”

<p class="has-drop-cap has-black-color has-text-color has-background has-medium-font-size" style="background-color:#a4efd1">Olá tudo bem! Agora que você sabe o que são números primos e compostos. Você vai aprender a decompor um número natural composto usando apenas números primos. Fique tranquilo, após alguns exemplos verá que é fácil. &nbsp;&nbsp;&nbsp;&nbsp;&nbsp;&nbsp;&nbsp;&nbsp;&nbsp;&nbsp;&nbsp;&nbsp;&nbsp;&nbsp;&nbsp;&nbsp;&nbsp;&nbsp;&nbsp;&nbsp;&nbsp;&nbsp;&nbsp;&nbsp;&nbsp;&nbsp;&nbsp;&nbsp;&nbsp;&nbsp;&nbsp;&nbsp;&nbsp;&nbsp;&nbsp;&nbsp;&nbsp;&nbsp;&nbsp;&nbsp;&nbsp;&nbsp;&nbsp;&nbsp;&nbsp;&nbsp;&nbsp;&nbsp;&nbsp;&nbsp;&nbsp;&nbsp;&nbsp;&nbsp;&nbsp;&nbsp;&nbsp;&nbsp;&nbsp;&nbsp;&nbsp;&nbsp;&nbsp;&nbsp;&nbsp;&nbsp;&nbsp;&nbsp;&nbsp;&nbsp;&nbsp;&nbsp;&nbsp;&nbsp;&nbsp;&nbsp;&nbsp;&nbsp;&nbsp;&nbsp;&nbsp;&nbsp;&nbsp;&nbsp;&nbsp;&nbsp;&nbsp;&nbsp;&nbsp;&nbsp;&nbsp;&nbsp;&nbsp;&nbsp;&nbsp;&nbsp;&nbsp;&nbsp;&nbsp;&nbsp;&nbsp;&nbsp;&nbsp;&nbsp;&nbsp;&nbsp;&nbsp;&nbsp;&nbsp;&nbsp;&nbsp;&nbsp;&nbsp;&nbsp;&nbsp;&nbsp;&nbsp;&nbsp;&nbsp;&nbsp;&nbsp;&nbsp;&nbsp;&nbsp;&nbsp;&nbsp;&nbsp;&nbsp;&nbsp;&nbsp;&nbsp;&nbsp;&nbsp;&nbsp;&nbsp;&nbsp;&nbsp;&nbsp;&nbsp;&nbsp;&nbsp;&nbsp;&nbsp;&nbsp;&nbsp;&nbsp;&nbsp;&nbsp;&nbsp;&nbsp;&nbsp;&nbsp;&nbsp;</p>



<p class="has-white-color has-vivid-red-background-color has-text-color has-background has-medium-font-size"><strong>ATIVIDADE</strong></p>



<p class="has-black-color has-text-color has-background has-medium-font-size" style="background-color:#e1f3ff">1 – Qual a forma decomposta em fatores primos do número 20:</p>



<p class="has-black-color has-white-background-color has-text-color has-background has-medium-font-size">a) 2 . 2 . 2 &nbsp;&nbsp;&nbsp;&nbsp;&nbsp;&nbsp;&nbsp;&nbsp;&nbsp;b) 2 x 10 &nbsp;&nbsp;&nbsp;&nbsp;&nbsp;&nbsp;&nbsp;&nbsp;&nbsp;c) 4 . 5 &nbsp;&nbsp;&nbsp;&nbsp;&nbsp;&nbsp;&nbsp;&nbsp;&nbsp;d) 2 x 2 x 5</p>



<p class="has-black-color has-text-color has-background has-medium-font-size" style="background-color:#e1f3ff">2 – A forma decomposta (fatorada) 3 x 3 x 2 corresponde a qual número:</p>



<p class="has-black-color has-white-background-color has-text-color has-background has-medium-font-size">a) 8&nbsp;&nbsp;&nbsp;&nbsp;&nbsp;&nbsp;&nbsp;&nbsp;&nbsp;b) 18 &nbsp;&nbsp;&nbsp;&nbsp;&nbsp;&nbsp;&nbsp;&nbsp;&nbsp;c) 11 &nbsp;&nbsp;&nbsp;&nbsp;&nbsp;&nbsp;&nbsp;&nbsp;&nbsp;d) 20</p>



<p class="has-black-color has-text-color has-background has-medium-font-size" style="background-color:#e1f3ff">3 – Decomponha em fatores primos o número 24.</p>



<p class="has-black-color has-text-color has-background has-medium-font-size" style="background-color:#e1f3ff">4 – Decomponha o número 90 em fatores primos.</p>



<p class="has-black-color has-text-color has-background has-medium-font-size" style="background-color:#e1f3ff">5 – Qual a forma fatorada do número 120:</p>



<p class="has-black-color has-white-background-color has-text-color has-background has-medium-font-size">a) 2³ x 3 x 5<br>b) 2² . 3 . 5<br>c) 2³ x 2 x 5<br>d) 3³ x 2 x 5</p>



<hr class="wp-block-separator is-style-wide"/>



<p class="has-luminous-vivid-amber-color has-black-background-color has-text-color has-background has-medium-font-size"><strong>SAIBA MAIS</strong></p>



<p class="has-black-color has-text-color"><strong>Caso ainda tenha dúvidas em relação ao conteúdo assista ao vídeo “Decomposição em Fatores Primos &#8211; Brasil Escola”:</strong></p>



<figure class="wp-block-embed is-type-video is-provider-youtube wp-block-embed-youtube wp-embed-aspect-16-9 wp-has-aspect-ratio"><div class="wp-block-embed__wrapper">
<p class="responsive-video-wrap clr"><iframe title="Decomposição em Fatores Primos - Brasil Escola" width="1200" height="675" src="https://www.youtube.com/embed/hJL5FTC7nXw?feature=oembed" frameborder="0" allow="accelerometer; autoplay; clipboard-write; encrypted-media; gyroscope; picture-in-picture" allowfullscreen></iframe></p>
</div></figure>



<hr class="wp-block-separator is-style-wide"/>



<figure class="wp-block-table alignfull is-style-stripes"><table><tbody><tr><td><strong>Proponentes – Professores</strong></td><td>Rogério Miranda da Cruz</td></tr><tr><td><strong>Instituição Educacional</strong></td><td>Escola Municipal Jalles Machado de Siqueira</td></tr><tr><td><strong>CRE</strong></td><td>Maria Thomé Neto</td></tr></tbody></table></figure>
