{"id":130131,"date":"2021-08-23T07:00:00","date_gmt":"2021-08-23T10:00:00","guid":{"rendered":"https:\/\/sme.goiania.go.gov.br\/conexaoescola\/?post_type=ensino_fundamental&#038;p=130131"},"modified":"2022-08-12T10:25:51","modified_gmt":"2022-08-12T13:25:51","slug":"metro","status":"publish","type":"ensino_fundamental","link":"https:\/\/sme.goiania.go.gov.br\/conexaoescola\/ensino_fundamental\/metro\/","title":{"rendered":"Matem\u00e1tica &#8211; Metro"},"content":{"rendered":"\n<p class=\"has-black-color has-vivid-cyan-blue-background-color has-text-color has-background has-medium-font-size\">Ol\u00e1! Hoje voc\u00ea vai aprender sobre as medidas de comprimento. Al\u00e9m disso, descobrir\u00e1 onde eles se encontram e onde utiliz\u00e1-los no nosso dia a dia.<\/p>\n\n\n\n<hr class=\"wp-block-separator\"\/>\n\n\n\n<p class=\"has-medium-font-size\">Leia as atividades e se concentre.<\/p>\n\n\n\n<h2 class=\"has-pale-pink-background-color has-background wp-block-heading\"><strong>Atividade 1<\/strong><\/h2>\n\n\n\n<p class=\"has-medium-font-size\"><strong>METRO<\/strong><\/p>\n\n\n\n<p class=\"has-medium-font-size\">A palavra&nbsp;<strong>metro<\/strong>&nbsp;tem origem no grego m\u00e9tron, que significa&nbsp;<em>\u201co que mede\u201d<\/em>.<\/p>\n\n\n\n<p class=\"has-medium-font-size\">O sistema m\u00e9trico surgiu por volta do ano de 1790. Antes disso, cada povo usava um sistema de unidades diferentes, o que, naturalmente, causava a maior confus\u00e3o. Por exemplo: o mesmo comprimento era medido em um lugar usando-se jardas e em outro com o uso de palmos.<\/p>\n\n\n\n<p class=\"has-medium-font-size\">O resultado disso tornava praticamente imposs\u00edvel a comunica\u00e7\u00e3o entre os povos.<\/p>\n\n\n\n<p class=\"has-medium-font-size\">Dispon\u00edvel em:&nbsp;<\/p>\n\n\n\n<p class=\"has-medium-font-size\"><a href=\"https:\/\/www.colegioweb.com.br\/historia-da-matematica\/metro.html\">https:\/\/www.colegioweb.com.br\/historia-da-matematica\/metro.html<\/a><\/p>\n\n\n\n<hr class=\"wp-block-separator\"\/>\n\n\n\n<h2 class=\"has-pale-pink-background-color has-background wp-block-heading\"><strong>Atividade 2&nbsp;<\/strong><\/h2>\n\n\n\n<p class=\"has-light-green-cyan-background-color has-background has-medium-font-size\">O metro foi criado na Fran\u00e7a por dois astr\u00f4nomos, Jean-Baptiste-Joseph Delambre e Pierre-Fran\u00e7ois-Andr\u00e9 M\u00e9chain, que tentaram definir uma medida equivalente a um d\u00e9cimo de milion\u00e9simo da dist\u00e2ncia entre o P\u00f3lo Norte e a linha do Equador. Os dois partiram de Paris em 1792 em sentidos diferentes, um para o sul e outro para o norte, com o objetivo de medir a por\u00e7\u00e3o do meridiano que ia de Dunquerque a Barcelona (Espanha) e, dessa forma, projetar a dist\u00e2ncia correta. A miss\u00e3o serviu para padronizar os sistemas de medidas que variavam entre as na\u00e7\u00f5es e at\u00e9 dentro dos pa\u00edses &#8211; a Fran\u00e7a da \u00e9poca chegou a empregar 250 mil unidades de pesos e medidas.<\/p>\n\n\n\n<p class=\"has-pale-cyan-blue-background-color has-background has-medium-font-size\">O desenvolvimento da ci\u00eancia pediu uma nova defini\u00e7\u00e3o para o metro. Hoje, ele se refere ao comprimento do trajeto percorrido pela luz no v\u00e1cuo em um intervalo de tempo de 1\/299 792 458 de segundo. J\u00e1 levantamentos atuais por sat\u00e9lite mostram que Delambre e M\u00e9chain erraram por pouco: a dist\u00e2ncia entre o P\u00f3lo e o Equador \u00e9 de 10.002.290 metros, e n\u00e3o 10 milh\u00f5es. Ou seja, o metro calculado por eles \u00e9 cerca de 0,2 mil\u00edmetro mais curto.<\/p>\n\n\n\n<p class=\"has-medium-font-size\"><strong>Fonte:<\/strong>&nbsp;&#8220;A Medida de Todas as Coisas&#8221;, de Ken Alder, Editora Record; site do Observat\u00f3rio Nacional (<a href=\"about:blank\">www.on.br<\/a>)<\/p>\n\n\n\n<p class=\"has-medium-font-size\">Dispon\u00edvel em:&nbsp;<\/p>\n\n\n\n<p class=\"has-medium-font-size\"><a href=\"about:blank\">http:\/\/revistagalileu.globo.com\/Galileu\/0,6993,ECT705278-1716-9,00.html<\/a><\/p>\n\n\n\n<hr class=\"wp-block-separator\"\/>\n\n\n\n<h2 class=\"has-pale-pink-background-color has-background wp-block-heading\"><strong>Atividade 3&nbsp;<\/strong><\/h2>\n\n\n\n<p class=\"has-medium-font-size\">Considerando as discuss\u00f5es anteriores, conhe\u00e7a as Medidas de Comprimento. Acesse o v\u00eddeo dispon\u00edvel em:&nbsp;<\/p>\n\n\n\n<figure class=\"wp-block-embed is-type-video is-provider-youtube wp-block-embed-youtube wp-embed-aspect-16-9 wp-has-aspect-ratio\"><div class=\"wp-block-embed__wrapper\">\n<p class=\"responsive-video-wrap clr\"><iframe title=\"V\u00eddeo Aula de Matem\u00e1tica - Medidas de Comprimento\" width=\"1200\" height=\"675\" src=\"https:\/\/www.youtube.com\/embed\/H_qYBZKX5C4?feature=oembed\" frameborder=\"0\" allow=\"accelerometer; autoplay; clipboard-write; encrypted-media; gyroscope; picture-in-picture\" allowfullscreen><\/iframe><\/p>\n<\/div><figcaption>&#8220;V\u00eddeo Aula de Matem\u00e1tica &#8211; Medidas de Comprimento&#8221; &#8211; Canal:  Profa Dani Pedroza &#8211; Link: https:\/\/www.youtube.com\/watch?v=H_qYBZKX5C4<\/figcaption><\/figure>\n\n\n\n<p class=\"has-medium-font-size\"><strong>Agora \u00e9 com voc\u00ea, em seu caderno fa\u00e7a uma lista de todos os objetos e instrumentos que podem ser utilizados para verificar as Medidas de Comprimento<\/strong>.<\/p>\n\n\n\n<figure class=\"wp-block-table alignfull\"><table><tbody><tr><td>Saiba Mais \/ Refer\u00eancias:<\/td><td>Conhecendo outras medidas de comprimento: <a href=\"about:blank\">https:\/\/www.youtube.com\/watch?v=HXzOa6t3dNU<\/a><br>Visite o site e saiba mais:&nbsp;<a href=\"about:blank\">https:\/\/www.youtube.com\/watch?v=KMN7iltONvU<\/a><\/td><\/tr><tr><td>Objeto de Conhecimento<\/td><td>Medidas de Comprimento: unidades n\u00e3o padronizadas e padronizadas (metros, cent\u00edmetros e mil\u00edmetros)<\/td><\/tr><tr><td>Componente Curricular<\/td><td>Matem\u00e1tica<\/td><\/tr><tr><td>Habilidades<\/td><td>(EF02MA16-A) Estimar medida de comprimento e comparar com a medida real.(EF02MA16-B) Identificar a rela\u00e7\u00e3o de equival\u00eancia entre unidades diferentes, 1M =, 100 cm, sem regras de transforma\u00e7\u00e3o de unidades.&nbsp;(EF02MA16-C) Estimar, medir e comparar comprimentos de lados de salas, incluindo contorno, e de pol\u00edgonos, utilizando unidades de medida n\u00e3o padronizadas, como palmos, passos e padronizadas, como metro, cent\u00edmetro e mil\u00edmetro, e instrumentos adequados, r\u00e9gua, trena e fita m\u00e9trica, em diferentes contextos, identificando quantas vezes uma unidade de medida cabe no comprimento medido, expresso por n\u00famero e unidade utilizada.&nbsp;<\/td><\/tr><tr><td>Proponentes\/ Professores:<\/td><td>Juc\u00e9lia Soares Correia Rodrigues&nbsp;&nbsp;Thaysa Soares Correia Costa&nbsp;<\/td><\/tr><tr><td>Institui\u00e7\u00e3o Educacional:<\/td><td>Educand\u00e1rio Esp\u00edrita Eur\u00edpedes Barsanulfo&nbsp;<\/td><\/tr><tr><td>CRE:<\/td><td>Brasil Di Ramos Caiado&nbsp;<\/td><\/tr><\/tbody><\/table><\/figure>\n","protected":false},"author":57,"featured_media":130132,"template":"","ef_categoria":[13,19],"ef_ano":[85],"ef_componente":[94],"class_list":["post-130131","ensino_fundamental","type-ensino_fundamental","status-publish","has-post-thumbnail","hentry","ef_categoria-ciclo-da-infancia-abc","ef_categoria-educacao-financeira-e-empreendedorismo","ef_ano-2o-ano","ef_componente-matematica","entry","has-media"],"acf":[],"_links":{"self":[{"href":"https:\/\/sme.goiania.go.gov.br\/conexaoescola\/wp-json\/wp\/v2\/ensino_fundamental\/130131","targetHints":{"allow":["GET"]}}],"collection":[{"href":"https:\/\/sme.goiania.go.gov.br\/conexaoescola\/wp-json\/wp\/v2\/ensino_fundamental"}],"about":[{"href":"https:\/\/sme.goiania.go.gov.br\/conexaoescola\/wp-json\/wp\/v2\/types\/ensino_fundamental"}],"author":[{"embeddable":true,"href":"https:\/\/sme.goiania.go.gov.br\/conexaoescola\/wp-json\/wp\/v2\/users\/57"}],"version-history":[{"count":0,"href":"https:\/\/sme.goiania.go.gov.br\/conexaoescola\/wp-json\/wp\/v2\/ensino_fundamental\/130131\/revisions"}],"wp:featuredmedia":[{"embeddable":true,"href":"https:\/\/sme.goiania.go.gov.br\/conexaoescola\/wp-json\/wp\/v2\/media\/130132"}],"wp:attachment":[{"href":"https:\/\/sme.goiania.go.gov.br\/conexaoescola\/wp-json\/wp\/v2\/media?parent=130131"}],"wp:term":[{"taxonomy":"ef_categoria","embeddable":true,"href":"https:\/\/sme.goiania.go.gov.br\/conexaoescola\/wp-json\/wp\/v2\/ef_categoria?post=130131"},{"taxonomy":"ef_ano","embeddable":true,"href":"https:\/\/sme.goiania.go.gov.br\/conexaoescola\/wp-json\/wp\/v2\/ef_ano?post=130131"},{"taxonomy":"ef_componente","embeddable":true,"href":"https:\/\/sme.goiania.go.gov.br\/conexaoescola\/wp-json\/wp\/v2\/ef_componente?post=130131"}],"curies":[{"name":"wp","href":"https:\/\/api.w.org\/{rel}","templated":true}]}}

Matemática &#8211; Metro

<p class="has-black-color has-vivid-cyan-blue-background-color has-text-color has-background has-medium-font-size">Olá! Hoje você vai aprender sobre as medidas de comprimento. Além disso, descobrirá onde eles se encontram e onde utilizá-los no nosso dia a dia.</p>



<hr class="wp-block-separator"/>



<p class="has-medium-font-size">Leia as atividades e se concentre.</p>



<h2 class="has-pale-pink-background-color has-background wp-block-heading"><strong>Atividade 1</strong></h2>



<p class="has-medium-font-size"><strong>METRO</strong></p>



<p class="has-medium-font-size">A palavra&nbsp;<strong>metro</strong>&nbsp;tem origem no grego métron, que significa&nbsp;<em>“o que mede”</em>.</p>



<p class="has-medium-font-size">O sistema métrico surgiu por volta do ano de 1790. Antes disso, cada povo usava um sistema de unidades diferentes, o que, naturalmente, causava a maior confusão. Por exemplo: o mesmo comprimento era medido em um lugar usando-se jardas e em outro com o uso de palmos.</p>



<p class="has-medium-font-size">O resultado disso tornava praticamente impossível a comunicação entre os povos.</p>



<p class="has-medium-font-size">Disponível em:&nbsp;</p>



<p class="has-medium-font-size"><a href="https://www.colegioweb.com.br/historia-da-matematica/metro.html">https://www.colegioweb.com.br/historia-da-matematica/metro.html</a></p>



<hr class="wp-block-separator"/>



<h2 class="has-pale-pink-background-color has-background wp-block-heading"><strong>Atividade 2&nbsp;</strong></h2>



<p class="has-light-green-cyan-background-color has-background has-medium-font-size">O metro foi criado na França por dois astrônomos, Jean-Baptiste-Joseph Delambre e Pierre-François-André Méchain, que tentaram definir uma medida equivalente a um décimo de milionésimo da distância entre o Pólo Norte e a linha do Equador. Os dois partiram de Paris em 1792 em sentidos diferentes, um para o sul e outro para o norte, com o objetivo de medir a porção do meridiano que ia de Dunquerque a Barcelona (Espanha) e, dessa forma, projetar a distância correta. A missão serviu para padronizar os sistemas de medidas que variavam entre as nações e até dentro dos países &#8211; a França da época chegou a empregar 250 mil unidades de pesos e medidas.</p>



<p class="has-pale-cyan-blue-background-color has-background has-medium-font-size">O desenvolvimento da ciência pediu uma nova definição para o metro. Hoje, ele se refere ao comprimento do trajeto percorrido pela luz no vácuo em um intervalo de tempo de 1/299 792 458 de segundo. Já levantamentos atuais por satélite mostram que Delambre e Méchain erraram por pouco: a distância entre o Pólo e o Equador é de 10.002.290 metros, e não 10 milhões. Ou seja, o metro calculado por eles é cerca de 0,2 milímetro mais curto.</p>



<p class="has-medium-font-size"><strong>Fonte:</strong>&nbsp;&#8220;A Medida de Todas as Coisas&#8221;, de Ken Alder, Editora Record; site do Observatório Nacional (<a href="about:blank">www.on.br</a>)</p>



<p class="has-medium-font-size">Disponível em:&nbsp;</p>



<p class="has-medium-font-size"><a href="about:blank">http://revistagalileu.globo.com/Galileu/0,6993,ECT705278-1716-9,00.html</a></p>



<hr class="wp-block-separator"/>



<h2 class="has-pale-pink-background-color has-background wp-block-heading"><strong>Atividade 3&nbsp;</strong></h2>



<p class="has-medium-font-size">Considerando as discussões anteriores, conheça as Medidas de Comprimento. Acesse o vídeo disponível em:&nbsp;</p>



<figure class="wp-block-embed is-type-video is-provider-youtube wp-block-embed-youtube wp-embed-aspect-16-9 wp-has-aspect-ratio"><div class="wp-block-embed__wrapper">
<p class="responsive-video-wrap clr"><iframe title="Vídeo Aula de Matemática - Medidas de Comprimento" width="1200" height="675" src="https://www.youtube.com/embed/H_qYBZKX5C4?feature=oembed" frameborder="0" allow="accelerometer; autoplay; clipboard-write; encrypted-media; gyroscope; picture-in-picture" allowfullscreen></iframe></p>
</div><figcaption>&#8220;Vídeo Aula de Matemática &#8211; Medidas de Comprimento&#8221; &#8211; Canal:  Profa Dani Pedroza &#8211; Link: https://www.youtube.com/watch?v=H_qYBZKX5C4</figcaption></figure>



<p class="has-medium-font-size"><strong>Agora é com você, em seu caderno faça uma lista de todos os objetos e instrumentos que podem ser utilizados para verificar as Medidas de Comprimento</strong>.</p>



<figure class="wp-block-table alignfull"><table><tbody><tr><td>Saiba Mais / Referências:</td><td>Conhecendo outras medidas de comprimento: <a href="about:blank">https://www.youtube.com/watch?v=HXzOa6t3dNU</a><br>Visite o site e saiba mais:&nbsp;<a href="about:blank">https://www.youtube.com/watch?v=KMN7iltONvU</a></td></tr><tr><td>Objeto de Conhecimento</td><td>Medidas de Comprimento: unidades não padronizadas e padronizadas (metros, centímetros e milímetros)</td></tr><tr><td>Componente Curricular</td><td>Matemática</td></tr><tr><td>Habilidades</td><td>(EF02MA16-A) Estimar medida de comprimento e comparar com a medida real.(EF02MA16-B) Identificar a relação de equivalência entre unidades diferentes, 1M =, 100 cm, sem regras de transformação de unidades.&nbsp;(EF02MA16-C) Estimar, medir e comparar comprimentos de lados de salas, incluindo contorno, e de polígonos, utilizando unidades de medida não padronizadas, como palmos, passos e padronizadas, como metro, centímetro e milímetro, e instrumentos adequados, régua, trena e fita métrica, em diferentes contextos, identificando quantas vezes uma unidade de medida cabe no comprimento medido, expresso por número e unidade utilizada.&nbsp;</td></tr><tr><td>Proponentes/ Professores:</td><td>Jucélia Soares Correia Rodrigues&nbsp;&nbsp;Thaysa Soares Correia Costa&nbsp;</td></tr><tr><td>Instituição Educacional:</td><td>Educandário Espírita Eurípedes Barsanulfo&nbsp;</td></tr><tr><td>CRE:</td><td>Brasil Di Ramos Caiado&nbsp;</td></tr></tbody></table></figure>
