{"id":130110,"date":"2021-08-18T19:00:05","date_gmt":"2021-08-18T22:00:05","guid":{"rendered":"https:\/\/sme.goiania.go.gov.br\/conexaoescola\/?post_type=ensino_fundamental&#038;p=130110"},"modified":"2022-08-12T10:31:23","modified_gmt":"2022-08-12T13:31:23","slug":"ciencias-da-natureza-planeta-terra","status":"publish","type":"ensino_fundamental","link":"https:\/\/sme.goiania.go.gov.br\/conexaoescola\/ensino_fundamental\/ciencias-da-natureza-planeta-terra\/","title":{"rendered":"Ci\u00eancias da Natureza &#8211; Planeta Terra"},"content":{"rendered":"\n<p class=\"has-text-align-center has-black-color has-text-color has-background has-medium-font-size\" style=\"background-color:#dddddd\"><em>Ol\u00e1, educando (a)! Esta videoaula de <\/em><strong><em>Ci\u00eancias da Natureza<\/em><\/strong><em> foi veiculada na TV no dia 18\/08\/2021 <\/em><strong><em>(Quarta-feira)<\/em><\/strong><em>. <\/em><br><em>Aqui no Portal Conex\u00e3o Escola, ela est\u00e1 dispon\u00edvel juntamente com a proposta de atividade.<\/em><\/p>\n\n\n\n<p class=\"has-text-align-center has-black-color has-text-color has-medium-font-size\">OL\u00c1 PEQUENOS CIENTISTAS, ESPERO QUE ESTEJA TUDO BEM. HOJE IREMOS CONHECER UM POUCO MAIS SOBRE&nbsp; NOSSO PLANETA, DESCOBRIR MUITAS CURIOSIDADES. SE SEGURE E VAMOS EMBARCAR NESSA VIAGEM AO CENTRO DA TERRA.<\/p>\n\n\n\n<p class=\"has-text-align-center has-black-color has-text-color has-medium-font-size\"><strong>ASSISTA A VIDEOAULA A SEGUIR<\/strong><\/p>\n\n\n\n<figure class=\"wp-block-embed aligncenter is-type-video is-provider-youtube wp-block-embed-youtube wp-embed-aspect-16-9 wp-has-aspect-ratio\"><div class=\"wp-block-embed__wrapper\">\n<p class=\"responsive-video-wrap clr\"><iframe title=\"Ci\u00eancias  | Turma C |  3 Ano |  Ciclo da Inf\u00e2ncia\" width=\"1200\" height=\"675\" src=\"https:\/\/www.youtube.com\/embed\/iMOLhW3vDQ8?feature=oembed\" frameborder=\"0\" allow=\"accelerometer; autoplay; clipboard-write; encrypted-media; gyroscope; picture-in-picture\" allowfullscreen><\/iframe><\/p>\n<\/div><\/figure>\n\n\n\n<p class=\"has-white-color has-vivid-red-background-color has-text-color has-background has-medium-font-size\"><strong>ATIVIDADE 1<\/strong><\/p>\n\n\n\n<p class=\"has-black-color has-text-color has-medium-font-size\">O QUE FAZ DO PLANETA TERRA, O \u00daNICO PLANETA&nbsp; HABIT\u00c1VEL?&nbsp;<\/p>\n\n\n\n<p class=\"has-text-align-center\"><img fetchpriority=\"high\" decoding=\"async\" src=\"https:\/\/lh3.googleusercontent.com\/QyCnVwmTXIZ1jhxOzpf0hN2FbNVzyrOVidTu8dbK6Tv9Mkze5YPZc_tbQyJe6f8X1HZkSGCiJ4Id9pZsuAm95BvhQfZYICCHj4NsjPXFrmUdgMWV16z_U38f4QY_Iw\" width=\"575\" height=\"575\"><\/p>\n\n\n\n<p class=\"has-white-color has-vivid-red-background-color has-text-color has-background has-medium-font-size\"><strong>ATIVIDADE 2<\/strong><\/p>\n\n\n\n<p class=\"has-black-color has-text-color has-medium-font-size\"><strong>QUE TAL FAZERMOS UM QUIZ? CONVIDE OS FAMILIARES E TENTEM DESCOBRIR AS RESPOSTAS CORRETAS.<\/strong><\/p>\n\n\n\n<p class=\"has-black-color has-text-color has-medium-font-size\">A &#8211; O QUE EST\u00c1 REPRESENTADO, NO GLOBO TERRESTRE E NO PLANISF\u00c9RIO, NA COR AZUL?<\/p>\n\n\n\n<p class=\"has-black-color has-text-color has-medium-font-size\">B &#8211; CITE TR\u00caS ELEMENTOS QUE PODEMOS VER NO PLANISF\u00c9RIO.<\/p>\n\n\n\n<p class=\"has-black-color has-text-color has-medium-font-size\">C &#8211; QUAL DOS MATERIAIS OBSERVADOS (GLOBO TERRESTRE\/PLANISF\u00c9RIO) SE PARECE MAIS COM A REPRESENTA\u00c7\u00c3O REAL DA TERRA?<\/p>\n\n\n\n<p class=\"has-black-color has-text-color has-medium-font-size\">D &#8211; POR QUE A TERRA \u00c9 CONHECIDA COMO PLANETA \u00c1GUA?<\/p>\n\n\n\n<p class=\"has-white-color has-vivid-red-background-color has-text-color has-background has-medium-font-size\"><strong>ATIVIDADE 3<\/strong><\/p>\n\n\n\n<p class=\"has-black-color has-text-color has-medium-font-size\">AGORA VAMOS SABER UM POUCO MAIS SOBRE A ESTRUTURA DA TERRA?&nbsp; ASSISTA AO V\u00cdDEO:<\/p>\n\n\n\n<figure class=\"wp-block-embed aligncenter is-type-video is-provider-youtube wp-block-embed-youtube wp-embed-aspect-16-9 wp-has-aspect-ratio\"><div class=\"wp-block-embed__wrapper\">\n<p class=\"responsive-video-wrap clr\"><iframe title=\"As camadas do Planeta Terra\" width=\"1200\" height=\"675\" src=\"https:\/\/www.youtube.com\/embed\/08BJuLVvuYg?feature=oembed\" frameborder=\"0\" allow=\"accelerometer; autoplay; clipboard-write; encrypted-media; gyroscope; picture-in-picture\" allowfullscreen><\/iframe><\/p>\n<\/div><\/figure>\n\n\n\n<p class=\"has-text-align-center has-black-color has-text-color\" style=\"font-size:12px\">(SITE: <a href=\"http:\/\/www.youtube.com.br\">WWW.YOUTUBE.COM.BR<\/a>, CANAL: APRENDENDO CI\u00caNCIAS COM A DOUTORA MAM\u00c3E, T\u00cdTULO DO V\u00cdDEO:&nbsp; AS CAMADAS DO PLANETA TERRA, ACESSO EM 16 JUNHO 2021).<\/p>\n\n\n\n<p class=\"has-black-color has-text-color has-medium-font-size\">VOC\u00ca J\u00c1 IMAGINOU COMO SERIA A ESTRUTURA DA TERRA ? OU COMO SERIA O CENTRO&nbsp; DA TERRA?<\/p>\n\n\n\n<p class=\"has-black-color has-text-color has-medium-font-size\">AGORA \u00c9 COM VOC\u00ca, EM UMA FOLHA A4 USE A SUA IMAGINA\u00c7\u00c3O, PENSE QUE CONSEGUIU IR EM UMA VIAGEM AO CENTRO DA TERRA E MOSTRE COMO SERIA&nbsp; A ESTRUTURA DA TERRA E O QUE PERCEBEU. O QUE ENCONTROU L\u00c1?&nbsp; ATRAV\u00c9S DE DESENHO OU PRODU\u00c7\u00c3O DE TEXTO RELATE E DEPOIS COMPARTILHE&nbsp; AOS AMIGOS OU FAMILIAR.<\/p>\n\n\n\n<figure class=\"wp-block-table\"><table><tbody><tr><td><strong>Habilidades estruturantes&nbsp;<\/strong><\/td><td>(EF03CI07) Identificar caracter\u00edsticas da Terra (como seu formato esf\u00e9rico, a presen\u00e7a de \u00e1gua, solo etc.), com base na observa\u00e7\u00e3o, manipula\u00e7\u00e3o e compara\u00e7\u00e3o de diferentes formas de representa\u00e7\u00e3o do planeta (mapas, globos, fotografias etc.).&nbsp;<\/td><\/tr><\/tbody><\/table><\/figure>\n\n\n\n<p><\/p>\n","protected":false},"author":49,"featured_media":130112,"template":"","ef_categoria":[13,18],"ef_ano":[86],"ef_componente":[98],"class_list":["post-130110","ensino_fundamental","type-ensino_fundamental","status-publish","has-post-thumbnail","hentry","ef_categoria-ciclo-da-infancia-abc","ef_categoria-educacao-ambiental-e-saude","ef_ano-3o-ano","ef_componente-ciencia-da-natureza-ef","entry","has-media"],"acf":[],"_links":{"self":[{"href":"https:\/\/sme.goiania.go.gov.br\/conexaoescola\/wp-json\/wp\/v2\/ensino_fundamental\/130110","targetHints":{"allow":["GET"]}}],"collection":[{"href":"https:\/\/sme.goiania.go.gov.br\/conexaoescola\/wp-json\/wp\/v2\/ensino_fundamental"}],"about":[{"href":"https:\/\/sme.goiania.go.gov.br\/conexaoescola\/wp-json\/wp\/v2\/types\/ensino_fundamental"}],"author":[{"embeddable":true,"href":"https:\/\/sme.goiania.go.gov.br\/conexaoescola\/wp-json\/wp\/v2\/users\/49"}],"version-history":[{"count":0,"href":"https:\/\/sme.goiania.go.gov.br\/conexaoescola\/wp-json\/wp\/v2\/ensino_fundamental\/130110\/revisions"}],"wp:featuredmedia":[{"embeddable":true,"href":"https:\/\/sme.goiania.go.gov.br\/conexaoescola\/wp-json\/wp\/v2\/media\/130112"}],"wp:attachment":[{"href":"https:\/\/sme.goiania.go.gov.br\/conexaoescola\/wp-json\/wp\/v2\/media?parent=130110"}],"wp:term":[{"taxonomy":"ef_categoria","embeddable":true,"href":"https:\/\/sme.goiania.go.gov.br\/conexaoescola\/wp-json\/wp\/v2\/ef_categoria?post=130110"},{"taxonomy":"ef_ano","embeddable":true,"href":"https:\/\/sme.goiania.go.gov.br\/conexaoescola\/wp-json\/wp\/v2\/ef_ano?post=130110"},{"taxonomy":"ef_componente","embeddable":true,"href":"https:\/\/sme.goiania.go.gov.br\/conexaoescola\/wp-json\/wp\/v2\/ef_componente?post=130110"}],"curies":[{"name":"wp","href":"https:\/\/api.w.org\/{rel}","templated":true}]}}

Ciências da Natureza &#8211; Planeta Terra

<p class="has-text-align-center has-black-color has-text-color has-background has-medium-font-size" style="background-color:#dddddd"><em>Olá, educando (a)! Esta videoaula de </em><strong><em>Ciências da Natureza</em></strong><em> foi veiculada na TV no dia 18/08/2021 </em><strong><em>(Quarta-feira)</em></strong><em>. </em><br><em>Aqui no Portal Conexão Escola, ela está disponível juntamente com a proposta de atividade.</em></p>



<p class="has-text-align-center has-black-color has-text-color has-medium-font-size">OLÁ PEQUENOS CIENTISTAS, ESPERO QUE ESTEJA TUDO BEM. HOJE IREMOS CONHECER UM POUCO MAIS SOBRE&nbsp; NOSSO PLANETA, DESCOBRIR MUITAS CURIOSIDADES. SE SEGURE E VAMOS EMBARCAR NESSA VIAGEM AO CENTRO DA TERRA.</p>



<p class="has-text-align-center has-black-color has-text-color has-medium-font-size"><strong>ASSISTA A VIDEOAULA A SEGUIR</strong></p>



<figure class="wp-block-embed aligncenter is-type-video is-provider-youtube wp-block-embed-youtube wp-embed-aspect-16-9 wp-has-aspect-ratio"><div class="wp-block-embed__wrapper">
<p class="responsive-video-wrap clr"><iframe title="Ciências  | Turma C |  3 Ano |  Ciclo da Infância" width="1200" height="675" src="https://www.youtube.com/embed/iMOLhW3vDQ8?feature=oembed" frameborder="0" allow="accelerometer; autoplay; clipboard-write; encrypted-media; gyroscope; picture-in-picture" allowfullscreen></iframe></p>
</div></figure>



<p class="has-white-color has-vivid-red-background-color has-text-color has-background has-medium-font-size"><strong>ATIVIDADE 1</strong></p>



<p class="has-black-color has-text-color has-medium-font-size">O QUE FAZ DO PLANETA TERRA, O ÚNICO PLANETA&nbsp; HABITÁVEL?&nbsp;</p>



<p class="has-text-align-center"><img fetchpriority="high" decoding="async" src="https://lh3.googleusercontent.com/QyCnVwmTXIZ1jhxOzpf0hN2FbNVzyrOVidTu8dbK6Tv9Mkze5YPZc_tbQyJe6f8X1HZkSGCiJ4Id9pZsuAm95BvhQfZYICCHj4NsjPXFrmUdgMWV16z_U38f4QY_Iw" width="575" height="575"></p>



<p class="has-white-color has-vivid-red-background-color has-text-color has-background has-medium-font-size"><strong>ATIVIDADE 2</strong></p>



<p class="has-black-color has-text-color has-medium-font-size"><strong>QUE TAL FAZERMOS UM QUIZ? CONVIDE OS FAMILIARES E TENTEM DESCOBRIR AS RESPOSTAS CORRETAS.</strong></p>



<p class="has-black-color has-text-color has-medium-font-size">A &#8211; O QUE ESTÁ REPRESENTADO, NO GLOBO TERRESTRE E NO PLANISFÉRIO, NA COR AZUL?</p>



<p class="has-black-color has-text-color has-medium-font-size">B &#8211; CITE TRÊS ELEMENTOS QUE PODEMOS VER NO PLANISFÉRIO.</p>



<p class="has-black-color has-text-color has-medium-font-size">C &#8211; QUAL DOS MATERIAIS OBSERVADOS (GLOBO TERRESTRE/PLANISFÉRIO) SE PARECE MAIS COM A REPRESENTAÇÃO REAL DA TERRA?</p>



<p class="has-black-color has-text-color has-medium-font-size">D &#8211; POR QUE A TERRA É CONHECIDA COMO PLANETA ÁGUA?</p>



<p class="has-white-color has-vivid-red-background-color has-text-color has-background has-medium-font-size"><strong>ATIVIDADE 3</strong></p>



<p class="has-black-color has-text-color has-medium-font-size">AGORA VAMOS SABER UM POUCO MAIS SOBRE A ESTRUTURA DA TERRA?&nbsp; ASSISTA AO VÍDEO:</p>



<figure class="wp-block-embed aligncenter is-type-video is-provider-youtube wp-block-embed-youtube wp-embed-aspect-16-9 wp-has-aspect-ratio"><div class="wp-block-embed__wrapper">
<p class="responsive-video-wrap clr"><iframe title="As camadas do Planeta Terra" width="1200" height="675" src="https://www.youtube.com/embed/08BJuLVvuYg?feature=oembed" frameborder="0" allow="accelerometer; autoplay; clipboard-write; encrypted-media; gyroscope; picture-in-picture" allowfullscreen></iframe></p>
</div></figure>



<p class="has-text-align-center has-black-color has-text-color" style="font-size:12px">(SITE: <a href="http://www.youtube.com.br">WWW.YOUTUBE.COM.BR</a>, CANAL: APRENDENDO CIÊNCIAS COM A DOUTORA MAMÃE, TÍTULO DO VÍDEO:&nbsp; AS CAMADAS DO PLANETA TERRA, ACESSO EM 16 JUNHO 2021).</p>



<p class="has-black-color has-text-color has-medium-font-size">VOCÊ JÁ IMAGINOU COMO SERIA A ESTRUTURA DA TERRA ? OU COMO SERIA O CENTRO&nbsp; DA TERRA?</p>



<p class="has-black-color has-text-color has-medium-font-size">AGORA É COM VOCÊ, EM UMA FOLHA A4 USE A SUA IMAGINAÇÃO, PENSE QUE CONSEGUIU IR EM UMA VIAGEM AO CENTRO DA TERRA E MOSTRE COMO SERIA&nbsp; A ESTRUTURA DA TERRA E O QUE PERCEBEU. O QUE ENCONTROU LÁ?&nbsp; ATRAVÉS DE DESENHO OU PRODUÇÃO DE TEXTO RELATE E DEPOIS COMPARTILHE&nbsp; AOS AMIGOS OU FAMILIAR.</p>



<figure class="wp-block-table"><table><tbody><tr><td><strong>Habilidades estruturantes&nbsp;</strong></td><td>(EF03CI07) Identificar características da Terra (como seu formato esférico, a presença de água, solo etc.), com base na observação, manipulação e comparação de diferentes formas de representação do planeta (mapas, globos, fotografias etc.).&nbsp;</td></tr></tbody></table></figure>



<p></p>
