{"id":130107,"date":"2021-09-14T18:23:00","date_gmt":"2021-09-14T21:23:00","guid":{"rendered":"https:\/\/sme.goiania.go.gov.br\/conexaoescola\/?post_type=ensino_fundamental&#038;p=130107"},"modified":"2021-11-11T09:42:35","modified_gmt":"2021-11-11T11:42:35","slug":"geografia-conhecendo-o-nosso-planeta-terra","status":"publish","type":"ensino_fundamental","link":"https:\/\/sme.goiania.go.gov.br\/conexaoescola\/ensino_fundamental\/geografia-conhecendo-o-nosso-planeta-terra\/","title":{"rendered":"Ci\u00eancias da Natureza &#8211; Conhecendo o nosso planeta Terra"},"content":{"rendered":"\n<p class=\"has-text-align-center has-background has-medium-font-size\" style=\"background-color:#bfd2ff\"><em><span class=\"has-inline-color has-black-color\">Ol\u00e1, educando (a)! Esta videoaula de <\/span><\/em><strong><span class=\"has-inline-color has-black-color\"><em>Ci\u00eancias da Natureza<\/em><\/span><\/strong><em><span class=\"has-inline-color has-black-color\"> foi veiculada na TV no dia 15\/09\/2021 <\/span><\/em><strong><span class=\"has-inline-color has-black-color\"><em>(Quarta-feira)<\/em><\/span><\/strong><em><span class=\"has-inline-color has-black-color\">. Aqui no Portal Conex\u00e3o Escola, ela est\u00e1 dispon\u00edvel juntamente com a proposta de atividade.<\/span><\/em><\/p>\n\n\n\n<div class=\"wp-block-image is-style-rounded\"><figure class=\"aligncenter size-large\"><img fetchpriority=\"high\" decoding=\"async\" width=\"1024\" height=\"546\" src=\"https:\/\/sme.goiania.go.gov.br\/conexaoescola\/wp-content\/uploads\/2021\/08\/earth-1365995_1920-e1629317534508-1024x546.jpg\" alt=\"\" class=\"wp-image-130108\" srcset=\"https:\/\/sme.goiania.go.gov.br\/conexaoescola\/wp-content\/uploads\/2021\/08\/earth-1365995_1920-e1629317534508-1024x546.jpg 1024w, https:\/\/sme.goiania.go.gov.br\/conexaoescola\/wp-content\/uploads\/2021\/08\/earth-1365995_1920-e1629317534508-300x160.jpg 300w, https:\/\/sme.goiania.go.gov.br\/conexaoescola\/wp-content\/uploads\/2021\/08\/earth-1365995_1920-e1629317534508-768x410.jpg 768w, https:\/\/sme.goiania.go.gov.br\/conexaoescola\/wp-content\/uploads\/2021\/08\/earth-1365995_1920-e1629317534508-1536x819.jpg 1536w, https:\/\/sme.goiania.go.gov.br\/conexaoescola\/wp-content\/uploads\/2021\/08\/earth-1365995_1920-e1629317534508.jpg 1920w\" sizes=\"(max-width: 1024px) 100vw, 1024px\" \/><\/figure><\/div>\n\n\n\n<p class=\"has-text-align-center has-white-color has-black-background-color has-text-color has-background has-medium-font-size\">OL\u00c1 PEQUENOS CIENTISTAS, ESPERO QUE ESTEJA TUDO BEM. HOJE IREMOS CONHECER UM POUCO MAIS SOBRE&nbsp; NOSSO PLANETA, DESCOBRIR MUITAS CURIOSIDADES. SE SEGURE E VAMOS EMBARCAR NESSA VIAGEM AO CENTRO DA TERRA.<\/p>\n\n\n\n<p class=\"has-white-color has-text-color has-background has-medium-font-size\" style=\"background-color:#0055ff\"><strong>ATIVIDADE 1<\/strong><\/p>\n\n\n\n<div class=\"wp-block-image is-style-rounded\"><figure class=\"aligncenter\"><img decoding=\"async\" src=\"https:\/\/lh5.googleusercontent.com\/kr-NmD23KrxS_McymJuO_xrFxEPfj_T7finBlajwZc4SjkboMqRyJ-JlhE08K72hn7EOc5nCvNHeJA1NxsQOYi1EBY6gaFFYV4vSEMgF5rigd5AJkjLfY9YPsTL-mA\" alt=\"\"\/><\/figure><\/div>\n\n\n\n<p class=\"has-text-align-center has-black-color has-text-color has-medium-font-size\"><strong>NA IMAGEM ACIMA EST\u00c1 O NOSSO PLANETA TERRA, QUE POR VEZES \u00c9 DESIGNADO COMO MUNDO OU PLANETA AZUL. LAR DE MILH\u00d5ES DE ESP\u00c9CIES DE SERES VIVOS, INCLUINDO OS HUMANOS, A TERRA \u00c9 O \u00daNICO CORPO CELESTE ONDE \u00c9 CONHECIDA A EXIST\u00caNCIA DE VIDA. DE ACORDO COM O QUE APRENDEU NA V\u00cdDEO AULA, CONVIDE UM AMIGO E CONVERSE A RESPEITO DE COMO \u00c9 POSS\u00cdVEL E POR QUE EXISTE VIDA NO PLANETA TERRA? O QUE \u00c9 NECESS\u00c1RIO?<\/strong><\/p>\n\n\n\n<p class=\"has-white-color has-text-color has-background has-medium-font-size\" style=\"background-color:#0026ff\"><strong>ATIVIDADE 2<\/strong><\/p>\n\n\n\n<p class=\"has-black-color has-text-color has-medium-font-size\">AGORA CHEGOU O MOMENTO DE ASSISTIR ESSE V\u00cdDEO E VAMOS CANTAR ESSE RAP?<\/p>\n\n\n\n<figure class=\"wp-block-embed aligncenter is-type-video is-provider-youtube wp-block-embed-youtube wp-embed-aspect-16-9 wp-has-aspect-ratio\"><div class=\"wp-block-embed__wrapper\">\n<p class=\"responsive-video-wrap clr\"><iframe title=\"Voc\u00ea sabe qual \u00e9 o sat\u00e9lite natural do planeta Terra? | Rap da Minhoca\" width=\"1200\" height=\"675\" src=\"https:\/\/www.youtube.com\/embed\/7SkSm_syR0k?feature=oembed\" frameborder=\"0\" allow=\"accelerometer; autoplay; clipboard-write; encrypted-media; gyroscope; picture-in-picture\" allowfullscreen><\/iframe><\/p>\n<\/div><\/figure>\n\n\n\n<p class=\"has-text-align-center\" style=\"font-size:12px\"><strong><span class=\"has-inline-color has-black-color\">(SITE: WWW.YOUTUBE.COM.BR, CANAL: QUINTAL DA CULTURA, T\u00cdTULO DO V\u00cdDEO: VOC\u00ca SABE QUAL \u00c9 O SAT\u00c9LITE NATURAL DO PLANETA TERRA? RAP DA MINHOCA, ACESSO EM 15 AGOSTO DE 2021)<\/span><\/strong><\/p>\n\n\n\n<p class=\"has-white-color has-text-color has-background has-medium-font-size\" style=\"background-color:#0008ff\"><strong>ATIVIDADE 3<\/strong><\/p>\n\n\n\n<p class=\"has-black-color has-text-color has-medium-font-size\">NA VIDEOAULA APRENDEMOS QUE A LUA \u00c9 O SAT\u00c9LITE NATURAL DA TERRA, QUE PODE SER OBSERVADA AO OLHARMOS PARA O C\u00c9U, DE ACORDO COM A LUMINOSIDADE ELA PODE SER CLASSIFICADA EM QUATRO FASES,&nbsp; NO RAP ACIMA&nbsp; PODEMOS PERCEBER ALGUMAS DIFEREN\u00c7AS. PARA ESSA&nbsp; ATIVIDADE VAMOS PRECISAR DE TODO CONHECIMENTO QUE ADQUIRIU E CONVIDE UMA PESSOA PARA OBSERVAR O C\u00c9U. VEJA QUAL FASE A LUA EST\u00c1 HOJE? POR QUE ESCURECE? QUAL MOVIMENTO QUE A TERRA FAZ QUE DURA 24 HORAS? POR QUE TEMOS O DIA E&nbsp; NOITE? COMO ESSE FATO ACONTECE? O QUE \u00c9 MOVIMENTO DE TRANSLA\u00c7\u00c3O? QUE TAL DEBATEREM O ASSUNTO ?<\/p>\n\n\n\n<figure class=\"wp-block-table\"><table><tbody><tr><td><strong><span class=\"has-inline-color has-black-color\">Habilidades estruturantes&nbsp;<\/span><\/strong><\/td><td><span class=\"has-inline-color has-black-color\">(EF03CI07) Identificar caracter\u00edsticas da Terra (como seu formato esf\u00e9rico, a presen\u00e7a de \u00e1gua, solo etc.), com base na observa\u00e7\u00e3o, manipula\u00e7\u00e3o e compara\u00e7\u00e3o de diferentes formas de representa\u00e7\u00e3o do planeta (mapas, globos, fotografias etc.).&nbsp;<br>(EF03CI08) Observar, identificar e registrar os per\u00edodos di\u00e1rios (dia e\/ou noite) em que o Sol, demais estrelas, Lua e planetas est\u00e3o vis\u00edveis no c\u00e9u.<\/span><\/td><\/tr><\/tbody><\/table><\/figure>\n","protected":false},"author":23,"featured_media":130108,"template":"","ef_categoria":[13,18],"ef_ano":[86],"ef_componente":[98],"class_list":["post-130107","ensino_fundamental","type-ensino_fundamental","status-publish","has-post-thumbnail","hentry","ef_categoria-ciclo-da-infancia-abc","ef_categoria-educacao-ambiental-e-saude","ef_ano-3o-ano","ef_componente-ciencia-da-natureza-ef","entry","has-media"],"acf":[],"_links":{"self":[{"href":"https:\/\/sme.goiania.go.gov.br\/conexaoescola\/wp-json\/wp\/v2\/ensino_fundamental\/130107","targetHints":{"allow":["GET"]}}],"collection":[{"href":"https:\/\/sme.goiania.go.gov.br\/conexaoescola\/wp-json\/wp\/v2\/ensino_fundamental"}],"about":[{"href":"https:\/\/sme.goiania.go.gov.br\/conexaoescola\/wp-json\/wp\/v2\/types\/ensino_fundamental"}],"author":[{"embeddable":true,"href":"https:\/\/sme.goiania.go.gov.br\/conexaoescola\/wp-json\/wp\/v2\/users\/23"}],"version-history":[{"count":0,"href":"https:\/\/sme.goiania.go.gov.br\/conexaoescola\/wp-json\/wp\/v2\/ensino_fundamental\/130107\/revisions"}],"wp:featuredmedia":[{"embeddable":true,"href":"https:\/\/sme.goiania.go.gov.br\/conexaoescola\/wp-json\/wp\/v2\/media\/130108"}],"wp:attachment":[{"href":"https:\/\/sme.goiania.go.gov.br\/conexaoescola\/wp-json\/wp\/v2\/media?parent=130107"}],"wp:term":[{"taxonomy":"ef_categoria","embeddable":true,"href":"https:\/\/sme.goiania.go.gov.br\/conexaoescola\/wp-json\/wp\/v2\/ef_categoria?post=130107"},{"taxonomy":"ef_ano","embeddable":true,"href":"https:\/\/sme.goiania.go.gov.br\/conexaoescola\/wp-json\/wp\/v2\/ef_ano?post=130107"},{"taxonomy":"ef_componente","embeddable":true,"href":"https:\/\/sme.goiania.go.gov.br\/conexaoescola\/wp-json\/wp\/v2\/ef_componente?post=130107"}],"curies":[{"name":"wp","href":"https:\/\/api.w.org\/{rel}","templated":true}]}}

Ciências da Natureza &#8211; Conhecendo o nosso planeta Terra

<p class="has-text-align-center has-background has-medium-font-size" style="background-color:#bfd2ff"><em><span class="has-inline-color has-black-color">Olá, educando (a)! Esta videoaula de </span></em><strong><span class="has-inline-color has-black-color"><em>Ciências da Natureza</em></span></strong><em><span class="has-inline-color has-black-color"> foi veiculada na TV no dia 15/09/2021 </span></em><strong><span class="has-inline-color has-black-color"><em>(Quarta-feira)</em></span></strong><em><span class="has-inline-color has-black-color">. Aqui no Portal Conexão Escola, ela está disponível juntamente com a proposta de atividade.</span></em></p>



<div class="wp-block-image is-style-rounded"><figure class="aligncenter size-large"><img fetchpriority="high" decoding="async" width="1024" height="546" src="https://sme.goiania.go.gov.br/conexaoescola/wp-content/uploads/2021/08/earth-1365995_1920-e1629317534508-1024x546.jpg" alt="" class="wp-image-130108" srcset="https://sme.goiania.go.gov.br/conexaoescola/wp-content/uploads/2021/08/earth-1365995_1920-e1629317534508-1024x546.jpg 1024w, https://sme.goiania.go.gov.br/conexaoescola/wp-content/uploads/2021/08/earth-1365995_1920-e1629317534508-300x160.jpg 300w, https://sme.goiania.go.gov.br/conexaoescola/wp-content/uploads/2021/08/earth-1365995_1920-e1629317534508-768x410.jpg 768w, https://sme.goiania.go.gov.br/conexaoescola/wp-content/uploads/2021/08/earth-1365995_1920-e1629317534508-1536x819.jpg 1536w, https://sme.goiania.go.gov.br/conexaoescola/wp-content/uploads/2021/08/earth-1365995_1920-e1629317534508.jpg 1920w" sizes="(max-width: 1024px) 100vw, 1024px" /></figure></div>



<p class="has-text-align-center has-white-color has-black-background-color has-text-color has-background has-medium-font-size">OLÁ PEQUENOS CIENTISTAS, ESPERO QUE ESTEJA TUDO BEM. HOJE IREMOS CONHECER UM POUCO MAIS SOBRE&nbsp; NOSSO PLANETA, DESCOBRIR MUITAS CURIOSIDADES. SE SEGURE E VAMOS EMBARCAR NESSA VIAGEM AO CENTRO DA TERRA.</p>



<p class="has-white-color has-text-color has-background has-medium-font-size" style="background-color:#0055ff"><strong>ATIVIDADE 1</strong></p>



<div class="wp-block-image is-style-rounded"><figure class="aligncenter"><img decoding="async" src="https://lh5.googleusercontent.com/kr-NmD23KrxS_McymJuO_xrFxEPfj_T7finBlajwZc4SjkboMqRyJ-JlhE08K72hn7EOc5nCvNHeJA1NxsQOYi1EBY6gaFFYV4vSEMgF5rigd5AJkjLfY9YPsTL-mA" alt=""/></figure></div>



<p class="has-text-align-center has-black-color has-text-color has-medium-font-size"><strong>NA IMAGEM ACIMA ESTÁ O NOSSO PLANETA TERRA, QUE POR VEZES É DESIGNADO COMO MUNDO OU PLANETA AZUL. LAR DE MILHÕES DE ESPÉCIES DE SERES VIVOS, INCLUINDO OS HUMANOS, A TERRA É O ÚNICO CORPO CELESTE ONDE É CONHECIDA A EXISTÊNCIA DE VIDA. DE ACORDO COM O QUE APRENDEU NA VÍDEO AULA, CONVIDE UM AMIGO E CONVERSE A RESPEITO DE COMO É POSSÍVEL E POR QUE EXISTE VIDA NO PLANETA TERRA? O QUE É NECESSÁRIO?</strong></p>



<p class="has-white-color has-text-color has-background has-medium-font-size" style="background-color:#0026ff"><strong>ATIVIDADE 2</strong></p>



<p class="has-black-color has-text-color has-medium-font-size">AGORA CHEGOU O MOMENTO DE ASSISTIR ESSE VÍDEO E VAMOS CANTAR ESSE RAP?</p>



<figure class="wp-block-embed aligncenter is-type-video is-provider-youtube wp-block-embed-youtube wp-embed-aspect-16-9 wp-has-aspect-ratio"><div class="wp-block-embed__wrapper">
<p class="responsive-video-wrap clr"><iframe title="Você sabe qual é o satélite natural do planeta Terra? | Rap da Minhoca" width="1200" height="675" src="https://www.youtube.com/embed/7SkSm_syR0k?feature=oembed" frameborder="0" allow="accelerometer; autoplay; clipboard-write; encrypted-media; gyroscope; picture-in-picture" allowfullscreen></iframe></p>
</div></figure>



<p class="has-text-align-center" style="font-size:12px"><strong><span class="has-inline-color has-black-color">(SITE: WWW.YOUTUBE.COM.BR, CANAL: QUINTAL DA CULTURA, TÍTULO DO VÍDEO: VOCÊ SABE QUAL É O SATÉLITE NATURAL DO PLANETA TERRA? RAP DA MINHOCA, ACESSO EM 15 AGOSTO DE 2021)</span></strong></p>



<p class="has-white-color has-text-color has-background has-medium-font-size" style="background-color:#0008ff"><strong>ATIVIDADE 3</strong></p>



<p class="has-black-color has-text-color has-medium-font-size">NA VIDEOAULA APRENDEMOS QUE A LUA É O SATÉLITE NATURAL DA TERRA, QUE PODE SER OBSERVADA AO OLHARMOS PARA O CÉU, DE ACORDO COM A LUMINOSIDADE ELA PODE SER CLASSIFICADA EM QUATRO FASES,&nbsp; NO RAP ACIMA&nbsp; PODEMOS PERCEBER ALGUMAS DIFERENÇAS. PARA ESSA&nbsp; ATIVIDADE VAMOS PRECISAR DE TODO CONHECIMENTO QUE ADQUIRIU E CONVIDE UMA PESSOA PARA OBSERVAR O CÉU. VEJA QUAL FASE A LUA ESTÁ HOJE? POR QUE ESCURECE? QUAL MOVIMENTO QUE A TERRA FAZ QUE DURA 24 HORAS? POR QUE TEMOS O DIA E&nbsp; NOITE? COMO ESSE FATO ACONTECE? O QUE É MOVIMENTO DE TRANSLAÇÃO? QUE TAL DEBATEREM O ASSUNTO ?</p>



<figure class="wp-block-table"><table><tbody><tr><td><strong><span class="has-inline-color has-black-color">Habilidades estruturantes&nbsp;</span></strong></td><td><span class="has-inline-color has-black-color">(EF03CI07) Identificar características da Terra (como seu formato esférico, a presença de água, solo etc.), com base na observação, manipulação e comparação de diferentes formas de representação do planeta (mapas, globos, fotografias etc.).&nbsp;<br>(EF03CI08) Observar, identificar e registrar os períodos diários (dia e/ou noite) em que o Sol, demais estrelas, Lua e planetas estão visíveis no céu.</span></td></tr></tbody></table></figure>
