{"id":129828,"date":"2021-08-23T07:00:00","date_gmt":"2021-08-23T10:00:00","guid":{"rendered":"https:\/\/sme.goiania.go.gov.br\/conexaoescola\/?post_type=ensino_fundamental&#038;p=129828"},"modified":"2022-08-12T10:26:45","modified_gmt":"2022-08-12T13:26:45","slug":"a-importancia-da-familia","status":"publish","type":"ensino_fundamental","link":"https:\/\/sme.goiania.go.gov.br\/conexaoescola\/ensino_fundamental\/a-importancia-da-familia\/","title":{"rendered":"HIST\u00d3RIA &#8211; A IMPORT\u00c2NCIA DA FAM\u00cdLIA"},"content":{"rendered":"\n<p class=\"has-drop-cap has-black-color has-luminous-vivid-orange-background-color has-text-color has-background has-medium-font-size\">Querida crian\u00e7a, como vai voc\u00ea!? Esperamos que esteja muito bem! Seguimos com muitas saudades por aqui. Enquanto n\u00e3o podemos nos encontrar fisicamente, vamos continuar com o nosso processo de ensino de forma digital. Pedimos a compreens\u00e3o e dedica\u00e7\u00e3o das fam\u00edlias nesse momento t\u00e3o at\u00edpico das nossas vidas. Nesta aula voc\u00ea vai conhecer um pouco mais sobre os diferentes tipos de constitui\u00e7\u00e3o familiar e a import\u00e2ncia da fam\u00edlia.<\/p>\n\n\n\n<hr class=\"wp-block-separator\"\/>\n\n\n\n<h2 class=\"has-luminous-vivid-amber-background-color has-background wp-block-heading\"><strong>ATIVIDADE 1<\/strong><\/h2>\n\n\n\n<p class=\"has-black-color has-light-green-cyan-background-color has-text-color has-background has-medium-font-size\">Atividade em fam\u00edlia: se poss\u00edvel convidar um adulto respons\u00e1vel para realizar a leitura juntamente com a crian\u00e7a. Leitura e interpreta\u00e7\u00e3o do texto \u201cA minha casa\u201d:<\/p>\n\n\n\n<blockquote class=\"wp-block-quote is-style-large is-layout-flow wp-block-quote-is-layout-flow\"><p>Era uma vez uma fam\u00edlia bem diferente.<br>A m\u00e3e era a mesa, o pai o arm\u00e1rio e as crian\u00e7as as cadeiras.<br>Todos moravam em uma cozinha bem espa\u00e7osa.<br>O pai era s\u00e9rio e protetor, guardava com muito zelo os objetos mais delicados da casa.<br>A m\u00e3e se preocupava com as crian\u00e7as, fazendo quest\u00e3o que elas sempre ficassem ao seu redor. E, estas por sua vez, safadinhas, n\u00e3o paravam quietas.<br>Esta fam\u00edlia vive feliz na casa de outra fam\u00edlia feliz, a minha.<br>(Tomazzo, 1994)<\/p><\/blockquote>\n\n\n\n<p class=\"has-black-color has-pale-pink-background-color has-text-color has-background has-medium-font-size\"><strong>Agora \u00e9 hora de conversar sobre o texto com algu\u00e9m da sua fam\u00edlia:<\/strong><br>A fam\u00edlia representada no texto se parece com a sua fam\u00edlia? Por qu\u00ea?<br>Vamos montar outras fam\u00edlias? Descreva, oralmente, os objetos dos c\u00f4modos abaixo relacionando-os com os membros da sua fam\u00edlia ou de outras fam\u00edlias que voc\u00ea conhe\u00e7a.<br>Veja um exemplo: Fam\u00edlia da garagem: O pai era o carro, a m\u00e3e era a bicicleta e o filho era o patinete. Agora \u00e9 a sua vez! Use sua imagina\u00e7\u00e3o e monte as fam\u00edlias relacionadas abaixo.<br>Fam\u00edlia da sala de estar;<br>Fam\u00edlia do quarto;<br>As fam\u00edlias s\u00e3o todas iguais ou s\u00e3o todas diferentes?<br>A fam\u00edlia \u00e9 um grupo de pessoas que possuem uma rela\u00e7\u00e3o de parentesco ou de amizade e compartilham a mesma casa. As fam\u00edlias s\u00e3o de diferentes tipos e tamanhos, mas o importante \u00e9 que os familiares aprendam juntos a cultivar o respeito, o amor, a colabora\u00e7\u00e3o e a uni\u00e3o.<br>Se voc\u00ea fosse definir a sua fam\u00edlia com uma palavra, qual seria?<\/p>\n\n\n\n<hr class=\"wp-block-separator\"\/>\n\n\n\n<h2 class=\"has-luminous-vivid-amber-background-color has-background wp-block-heading\"><strong>ATIVIDADE 2<\/strong><\/h2>\n\n\n\n<p class=\"has-black-color has-pale-cyan-blue-background-color has-text-color has-background has-medium-font-size\">Vamos assistir a m\u00fasica \u201cFam\u00edlia\u201d de Rita Rameh. Encontre a m\u00fasica no endere\u00e7o virtual: <\/p>\n\n\n\n<figure class=\"wp-block-embed is-type-video is-provider-youtube wp-block-embed-youtube wp-embed-aspect-16-9 wp-has-aspect-ratio\"><div class=\"wp-block-embed__wrapper\">\n<p class=\"responsive-video-wrap clr\"><iframe title=\"FAM\u00cdLIA - Rita Rameh\" width=\"1200\" height=\"675\" src=\"https:\/\/www.youtube.com\/embed\/1qDnRDbzgts?feature=oembed\" frameborder=\"0\" allow=\"accelerometer; autoplay; clipboard-write; encrypted-media; gyroscope; picture-in-picture\" allowfullscreen><\/iframe><\/p>\n<\/div><figcaption>&#8220;FAM\u00cdLIA &#8211; Rita Rameh&#8221; &#8211; Canal: <a href=\"https:\/\/www.youtube.com\/channel\/UCx-g6roHhG_M_HBJguHqUUg\">Professora Eliane Oliver<\/a> &#8211; Link: https:\/\/www.youtube.com\/watch?v=1qDnRDbzgts (acesso em 30\/06\/2020)<\/figcaption><\/figure>\n\n\n\n<p class=\"has-black-color has-pale-pink-background-color has-text-color has-background has-medium-font-size\">Esta m\u00fasica fala dos diferentes tipos de constitui\u00e7\u00e3o familiar e da import\u00e2ncia de termos uma fam\u00edlia. Agora, pegue uma folha de papel e desenhe a sua fam\u00edlia. Depois, com a ajuda de um adulto, escreva os nomes dos membros da sua fam\u00edlia. Use os materiais que tem em casa para deixar o seu desenho bem bonito e colorido.<\/p>\n\n\n\n<hr class=\"wp-block-separator\"\/>\n\n\n\n<h2 class=\"has-luminous-vivid-amber-background-color has-background wp-block-heading\"><strong>ATIVIDADE 3<\/strong><\/h2>\n\n\n\n<p class=\"has-black-color has-pale-cyan-blue-background-color has-text-color has-background has-medium-font-size\">Vamos assistir ao v\u00eddeo do livro:<\/p>\n\n\n\n<figure class=\"wp-block-embed is-type-video is-provider-youtube wp-block-embed-youtube wp-embed-aspect-16-9 wp-has-aspect-ratio\"><div class=\"wp-block-embed__wrapper\">\n<p class=\"responsive-video-wrap clr\"><iframe title=\"O LIVRO DA FAM\u00cdLIA - Video Aula \/Livro\/Hist\u00f3ria\/LivroAudio\/Narra\u00e7\u00e3oHist\u00f3ria\" width=\"1200\" height=\"675\" src=\"https:\/\/www.youtube.com\/embed\/1_J8b_cRGGc?feature=oembed\" frameborder=\"0\" allow=\"accelerometer; autoplay; clipboard-write; encrypted-media; gyroscope; picture-in-picture\" allowfullscreen><\/iframe><\/p>\n<\/div><figcaption>&#8220;O LIVRO DA FAM\u00cdLIA &#8211; Video Aula \/Livro\/Hist\u00f3ria\/LivroAudio\/Narra\u00e7\u00e3oHist\u00f3ria&#8221; &#8211; Canal: <a href=\"https:\/\/www.youtube.com\/channel\/UCsKI3VUh6BoGkfVwlfZ00Bw\">Bisnagas Kids<\/a> &#8211; <br>Link: https:\/\/www.youtube.com\/watch?v=1_J8b_cRGGc (acesso em 30\/06\/2020)<\/figcaption><\/figure>\n\n\n\n<p class=\"has-black-color has-pale-pink-background-color has-text-color has-background has-medium-font-size\">Esta atividade se inicia com a socializa\u00e7\u00e3o do conte\u00fado do livro: \u201cLivro da Fam\u00edlia\u201d de (Todd Parrda editora Panda Books). Nesse livro o autor aborda as diferen\u00e7as existentes entre as fam\u00edlias e assuntos pol\u00eamicos como diferen\u00e7as raciais e culturais, ado\u00e7\u00e3o, casais sem filhos, filhos que moram longe dos pais, crian\u00e7as que moram com padrastos e madrastas ou meios-irm\u00e3os, etc. Depois da leitura, \u00e9 importante que o respons\u00e1vel estabele\u00e7a um di\u00e1logo a respeito do valor da fam\u00edlia para a crian\u00e7a. A atividade dever\u00e1 ser desenvolvida a partir dos conhecimentos que os alunos t\u00eam da estrutura familiar. Deve ser esclarecido que as fam\u00edlias s\u00e3o estruturadas de diferentes formas e que esse conceito tem se ampliando bastante nos \u00faltimos anos, e ainda que, n\u00e3o existe uma estrutura melhor ou pior que as outras. Existem diferentes situa\u00e7\u00f5es, mas, o importante \u00e9 ter uma fam\u00edlia que AME e EDUQUE a crian\u00e7a, independente de como seja a sua forma\u00e7\u00e3o.<\/p>\n\n\n\n<p class=\"has-black-color has-pale-cyan-blue-background-color has-text-color has-background has-medium-font-size\">Agora \u00e9 hora de conversar:<br>O respons\u00e1vel estabelecer\u00e1 um di\u00e1logo com a crian\u00e7a seguindo as quest\u00f5es abaixo:<br>As fam\u00edlias dos seus primos ou at\u00e9 dos seus pr\u00f3prios pais t\u00eam a mesma forma\u00e7\u00e3o que a sua?<br>Que diferen\u00e7as voc\u00ea percebeu?<br>Foi poss\u00edvel observar que existem membros da fam\u00edlia que n\u00e3o moram com os pais? E voc\u00ea? Com quem voc\u00ea mora?<br>Seus pais ou primos t\u00eam padrastos ou madrastas? E voc\u00ea?<br>Seus pais ou primos t\u00eam irm\u00e3os que s\u00e3o filhos s\u00f3 do pai ou s\u00f3 da m\u00e3e? E voc\u00ea?<\/p>\n\n\n\n<hr class=\"wp-block-separator\"\/>\n\n\n\n<h2 class=\"has-luminous-vivid-amber-background-color has-background wp-block-heading\"><strong>ATIVIDADE 4<\/strong><\/h2>\n\n\n\n<p class=\"has-black-color has-pale-pink-background-color has-text-color has-background has-medium-font-size\">Vamos colocar em pr\u00e1tica tudo o que aprendemos sobre fam\u00edlia por meio dos jogos on-line em<strong>: <\/strong><a href=\"about:blank\"><strong>http:\/\/www.escolagames.com.br\/jogos\/arvoreGenealogica\/?deviceType=computer<\/strong><\/a><strong> <\/strong>(acesso em 30\/06\/2020)<\/p>\n\n\n\n<hr class=\"wp-block-separator\"\/>\n\n\n\n<figure class=\"wp-block-table alignfull\"><table><tbody><tr><td>Saiba Mais&nbsp;\/ Refer\u00eancias:<br><\/td><td>A fam\u00edlia \u2013 \u00c1rvore geneal\u00f3gica para crian\u00e7as \u2013 vocabul\u00e1rio \u2013 Pai, m\u00e3e, irm\u00e3o, av\u00f3s, tios&#8230;: <a href=\"about:blank\"><\/a><a href=\"about:blank\">https:\/\/www.youtube.com\/watch?v=pZvhBKdoMAA<\/a> &#8211; (acesso em 30\/06\/2020)<br>As fam\u00edlias do mundinho \u2013 Ingred Biesemeyer Bellinghausen: <a href=\"about:blank\">https:\/\/www.youtube.com\/watch?v=PL8Um-ef-No<\/a> &#8211; (acesso em 30\/06\/2020)<br>Guigo descobre o que \u00e9 fam\u00edlia \u2013 YOUTUBE KIDS: <a href=\"about:blank\"><strong>https:\/\/www.youtube.com\/watch?v=DKhhmncM-8Q<\/strong><\/a><strong> &#8211; (<\/strong>acesso em 30\/06\/2020)<\/td><\/tr><tr><td>Objeto de Conhecimento<\/td><td>As diferentes formas de organiza\u00e7\u00e3o da fam\u00edlia e da comunidade: os v\u00ednculos pessoais e as rela\u00e7\u00f5es de amizade.<\/td><\/tr><tr><td>Componente&nbsp;&nbsp;&nbsp;Curricular<\/td><td>Hist\u00f3ria<\/td><\/tr><tr><td>Habilidades:<br><br><br><\/td><td>(EF01HI06) Conhecer as hist\u00f3rias da fam\u00edlia e da escola e identificar o papel desempenhado por diferentes sujeitos em diferentes espa\u00e7os.<br>(GO-EF01HI06-A) Refletir sobre as diferentes fun\u00e7\u00f5es que as pessoas desempenham na sociedade, fam\u00edlia, comunidade e institui\u00e7\u00e3o escolar, no \u00e2mbito individual e coletivo.<br>(EF01HI07) Identificar mudan\u00e7as e perman\u00eancias nas formas de organiza\u00e7\u00e3o familiar.<br>(GO-EF01HI07-A) Compreender e respeitar a exist\u00eancia de diferentes fam\u00edlias que constituem a sociedade brasileira, no passado e no presente, analisando que a ideia de fam\u00edlia n\u00e3o contempla pessoas apenas do mesmo sangue, mas pessoas que vivem no mesmo domicilio ou constituem um lar, e que essa ideia se modifica no tempo e no espa\u00e7o.<\/td><\/tr><tr><td>Proponentes\/ Professores:<\/td><td>Paulo Victor Soares e S\u00edlvia do S. Mendanha<\/td><\/tr><tr><td>Institui\u00e7\u00e3o Educacional:<\/td><td>Escola Municipal Vitor Hugo Ludwig<\/td><\/tr><tr><td>CRE:<\/td><td>Brasil Di Ramos Caiado<\/td><\/tr><\/tbody><\/table><\/figure>\n","protected":false},"author":20,"featured_media":129833,"template":"","ef_categoria":[13,20],"ef_ano":[84],"ef_componente":[95],"class_list":["post-129828","ensino_fundamental","type-ensino_fundamental","status-publish","has-post-thumbnail","hentry","ef_categoria-ciclo-da-infancia-abc","ef_categoria-etica-e-cidadania","ef_ano-1o-ano","ef_componente-historia","entry","has-media"],"acf":[],"_links":{"self":[{"href":"https:\/\/sme.goiania.go.gov.br\/conexaoescola\/wp-json\/wp\/v2\/ensino_fundamental\/129828","targetHints":{"allow":["GET"]}}],"collection":[{"href":"https:\/\/sme.goiania.go.gov.br\/conexaoescola\/wp-json\/wp\/v2\/ensino_fundamental"}],"about":[{"href":"https:\/\/sme.goiania.go.gov.br\/conexaoescola\/wp-json\/wp\/v2\/types\/ensino_fundamental"}],"author":[{"embeddable":true,"href":"https:\/\/sme.goiania.go.gov.br\/conexaoescola\/wp-json\/wp\/v2\/users\/20"}],"version-history":[{"count":0,"href":"https:\/\/sme.goiania.go.gov.br\/conexaoescola\/wp-json\/wp\/v2\/ensino_fundamental\/129828\/revisions"}],"wp:featuredmedia":[{"embeddable":true,"href":"https:\/\/sme.goiania.go.gov.br\/conexaoescola\/wp-json\/wp\/v2\/media\/129833"}],"wp:attachment":[{"href":"https:\/\/sme.goiania.go.gov.br\/conexaoescola\/wp-json\/wp\/v2\/media?parent=129828"}],"wp:term":[{"taxonomy":"ef_categoria","embeddable":true,"href":"https:\/\/sme.goiania.go.gov.br\/conexaoescola\/wp-json\/wp\/v2\/ef_categoria?post=129828"},{"taxonomy":"ef_ano","embeddable":true,"href":"https:\/\/sme.goiania.go.gov.br\/conexaoescola\/wp-json\/wp\/v2\/ef_ano?post=129828"},{"taxonomy":"ef_componente","embeddable":true,"href":"https:\/\/sme.goiania.go.gov.br\/conexaoescola\/wp-json\/wp\/v2\/ef_componente?post=129828"}],"curies":[{"name":"wp","href":"https:\/\/api.w.org\/{rel}","templated":true}]}}

HISTÓRIA &#8211; A IMPORTÂNCIA DA FAMÍLIA

<p class="has-drop-cap has-black-color has-luminous-vivid-orange-background-color has-text-color has-background has-medium-font-size">Querida criança, como vai você!? Esperamos que esteja muito bem! Seguimos com muitas saudades por aqui. Enquanto não podemos nos encontrar fisicamente, vamos continuar com o nosso processo de ensino de forma digital. Pedimos a compreensão e dedicação das famílias nesse momento tão atípico das nossas vidas. Nesta aula você vai conhecer um pouco mais sobre os diferentes tipos de constituição familiar e a importância da família.</p>



<hr class="wp-block-separator"/>



<h2 class="has-luminous-vivid-amber-background-color has-background wp-block-heading"><strong>ATIVIDADE 1</strong></h2>



<p class="has-black-color has-light-green-cyan-background-color has-text-color has-background has-medium-font-size">Atividade em família: se possível convidar um adulto responsável para realizar a leitura juntamente com a criança. Leitura e interpretação do texto “A minha casa”:</p>



<blockquote class="wp-block-quote is-style-large is-layout-flow wp-block-quote-is-layout-flow"><p>Era uma vez uma família bem diferente.<br>A mãe era a mesa, o pai o armário e as crianças as cadeiras.<br>Todos moravam em uma cozinha bem espaçosa.<br>O pai era sério e protetor, guardava com muito zelo os objetos mais delicados da casa.<br>A mãe se preocupava com as crianças, fazendo questão que elas sempre ficassem ao seu redor. E, estas por sua vez, safadinhas, não paravam quietas.<br>Esta família vive feliz na casa de outra família feliz, a minha.<br>(Tomazzo, 1994)</p></blockquote>



<p class="has-black-color has-pale-pink-background-color has-text-color has-background has-medium-font-size"><strong>Agora é hora de conversar sobre o texto com alguém da sua família:</strong><br>A família representada no texto se parece com a sua família? Por quê?<br>Vamos montar outras famílias? Descreva, oralmente, os objetos dos cômodos abaixo relacionando-os com os membros da sua família ou de outras famílias que você conheça.<br>Veja um exemplo: Família da garagem: O pai era o carro, a mãe era a bicicleta e o filho era o patinete. Agora é a sua vez! Use sua imaginação e monte as famílias relacionadas abaixo.<br>Família da sala de estar;<br>Família do quarto;<br>As famílias são todas iguais ou são todas diferentes?<br>A família é um grupo de pessoas que possuem uma relação de parentesco ou de amizade e compartilham a mesma casa. As famílias são de diferentes tipos e tamanhos, mas o importante é que os familiares aprendam juntos a cultivar o respeito, o amor, a colaboração e a união.<br>Se você fosse definir a sua família com uma palavra, qual seria?</p>



<hr class="wp-block-separator"/>



<h2 class="has-luminous-vivid-amber-background-color has-background wp-block-heading"><strong>ATIVIDADE 2</strong></h2>



<p class="has-black-color has-pale-cyan-blue-background-color has-text-color has-background has-medium-font-size">Vamos assistir a música “Família” de Rita Rameh. Encontre a música no endereço virtual: </p>



<figure class="wp-block-embed is-type-video is-provider-youtube wp-block-embed-youtube wp-embed-aspect-16-9 wp-has-aspect-ratio"><div class="wp-block-embed__wrapper">
<p class="responsive-video-wrap clr"><iframe title="FAMÍLIA - Rita Rameh" width="1200" height="675" src="https://www.youtube.com/embed/1qDnRDbzgts?feature=oembed" frameborder="0" allow="accelerometer; autoplay; clipboard-write; encrypted-media; gyroscope; picture-in-picture" allowfullscreen></iframe></p>
</div><figcaption>&#8220;FAMÍLIA &#8211; Rita Rameh&#8221; &#8211; Canal: <a href="https://www.youtube.com/channel/UCx-g6roHhG_M_HBJguHqUUg">Professora Eliane Oliver</a> &#8211; Link: https://www.youtube.com/watch?v=1qDnRDbzgts (acesso em 30/06/2020)</figcaption></figure>



<p class="has-black-color has-pale-pink-background-color has-text-color has-background has-medium-font-size">Esta música fala dos diferentes tipos de constituição familiar e da importância de termos uma família. Agora, pegue uma folha de papel e desenhe a sua família. Depois, com a ajuda de um adulto, escreva os nomes dos membros da sua família. Use os materiais que tem em casa para deixar o seu desenho bem bonito e colorido.</p>



<hr class="wp-block-separator"/>



<h2 class="has-luminous-vivid-amber-background-color has-background wp-block-heading"><strong>ATIVIDADE 3</strong></h2>



<p class="has-black-color has-pale-cyan-blue-background-color has-text-color has-background has-medium-font-size">Vamos assistir ao vídeo do livro:</p>



<figure class="wp-block-embed is-type-video is-provider-youtube wp-block-embed-youtube wp-embed-aspect-16-9 wp-has-aspect-ratio"><div class="wp-block-embed__wrapper">
<p class="responsive-video-wrap clr"><iframe title="O LIVRO DA FAMÍLIA - Video Aula /Livro/História/LivroAudio/NarraçãoHistória" width="1200" height="675" src="https://www.youtube.com/embed/1_J8b_cRGGc?feature=oembed" frameborder="0" allow="accelerometer; autoplay; clipboard-write; encrypted-media; gyroscope; picture-in-picture" allowfullscreen></iframe></p>
</div><figcaption>&#8220;O LIVRO DA FAMÍLIA &#8211; Video Aula /Livro/História/LivroAudio/NarraçãoHistória&#8221; &#8211; Canal: <a href="https://www.youtube.com/channel/UCsKI3VUh6BoGkfVwlfZ00Bw">Bisnagas Kids</a> &#8211; <br>Link: https://www.youtube.com/watch?v=1_J8b_cRGGc (acesso em 30/06/2020)</figcaption></figure>



<p class="has-black-color has-pale-pink-background-color has-text-color has-background has-medium-font-size">Esta atividade se inicia com a socialização do conteúdo do livro: “Livro da Família” de (Todd Parrda editora Panda Books). Nesse livro o autor aborda as diferenças existentes entre as famílias e assuntos polêmicos como diferenças raciais e culturais, adoção, casais sem filhos, filhos que moram longe dos pais, crianças que moram com padrastos e madrastas ou meios-irmãos, etc. Depois da leitura, é importante que o responsável estabeleça um diálogo a respeito do valor da família para a criança. A atividade deverá ser desenvolvida a partir dos conhecimentos que os alunos têm da estrutura familiar. Deve ser esclarecido que as famílias são estruturadas de diferentes formas e que esse conceito tem se ampliando bastante nos últimos anos, e ainda que, não existe uma estrutura melhor ou pior que as outras. Existem diferentes situações, mas, o importante é ter uma família que AME e EDUQUE a criança, independente de como seja a sua formação.</p>



<p class="has-black-color has-pale-cyan-blue-background-color has-text-color has-background has-medium-font-size">Agora é hora de conversar:<br>O responsável estabelecerá um diálogo com a criança seguindo as questões abaixo:<br>As famílias dos seus primos ou até dos seus próprios pais têm a mesma formação que a sua?<br>Que diferenças você percebeu?<br>Foi possível observar que existem membros da família que não moram com os pais? E você? Com quem você mora?<br>Seus pais ou primos têm padrastos ou madrastas? E você?<br>Seus pais ou primos têm irmãos que são filhos só do pai ou só da mãe? E você?</p>



<hr class="wp-block-separator"/>



<h2 class="has-luminous-vivid-amber-background-color has-background wp-block-heading"><strong>ATIVIDADE 4</strong></h2>



<p class="has-black-color has-pale-pink-background-color has-text-color has-background has-medium-font-size">Vamos colocar em prática tudo o que aprendemos sobre família por meio dos jogos on-line em<strong>: </strong><a href="about:blank"><strong>http://www.escolagames.com.br/jogos/arvoreGenealogica/?deviceType=computer</strong></a><strong> </strong>(acesso em 30/06/2020)</p>



<hr class="wp-block-separator"/>



<figure class="wp-block-table alignfull"><table><tbody><tr><td>Saiba Mais&nbsp;/ Referências:<br></td><td>A família – Árvore genealógica para crianças – vocabulário – Pai, mãe, irmão, avós, tios&#8230;: <a href="about:blank"></a><a href="about:blank">https://www.youtube.com/watch?v=pZvhBKdoMAA</a> &#8211; (acesso em 30/06/2020)<br>As famílias do mundinho – Ingred Biesemeyer Bellinghausen: <a href="about:blank">https://www.youtube.com/watch?v=PL8Um-ef-No</a> &#8211; (acesso em 30/06/2020)<br>Guigo descobre o que é família – YOUTUBE KIDS: <a href="about:blank"><strong>https://www.youtube.com/watch?v=DKhhmncM-8Q</strong></a><strong> &#8211; (</strong>acesso em 30/06/2020)</td></tr><tr><td>Objeto de Conhecimento</td><td>As diferentes formas de organização da família e da comunidade: os vínculos pessoais e as relações de amizade.</td></tr><tr><td>Componente&nbsp;&nbsp;&nbsp;Curricular</td><td>História</td></tr><tr><td>Habilidades:<br><br><br></td><td>(EF01HI06) Conhecer as histórias da família e da escola e identificar o papel desempenhado por diferentes sujeitos em diferentes espaços.<br>(GO-EF01HI06-A) Refletir sobre as diferentes funções que as pessoas desempenham na sociedade, família, comunidade e instituição escolar, no âmbito individual e coletivo.<br>(EF01HI07) Identificar mudanças e permanências nas formas de organização familiar.<br>(GO-EF01HI07-A) Compreender e respeitar a existência de diferentes famílias que constituem a sociedade brasileira, no passado e no presente, analisando que a ideia de família não contempla pessoas apenas do mesmo sangue, mas pessoas que vivem no mesmo domicilio ou constituem um lar, e que essa ideia se modifica no tempo e no espaço.</td></tr><tr><td>Proponentes/ Professores:</td><td>Paulo Victor Soares e Sílvia do S. Mendanha</td></tr><tr><td>Instituição Educacional:</td><td>Escola Municipal Vitor Hugo Ludwig</td></tr><tr><td>CRE:</td><td>Brasil Di Ramos Caiado</td></tr></tbody></table></figure>
