{"id":129749,"date":"2021-08-23T07:00:00","date_gmt":"2021-08-23T10:00:00","guid":{"rendered":"https:\/\/sme.goiania.go.gov.br\/conexaoescola\/?post_type=ensino_fundamental&#038;p=129749"},"modified":"2022-08-12T10:26:08","modified_gmt":"2022-08-12T13:26:08","slug":"ajudando-marli-a-se-localizar","status":"publish","type":"ensino_fundamental","link":"https:\/\/sme.goiania.go.gov.br\/conexaoescola\/ensino_fundamental\/ajudando-marli-a-se-localizar\/","title":{"rendered":"Matem\u00e1tica &#8211; \u201cAjudando Marli a se localizar\u201d"},"content":{"rendered":"\n<p class=\"has-pale-pink-background-color has-background has-medium-font-size\">Ol\u00e1! Hoje voc\u00ea vai conhecer a Marli! Ela ainda \u00e9 nova no bairro e est\u00e1 aprendendo a ler, portanto, n\u00e3o sabe onde ficam os lugares muito bem\u2026Que tal ajud\u00e1-la?<\/p>\n\n\n\n<h2 class=\"has-pale-pink-background-color has-background wp-block-heading\">Atividade 1<\/h2>\n\n\n\n<figure class=\"wp-block-image size-large\"><img fetchpriority=\"high\" decoding=\"async\" width=\"1024\" height=\"768\" src=\"https:\/\/sme.goiania.go.gov.br\/conexaoescola\/wp-content\/uploads\/2021\/08\/3-1-scaled-e1629139314168-1024x768.jpg\" alt=\"\" class=\"wp-image-129752\" srcset=\"https:\/\/sme.goiania.go.gov.br\/conexaoescola\/wp-content\/uploads\/2021\/08\/3-1-scaled-e1629139314168-1024x768.jpg 1024w, https:\/\/sme.goiania.go.gov.br\/conexaoescola\/wp-content\/uploads\/2021\/08\/3-1-scaled-e1629139314168-300x225.jpg 300w, https:\/\/sme.goiania.go.gov.br\/conexaoescola\/wp-content\/uploads\/2021\/08\/3-1-scaled-e1629139314168-768x576.jpg 768w, https:\/\/sme.goiania.go.gov.br\/conexaoescola\/wp-content\/uploads\/2021\/08\/3-1-scaled-e1629139314168-1536x1152.jpg 1536w, https:\/\/sme.goiania.go.gov.br\/conexaoescola\/wp-content\/uploads\/2021\/08\/3-1-scaled-e1629139314168-2048x1536.jpg 2048w\" sizes=\"(max-width: 1024px) 100vw, 1024px\" \/><\/figure>\n\n\n\n<p class=\"has-medium-font-size\">a) Para Marli ir at\u00e9 o supermercado, ela deve ir para o &nbsp;&nbsp;caminho a sua direita ou a sua esquerda? &nbsp;<\/p>\n\n\n\n<p class=\"has-medium-font-size\">b) Para ir at\u00e9 a drogaria, Marli precisa ir a direita ou a esquerda?<\/p>\n\n\n\n<h2 class=\"has-pale-pink-background-color has-background wp-block-heading\">Atividade 2<\/h2>\n\n\n\n<p class=\"has-medium-font-size\">Voc\u00ea est\u00e1 com saudades da sua sala de aula? L\u00facia estava com muita saudade de sua sala e decidiu fazer um desenho de onde cada colega da turma se sentava na sala.<\/p>\n\n\n\n<p class=\"has-medium-font-size\">&nbsp; Veja:<\/p>\n\n\n\n<figure class=\"wp-block-image size-large\"><img decoding=\"async\" width=\"559\" height=\"378\" src=\"https:\/\/sme.goiania.go.gov.br\/conexaoescola\/wp-content\/uploads\/2021\/08\/4-e1629139429509.jpg\" alt=\"\" class=\"wp-image-129754\" srcset=\"https:\/\/sme.goiania.go.gov.br\/conexaoescola\/wp-content\/uploads\/2021\/08\/4-e1629139429509.jpg 559w, https:\/\/sme.goiania.go.gov.br\/conexaoescola\/wp-content\/uploads\/2021\/08\/4-e1629139429509-300x203.jpg 300w\" sizes=\"(max-width: 559px) 100vw, 559px\" \/><\/figure>\n\n\n\n<p class=\"has-medium-font-size\">Agora, responda em seu caderno:<\/p>\n\n\n\n<p class=\"has-medium-font-size\">A) Quem se senta nas carteiras atr\u00e1s de L\u00facia?<\/p>\n\n\n\n<p class=\"has-medium-font-size\">B) Quem est\u00e1&nbsp; na frente de C\u00e9lia?<\/p>\n\n\n\n<p class=\"has-medium-font-size\">C) Quem est\u00e1 entre Marina e F\u00e1bio?<\/p>\n\n\n\n<p class=\"has-medium-font-size\">&nbsp; Continue observando a sala de aula da L\u00facia. Fique atento, porque as perguntas v\u00e3o mudar\u2026<\/p>\n\n\n\n<p class=\"has-medium-font-size\">Observe que tem alguns alunos que est\u00e3o mais pr\u00f3ximos ou mais distantes da mesa da professora e tamb\u00e9m em rela\u00e7\u00e3o ao quadro da sala de aula.<\/p>\n\n\n\n<p class=\"has-medium-font-size\">Observe bem a figura e responda as quest\u00f5es:<\/p>\n\n\n\n<p class=\"has-medium-font-size\">A) Quem est\u00e1 mais pr\u00f3xima da professora: L\u00facia ou C\u00e9lia?<\/p>\n\n\n\n<p class=\"has-medium-font-size\">B) Quem est\u00e1 mais distante do quadro da sala: F\u00e1bio, Saulo ou Reinaldo?<\/p>\n\n\n\n<p class=\"has-medium-font-size\">C) Quem est\u00e1 mais pr\u00f3xima de Ana: Marina ou L\u00facia?<\/p>\n\n\n\n<p class=\"has-medium-font-size\">D) E&nbsp; quem est\u00e1 mais pr\u00f3ximo de Rog\u00e9rio: Ana ou Reinaldo?<\/p>\n\n\n\n<p class=\"has-medium-font-size\">Agora \u00e9 a sua vez! Fa\u00e7a como a L\u00facia! Imagine sua sala de aula, o lugar em que voc\u00ea vai se sentar e os colegas que est\u00e3o perto de voc\u00ea. Utilize a sua criatividade! Pode at\u00e9 inventar o nome dos colegas!<\/p>\n\n\n\n<hr class=\"wp-block-separator\"\/>\n\n\n\n<figure class=\"wp-block-table alignwide is-style-regular\"><table><tbody><tr><td>Proponentes &#8211; Professores<\/td><td>Nat\u00e1lia Jordana<\/td><\/tr><tr><td>Institui\u00e7\u00e3o Educacional<\/td><td>Escola Municipal Lions Clube Bandeirantes<\/td><\/tr><tr><td>CRE<\/td><td>Brasil Di Ramos Caiado<\/td><\/tr><tr><td>Referencias &#8211; Texto elaborado com fins pedag\u00f3gicos.<\/td><td>&nbsp; &nbsp;SILVA, Nat\u00e1lia Jordana Vieira.<strong> Marli caminha pelo bairro.<\/strong> 2021. 1 fotografia. &nbsp;SILVA, Nat\u00e1lia Jordana Vieira.<strong> L\u00facia e sua sala de aula.<\/strong> 2021. 1 fotografia.<\/td><\/tr><\/tbody><\/table><\/figure>\n\n\n\n<hr class=\"wp-block-separator\"\/>\n\n\n\n<figure class=\"wp-block-table is-style-regular\"><table><tbody><tr><td>Cicio da inf\u00e2ncia\/ Ciclo da Adolesc\u00eancia<\/td><td>Ciclo da Inf\u00e2ncia<\/td><\/tr><tr><td>Turma\/agrupamento<\/td><td>C<\/td><\/tr><tr><td>Componente Curricular:<\/td><td>Matem\u00e1tica<\/td><\/tr><tr><td>Cicio da inf\u00e2ncia e adolesc\u00eancia: Habilidade estruturante Habilidades Complementares<br><\/td><td><strong>Habil<\/strong><strong>i<\/strong><strong>dade estruturante:<\/strong> (EF03MA12-B) Descrever e representar, por meio de esbo\u00e7os de trajetos ou utilizando croquis, com ou sem malhas quadriculadas, maquetes e tecnologias digitais, a movimenta\u00e7\u00e3o de pessoas ou de objetos no espa\u00e7o, incluindo mudan\u00e7as de dire\u00e7\u00e3o e sentido, com base em diferentes pontos de refer\u00eancia, em situa\u00e7\u00f5es diversas.<\/td><\/tr><\/tbody><\/table><\/figure>\n","protected":false},"author":57,"featured_media":129750,"template":"","ef_categoria":[13,19],"ef_ano":[86],"ef_componente":[94],"class_list":["post-129749","ensino_fundamental","type-ensino_fundamental","status-publish","has-post-thumbnail","hentry","ef_categoria-ciclo-da-infancia-abc","ef_categoria-educacao-financeira-e-empreendedorismo","ef_ano-3o-ano","ef_componente-matematica","entry","has-media"],"acf":[],"_links":{"self":[{"href":"https:\/\/sme.goiania.go.gov.br\/conexaoescola\/wp-json\/wp\/v2\/ensino_fundamental\/129749","targetHints":{"allow":["GET"]}}],"collection":[{"href":"https:\/\/sme.goiania.go.gov.br\/conexaoescola\/wp-json\/wp\/v2\/ensino_fundamental"}],"about":[{"href":"https:\/\/sme.goiania.go.gov.br\/conexaoescola\/wp-json\/wp\/v2\/types\/ensino_fundamental"}],"author":[{"embeddable":true,"href":"https:\/\/sme.goiania.go.gov.br\/conexaoescola\/wp-json\/wp\/v2\/users\/57"}],"version-history":[{"count":0,"href":"https:\/\/sme.goiania.go.gov.br\/conexaoescola\/wp-json\/wp\/v2\/ensino_fundamental\/129749\/revisions"}],"wp:featuredmedia":[{"embeddable":true,"href":"https:\/\/sme.goiania.go.gov.br\/conexaoescola\/wp-json\/wp\/v2\/media\/129750"}],"wp:attachment":[{"href":"https:\/\/sme.goiania.go.gov.br\/conexaoescola\/wp-json\/wp\/v2\/media?parent=129749"}],"wp:term":[{"taxonomy":"ef_categoria","embeddable":true,"href":"https:\/\/sme.goiania.go.gov.br\/conexaoescola\/wp-json\/wp\/v2\/ef_categoria?post=129749"},{"taxonomy":"ef_ano","embeddable":true,"href":"https:\/\/sme.goiania.go.gov.br\/conexaoescola\/wp-json\/wp\/v2\/ef_ano?post=129749"},{"taxonomy":"ef_componente","embeddable":true,"href":"https:\/\/sme.goiania.go.gov.br\/conexaoescola\/wp-json\/wp\/v2\/ef_componente?post=129749"}],"curies":[{"name":"wp","href":"https:\/\/api.w.org\/{rel}","templated":true}]}}

Matemática &#8211; “Ajudando Marli a se localizar”

<p class="has-pale-pink-background-color has-background has-medium-font-size">Olá! Hoje você vai conhecer a Marli! Ela ainda é nova no bairro e está aprendendo a ler, portanto, não sabe onde ficam os lugares muito bem…Que tal ajudá-la?</p>



<h2 class="has-pale-pink-background-color has-background wp-block-heading">Atividade 1</h2>



<figure class="wp-block-image size-large"><img fetchpriority="high" decoding="async" width="1024" height="768" src="https://sme.goiania.go.gov.br/conexaoescola/wp-content/uploads/2021/08/3-1-scaled-e1629139314168-1024x768.jpg" alt="" class="wp-image-129752" srcset="https://sme.goiania.go.gov.br/conexaoescola/wp-content/uploads/2021/08/3-1-scaled-e1629139314168-1024x768.jpg 1024w, https://sme.goiania.go.gov.br/conexaoescola/wp-content/uploads/2021/08/3-1-scaled-e1629139314168-300x225.jpg 300w, https://sme.goiania.go.gov.br/conexaoescola/wp-content/uploads/2021/08/3-1-scaled-e1629139314168-768x576.jpg 768w, https://sme.goiania.go.gov.br/conexaoescola/wp-content/uploads/2021/08/3-1-scaled-e1629139314168-1536x1152.jpg 1536w, https://sme.goiania.go.gov.br/conexaoescola/wp-content/uploads/2021/08/3-1-scaled-e1629139314168-2048x1536.jpg 2048w" sizes="(max-width: 1024px) 100vw, 1024px" /></figure>



<p class="has-medium-font-size">a) Para Marli ir até o supermercado, ela deve ir para o &nbsp;&nbsp;caminho a sua direita ou a sua esquerda? &nbsp;</p>



<p class="has-medium-font-size">b) Para ir até a drogaria, Marli precisa ir a direita ou a esquerda?</p>



<h2 class="has-pale-pink-background-color has-background wp-block-heading">Atividade 2</h2>



<p class="has-medium-font-size">Você está com saudades da sua sala de aula? Lúcia estava com muita saudade de sua sala e decidiu fazer um desenho de onde cada colega da turma se sentava na sala.</p>



<p class="has-medium-font-size">&nbsp; Veja:</p>



<figure class="wp-block-image size-large"><img decoding="async" width="559" height="378" src="https://sme.goiania.go.gov.br/conexaoescola/wp-content/uploads/2021/08/4-e1629139429509.jpg" alt="" class="wp-image-129754" srcset="https://sme.goiania.go.gov.br/conexaoescola/wp-content/uploads/2021/08/4-e1629139429509.jpg 559w, https://sme.goiania.go.gov.br/conexaoescola/wp-content/uploads/2021/08/4-e1629139429509-300x203.jpg 300w" sizes="(max-width: 559px) 100vw, 559px" /></figure>



<p class="has-medium-font-size">Agora, responda em seu caderno:</p>



<p class="has-medium-font-size">A) Quem se senta nas carteiras atrás de Lúcia?</p>



<p class="has-medium-font-size">B) Quem está&nbsp; na frente de Célia?</p>



<p class="has-medium-font-size">C) Quem está entre Marina e Fábio?</p>



<p class="has-medium-font-size">&nbsp; Continue observando a sala de aula da Lúcia. Fique atento, porque as perguntas vão mudar…</p>



<p class="has-medium-font-size">Observe que tem alguns alunos que estão mais próximos ou mais distantes da mesa da professora e também em relação ao quadro da sala de aula.</p>



<p class="has-medium-font-size">Observe bem a figura e responda as questões:</p>



<p class="has-medium-font-size">A) Quem está mais próxima da professora: Lúcia ou Célia?</p>



<p class="has-medium-font-size">B) Quem está mais distante do quadro da sala: Fábio, Saulo ou Reinaldo?</p>



<p class="has-medium-font-size">C) Quem está mais próxima de Ana: Marina ou Lúcia?</p>



<p class="has-medium-font-size">D) E&nbsp; quem está mais próximo de Rogério: Ana ou Reinaldo?</p>



<p class="has-medium-font-size">Agora é a sua vez! Faça como a Lúcia! Imagine sua sala de aula, o lugar em que você vai se sentar e os colegas que estão perto de você. Utilize a sua criatividade! Pode até inventar o nome dos colegas!</p>



<hr class="wp-block-separator"/>



<figure class="wp-block-table alignwide is-style-regular"><table><tbody><tr><td>Proponentes &#8211; Professores</td><td>Natália Jordana</td></tr><tr><td>Instituição Educacional</td><td>Escola Municipal Lions Clube Bandeirantes</td></tr><tr><td>CRE</td><td>Brasil Di Ramos Caiado</td></tr><tr><td>Referencias &#8211; Texto elaborado com fins pedagógicos.</td><td>&nbsp; &nbsp;SILVA, Natália Jordana Vieira.<strong> Marli caminha pelo bairro.</strong> 2021. 1 fotografia. &nbsp;SILVA, Natália Jordana Vieira.<strong> Lúcia e sua sala de aula.</strong> 2021. 1 fotografia.</td></tr></tbody></table></figure>



<hr class="wp-block-separator"/>



<figure class="wp-block-table is-style-regular"><table><tbody><tr><td>Cicio da infância/ Ciclo da Adolescência</td><td>Ciclo da Infância</td></tr><tr><td>Turma/agrupamento</td><td>C</td></tr><tr><td>Componente Curricular:</td><td>Matemática</td></tr><tr><td>Cicio da infância e adolescência: Habilidade estruturante Habilidades Complementares<br></td><td><strong>Habil</strong><strong>i</strong><strong>dade estruturante:</strong> (EF03MA12-B) Descrever e representar, por meio de esboços de trajetos ou utilizando croquis, com ou sem malhas quadriculadas, maquetes e tecnologias digitais, a movimentação de pessoas ou de objetos no espaço, incluindo mudanças de direção e sentido, com base em diferentes pontos de referência, em situações diversas.</td></tr></tbody></table></figure>
