{"id":129736,"date":"2021-08-23T07:00:00","date_gmt":"2021-08-23T10:00:00","guid":{"rendered":"https:\/\/sme.goiania.go.gov.br\/conexaoescola\/?post_type=ensino_fundamental&#038;p=129736"},"modified":"2021-11-16T16:13:04","modified_gmt":"2021-11-16T18:13:04","slug":"brincadeira-de-faz-de-conta","status":"publish","type":"ensino_fundamental","link":"https:\/\/sme.goiania.go.gov.br\/conexaoescola\/ensino_fundamental\/brincadeira-de-faz-de-conta\/","title":{"rendered":"Educa\u00e7\u00e3o F\u00edsica &#8211; Brincadeira de \u201cfaz de conta\u201d."},"content":{"rendered":"\n<p class=\"has-black-color has-text-color has-background has-medium-font-size\" style=\"background-color:#eea36d\">Ol\u00e1! Isabel estava a brincar de \u201cfaz de conta\u201d com suas bonecas quando de repente, olhe s\u00f3!!<\/p>\n\n\n\n<h2 class=\"has-background wp-block-heading\" style=\"background-color:#eea36d\">Atividade 1<\/h2>\n\n\n\n<p class=\"has-medium-font-size\"><strong><em>\u201cFOI S\u00d3 TUDO IR PARA O CH\u00c3O PARA COME\u00c7AR A CURTI\u00c7\u00c3O<\/em><\/strong> <strong><em>AS BONECAS GANHARAM VIDA E&nbsp; COME\u00c7ARAM A CONVERSAR COM A&nbsp; PEQUENA ISABEL<\/em><\/strong> <strong><em>TAGARELARAM SEM PARAR\u201d<\/em><\/strong><\/p>\n\n\n\n<figure class=\"wp-block-image alignwide size-large\"><img fetchpriority=\"high\" decoding=\"async\" width=\"416\" height=\"354\" src=\"https:\/\/sme.goiania.go.gov.br\/conexaoescola\/wp-content\/uploads\/2021\/08\/hist-e1629134508294.jpg\" alt=\"\" class=\"wp-image-129739\" srcset=\"https:\/\/sme.goiania.go.gov.br\/conexaoescola\/wp-content\/uploads\/2021\/08\/hist-e1629134508294.jpg 416w, https:\/\/sme.goiania.go.gov.br\/conexaoescola\/wp-content\/uploads\/2021\/08\/hist-e1629134508294-300x255.jpg 300w\" sizes=\"(max-width: 416px) 100vw, 416px\" \/><figcaption>(<strong><em>Trecho e imagem retirados do livro \u201cOs brinquedos de Isabel\u201d. Por Liliane Tosta, pg. 14. 2020)<\/em><\/strong><\/figcaption><\/figure>\n\n\n\n<p class=\"has-medium-font-size\"><strong>\u201cO SOL L\u00c1 DO C\u00c9U VENDO A ANIMA\u00c7\u00c3O FICOU ADMIRADO MUITO ENCANTADO COM A MAGIA DO BRINCAR E DECIDIU OS BRINQUEDOS DE ISABEL PEGAR\u201d<\/strong><\/p>\n\n\n\n<figure class=\"wp-block-image alignwide size-large\"><img decoding=\"async\" width=\"467\" height=\"398\" src=\"https:\/\/sme.goiania.go.gov.br\/conexaoescola\/wp-content\/uploads\/2021\/08\/hist1-e1629134748675.jpg\" alt=\"\" class=\"wp-image-129740\" srcset=\"https:\/\/sme.goiania.go.gov.br\/conexaoescola\/wp-content\/uploads\/2021\/08\/hist1-e1629134748675.jpg 467w, https:\/\/sme.goiania.go.gov.br\/conexaoescola\/wp-content\/uploads\/2021\/08\/hist1-e1629134748675-300x256.jpg 300w\" sizes=\"(max-width: 467px) 100vw, 467px\" \/><figcaption><em>(<\/em><strong><em>Trecho e imagem retirados do livro \u201cOs brinquedos de Isabel\u201d. Por Liliane Tosta, pg. 15. 2020)<\/em><\/strong><\/figcaption><\/figure>\n\n\n\n<p class=\"has-medium-font-size\">A brincadeira estava t\u00e3o interessante que o sol tamb\u00e9m quis se divertir. Na verdade quem n\u00e3o gosta de brincar de \u201cfaz de conta\u201d?<\/p>\n\n\n\n<p class=\"has-medium-font-size\">As crian\u00e7as adoram brincar de faz de conta, &#8220;trabalhando&#8221;, sendo um m\u00e9dico dos bichinhos e bonecas, cozinhando deliciosas refei\u00e7\u00f5es imaginarias, salvando o universo e at\u00e9 pilotando naves espaciais. As brincadeiras de faz de conta s\u00e3o uma das primeiras maneiras pelas quais as crian\u00e7as aprendem e colocam em pr\u00e1tica seus gostos, seus interesses e suas habilidades. Al\u00e9m disso, essas brincadeiras fazem com que elas descubram que podem ser qualquer coisa atrav\u00e9s de sua imagina\u00e7\u00e3o: bombeiras, astronautas, bailarinos, cientistas, super-her\u00f3is, vil\u00f5es, fadas e bruxas, e o que mais quiserem ser na brincadeira.<\/p>\n\n\n\n<p class=\"has-medium-font-size\">Ao brincar de faz de conta, tudo pode se transformar! Caixas viram carros e at\u00e9 foguetes, cadeiras viram \u00f4nibus espaciais, bonecas e bonecos viram gente. Querem ver como a Magali e o casc\u00e3o se divertem brincando juntos com seus bonecos? Assista ao v\u00eddeo e confira essa hist\u00f3ria.<\/p>\n\n\n\n<figure class=\"wp-block-embed is-type-video is-provider-youtube wp-block-embed-youtube wp-embed-aspect-16-9 wp-has-aspect-ratio\"><div class=\"wp-block-embed__wrapper\">\n<p class=\"responsive-video-wrap clr\"><iframe title=\"Brincando de boneca | Turma da M\u00f4nica\" width=\"1200\" height=\"675\" src=\"https:\/\/www.youtube.com\/embed\/BtIiBjL43kE?feature=oembed\" frameborder=\"0\" allow=\"accelerometer; autoplay; clipboard-write; encrypted-media; gyroscope; picture-in-picture\" allowfullscreen><\/iframe><\/p>\n<\/div><figcaption>Brincando de boneca | Turma da M\u00f4nica &#8211; Canal: Turma da M\u00f4nica &#8211; <br>Dispon\u00edvel em: https:\/\/www.youtube.com\/watch?v=BtIiBjL43kE<\/figcaption><\/figure>\n\n\n\n<p class=\"has-medium-font-size\">Brincando de imaginar, aprendemos muitas coisas importantes como, organizar uma hist\u00f3ria, interagir com outras pessoas, se comunicar melhor, expor sentimentos e emo\u00e7\u00f5es vividas no dia-a-dia, resolver problemas.&nbsp; Tudo isso \u00e9 muito importante para se desenvolver bem, por isso, brinque muito, brinque sempre!<\/p>\n\n\n\n<hr class=\"wp-block-separator\"\/>\n\n\n\n<h2 class=\"has-background wp-block-heading\" style=\"background-color:#eea36d\">Atividade 2<\/h2>\n\n\n\n<h1 class=\"has-medium-font-size wp-block-heading\">Com certeza voc\u00ea j\u00e1 brincou de faz de conta a\u00ed na sua casa. Agora vamos imaginar desenhando. Quero ver como seria sua hist\u00f3ria se voc\u00ea fosse um super cientista que estava procurando a f\u00f3rmula secreta para encolher, ficando bem pequeninho mesmo. Fa\u00e7a um desenho em seu caderno imaginando essa situa\u00e7\u00e3o, se quiserem escrever a hist\u00f3ria pode tamb\u00e9m. Estou curioso para saber como ser\u00e1 seu desenho.<\/h1>\n\n\n\n<h1 class=\"has-vivid-red-color has-text-color has-medium-font-size wp-block-heading\">Fa\u00e7a no caderno e N\u00c3O se esque\u00e7a de fazer o cabe\u00e7alho corretamente.<em><\/em><\/h1>\n\n\n\n<hr class=\"wp-block-separator\"\/>\n\n\n\n<figure class=\"wp-block-table is-style-regular\"><table><tbody><tr><td>Proponentes &#8211; Professores<\/td><td>Nairo Luiz Faleiros Rocha<\/td><\/tr><tr><td>Institui\u00e7\u00e3o Educacional<\/td><td>Escola Municipal Pedro Gomes de Menezes<\/td><\/tr><tr><td>CRE<\/td><td>Brasil Di Ramos Caiado<\/td><\/tr><\/tbody><\/table><\/figure>\n\n\n\n<hr class=\"wp-block-separator\"\/>\n\n\n\n<figure class=\"wp-block-table is-style-regular\"><table><tbody><tr><td>Cicio da inf\u00e2ncia\/ Ciclo da Adolesc\u00eancia<\/td><td>Ciclo da Inf\u00e2ncia<\/td><\/tr><tr><td>Turma\/agrupamento<\/td><td>C<\/td><\/tr><tr><td>Componente Curricular:<\/td><td>Educa\u00e7\u00e3o F\u00edsica<\/td><\/tr><tr><td>Cicio da inf\u00e2ncia e adolesc\u00eancia: Habilidade estruturante Habilidades Complementares<\/td><td><strong>Habil<\/strong><strong>i<\/strong><strong>dade estruturante:<\/strong><br>(GO-EF03EF01) Experimentar e fruir diferentes brinquedos, brincadeiras e jogos populares do Brasil e do mundo, de diferentes caracter\u00edsticas, principalmente as cooperativas, contemplando os de matrizes ind\u00edgenas e africanas, reconhecendo, respeitando e valorizando a import\u00e2ncia desses no patrim\u00f4nio hist\u00f3rico cultural.<br><\/td><\/tr><\/tbody><\/table><\/figure>\n","protected":false},"author":27,"featured_media":129738,"template":"","ef_categoria":[13,17],"ef_ano":[86],"ef_componente":[97],"class_list":["post-129736","ensino_fundamental","type-ensino_fundamental","status-publish","has-post-thumbnail","hentry","ef_categoria-ciclo-da-infancia-abc","ef_categoria-corpo-e-movimento","ef_ano-3o-ano","ef_componente-educacao-fisica","entry","has-media"],"acf":[],"_links":{"self":[{"href":"https:\/\/sme.goiania.go.gov.br\/conexaoescola\/wp-json\/wp\/v2\/ensino_fundamental\/129736","targetHints":{"allow":["GET"]}}],"collection":[{"href":"https:\/\/sme.goiania.go.gov.br\/conexaoescola\/wp-json\/wp\/v2\/ensino_fundamental"}],"about":[{"href":"https:\/\/sme.goiania.go.gov.br\/conexaoescola\/wp-json\/wp\/v2\/types\/ensino_fundamental"}],"author":[{"embeddable":true,"href":"https:\/\/sme.goiania.go.gov.br\/conexaoescola\/wp-json\/wp\/v2\/users\/27"}],"version-history":[{"count":0,"href":"https:\/\/sme.goiania.go.gov.br\/conexaoescola\/wp-json\/wp\/v2\/ensino_fundamental\/129736\/revisions"}],"wp:featuredmedia":[{"embeddable":true,"href":"https:\/\/sme.goiania.go.gov.br\/conexaoescola\/wp-json\/wp\/v2\/media\/129738"}],"wp:attachment":[{"href":"https:\/\/sme.goiania.go.gov.br\/conexaoescola\/wp-json\/wp\/v2\/media?parent=129736"}],"wp:term":[{"taxonomy":"ef_categoria","embeddable":true,"href":"https:\/\/sme.goiania.go.gov.br\/conexaoescola\/wp-json\/wp\/v2\/ef_categoria?post=129736"},{"taxonomy":"ef_ano","embeddable":true,"href":"https:\/\/sme.goiania.go.gov.br\/conexaoescola\/wp-json\/wp\/v2\/ef_ano?post=129736"},{"taxonomy":"ef_componente","embeddable":true,"href":"https:\/\/sme.goiania.go.gov.br\/conexaoescola\/wp-json\/wp\/v2\/ef_componente?post=129736"}],"curies":[{"name":"wp","href":"https:\/\/api.w.org\/{rel}","templated":true}]}}

Educação Física &#8211; Brincadeira de “faz de conta”.

<p class="has-black-color has-text-color has-background has-medium-font-size" style="background-color:#eea36d">Olá! Isabel estava a brincar de “faz de conta” com suas bonecas quando de repente, olhe só!!</p>



<h2 class="has-background wp-block-heading" style="background-color:#eea36d">Atividade 1</h2>



<p class="has-medium-font-size"><strong><em>“FOI SÓ TUDO IR PARA O CHÃO PARA COMEÇAR A CURTIÇÃO</em></strong> <strong><em>AS BONECAS GANHARAM VIDA E&nbsp; COMEÇARAM A CONVERSAR COM A&nbsp; PEQUENA ISABEL</em></strong> <strong><em>TAGARELARAM SEM PARAR”</em></strong></p>



<figure class="wp-block-image alignwide size-large"><img fetchpriority="high" decoding="async" width="416" height="354" src="https://sme.goiania.go.gov.br/conexaoescola/wp-content/uploads/2021/08/hist-e1629134508294.jpg" alt="" class="wp-image-129739" srcset="https://sme.goiania.go.gov.br/conexaoescola/wp-content/uploads/2021/08/hist-e1629134508294.jpg 416w, https://sme.goiania.go.gov.br/conexaoescola/wp-content/uploads/2021/08/hist-e1629134508294-300x255.jpg 300w" sizes="(max-width: 416px) 100vw, 416px" /><figcaption>(<strong><em>Trecho e imagem retirados do livro “Os brinquedos de Isabel”. Por Liliane Tosta, pg. 14. 2020)</em></strong></figcaption></figure>



<p class="has-medium-font-size"><strong>“O SOL LÁ DO CÉU VENDO A ANIMAÇÃO FICOU ADMIRADO MUITO ENCANTADO COM A MAGIA DO BRINCAR E DECIDIU OS BRINQUEDOS DE ISABEL PEGAR”</strong></p>



<figure class="wp-block-image alignwide size-large"><img decoding="async" width="467" height="398" src="https://sme.goiania.go.gov.br/conexaoescola/wp-content/uploads/2021/08/hist1-e1629134748675.jpg" alt="" class="wp-image-129740" srcset="https://sme.goiania.go.gov.br/conexaoescola/wp-content/uploads/2021/08/hist1-e1629134748675.jpg 467w, https://sme.goiania.go.gov.br/conexaoescola/wp-content/uploads/2021/08/hist1-e1629134748675-300x256.jpg 300w" sizes="(max-width: 467px) 100vw, 467px" /><figcaption><em>(</em><strong><em>Trecho e imagem retirados do livro “Os brinquedos de Isabel”. Por Liliane Tosta, pg. 15. 2020)</em></strong></figcaption></figure>



<p class="has-medium-font-size">A brincadeira estava tão interessante que o sol também quis se divertir. Na verdade quem não gosta de brincar de “faz de conta”?</p>



<p class="has-medium-font-size">As crianças adoram brincar de faz de conta, &#8220;trabalhando&#8221;, sendo um médico dos bichinhos e bonecas, cozinhando deliciosas refeições imaginarias, salvando o universo e até pilotando naves espaciais. As brincadeiras de faz de conta são uma das primeiras maneiras pelas quais as crianças aprendem e colocam em prática seus gostos, seus interesses e suas habilidades. Além disso, essas brincadeiras fazem com que elas descubram que podem ser qualquer coisa através de sua imaginação: bombeiras, astronautas, bailarinos, cientistas, super-heróis, vilões, fadas e bruxas, e o que mais quiserem ser na brincadeira.</p>



<p class="has-medium-font-size">Ao brincar de faz de conta, tudo pode se transformar! Caixas viram carros e até foguetes, cadeiras viram ônibus espaciais, bonecas e bonecos viram gente. Querem ver como a Magali e o cascão se divertem brincando juntos com seus bonecos? Assista ao vídeo e confira essa história.</p>



<figure class="wp-block-embed is-type-video is-provider-youtube wp-block-embed-youtube wp-embed-aspect-16-9 wp-has-aspect-ratio"><div class="wp-block-embed__wrapper">
<p class="responsive-video-wrap clr"><iframe title="Brincando de boneca | Turma da Mônica" width="1200" height="675" src="https://www.youtube.com/embed/BtIiBjL43kE?feature=oembed" frameborder="0" allow="accelerometer; autoplay; clipboard-write; encrypted-media; gyroscope; picture-in-picture" allowfullscreen></iframe></p>
</div><figcaption>Brincando de boneca | Turma da Mônica &#8211; Canal: Turma da Mônica &#8211; <br>Disponível em: https://www.youtube.com/watch?v=BtIiBjL43kE</figcaption></figure>



<p class="has-medium-font-size">Brincando de imaginar, aprendemos muitas coisas importantes como, organizar uma história, interagir com outras pessoas, se comunicar melhor, expor sentimentos e emoções vividas no dia-a-dia, resolver problemas.&nbsp; Tudo isso é muito importante para se desenvolver bem, por isso, brinque muito, brinque sempre!</p>



<hr class="wp-block-separator"/>



<h2 class="has-background wp-block-heading" style="background-color:#eea36d">Atividade 2</h2>



<h1 class="has-medium-font-size wp-block-heading">Com certeza você já brincou de faz de conta aí na sua casa. Agora vamos imaginar desenhando. Quero ver como seria sua história se você fosse um super cientista que estava procurando a fórmula secreta para encolher, ficando bem pequeninho mesmo. Faça um desenho em seu caderno imaginando essa situação, se quiserem escrever a história pode também. Estou curioso para saber como será seu desenho.</h1>



<h1 class="has-vivid-red-color has-text-color has-medium-font-size wp-block-heading">Faça no caderno e NÃO se esqueça de fazer o cabeçalho corretamente.<em></em></h1>



<hr class="wp-block-separator"/>



<figure class="wp-block-table is-style-regular"><table><tbody><tr><td>Proponentes &#8211; Professores</td><td>Nairo Luiz Faleiros Rocha</td></tr><tr><td>Instituição Educacional</td><td>Escola Municipal Pedro Gomes de Menezes</td></tr><tr><td>CRE</td><td>Brasil Di Ramos Caiado</td></tr></tbody></table></figure>



<hr class="wp-block-separator"/>



<figure class="wp-block-table is-style-regular"><table><tbody><tr><td>Cicio da infância/ Ciclo da Adolescência</td><td>Ciclo da Infância</td></tr><tr><td>Turma/agrupamento</td><td>C</td></tr><tr><td>Componente Curricular:</td><td>Educação Física</td></tr><tr><td>Cicio da infância e adolescência: Habilidade estruturante Habilidades Complementares</td><td><strong>Habil</strong><strong>i</strong><strong>dade estruturante:</strong><br>(GO-EF03EF01) Experimentar e fruir diferentes brinquedos, brincadeiras e jogos populares do Brasil e do mundo, de diferentes características, principalmente as cooperativas, contemplando os de matrizes indígenas e africanas, reconhecendo, respeitando e valorizando a importância desses no patrimônio histórico cultural.<br></td></tr></tbody></table></figure>
