{"id":129198,"date":"2021-08-10T14:30:00","date_gmt":"2021-08-10T17:30:00","guid":{"rendered":"https:\/\/sme.goiania.go.gov.br\/conexaoescola\/?post_type=ensino_fundamental&#038;p=129198"},"modified":"2021-11-11T10:07:56","modified_gmt":"2021-11-11T12:07:56","slug":"arvorismo","status":"publish","type":"ensino_fundamental","link":"https:\/\/sme.goiania.go.gov.br\/conexaoescola\/ensino_fundamental\/arvorismo\/","title":{"rendered":"EDUCA\u00c7\u00c3O F\u00cdSICA: Arvorismo"},"content":{"rendered":"\n<hr class=\"wp-block-separator is-style-wide\"\/>\n\n\n\n<p class=\"has-black-color has-text-color has-background\" style=\"background-color:#b4e1fd\"><strong>ARVORISMO <\/strong>\u00c9 uma recente pr\u00e1tica esportiva de aventura. Consiste na travessia de um percurso suspenso entre plataformas montadas nas copas das \u00e1rvores.<\/p>\n\n\n\n<p>&nbsp;&nbsp;&nbsp;&nbsp;&nbsp;&nbsp; E agora que voc\u00ea conhece um pouco mais sobre os esportes de aventura,&nbsp; conhe\u00e7a outra pr\u00e1tica corporal de aventura. Veja as figuras:<\/p>\n\n\n\n<figure class=\"wp-block-gallery columns-2 is-cropped wp-block-gallery-1 is-layout-flex wp-block-gallery-is-layout-flex\"><ul class=\"blocks-gallery-grid\"><li class=\"blocks-gallery-item\"><figure><img fetchpriority=\"high\" decoding=\"async\" width=\"800\" height=\"450\" src=\"https:\/\/sme.goiania.go.gov.br\/conexaoescola\/wp-content\/uploads\/2021\/08\/000Z1S2-e1628614627634.png\" alt=\"\" data-id=\"129201\" data-full-url=\"https:\/\/sme.goiania.go.gov.br\/conexaoescola\/wp-content\/uploads\/2021\/08\/000Z1S2-e1628614627634.png\" data-link=\"https:\/\/sme.goiania.go.gov.br\/conexaoescola\/?attachment_id=129201\" class=\"wp-image-129201\" srcset=\"https:\/\/sme.goiania.go.gov.br\/conexaoescola\/wp-content\/uploads\/2021\/08\/000Z1S2-e1628614627634.png 800w, https:\/\/sme.goiania.go.gov.br\/conexaoescola\/wp-content\/uploads\/2021\/08\/000Z1S2-e1628614627634-300x169.png 300w, https:\/\/sme.goiania.go.gov.br\/conexaoescola\/wp-content\/uploads\/2021\/08\/000Z1S2-e1628614627634-768x432.png 768w\" sizes=\"(max-width: 800px) 100vw, 800px\" \/><\/figure><\/li><li class=\"blocks-gallery-item\"><figure><img decoding=\"async\" width=\"800\" height=\"450\" src=\"https:\/\/sme.goiania.go.gov.br\/conexaoescola\/wp-content\/uploads\/2021\/08\/00045SXC1-e1628614546952.png\" alt=\"\" data-id=\"129199\" data-full-url=\"https:\/\/sme.goiania.go.gov.br\/conexaoescola\/wp-content\/uploads\/2021\/08\/00045SXC1-e1628614546952.png\" data-link=\"https:\/\/sme.goiania.go.gov.br\/conexaoescola\/?attachment_id=129199\" class=\"wp-image-129199\" srcset=\"https:\/\/sme.goiania.go.gov.br\/conexaoescola\/wp-content\/uploads\/2021\/08\/00045SXC1-e1628614546952.png 800w, https:\/\/sme.goiania.go.gov.br\/conexaoescola\/wp-content\/uploads\/2021\/08\/00045SXC1-e1628614546952-300x169.png 300w, https:\/\/sme.goiania.go.gov.br\/conexaoescola\/wp-content\/uploads\/2021\/08\/00045SXC1-e1628614546952-768x432.png 768w\" sizes=\"(max-width: 800px) 100vw, 800px\" \/><\/figure><\/li><\/ul><figcaption class=\"blocks-gallery-caption\">fonte: <a rel=\"noreferrer noopener\" href=\"https:\/\/www.infoescola.com\/esportes\/arvorismo\/\" data-type=\"URL\" data-id=\"https:\/\/www.infoescola.com\/esportes\/arvorismo\/\" target=\"_blank\">link img 1<\/a>, <a rel=\"noreferrer noopener\" href=\"https:\/\/nova-escola-producao.s3.amazonaws.com\/t2ttygKWwM6xfBh7t8dbmYr8wfpxE PqWJnZ7G8RVX4zdwJd5KvXE8dUbHxsA\/ne-282-educacao-fisica-acao-aventura-3.jpeg  https:\/\/zh-cn.facebook.com\/EMLidiaLima\/posts\/1359836857505062\/  https:\/\/escolaboavistauberaba.blogspot.com\/2019\/09\/arvorismo-no-bv.html   http:\/\/empresidentearthurdacostaesilva.blogspot.com\/2010\/09\/projeto-arvorismo.html  https:\/\/www.caminhodaaventura.com.br\/atividade\/atividades-escolares\" data-type=\"URL\" data-id=\"https:\/\/nova-escola-producao.s3.amazonaws.com\/t2ttygKWwM6xfBh7t8dbmYr8wfpxE PqWJnZ7G8RVX4zdwJd5KvXE8dUbHxsA\/ne-282-educacao-fisica-acao-aventura-3.jpeg  https:\/\/zh-cn.facebook.com\/EMLidiaLima\/posts\/1359836857505062\/  https:\/\/escolaboavistauberaba.blogspot.com\/2019\/09\/arvorismo-no-bv.html   http:\/\/empresidentearthurdacostaesilva.blogspot.com\/2010\/09\/projeto-arvorismo.html  https:\/\/www.caminhodaaventura.com.br\/atividade\/atividades-escolares\" target=\"_blank\">link img 2<\/a><\/figcaption><\/figure>\n\n\n\n<div style=\"height:51px\" aria-hidden=\"true\" class=\"wp-block-spacer\"><\/div>\n\n\n\n<p class=\"has-black-color has-pale-cyan-blue-background-color has-text-color has-background has-medium-font-size\">Responda no caderno as quest\u00f5es abaixo:<\/p>\n\n\n\n<p class=\"has-black-color has-text-color has-background\" style=\"background-color:#d7fded\"><strong>1)<\/strong> Partindo dessas gravuras, arrisca falar o nome dessa atividade. Qual \u00e9?<\/p>\n\n\n\n<p class=\"has-black-color has-text-color has-background\" style=\"background-color:#d7fded\"><strong>2)<\/strong> Pesquise o que significa \u201carvorismo\u201d.<\/p>\n\n\n\n<p class=\"has-black-color has-text-color has-background\" style=\"background-color:#d7fded\"><strong>3)<\/strong> Retorne \u00e0s imagens e observe:<\/p>\n\n\n\n<p class=\"has-background\" style=\"background-color:#f0f8ff\"><em>a) <\/em>Que imagens s\u00e3o essas?<\/p>\n\n\n\n<p class=\"has-background\" style=\"background-color:#f0f8ff\"><em>b<\/em>) Tratam do qu\u00ea?<\/p>\n\n\n\n<p class=\"has-black-color has-text-color has-background\" style=\"background-color:#d7fded\"><strong>4<\/strong>) Leia abaixo e descubra:<\/p>\n\n\n\n<p class=\"has-background\" style=\"background-color:#bae0ff\"><strong>ARVORISMO<\/strong><\/p>\n\n\n\n<p>&nbsp;&nbsp;&nbsp;&nbsp;&nbsp;&nbsp;&nbsp;&nbsp; \u00c9 uma recente pr\u00e1tica esportiva de aventura. Consiste na travessia de um percurso suspenso entre plataformas montadas nas copas das \u00e1rvores. Esse percurso \u00e9 preparado de maneira estrat\u00e9gica, utilizando cabos de a\u00e7o e cordas, com o objetivo maior de aumentar o desafio e a adrenalina dos aventureiros. Podem ser necess\u00e1rias tirolesas ou outras formas de superar os obst\u00e1culos que podem ser naturais ou n\u00e3o. N\u00e3o \u00e9 necess\u00e1rio ser atleta para praticar o <strong>ARVORISMO<\/strong>, mas o percurso TEM QUE SER acompanhado por MONITORES ou ADULTOS RESPONS\u00c1VEIS por voc\u00ea, que tenha t\u00e9cnicas adequadas para as pr\u00e1ticas!<\/p>\n\n\n\n<p>&nbsp;&nbsp;&nbsp;&nbsp;&nbsp;&nbsp;&nbsp;&nbsp; Al\u00e9m disso, h\u00e1 todo um aparato de seguran\u00e7a, chamado de kit arvorismo. O kit arvorismo \u00e9 composto por: cabos de seguran\u00e7a, cadeirinha, polia, mosquet\u00e3o e capacete.<\/p>\n\n\n\n<p>5) Responda:<br>a) Voc\u00ea conhecia o arvorismo?<br>b) J\u00e1 praticou ou presenciou algu\u00e9m realizando essa modalidade?<br>c) Acha que seria poss\u00edvel realiz\u00e1-la em nossa escola? Imagine as possibilidades\u2026Os ambientes da escola podem ser adaptados para essa pr\u00e1tica, como pode ser visto na imagem:<\/p>\n\n\n\n<figure class=\"wp-block-image size-large\"><img decoding=\"async\" width=\"800\" height=\"450\" src=\"https:\/\/sme.goiania.go.gov.br\/conexaoescola\/wp-content\/uploads\/2021\/08\/00SSD000V-e1628618761575.png\" alt=\"\" class=\"wp-image-129217\" srcset=\"https:\/\/sme.goiania.go.gov.br\/conexaoescola\/wp-content\/uploads\/2021\/08\/00SSD000V-e1628618761575.png 800w, https:\/\/sme.goiania.go.gov.br\/conexaoescola\/wp-content\/uploads\/2021\/08\/00SSD000V-e1628618761575-300x169.png 300w, https:\/\/sme.goiania.go.gov.br\/conexaoescola\/wp-content\/uploads\/2021\/08\/00SSD000V-e1628618761575-768x432.png 768w\" sizes=\"(max-width: 800px) 100vw, 800px\" \/><figcaption><a href=\"https:\/\/novaescola.org.br\/\" data-type=\"URL\" data-id=\"https:\/\/novaescola.org.br\/\" target=\"_blank\" rel=\"noreferrer noopener\">fonte<\/a><\/figcaption><\/figure>\n\n\n\n<p class=\"has-black-color has-text-color has-background\" style=\"background-color:#dbf1ff\">Nas imagens \u00e9 poss\u00edvel perceber a adapta\u00e7\u00e3o do espa\u00e7o do p\u00e1tio escolar para a realiza\u00e7\u00e3o da travessia pela corda entre as colunas do p\u00e1tio, apresentam uma possibilidade de pr\u00e1tica do arvorismo no ambiente escolar.<\/p>\n\n\n\n<p>d) Escreva 3 ideias de como poderia ser essa pr\u00e1tica: Regras, equipamentos, vestu\u00e1rio, seguran\u00e7a, local da pr\u00e1tica, etc).<br>e) Gostou dessa pr\u00e1tica corporal de aventura?<br>f) Voc\u00ea consegue imaginar alguma pr\u00e1tica apresentada em sua casa?<br>g) Pense junto com seus familiares: quais seriam as principais regras de seguran\u00e7a?<\/p>\n\n\n\n<p class=\"has-white-color has-vivid-purple-background-color has-text-color has-background\">At\u00e9 logo! Em breve, voc\u00ea embarcar\u00e1 em outras aventuras!<\/p>\n\n\n\n<hr class=\"wp-block-separator is-style-wide\"\/>\n\n\n\n<figure class=\"wp-block-table alignfull is-style-stripes\"><table><tbody><tr><td>Proponentes \u2013 Professores<\/td><td>&nbsp;<strong>Anic\u00e9lio Cust\u00f3dio Ferreira e Lara Cristina Cabral<\/strong> &nbsp;<\/td><\/tr><tr><td>Institui\u00e7\u00e3o Educacional:<\/td><td>&nbsp; Escola Municipal Jesu\u00edna de Abreu<\/td><\/tr><tr><td>CRE:<\/td><td>&nbsp;Maria Thom\u00e9 Neto<\/td><\/tr><tr><td>Referenciais \u2013 Texto elaborado com fins pedag\u00f3gicos.<\/td><td>(\u201cArvorismo\u201d \u2013 Infoescola, Dispon\u00edvel em: <a href=\"https:\/\/www.infoescola.com \/esportes\/arvorismo\/\" target=\"_blank\" rel=\"noreferrer noopener\">https:\/\/www.infoescola.com \/esportes\/arvorismo\/<\/a><\/td><\/tr><\/tbody><\/table><\/figure>\n","protected":false},"author":14,"featured_media":130071,"template":"","ef_categoria":[15,27],"ef_ano":[89],"ef_componente":[97],"class_list":["post-129198","ensino_fundamental","type-ensino_fundamental","status-publish","has-post-thumbnail","hentry","ef_categoria-ciclo-da-adolescencia-fg","ef_categoria-corpo-e-movimento-ciclo-da-adolescencia-fg","ef_ano-6o-ano","ef_componente-educacao-fisica","entry","has-media"],"acf":[],"_links":{"self":[{"href":"https:\/\/sme.goiania.go.gov.br\/conexaoescola\/wp-json\/wp\/v2\/ensino_fundamental\/129198","targetHints":{"allow":["GET"]}}],"collection":[{"href":"https:\/\/sme.goiania.go.gov.br\/conexaoescola\/wp-json\/wp\/v2\/ensino_fundamental"}],"about":[{"href":"https:\/\/sme.goiania.go.gov.br\/conexaoescola\/wp-json\/wp\/v2\/types\/ensino_fundamental"}],"author":[{"embeddable":true,"href":"https:\/\/sme.goiania.go.gov.br\/conexaoescola\/wp-json\/wp\/v2\/users\/14"}],"version-history":[{"count":0,"href":"https:\/\/sme.goiania.go.gov.br\/conexaoescola\/wp-json\/wp\/v2\/ensino_fundamental\/129198\/revisions"}],"wp:featuredmedia":[{"embeddable":true,"href":"https:\/\/sme.goiania.go.gov.br\/conexaoescola\/wp-json\/wp\/v2\/media\/130071"}],"wp:attachment":[{"href":"https:\/\/sme.goiania.go.gov.br\/conexaoescola\/wp-json\/wp\/v2\/media?parent=129198"}],"wp:term":[{"taxonomy":"ef_categoria","embeddable":true,"href":"https:\/\/sme.goiania.go.gov.br\/conexaoescola\/wp-json\/wp\/v2\/ef_categoria?post=129198"},{"taxonomy":"ef_ano","embeddable":true,"href":"https:\/\/sme.goiania.go.gov.br\/conexaoescola\/wp-json\/wp\/v2\/ef_ano?post=129198"},{"taxonomy":"ef_componente","embeddable":true,"href":"https:\/\/sme.goiania.go.gov.br\/conexaoescola\/wp-json\/wp\/v2\/ef_componente?post=129198"}],"curies":[{"name":"wp","href":"https:\/\/api.w.org\/{rel}","templated":true}]}}

EDUCAÇÃO FÍSICA: Arvorismo

<hr class="wp-block-separator is-style-wide"/>



<p class="has-black-color has-text-color has-background" style="background-color:#b4e1fd"><strong>ARVORISMO </strong>É uma recente prática esportiva de aventura. Consiste na travessia de um percurso suspenso entre plataformas montadas nas copas das árvores.</p>



<p>&nbsp;&nbsp;&nbsp;&nbsp;&nbsp;&nbsp; E agora que você conhece um pouco mais sobre os esportes de aventura,&nbsp; conheça outra prática corporal de aventura. Veja as figuras:</p>



<figure class="wp-block-gallery columns-2 is-cropped wp-block-gallery-1 is-layout-flex wp-block-gallery-is-layout-flex"><ul class="blocks-gallery-grid"><li class="blocks-gallery-item"><figure><img fetchpriority="high" decoding="async" width="800" height="450" src="https://sme.goiania.go.gov.br/conexaoescola/wp-content/uploads/2021/08/000Z1S2-e1628614627634.png" alt="" data-id="129201" data-full-url="https://sme.goiania.go.gov.br/conexaoescola/wp-content/uploads/2021/08/000Z1S2-e1628614627634.png" data-link="https://sme.goiania.go.gov.br/conexaoescola/?attachment_id=129201" class="wp-image-129201" srcset="https://sme.goiania.go.gov.br/conexaoescola/wp-content/uploads/2021/08/000Z1S2-e1628614627634.png 800w, https://sme.goiania.go.gov.br/conexaoescola/wp-content/uploads/2021/08/000Z1S2-e1628614627634-300x169.png 300w, https://sme.goiania.go.gov.br/conexaoescola/wp-content/uploads/2021/08/000Z1S2-e1628614627634-768x432.png 768w" sizes="(max-width: 800px) 100vw, 800px" /></figure></li><li class="blocks-gallery-item"><figure><img decoding="async" width="800" height="450" src="https://sme.goiania.go.gov.br/conexaoescola/wp-content/uploads/2021/08/00045SXC1-e1628614546952.png" alt="" data-id="129199" data-full-url="https://sme.goiania.go.gov.br/conexaoescola/wp-content/uploads/2021/08/00045SXC1-e1628614546952.png" data-link="https://sme.goiania.go.gov.br/conexaoescola/?attachment_id=129199" class="wp-image-129199" srcset="https://sme.goiania.go.gov.br/conexaoescola/wp-content/uploads/2021/08/00045SXC1-e1628614546952.png 800w, https://sme.goiania.go.gov.br/conexaoescola/wp-content/uploads/2021/08/00045SXC1-e1628614546952-300x169.png 300w, https://sme.goiania.go.gov.br/conexaoescola/wp-content/uploads/2021/08/00045SXC1-e1628614546952-768x432.png 768w" sizes="(max-width: 800px) 100vw, 800px" /></figure></li></ul><figcaption class="blocks-gallery-caption">fonte: <a rel="noreferrer noopener" href="https://www.infoescola.com/esportes/arvorismo/" data-type="URL" data-id="https://www.infoescola.com/esportes/arvorismo/" target="_blank">link img 1</a>, <a rel="noreferrer noopener" href="https://nova-escola-producao.s3.amazonaws.com/t2ttygKWwM6xfBh7t8dbmYr8wfpxE PqWJnZ7G8RVX4zdwJd5KvXE8dUbHxsA/ne-282-educacao-fisica-acao-aventura-3.jpeg  https://zh-cn.facebook.com/EMLidiaLima/posts/1359836857505062/  https://escolaboavistauberaba.blogspot.com/2019/09/arvorismo-no-bv.html   http://empresidentearthurdacostaesilva.blogspot.com/2010/09/projeto-arvorismo.html  https://www.caminhodaaventura.com.br/atividade/atividades-escolares" data-type="URL" data-id="https://nova-escola-producao.s3.amazonaws.com/t2ttygKWwM6xfBh7t8dbmYr8wfpxE PqWJnZ7G8RVX4zdwJd5KvXE8dUbHxsA/ne-282-educacao-fisica-acao-aventura-3.jpeg  https://zh-cn.facebook.com/EMLidiaLima/posts/1359836857505062/  https://escolaboavistauberaba.blogspot.com/2019/09/arvorismo-no-bv.html   http://empresidentearthurdacostaesilva.blogspot.com/2010/09/projeto-arvorismo.html  https://www.caminhodaaventura.com.br/atividade/atividades-escolares" target="_blank">link img 2</a></figcaption></figure>



<div style="height:51px" aria-hidden="true" class="wp-block-spacer"></div>



<p class="has-black-color has-pale-cyan-blue-background-color has-text-color has-background has-medium-font-size">Responda no caderno as questões abaixo:</p>



<p class="has-black-color has-text-color has-background" style="background-color:#d7fded"><strong>1)</strong> Partindo dessas gravuras, arrisca falar o nome dessa atividade. Qual é?</p>



<p class="has-black-color has-text-color has-background" style="background-color:#d7fded"><strong>2)</strong> Pesquise o que significa “arvorismo”.</p>



<p class="has-black-color has-text-color has-background" style="background-color:#d7fded"><strong>3)</strong> Retorne às imagens e observe:</p>



<p class="has-background" style="background-color:#f0f8ff"><em>a) </em>Que imagens são essas?</p>



<p class="has-background" style="background-color:#f0f8ff"><em>b</em>) Tratam do quê?</p>



<p class="has-black-color has-text-color has-background" style="background-color:#d7fded"><strong>4</strong>) Leia abaixo e descubra:</p>



<p class="has-background" style="background-color:#bae0ff"><strong>ARVORISMO</strong></p>



<p>&nbsp;&nbsp;&nbsp;&nbsp;&nbsp;&nbsp;&nbsp;&nbsp; É uma recente prática esportiva de aventura. Consiste na travessia de um percurso suspenso entre plataformas montadas nas copas das árvores. Esse percurso é preparado de maneira estratégica, utilizando cabos de aço e cordas, com o objetivo maior de aumentar o desafio e a adrenalina dos aventureiros. Podem ser necessárias tirolesas ou outras formas de superar os obstáculos que podem ser naturais ou não. Não é necessário ser atleta para praticar o <strong>ARVORISMO</strong>, mas o percurso TEM QUE SER acompanhado por MONITORES ou ADULTOS RESPONSÁVEIS por você, que tenha técnicas adequadas para as práticas!</p>



<p>&nbsp;&nbsp;&nbsp;&nbsp;&nbsp;&nbsp;&nbsp;&nbsp; Além disso, há todo um aparato de segurança, chamado de kit arvorismo. O kit arvorismo é composto por: cabos de segurança, cadeirinha, polia, mosquetão e capacete.</p>



<p>5) Responda:<br>a) Você conhecia o arvorismo?<br>b) Já praticou ou presenciou alguém realizando essa modalidade?<br>c) Acha que seria possível realizá-la em nossa escola? Imagine as possibilidades…Os ambientes da escola podem ser adaptados para essa prática, como pode ser visto na imagem:</p>



<figure class="wp-block-image size-large"><img decoding="async" width="800" height="450" src="https://sme.goiania.go.gov.br/conexaoescola/wp-content/uploads/2021/08/00SSD000V-e1628618761575.png" alt="" class="wp-image-129217" srcset="https://sme.goiania.go.gov.br/conexaoescola/wp-content/uploads/2021/08/00SSD000V-e1628618761575.png 800w, https://sme.goiania.go.gov.br/conexaoescola/wp-content/uploads/2021/08/00SSD000V-e1628618761575-300x169.png 300w, https://sme.goiania.go.gov.br/conexaoescola/wp-content/uploads/2021/08/00SSD000V-e1628618761575-768x432.png 768w" sizes="(max-width: 800px) 100vw, 800px" /><figcaption><a href="https://novaescola.org.br/" data-type="URL" data-id="https://novaescola.org.br/" target="_blank" rel="noreferrer noopener">fonte</a></figcaption></figure>



<p class="has-black-color has-text-color has-background" style="background-color:#dbf1ff">Nas imagens é possível perceber a adaptação do espaço do pátio escolar para a realização da travessia pela corda entre as colunas do pátio, apresentam uma possibilidade de prática do arvorismo no ambiente escolar.</p>



<p>d) Escreva 3 ideias de como poderia ser essa prática: Regras, equipamentos, vestuário, segurança, local da prática, etc).<br>e) Gostou dessa prática corporal de aventura?<br>f) Você consegue imaginar alguma prática apresentada em sua casa?<br>g) Pense junto com seus familiares: quais seriam as principais regras de segurança?</p>



<p class="has-white-color has-vivid-purple-background-color has-text-color has-background">Até logo! Em breve, você embarcará em outras aventuras!</p>



<hr class="wp-block-separator is-style-wide"/>



<figure class="wp-block-table alignfull is-style-stripes"><table><tbody><tr><td>Proponentes – Professores</td><td>&nbsp;<strong>Anicélio Custódio Ferreira e Lara Cristina Cabral</strong> &nbsp;</td></tr><tr><td>Instituição Educacional:</td><td>&nbsp; Escola Municipal Jesuína de Abreu</td></tr><tr><td>CRE:</td><td>&nbsp;Maria Thomé Neto</td></tr><tr><td>Referenciais – Texto elaborado com fins pedagógicos.</td><td>(“Arvorismo” – Infoescola, Disponível em: <a href="https://www.infoescola.com /esportes/arvorismo/" target="_blank" rel="noreferrer noopener">https://www.infoescola.com /esportes/arvorismo/</a></td></tr></tbody></table></figure>
