{"id":129159,"date":"2021-08-10T11:01:13","date_gmt":"2021-08-10T14:01:13","guid":{"rendered":"https:\/\/sme.goiania.go.gov.br\/conexaoescola\/?post_type=ensino_fundamental&#038;p=129159"},"modified":"2021-11-11T12:03:23","modified_gmt":"2021-11-11T14:03:23","slug":"historia-campo-e-cidade-passado-e-presente","status":"publish","type":"ensino_fundamental","link":"https:\/\/sme.goiania.go.gov.br\/conexaoescola\/ensino_fundamental\/historia-campo-e-cidade-passado-e-presente\/","title":{"rendered":"Hist\u00f3ria &#8211; Campo e cidade (passado e presente)"},"content":{"rendered":"\n<p class=\"has-text-align-center has-black-color has-luminous-vivid-amber-background-color has-text-color has-background has-medium-font-size\"><em>Ol\u00e1, educando (a)! Esta videoaula de <\/em><strong><em>Hist\u00f3ria <\/em><\/strong><em>foi veiculada na TV no dia <\/em><strong><em>(Quarta-feira)<\/em><\/strong><em>, 10\/08\/2021. Aqui no Portal Conex\u00e3o Escola, ela est\u00e1 dispon\u00edvel juntamente com a proposta de atividade.<\/em><\/p>\n\n\n\n<figure class=\"wp-block-image size-large\"><img fetchpriority=\"high\" decoding=\"async\" width=\"1024\" height=\"1022\" src=\"https:\/\/sme.goiania.go.gov.br\/conexaoescola\/wp-content\/uploads\/2021\/04\/houses-5572171_1920-e1617645560398-1024x1022.png\" alt=\"\" class=\"wp-image-127021\" srcset=\"https:\/\/sme.goiania.go.gov.br\/conexaoescola\/wp-content\/uploads\/2021\/04\/houses-5572171_1920-e1617645560398-1024x1022.png 1024w, https:\/\/sme.goiania.go.gov.br\/conexaoescola\/wp-content\/uploads\/2021\/04\/houses-5572171_1920-e1617645560398-300x300.png 300w, https:\/\/sme.goiania.go.gov.br\/conexaoescola\/wp-content\/uploads\/2021\/04\/houses-5572171_1920-e1617645560398-150x150.png 150w, https:\/\/sme.goiania.go.gov.br\/conexaoescola\/wp-content\/uploads\/2021\/04\/houses-5572171_1920-e1617645560398-768x767.png 768w, https:\/\/sme.goiania.go.gov.br\/conexaoescola\/wp-content\/uploads\/2021\/04\/houses-5572171_1920-e1617645560398-1536x1534.png 1536w, https:\/\/sme.goiania.go.gov.br\/conexaoescola\/wp-content\/uploads\/2021\/04\/houses-5572171_1920-e1617645560398.png 1920w\" sizes=\"(max-width: 1024px) 100vw, 1024px\" \/><\/figure>\n\n\n\n<p class=\"has-background has-medium-font-size\" style=\"background-color:#d4d4d4\">OL\u00c1 CRIAN\u00c7AS.<\/p>\n\n\n\n<p class=\"has-background has-medium-font-size\" style=\"background-color:#d4d4d4\">ESPERO QUE ESTEJA TUDO BEM. HOJE VAMOS APRENDER A&nbsp; IDENTIFICAR OS MODOS DE VIDA NA CIDADE E NO CAMPO, NO PRESENTE, COMPARANDO-OS COM OS DO PASSADO. SER\u00c1 QUE MUDOU MUITO? OU SER\u00c1 QUE AINDA TEM MUITAS COISAS DO PASSADO PRESENTE EM NOSSAS VIDAS?&nbsp; VOC\u00ca N\u00c3O PODE PERDER, VAMOS L\u00c1?<\/p>\n\n\n\n<p class=\"has-black-color has-luminous-vivid-amber-background-color has-text-color has-background has-medium-font-size\"><strong>ATIVIDADE 1<\/strong><\/p>\n\n\n\n<p class=\"has-black-color has-text-color has-medium-font-size\">NO CAMPO, AS PROPRIEDADES&nbsp; TENDEM A SER MAIORES DO QUE NAS CIDADES. \u00c9 COMUM QUE AS FAM\u00cdLIAS MOREM EM S\u00cdTIOS, CH\u00c1CARAS E FAZENDAS. AS ATIVIDADES COTIDIANAS S\u00c3O UM POUCO DIFERENTES DAQUELAS FEITAS NAS CIDADES. O RELATO A SEGUIR CONTA UM POUCO DESSE DIA A DIA, CONVIDE UM FAMILIAR E LEIAM JUNTOS.<\/p>\n\n\n\n<p class=\"has-black-color has-text-color has-medium-font-size\"><strong>NASCI E ME CRIEI AQUI NO S\u00cdTIO MESMO. A MINHA INF\u00c2NCIA ERA MUITO BOA [&#8230;] BRINCAVA TUDO EM VOLTA DE CASA. [&#8230;] CASA GRANDE, QUE MORAVA MEU PAI, MINHA M\u00c3E, MEU TIO, MINHA TIA, MEU AV\u00d4, MINHA AV\u00d3, MORAVA TUDO JUNTO ALI.[&#8230;] SEMPRE GOSTAVA, MESMO, ERA DE UM CARRINHOZINHO, UM CARRINHO DE PL\u00c1STICO , AI IA EMPURRANDO NO TERREIRO, FAZENDO RASTRINHO NA POEIRA. [&#8230;] O [&#8230;] MEU V\u00d4 IA PARA CIDADE FAZER UM NEG\u00d3CIO, VENDIA UM QUEIJINHO, VENDIA VERDURA, E IA DE CARROCINHA [..]. [..] NA \u00c9POCA TINHA UMAS VAQUINHAS, TIRAVA UM LEITINHO[&#8230;].&nbsp;<\/strong><\/p>\n\n\n\n<p class=\"has-black-color has-text-color has-medium-font-size\"><strong>EU VINHA DA ESCOLA, FAZIA A LI\u00c7\u00c3O, A\u00cd, EU FAZIA UMA COISINHA, REGAVA UMA HORTINHA[&#8230;].<\/strong><\/p>\n\n\n\n<p class=\"has-text-align-center\" style=\"font-size:12px\"><strong>RELATO DE AUGUSTO BLASCHI NETO. MUSEU DA PESSOA, EM 1\u00ba NOV. 2014.<\/strong><br>Dispon\u00edvel em: <a href=\"http:\/\/www.museudapessoa.net\/pt\/conteudo\/historia\/nascido-e-criado-no-sitio-96020\/colecao\/96545\">http:\/\/www.museudapessoa.net\/pt\/conteudo\/historia\/nascido-e-criado-no-sitio-96020\/colecao\/96545<\/a>&gt; acesso em: 13 jan. 2017.<\/p>\n\n\n\n<p class=\"has-text-align-center\"><strong><img decoding=\"async\" src=\"https:\/\/lh3.googleusercontent.com\/h8meOut3utifkso1W_GyEAi0tCqI9cdh-jzD22hv1UdG7syBCr25dlVeE2XUeNKLxmao4dJDyA-GXf-Goq0fGybCxkWDxhEk8WT-GTtn0QjewcEuuj5td1bYp4lmGA\" style=\"width: undefinedpx;\"><\/strong><\/p>\n\n\n\n<p><span class=\"has-inline-color has-black-color\">AP\u00d3S A LEITURA, CONVERSE RESPONDENDO AS QUEST\u00d5ES ABAIXO:<\/span><\/p>\n\n\n\n<ul class=\"wp-block-list\"><li><span class=\"has-inline-color has-black-color\">ESSE RELATO EST\u00c1 CONTANDO A MEM\u00d3RIA DE QUAL FASE DA VIDA DELE?<\/span><\/li><li><span class=\"has-inline-color has-black-color\">SER\u00c1 QUE O CAMPO DO PASSADO \u00c9 IGUAL AO CAMPO NO PRESENTE?<\/span><\/li><li><span class=\"has-inline-color has-black-color\">COMO VOC\u00ca ACREDITA QUE SEJA A INF\u00c2NCIA NO CAMPO HOJE EM DIA?<\/span><\/li><li><span class=\"has-inline-color has-black-color\">ESSE RELATO DA INF\u00c2NCIA DELE SE PARECE COM ALGUMA MEM\u00d3RIA SUA OU DO SEU FAMILIAR?&nbsp;<\/span><\/li><li><span class=\"has-inline-color has-black-color\">QUAL ERA O BRINQUEDO FAVORITO DELE? E O SEU?&nbsp;<\/span><\/li><li><span class=\"has-inline-color has-black-color\">COM O QUE COSTUMA BRINCAR?<\/span><\/li><li><span class=\"has-inline-color has-black-color\">QUAL ERA O TRABALHO REALIZADO PELO AV\u00d4 DELE?<\/span><\/li><li><span class=\"has-inline-color has-black-color\">COMO ERA A MORADIA DO AUGUSTO? SE PARECE COM A SUA? POR QU\u00ca?<\/span><\/li><\/ul>\n\n\n\n<p class=\"has-black-color has-luminous-vivid-amber-background-color has-text-color has-background has-medium-font-size\"><strong>ATIVIDADE 2<\/strong><\/p>\n\n\n\n<p class=\"has-black-color has-text-color has-medium-font-size\">HOJE, NAS CIDADES, H\u00c1 IN\u00daMEROS ESTABELECIMENTOS COMERCIAIS: LIVRARIAS, PAPELARIAS, A\u00c7OUGUES, PADARIAS, FARM\u00c1CIAS, SUPERMERCADOS. H\u00c1 AINDA, OS ESTABELECIMENTOS QUE PRESTAM SERVI\u00c7OS VARIADOS, COMO BANCOS, HOSPITAIS CINEMAS. ENTRE OS TRABALHADORES, H\u00c1 VENDEDORES, PEDREIROS, FARMAC\u00caUTICOS, ENFERMEIROS, M\u00c9DICOS, CABELEIREIROS, ENTRE OUTROS. E NO PASSADO? VOC\u00ca SABE COMO ERAM O COM\u00c9RCIO E OS SERVI\u00c7OS NAS PRIMEIRAS CIDADES BRASILEIRAS?<\/p>\n\n\n\n<p class=\"has-black-color has-text-color has-medium-font-size\">OBSERVE A IMAGEM E RESPONDA AS QUEST\u00d5ES, CONVERSANDO COM UM FAMILIAR:<\/p>\n\n\n\n<p class=\"has-text-align-center\"><img decoding=\"async\" src=\"https:\/\/lh5.googleusercontent.com\/o5K9DlZuiqiEQXFQ-ZD_6ob1np4KeoodgoGnwwzVPhUGOZ2xXH-tvTbmHoP1TK08GAPEQQgttfd6t_0_YLtt_8W_f4Sy-Q2NhzoBOskMSan7sW6UX0_qwvhkoby4Ow\" style=\"width: undefinedpx;\"><\/p>\n\n\n\n<p class=\"has-text-align-center\" style=\"font-size:10px\">Johann Moritz Rugendas. Vendas em Recife, 1930. Gravura. Dispon\u00edvel em Livro Aprender juntos, Hist\u00f3ria 3 ano, SM, S\u00e3o Paulo&nbsp; 6\u00aa edi\u00e7\u00e3o, 2017, p. 47. Acesso em 16 jun.2021.<\/p>\n\n\n\n<ul class=\"has-black-color has-text-color has-medium-font-size wp-block-list\"><li>O QUE AS PESSOAS RETRATADAS EST\u00c3O FAZENDO?<\/li><li>QUAIS TRABALHADORES PODEMOS IDENTIFICAR NA IMAGEM?&nbsp;<\/li><li>O COM\u00c9RCIO \u00c9 IGUAL AO DE HOJE EM DIA?&nbsp;<\/li><li>QUAIS S\u00c3O AS DIFEREN\u00c7AS?<\/li><\/ul>\n\n\n\n<p class=\"has-black-color has-luminous-vivid-amber-background-color has-text-color has-background has-medium-font-size\"><strong>ATIVIDADE 3<\/strong><\/p>\n\n\n\n<p class=\"has-black-color has-text-color has-medium-font-size\">AGORA IMAGINE QUE VOC\u00ca EST\u00c1 VISITANDO O LOCAL RETRATADO POR RUGENDAS, NA MESMA \u00c9POCA QUE FEZ A GRAVURA. COM QUAIS PESSOAS DA IMAGEM VOC\u00ca CONVERSARIA? O QUE VOC\u00ca ESTARIA FAZENDO? POR QU\u00ca?<\/p>\n\n\n\n<figure class=\"wp-block-table\"><table><tbody><tr><td><strong>Habilidade estruturante&nbsp;<\/strong><\/td><td>(EF03HI08) Identificar modos de vida na cidade e no campo no presente, comparando-os com os do passado.<br>(GO-EF03HI08-A) Conhecer os modos de vida da cidade e do campo observando as peculiaridades e as semelhan\u00e7as, em suas culturas e modos de viver, pensar e produzir.&nbsp;<\/td><\/tr><tr><td><strong>Refer\u00eancias:<\/strong><\/td><td>Livro did\u00e1tico: Aprender Juntos 3\u00ba ano , SM, S\u00e3o Paulo 6\u00aa edi\u00e7\u00e3o , 2017, p\u00e1ginas 40 e 47.<\/td><\/tr><\/tbody><\/table><\/figure>\n","protected":false},"author":20,"featured_media":127021,"template":"","ef_categoria":[13,20],"ef_ano":[86],"ef_componente":[95],"class_list":["post-129159","ensino_fundamental","type-ensino_fundamental","status-publish","has-post-thumbnail","hentry","ef_categoria-ciclo-da-infancia-abc","ef_categoria-etica-e-cidadania","ef_ano-3o-ano","ef_componente-historia","entry","has-media"],"acf":[],"_links":{"self":[{"href":"https:\/\/sme.goiania.go.gov.br\/conexaoescola\/wp-json\/wp\/v2\/ensino_fundamental\/129159","targetHints":{"allow":["GET"]}}],"collection":[{"href":"https:\/\/sme.goiania.go.gov.br\/conexaoescola\/wp-json\/wp\/v2\/ensino_fundamental"}],"about":[{"href":"https:\/\/sme.goiania.go.gov.br\/conexaoescola\/wp-json\/wp\/v2\/types\/ensino_fundamental"}],"author":[{"embeddable":true,"href":"https:\/\/sme.goiania.go.gov.br\/conexaoescola\/wp-json\/wp\/v2\/users\/20"}],"version-history":[{"count":0,"href":"https:\/\/sme.goiania.go.gov.br\/conexaoescola\/wp-json\/wp\/v2\/ensino_fundamental\/129159\/revisions"}],"wp:featuredmedia":[{"embeddable":true,"href":"https:\/\/sme.goiania.go.gov.br\/conexaoescola\/wp-json\/wp\/v2\/media\/127021"}],"wp:attachment":[{"href":"https:\/\/sme.goiania.go.gov.br\/conexaoescola\/wp-json\/wp\/v2\/media?parent=129159"}],"wp:term":[{"taxonomy":"ef_categoria","embeddable":true,"href":"https:\/\/sme.goiania.go.gov.br\/conexaoescola\/wp-json\/wp\/v2\/ef_categoria?post=129159"},{"taxonomy":"ef_ano","embeddable":true,"href":"https:\/\/sme.goiania.go.gov.br\/conexaoescola\/wp-json\/wp\/v2\/ef_ano?post=129159"},{"taxonomy":"ef_componente","embeddable":true,"href":"https:\/\/sme.goiania.go.gov.br\/conexaoescola\/wp-json\/wp\/v2\/ef_componente?post=129159"}],"curies":[{"name":"wp","href":"https:\/\/api.w.org\/{rel}","templated":true}]}}

História &#8211; Campo e cidade (passado e presente)

<p class="has-text-align-center has-black-color has-luminous-vivid-amber-background-color has-text-color has-background has-medium-font-size"><em>Olá, educando (a)! Esta videoaula de </em><strong><em>História </em></strong><em>foi veiculada na TV no dia </em><strong><em>(Quarta-feira)</em></strong><em>, 10/08/2021. Aqui no Portal Conexão Escola, ela está disponível juntamente com a proposta de atividade.</em></p>



<figure class="wp-block-image size-large"><img fetchpriority="high" decoding="async" width="1024" height="1022" src="https://sme.goiania.go.gov.br/conexaoescola/wp-content/uploads/2021/04/houses-5572171_1920-e1617645560398-1024x1022.png" alt="" class="wp-image-127021" srcset="https://sme.goiania.go.gov.br/conexaoescola/wp-content/uploads/2021/04/houses-5572171_1920-e1617645560398-1024x1022.png 1024w, https://sme.goiania.go.gov.br/conexaoescola/wp-content/uploads/2021/04/houses-5572171_1920-e1617645560398-300x300.png 300w, https://sme.goiania.go.gov.br/conexaoescola/wp-content/uploads/2021/04/houses-5572171_1920-e1617645560398-150x150.png 150w, https://sme.goiania.go.gov.br/conexaoescola/wp-content/uploads/2021/04/houses-5572171_1920-e1617645560398-768x767.png 768w, https://sme.goiania.go.gov.br/conexaoescola/wp-content/uploads/2021/04/houses-5572171_1920-e1617645560398-1536x1534.png 1536w, https://sme.goiania.go.gov.br/conexaoescola/wp-content/uploads/2021/04/houses-5572171_1920-e1617645560398.png 1920w" sizes="(max-width: 1024px) 100vw, 1024px" /></figure>



<p class="has-background has-medium-font-size" style="background-color:#d4d4d4">OLÁ CRIANÇAS.</p>



<p class="has-background has-medium-font-size" style="background-color:#d4d4d4">ESPERO QUE ESTEJA TUDO BEM. HOJE VAMOS APRENDER A&nbsp; IDENTIFICAR OS MODOS DE VIDA NA CIDADE E NO CAMPO, NO PRESENTE, COMPARANDO-OS COM OS DO PASSADO. SERÁ QUE MUDOU MUITO? OU SERÁ QUE AINDA TEM MUITAS COISAS DO PASSADO PRESENTE EM NOSSAS VIDAS?&nbsp; VOCÊ NÃO PODE PERDER, VAMOS LÁ?</p>



<p class="has-black-color has-luminous-vivid-amber-background-color has-text-color has-background has-medium-font-size"><strong>ATIVIDADE 1</strong></p>



<p class="has-black-color has-text-color has-medium-font-size">NO CAMPO, AS PROPRIEDADES&nbsp; TENDEM A SER MAIORES DO QUE NAS CIDADES. É COMUM QUE AS FAMÍLIAS MOREM EM SÍTIOS, CHÁCARAS E FAZENDAS. AS ATIVIDADES COTIDIANAS SÃO UM POUCO DIFERENTES DAQUELAS FEITAS NAS CIDADES. O RELATO A SEGUIR CONTA UM POUCO DESSE DIA A DIA, CONVIDE UM FAMILIAR E LEIAM JUNTOS.</p>



<p class="has-black-color has-text-color has-medium-font-size"><strong>NASCI E ME CRIEI AQUI NO SÍTIO MESMO. A MINHA INFÂNCIA ERA MUITO BOA [&#8230;] BRINCAVA TUDO EM VOLTA DE CASA. [&#8230;] CASA GRANDE, QUE MORAVA MEU PAI, MINHA MÃE, MEU TIO, MINHA TIA, MEU AVÔ, MINHA AVÓ, MORAVA TUDO JUNTO ALI.[&#8230;] SEMPRE GOSTAVA, MESMO, ERA DE UM CARRINHOZINHO, UM CARRINHO DE PLÁSTICO , AI IA EMPURRANDO NO TERREIRO, FAZENDO RASTRINHO NA POEIRA. [&#8230;] O [&#8230;] MEU VÔ IA PARA CIDADE FAZER UM NEGÓCIO, VENDIA UM QUEIJINHO, VENDIA VERDURA, E IA DE CARROCINHA [..]. [..] NA ÉPOCA TINHA UMAS VAQUINHAS, TIRAVA UM LEITINHO[&#8230;].&nbsp;</strong></p>



<p class="has-black-color has-text-color has-medium-font-size"><strong>EU VINHA DA ESCOLA, FAZIA A LIÇÃO, AÍ, EU FAZIA UMA COISINHA, REGAVA UMA HORTINHA[&#8230;].</strong></p>



<p class="has-text-align-center" style="font-size:12px"><strong>RELATO DE AUGUSTO BLASCHI NETO. MUSEU DA PESSOA, EM 1º NOV. 2014.</strong><br>Disponível em: <a href="http://www.museudapessoa.net/pt/conteudo/historia/nascido-e-criado-no-sitio-96020/colecao/96545">http://www.museudapessoa.net/pt/conteudo/historia/nascido-e-criado-no-sitio-96020/colecao/96545</a>&gt; acesso em: 13 jan. 2017.</p>



<p class="has-text-align-center"><strong><img decoding="async" src="https://lh3.googleusercontent.com/h8meOut3utifkso1W_GyEAi0tCqI9cdh-jzD22hv1UdG7syBCr25dlVeE2XUeNKLxmao4dJDyA-GXf-Goq0fGybCxkWDxhEk8WT-GTtn0QjewcEuuj5td1bYp4lmGA" style="width: undefinedpx;"></strong></p>



<p><span class="has-inline-color has-black-color">APÓS A LEITURA, CONVERSE RESPONDENDO AS QUESTÕES ABAIXO:</span></p>



<ul class="wp-block-list"><li><span class="has-inline-color has-black-color">ESSE RELATO ESTÁ CONTANDO A MEMÓRIA DE QUAL FASE DA VIDA DELE?</span></li><li><span class="has-inline-color has-black-color">SERÁ QUE O CAMPO DO PASSADO É IGUAL AO CAMPO NO PRESENTE?</span></li><li><span class="has-inline-color has-black-color">COMO VOCÊ ACREDITA QUE SEJA A INFÂNCIA NO CAMPO HOJE EM DIA?</span></li><li><span class="has-inline-color has-black-color">ESSE RELATO DA INFÂNCIA DELE SE PARECE COM ALGUMA MEMÓRIA SUA OU DO SEU FAMILIAR?&nbsp;</span></li><li><span class="has-inline-color has-black-color">QUAL ERA O BRINQUEDO FAVORITO DELE? E O SEU?&nbsp;</span></li><li><span class="has-inline-color has-black-color">COM O QUE COSTUMA BRINCAR?</span></li><li><span class="has-inline-color has-black-color">QUAL ERA O TRABALHO REALIZADO PELO AVÔ DELE?</span></li><li><span class="has-inline-color has-black-color">COMO ERA A MORADIA DO AUGUSTO? SE PARECE COM A SUA? POR QUÊ?</span></li></ul>



<p class="has-black-color has-luminous-vivid-amber-background-color has-text-color has-background has-medium-font-size"><strong>ATIVIDADE 2</strong></p>



<p class="has-black-color has-text-color has-medium-font-size">HOJE, NAS CIDADES, HÁ INÚMEROS ESTABELECIMENTOS COMERCIAIS: LIVRARIAS, PAPELARIAS, AÇOUGUES, PADARIAS, FARMÁCIAS, SUPERMERCADOS. HÁ AINDA, OS ESTABELECIMENTOS QUE PRESTAM SERVIÇOS VARIADOS, COMO BANCOS, HOSPITAIS CINEMAS. ENTRE OS TRABALHADORES, HÁ VENDEDORES, PEDREIROS, FARMACÊUTICOS, ENFERMEIROS, MÉDICOS, CABELEIREIROS, ENTRE OUTROS. E NO PASSADO? VOCÊ SABE COMO ERAM O COMÉRCIO E OS SERVIÇOS NAS PRIMEIRAS CIDADES BRASILEIRAS?</p>



<p class="has-black-color has-text-color has-medium-font-size">OBSERVE A IMAGEM E RESPONDA AS QUESTÕES, CONVERSANDO COM UM FAMILIAR:</p>



<p class="has-text-align-center"><img decoding="async" src="https://lh5.googleusercontent.com/o5K9DlZuiqiEQXFQ-ZD_6ob1np4KeoodgoGnwwzVPhUGOZ2xXH-tvTbmHoP1TK08GAPEQQgttfd6t_0_YLtt_8W_f4Sy-Q2NhzoBOskMSan7sW6UX0_qwvhkoby4Ow" style="width: undefinedpx;"></p>



<p class="has-text-align-center" style="font-size:10px">Johann Moritz Rugendas. Vendas em Recife, 1930. Gravura. Disponível em Livro Aprender juntos, História 3 ano, SM, São Paulo&nbsp; 6ª edição, 2017, p. 47. Acesso em 16 jun.2021.</p>



<ul class="has-black-color has-text-color has-medium-font-size wp-block-list"><li>O QUE AS PESSOAS RETRATADAS ESTÃO FAZENDO?</li><li>QUAIS TRABALHADORES PODEMOS IDENTIFICAR NA IMAGEM?&nbsp;</li><li>O COMÉRCIO É IGUAL AO DE HOJE EM DIA?&nbsp;</li><li>QUAIS SÃO AS DIFERENÇAS?</li></ul>



<p class="has-black-color has-luminous-vivid-amber-background-color has-text-color has-background has-medium-font-size"><strong>ATIVIDADE 3</strong></p>



<p class="has-black-color has-text-color has-medium-font-size">AGORA IMAGINE QUE VOCÊ ESTÁ VISITANDO O LOCAL RETRATADO POR RUGENDAS, NA MESMA ÉPOCA QUE FEZ A GRAVURA. COM QUAIS PESSOAS DA IMAGEM VOCÊ CONVERSARIA? O QUE VOCÊ ESTARIA FAZENDO? POR QUÊ?</p>



<figure class="wp-block-table"><table><tbody><tr><td><strong>Habilidade estruturante&nbsp;</strong></td><td>(EF03HI08) Identificar modos de vida na cidade e no campo no presente, comparando-os com os do passado.<br>(GO-EF03HI08-A) Conhecer os modos de vida da cidade e do campo observando as peculiaridades e as semelhanças, em suas culturas e modos de viver, pensar e produzir.&nbsp;</td></tr><tr><td><strong>Referências:</strong></td><td>Livro didático: Aprender Juntos 3º ano , SM, São Paulo 6ª edição , 2017, páginas 40 e 47.</td></tr></tbody></table></figure>
