{"id":128932,"date":"2021-08-09T07:00:00","date_gmt":"2021-08-09T10:00:00","guid":{"rendered":"https:\/\/sme.goiania.go.gov.br\/conexaoescola\/?post_type=ensino_fundamental&#038;p=128932"},"modified":"2021-11-11T11:04:56","modified_gmt":"2021-11-11T13:04:56","slug":"analisando-o-racismo-atraves-do-genero-cancao","status":"publish","type":"ensino_fundamental","link":"https:\/\/sme.goiania.go.gov.br\/conexaoescola\/ensino_fundamental\/analisando-o-racismo-atraves-do-genero-cancao\/","title":{"rendered":"L\u00edngua Portuguesa &#8211; Analisando o racismo atrav\u00e9s do g\u00eanero can\u00e7\u00e3o"},"content":{"rendered":"\n<p class=\"has-black-color has-pale-cyan-blue-background-color has-text-color has-background\">A imagem abaixo representa o resultado de um estudo sobre a viol\u00eancia realizado pela ONU. Analise, atentamente, os dados apresentados.<\/p>\n\n\n\n<div class=\"wp-block-image\"><figure class=\"aligncenter size-large\"><img fetchpriority=\"high\" decoding=\"async\" width=\"700\" height=\"394\" src=\"https:\/\/sme.goiania.go.gov.br\/conexaoescola\/wp-content\/uploads\/2021\/08\/CNRC0007-e1628270722260.png\" alt=\"\" class=\"wp-image-128934\" srcset=\"https:\/\/sme.goiania.go.gov.br\/conexaoescola\/wp-content\/uploads\/2021\/08\/CNRC0007-e1628270722260.png 700w, https:\/\/sme.goiania.go.gov.br\/conexaoescola\/wp-content\/uploads\/2021\/08\/CNRC0007-e1628270722260-300x169.png 300w\" sizes=\"(max-width: 700px) 100vw, 700px\" \/><\/figure><\/div>\n\n\n\n<p class=\"has-background\" style=\"background-color:#e4e7ea\"><strong>ATIVIDADE<\/strong><\/p>\n\n\n\n<p>a) De acordo com os dados apresentados por esse estudo sobre a viol\u00eancia no Brasil, a cada 10 pessoas assassinadas, quantas s\u00e3o negras?<\/p>\n\n\n\n<pre class=\"wp-block-code\"><code>1. Leia a letra da m\u00fasica \u201cA carne\u201d, escrita por Marcelo Yuka, Seu Jorge e Ulisses Cappelletti.<\/code><\/pre>\n\n\n\n<p>A carne mais barata do mercado \u00e9 a carne negra (4x)<\/p>\n\n\n\n<p>Que vai de gra\u00e7a pro pres\u00eddio<br>E para debaixo do pl\u00e1stico<br>Que vai de gra\u00e7a pro subemprego<br>E pros hospitais psiqui\u00e1tricos<\/p>\n\n\n\n<p>A carne mais barata do mercado \u00e9 a carne negra (4x)Que fez e faz hist\u00f3ria<\/p>\n\n\n\n<p>Segurando esse pa\u00eds no bra\u00e7o<br>O cabra aqui n\u00e3o se sente revoltado<br>Porque o rev\u00f3lver j\u00e1 est\u00e1 engatilhado<br>E o vingador \u00e9 lento<br>Mas muito bem intencionado<br>E esse pa\u00eds<br>Vai deixando todo mundo preto<br>E o cabelo esticado<br>Mas mesmo assim<br>Ainda guardo o direito<br>De algum antepassado da cor<br>Brigar sutilmente por respeito<br>Brigar bravamente por respeito<br>Brigar por justi\u00e7a e por respeito<br>De algum antepassado da cor<br>Brigar, brigar, brigar<\/p>\n\n\n\n<p>A carne mais barata do mercado \u00e9 a carne negra (4x)<\/p>\n\n\n\n<p class=\"has-background has-small-font-size\" style=\"background-color:#f2f4f6\">Fonte: <a href=\"https:\/\/www.letras.mus.br\/elza-soares\/281242\/\" data-type=\"URL\" data-id=\"Fonte: https:\/\/www.letras.mus.br\/elza-soares\/281242\/\" target=\"_blank\" rel=\"noreferrer noopener\">link<\/a> <\/p>\n\n\n\n<ol class=\"has-black-color has-pale-cyan-blue-background-color has-text-color has-background wp-block-list\"><li>Em seu caderno, responda:<\/li><\/ol>\n\n\n\n<pre class=\"wp-block-code\"><code>a) No verso \u201cA carne mais barata do mercado \u00e9 a carne negra\u201d, o negro \u00e9 comparado a um produto (carne). Esse verso confirma o que os dados sobre a viol\u00eancia contra os negros no Brasil apresentam? Os negros s\u00e3o mesmo tratados como um \u201cproduto\u201d sem valor?\n\nb) Pesquise o significado da palavra subemprego.\n\nc) Explique o verso \u201csegurando esse pa\u00eds no bra\u00e7o\u201d.\n\nd) De acordo com a m\u00fasica \u201cA carne\u201d, quem segura o Brasil no bra\u00e7o?\n\ne) Reescreva o verso \u201co cabra aqui n\u00e3o se sente revoltado\u201d, substituindo a palavra cabra por outra de igual significado.\n\nf) Voc\u00ea conhece alguma outra m\u00fasica que apresente uma cr\u00edtica ao racismo e\/ou \u00e0 situa\u00e7\u00e3o do negro no Brasil? Qual?<\/code><\/pre>\n\n\n\n<p class=\"has-black-color has-text-color has-background\" style=\"background-color:#f8b4c5\">Produzindo textos e combatendo o racismo<\/p>\n\n\n\n<p>Na atividade anterior, voc\u00ea leu e interpretou uma can\u00e7\u00e3o e uma imagem que fazem uma cr\u00edtica ao preconceito racial. A quest\u00e3o do racismo \u00e9 explorada por diferentes g\u00eaneros textuais que permitem reflex\u00f5es sobre esse tema t\u00e3o importante.<br>Para ampliar seu conhecimento sobre a discrimina\u00e7\u00e3o racial, assista ao v\u00eddeo \u201cVoc\u00ea sabe o que \u00e9 o racismo?\u201d, produzido pelo canal Quebrando o Tabu:<\/p>\n\n\n\n<figure class=\"wp-block-embed is-type-video is-provider-youtube wp-block-embed-youtube wp-embed-aspect-16-9 wp-has-aspect-ratio\"><div class=\"wp-block-embed__wrapper\">\n<p class=\"responsive-video-wrap clr\"><iframe title=\"Voc\u00ea sabe o que \u00e9 racismo? | Quebrando O Tabu\" width=\"1200\" height=\"675\" src=\"https:\/\/www.youtube.com\/embed\/dU-hqu7aqj4?feature=oembed\" frameborder=\"0\" allow=\"accelerometer; autoplay; clipboard-write; encrypted-media; gyroscope; picture-in-picture\" allowfullscreen><\/iframe><\/p>\n<\/div><\/figure>\n\n\n\n<p class=\"has-black-color has-pale-cyan-blue-background-color has-text-color has-background\">2. Em seu caderno, elabore um an\u00fancio que tenha a finalidade de combater o racismo. Para isso, busque mais informa\u00e7\u00f5es, elabore um desenho ou cole uma imagem, crie um slogan (frase curta e de f\u00e1cil memoriza\u00e7\u00e3o) que represente o que voc\u00ea quer transmitir. A criatividade \u00e9 um dos importantes recursos para conquistar a aten\u00e7\u00e3o de quem v\u00ea o an\u00fancio. Explore sua criatividade!<\/p>\n\n\n\n<p class=\"has-black-color has-vivid-green-cyan-background-color has-text-color has-background\"><strong>SAIBA MAIS<\/strong><\/p>\n\n\n\n<p>Elza Soares \u00e9 uma compositora e cantora brasileira. Uma de suas can\u00e7\u00f5es mais conhecidas \u00e9 \u201c<em>A carne<\/em>\u201d, em que \u00e9 feita uma cr\u00edtica \u00e0 desigualdade social que afeta gravemente a popula\u00e7\u00e3o negra em nosso pa\u00eds. Assista ao clipe dessa m\u00fasica:<\/p>\n\n\n\n<figure class=\"wp-block-embed is-type-video is-provider-youtube wp-block-embed-youtube wp-embed-aspect-4-3 wp-has-aspect-ratio\"><div class=\"wp-block-embed__wrapper\">\n<p class=\"responsive-video-wrap clr\"><iframe title=\"A Carne - Elza Soares (Videoclipe Oficial)\" width=\"1200\" height=\"900\" src=\"https:\/\/www.youtube.com\/embed\/yktrUMoc1Xw?feature=oembed\" frameborder=\"0\" allow=\"accelerometer; autoplay; clipboard-write; encrypted-media; gyroscope; picture-in-picture\" allowfullscreen><\/iframe><\/p>\n<\/div><\/figure>\n\n\n\n<p class=\"has-white-color has-vivid-red-background-color has-text-color has-background has-medium-font-size\">Assista ao v\u00eddeo \u201c<em>Combate \u00e0 discrimina\u00e7\u00e3o racial<\/em>\u201d, produzido pelo Canal Preto<\/p>\n\n\n\n<figure class=\"wp-block-embed is-type-video is-provider-youtube wp-block-embed-youtube wp-embed-aspect-16-9 wp-has-aspect-ratio\"><div class=\"wp-block-embed__wrapper\">\n<p class=\"responsive-video-wrap clr\"><iframe title=\"COMBATE \u00e0 discrimina\u00e7\u00e3o racial - Canal Preto\" width=\"1200\" height=\"675\" src=\"https:\/\/www.youtube.com\/embed\/KvD_AGW3wtI?feature=oembed\" frameborder=\"0\" allow=\"accelerometer; autoplay; clipboard-write; encrypted-media; gyroscope; picture-in-picture\" allowfullscreen><\/iframe><\/p>\n<\/div><\/figure>\n\n\n\n<hr class=\"wp-block-separator\"\/>\n\n\n\n<figure class=\"wp-block-table alignfull is-style-stripes\"><table><thead><tr><th><\/th><th><\/th><\/tr><\/thead><tbody><tr><td>Proponentes\/ Professores:<\/td><td>Cristhiane Gomes dos Santos<\/td><\/tr><tr><td>Institui\u00e7\u00e3o Educacional:<\/td><td>EM Itamar Martins Ferreira<\/td><\/tr><tr><td>CRE:<\/td><td>Maria Thom\u00e9 Neto<\/td><\/tr><\/tbody><tfoot><tr><td><\/td><td><\/td><\/tr><\/tfoot><\/table><\/figure>\n","protected":false},"author":28,"featured_media":128934,"template":"","ef_categoria":[15,30],"ef_ano":[89],"ef_componente":[93],"class_list":["post-128932","ensino_fundamental","type-ensino_fundamental","status-publish","has-post-thumbnail","hentry","ef_categoria-ciclo-da-adolescencia-fg","ef_categoria-etica-e-cidadania-ciclo-da-adolescencia-fg","ef_ano-6o-ano","ef_componente-portugues","entry","has-media"],"acf":[],"_links":{"self":[{"href":"https:\/\/sme.goiania.go.gov.br\/conexaoescola\/wp-json\/wp\/v2\/ensino_fundamental\/128932","targetHints":{"allow":["GET"]}}],"collection":[{"href":"https:\/\/sme.goiania.go.gov.br\/conexaoescola\/wp-json\/wp\/v2\/ensino_fundamental"}],"about":[{"href":"https:\/\/sme.goiania.go.gov.br\/conexaoescola\/wp-json\/wp\/v2\/types\/ensino_fundamental"}],"author":[{"embeddable":true,"href":"https:\/\/sme.goiania.go.gov.br\/conexaoescola\/wp-json\/wp\/v2\/users\/28"}],"version-history":[{"count":0,"href":"https:\/\/sme.goiania.go.gov.br\/conexaoescola\/wp-json\/wp\/v2\/ensino_fundamental\/128932\/revisions"}],"wp:featuredmedia":[{"embeddable":true,"href":"https:\/\/sme.goiania.go.gov.br\/conexaoescola\/wp-json\/wp\/v2\/media\/128934"}],"wp:attachment":[{"href":"https:\/\/sme.goiania.go.gov.br\/conexaoescola\/wp-json\/wp\/v2\/media?parent=128932"}],"wp:term":[{"taxonomy":"ef_categoria","embeddable":true,"href":"https:\/\/sme.goiania.go.gov.br\/conexaoescola\/wp-json\/wp\/v2\/ef_categoria?post=128932"},{"taxonomy":"ef_ano","embeddable":true,"href":"https:\/\/sme.goiania.go.gov.br\/conexaoescola\/wp-json\/wp\/v2\/ef_ano?post=128932"},{"taxonomy":"ef_componente","embeddable":true,"href":"https:\/\/sme.goiania.go.gov.br\/conexaoescola\/wp-json\/wp\/v2\/ef_componente?post=128932"}],"curies":[{"name":"wp","href":"https:\/\/api.w.org\/{rel}","templated":true}]}}

Língua Portuguesa &#8211; Analisando o racismo através do gênero canção

<p class="has-black-color has-pale-cyan-blue-background-color has-text-color has-background">A imagem abaixo representa o resultado de um estudo sobre a violência realizado pela ONU. Analise, atentamente, os dados apresentados.</p>



<div class="wp-block-image"><figure class="aligncenter size-large"><img fetchpriority="high" decoding="async" width="700" height="394" src="https://sme.goiania.go.gov.br/conexaoescola/wp-content/uploads/2021/08/CNRC0007-e1628270722260.png" alt="" class="wp-image-128934" srcset="https://sme.goiania.go.gov.br/conexaoescola/wp-content/uploads/2021/08/CNRC0007-e1628270722260.png 700w, https://sme.goiania.go.gov.br/conexaoescola/wp-content/uploads/2021/08/CNRC0007-e1628270722260-300x169.png 300w" sizes="(max-width: 700px) 100vw, 700px" /></figure></div>



<p class="has-background" style="background-color:#e4e7ea"><strong>ATIVIDADE</strong></p>



<p>a) De acordo com os dados apresentados por esse estudo sobre a violência no Brasil, a cada 10 pessoas assassinadas, quantas são negras?</p>



<pre class="wp-block-code"><code>1. Leia a letra da música “A carne”, escrita por Marcelo Yuka, Seu Jorge e Ulisses Cappelletti.</code></pre>



<p>A carne mais barata do mercado é a carne negra (4x)</p>



<p>Que vai de graça pro presídio<br>E para debaixo do plástico<br>Que vai de graça pro subemprego<br>E pros hospitais psiquiátricos</p>



<p>A carne mais barata do mercado é a carne negra (4x)Que fez e faz história</p>



<p>Segurando esse país no braço<br>O cabra aqui não se sente revoltado<br>Porque o revólver já está engatilhado<br>E o vingador é lento<br>Mas muito bem intencionado<br>E esse país<br>Vai deixando todo mundo preto<br>E o cabelo esticado<br>Mas mesmo assim<br>Ainda guardo o direito<br>De algum antepassado da cor<br>Brigar sutilmente por respeito<br>Brigar bravamente por respeito<br>Brigar por justiça e por respeito<br>De algum antepassado da cor<br>Brigar, brigar, brigar</p>



<p>A carne mais barata do mercado é a carne negra (4x)</p>



<p class="has-background has-small-font-size" style="background-color:#f2f4f6">Fonte: <a href="https://www.letras.mus.br/elza-soares/281242/" data-type="URL" data-id="Fonte: https://www.letras.mus.br/elza-soares/281242/" target="_blank" rel="noreferrer noopener">link</a> </p>



<ol class="has-black-color has-pale-cyan-blue-background-color has-text-color has-background wp-block-list"><li>Em seu caderno, responda:</li></ol>



<pre class="wp-block-code"><code>a) No verso “A carne mais barata do mercado é a carne negra”, o negro é comparado a um produto (carne). Esse verso confirma o que os dados sobre a violência contra os negros no Brasil apresentam? Os negros são mesmo tratados como um “produto” sem valor?

b) Pesquise o significado da palavra subemprego.

c) Explique o verso “segurando esse país no braço”.

d) De acordo com a música “A carne”, quem segura o Brasil no braço?

e) Reescreva o verso “o cabra aqui não se sente revoltado”, substituindo a palavra cabra por outra de igual significado.

f) Você conhece alguma outra música que apresente uma crítica ao racismo e/ou à situação do negro no Brasil? Qual?</code></pre>



<p class="has-black-color has-text-color has-background" style="background-color:#f8b4c5">Produzindo textos e combatendo o racismo</p>



<p>Na atividade anterior, você leu e interpretou uma canção e uma imagem que fazem uma crítica ao preconceito racial. A questão do racismo é explorada por diferentes gêneros textuais que permitem reflexões sobre esse tema tão importante.<br>Para ampliar seu conhecimento sobre a discriminação racial, assista ao vídeo “Você sabe o que é o racismo?”, produzido pelo canal Quebrando o Tabu:</p>



<figure class="wp-block-embed is-type-video is-provider-youtube wp-block-embed-youtube wp-embed-aspect-16-9 wp-has-aspect-ratio"><div class="wp-block-embed__wrapper">
<p class="responsive-video-wrap clr"><iframe title="Você sabe o que é racismo? | Quebrando O Tabu" width="1200" height="675" src="https://www.youtube.com/embed/dU-hqu7aqj4?feature=oembed" frameborder="0" allow="accelerometer; autoplay; clipboard-write; encrypted-media; gyroscope; picture-in-picture" allowfullscreen></iframe></p>
</div></figure>



<p class="has-black-color has-pale-cyan-blue-background-color has-text-color has-background">2. Em seu caderno, elabore um anúncio que tenha a finalidade de combater o racismo. Para isso, busque mais informações, elabore um desenho ou cole uma imagem, crie um slogan (frase curta e de fácil memorização) que represente o que você quer transmitir. A criatividade é um dos importantes recursos para conquistar a atenção de quem vê o anúncio. Explore sua criatividade!</p>



<p class="has-black-color has-vivid-green-cyan-background-color has-text-color has-background"><strong>SAIBA MAIS</strong></p>



<p>Elza Soares é uma compositora e cantora brasileira. Uma de suas canções mais conhecidas é “<em>A carne</em>”, em que é feita uma crítica à desigualdade social que afeta gravemente a população negra em nosso país. Assista ao clipe dessa música:</p>



<figure class="wp-block-embed is-type-video is-provider-youtube wp-block-embed-youtube wp-embed-aspect-4-3 wp-has-aspect-ratio"><div class="wp-block-embed__wrapper">
<p class="responsive-video-wrap clr"><iframe title="A Carne - Elza Soares (Videoclipe Oficial)" width="1200" height="900" src="https://www.youtube.com/embed/yktrUMoc1Xw?feature=oembed" frameborder="0" allow="accelerometer; autoplay; clipboard-write; encrypted-media; gyroscope; picture-in-picture" allowfullscreen></iframe></p>
</div></figure>



<p class="has-white-color has-vivid-red-background-color has-text-color has-background has-medium-font-size">Assista ao vídeo “<em>Combate à discriminação racial</em>”, produzido pelo Canal Preto</p>



<figure class="wp-block-embed is-type-video is-provider-youtube wp-block-embed-youtube wp-embed-aspect-16-9 wp-has-aspect-ratio"><div class="wp-block-embed__wrapper">
<p class="responsive-video-wrap clr"><iframe title="COMBATE à discriminação racial - Canal Preto" width="1200" height="675" src="https://www.youtube.com/embed/KvD_AGW3wtI?feature=oembed" frameborder="0" allow="accelerometer; autoplay; clipboard-write; encrypted-media; gyroscope; picture-in-picture" allowfullscreen></iframe></p>
</div></figure>



<hr class="wp-block-separator"/>



<figure class="wp-block-table alignfull is-style-stripes"><table><thead><tr><th></th><th></th></tr></thead><tbody><tr><td>Proponentes/ Professores:</td><td>Cristhiane Gomes dos Santos</td></tr><tr><td>Instituição Educacional:</td><td>EM Itamar Martins Ferreira</td></tr><tr><td>CRE:</td><td>Maria Thomé Neto</td></tr></tbody><tfoot><tr><td></td><td></td></tr></tfoot></table></figure>
