{"id":128886,"date":"2021-08-05T17:12:44","date_gmt":"2021-08-05T20:12:44","guid":{"rendered":"https:\/\/sme.goiania.go.gov.br\/conexaoescola\/?post_type=ensino_fundamental&#038;p=128886"},"modified":"2021-11-11T11:31:36","modified_gmt":"2021-11-11T13:31:36","slug":"lingua-portuguesa-todas-as-coisas-tem-nome-2","status":"publish","type":"ensino_fundamental","link":"https:\/\/sme.goiania.go.gov.br\/conexaoescola\/ensino_fundamental\/lingua-portuguesa-todas-as-coisas-tem-nome-2\/","title":{"rendered":"L\u00edngua Portuguesa &#8211; Todas as coisas t\u00eam nome"},"content":{"rendered":"\n<p class=\"has-text-align-center has-background has-medium-font-size\" style=\"background-color:#ececec\"><em><span class=\"has-inline-color has-black-color\">Ol\u00e1, educando (a)! Esta videoaula de <\/span><\/em><strong><span class=\"has-inline-color has-black-color\"><em>L\u00edngua Portuguesa <\/em><\/span><\/strong><em><span class=\"has-inline-color has-black-color\">&nbsp;foi veiculada na TV no dia 5\/8\/2021 aqui no Portal Conex\u00e3o Escola, ela est\u00e1 dispon\u00edvel juntamente com a proposta de atividade.&nbsp;<\/span><\/em><\/p>\n\n\n\n<figure class=\"wp-block-image size-large is-style-rounded\"><img fetchpriority=\"high\" decoding=\"async\" width=\"1024\" height=\"683\" src=\"https:\/\/sme.goiania.go.gov.br\/conexaoescola\/wp-content\/uploads\/2021\/08\/child-865116_1920-e1628191449887-1024x683.jpg\" alt=\"\" class=\"wp-image-128888\" srcset=\"https:\/\/sme.goiania.go.gov.br\/conexaoescola\/wp-content\/uploads\/2021\/08\/child-865116_1920-e1628191449887-1024x683.jpg 1024w, https:\/\/sme.goiania.go.gov.br\/conexaoescola\/wp-content\/uploads\/2021\/08\/child-865116_1920-e1628191449887-300x200.jpg 300w, https:\/\/sme.goiania.go.gov.br\/conexaoescola\/wp-content\/uploads\/2021\/08\/child-865116_1920-e1628191449887-768x512.jpg 768w, https:\/\/sme.goiania.go.gov.br\/conexaoescola\/wp-content\/uploads\/2021\/08\/child-865116_1920-e1628191449887-1536x1024.jpg 1536w, https:\/\/sme.goiania.go.gov.br\/conexaoescola\/wp-content\/uploads\/2021\/08\/child-865116_1920-e1628191449887.jpg 1920w\" sizes=\"(max-width: 1024px) 100vw, 1024px\" \/><\/figure>\n\n\n\n<p class=\"has-black-color has-text-color has-background has-medium-font-size\" style=\"background-color:#fff0f0\">Ol\u00e1 crian\u00e7a, tudo bem com voc\u00ea?<\/p>\n\n\n\n<p class=\"has-black-color has-text-color has-background has-medium-font-size\" style=\"background-color:#fff0f0\">J\u00e1 imaginou como a nossa comunica\u00e7\u00e3o seria confusa se as pessoas ou objetos n\u00e3o tivessem nomes que os identificassem?&nbsp;<\/p>\n\n\n\n<p class=\"has-black-color has-text-color has-background has-medium-font-size\" style=\"background-color:#fff0f0\">Os substantivos s\u00e3o palavras que nomeiam os indiv\u00edduos e as coisas. Eles podem ser classificados de formas diferentes, como por exemplo, ao analisar se dependem de outros seres para existirem, no modo como se formam e at\u00e9 mesmo se referem a um conjunto de elementos da mesma esp\u00e9cie.&nbsp;<\/p>\n\n\n\n<p class=\"has-black-color has-text-color has-background has-medium-font-size\" style=\"background-color:#fff0f0\">Nessa videoaula estudaremos as classifica\u00e7\u00f5es dos substantivos e conheceremos algumas palavrinhas novas que enriquecer\u00e3o o vocabul\u00e1rio.&nbsp;<\/p>\n\n\n\n<p class=\"has-black-color has-text-color has-background has-medium-font-size\" style=\"background-color:#fff0f0\">Vamos come\u00e7ar?<\/p>\n\n\n\n<p class=\"has-black-color has-luminous-vivid-orange-background-color has-text-color has-background has-medium-font-size\"><strong>ATIVIDADE 1<\/strong><\/p>\n\n\n\n<p class=\"has-black-color has-text-color has-medium-font-size\">Observe a lista de compras de produtos que ser\u00e3o adquiridos em uma feira.<\/p>\n\n\n\n<p class=\"has-text-align-center has-black-color has-text-color has-background has-medium-font-size\" style=\"background-color:#ffebdc\">Um quilograma de ma\u00e7\u00e3<\/p>\n\n\n\n<p class=\"has-text-align-center has-black-color has-text-color has-background has-medium-font-size\" style=\"background-color:#ffebdc\">Dois cachos de uvas<\/p>\n\n\n\n<p class=\"has-text-align-center has-black-color has-text-color has-background has-medium-font-size\" style=\"background-color:#ffebdc\">Tr\u00eas r\u00e9stias de alho<\/p>\n\n\n\n<p class=\"has-text-align-center has-black-color has-text-color has-background has-medium-font-size\" style=\"background-color:#ffebdc\">Duas unidades de couve-flor<\/p>\n\n\n\n<p class=\"has-text-align-center has-black-color has-text-color has-background has-medium-font-size\" style=\"background-color:#ffebdc\">Quinhentos gramas de gr\u00e3o-de-bico<\/p>\n\n\n\n<p class=\"has-black-color has-text-color has-medium-font-size\">1 \u2013 Nessa lista de compras h\u00e1 produtos que podem ser considerados como substantivos compostos? Quais?<\/p>\n\n\n\n<p class=\"has-black-color has-text-color has-medium-font-size\">2 &#8211; A partir da rela\u00e7\u00e3o de produtos, indique quais palavras referem-se ao conjunto de elementos da mesma esp\u00e9cie, ou seja, quais s\u00e3o os substantivos coletivos.&nbsp;<\/p>\n\n\n\n<p class=\"has-black-color has-luminous-vivid-orange-background-color has-text-color has-background has-medium-font-size\"><strong>ATIVIDADE 2<\/strong><\/p>\n\n\n\n<p class=\"has-black-color has-text-color has-medium-font-size\">Veja as imagens a seguir e escreva a palavra que deu origem a cada substantivo:<\/p>\n\n\n\n<figure class=\"wp-block-table aligncenter\"><table><tbody><tr><td><br><img decoding=\"async\" width=\"290\" height=\"217\" src=\"https:\/\/lh5.googleusercontent.com\/ICZylQqZ04DT0GF_QUEVvsDzzd3odHXvL1Pmb3_OfBSr9vOCXjBbkvDJcqxnEit21WDm6_wPpTJBZdXyjutfwGhDS0Vi1U01E9j_p5u40uoVrZPwYGZ-3MgFei6OpA\"> LIMOEIRO<\/td><\/tr><tr><td><br><img decoding=\"async\" width=\"278\" height=\"184\" alt=\"Dentista, Paciente, Atendimento Odontol\u00f3gico, M\u00e9dica\" src=\"https:\/\/lh5.googleusercontent.com\/s0xq_iDsAtU35oVih6gci8RbLB2OdvJqjqYG_XiaTcw_Iv3cUrCawUtub7aEBeSLEnBXCBTibXg2jH3U_D52fhe96-riJuAxJmuoRaXyLZdt6eG-PPV-viF-xWba4c80xf_jHMs\"> DENTISTA<\/td><\/tr><tr><td><img loading=\"lazy\" decoding=\"async\" width=\"282\" height=\"185\" alt=\"Marinheiros, Saudar, Isolado, P\u00e9, Reino Unido, Nuvens\" src=\"https:\/\/lh4.googleusercontent.com\/p8HcrpINi50z5sxfIrN87n5FBI7RTgp0d2tJAnqxazgsZnut7eUytefHeUow0xsCzH038Y7evZbV7RFpSHZkSmYAQc0pKMZepPQK3K2-rAyyS0EjCAqJ3aKrr4tNEXH6IalGbP8\">  MARINHEIRO<\/td><\/tr><tr><td><img loading=\"lazy\" decoding=\"async\" width=\"281\" height=\"193\" alt=\"Sapateiro, Idade M\u00e9dia, Couro, Nuremberg, Workshop\" src=\"https:\/\/lh5.googleusercontent.com\/EF7I4RCFpiiBq2KQxSzfLqmObqg2_W_1qCQZrQtEjpo1W7lUTpcHrKb0ErkR0C3V04w1Z4rafahKT7qxK5n0wNJWtC5LHDm0DEn3cBrn8rl3s2KLQj2U6mz_kbbV44U5pr258pk\"> SAPATEIRO<\/td><\/tr><\/tbody><\/table><\/figure>\n\n\n\n<p class=\"has-luminous-vivid-orange-background-color has-background has-medium-font-size\"><strong><span class=\"has-inline-color has-black-color\">ATIVIDADE 3<\/span><\/strong><\/p>\n\n\n\n<p class=\"has-black-color has-text-color has-medium-font-size\">O dicion\u00e1rio \u00e9 uma obra que nos permite entender o significado de v\u00e1rios substantivos, esclarecendo qual \u00e9 o sentido que a palavra possui.<\/p>\n\n\n\n<p class=\"has-black-color has-text-color has-medium-font-size\">1 \u2013 Procure no dicion\u00e1rio e, em seu caderno, registre o significado dos substantivos. Caso n\u00e3o tenha um dicion\u00e1rio impresso, consulte o online no seguinte endere\u00e7o:&nbsp;<\/p>\n\n\n\n<p class=\"has-text-align-center has-white-color has-black-background-color has-text-color has-background has-medium-font-size\"><a href=\"https:\/\/michaelis.uol.com.br\/busca?id=OWQE\" target=\"_blank\" rel=\"noreferrer noopener\">https:\/\/michaelis.uol.com.br\/busca?id=OWQE<\/a><\/p>\n\n\n\n<p class=\"has-black-color has-text-color has-medium-font-size\">ALEGRIA:<\/p>\n\n\n\n<p class=\"has-black-color has-text-color has-medium-font-size\">ROUPA:<\/p>\n\n\n\n<p class=\"has-black-color has-text-color has-medium-font-size\">JARDIM:<\/p>\n\n\n\n<p class=\"has-black-color has-text-color has-medium-font-size\">RAIVA:<\/p>\n\n\n\n<p class=\"has-black-color has-text-color has-medium-font-size\">2 \u2013 Agora que voc\u00ea j\u00e1 procurou o significado dos substantivos, preencha o quadro, informando quais s\u00e3o substantivos concretos e quais s\u00e3o abstratos.<\/p>\n\n\n\n<figure class=\"wp-block-table alignwide\"><table><tbody><tr><td class=\"has-text-align-center\" data-align=\"center\"><br><strong>CONCRETOS<\/strong><\/td><td class=\"has-text-align-center\" data-align=\"center\"><br><strong>ABSTRATOS<\/strong><\/td><\/tr><tr><td class=\"has-text-align-center\" data-align=\"center\"><br><\/td><td class=\"has-text-align-center\" data-align=\"center\"><\/td><\/tr><tr><td class=\"has-text-align-center\" data-align=\"center\"><br><\/td><td class=\"has-text-align-center\" data-align=\"center\"><\/td><\/tr><\/tbody><\/table><\/figure>\n\n\n\n<figure class=\"wp-block-table\"><table><tbody><tr><td><strong>Habilidade estruturante&nbsp;<\/strong><\/td><td>(EF04LP06) Identificar em textos e usar na produ\u00e7\u00e3o textual a concord\u00e2ncia entre substantivo ou pronome pessoal e verbo (concord\u00e2ncia verbal).<br>(EF04LP08) Reconhecer e grafar, corretamente, palavras derivadas com os sufixos -agem, -oso, -eza, &#8211; izar\/-isar (regulares morfol\u00f3gicas).<br>(EF04LP07) Identificar em textos e usar na produ\u00e7\u00e3o textual a concord\u00e2ncia entre artigo, substantivo e adjetivo (concord\u00e2ncia no grupo nominal).<br>(EF03LP08) Identificar e diferenciar, em textos, substantivos e verbos e suas fun\u00e7\u00f5es na ora\u00e7\u00e3o: agente, a\u00e7\u00e3o, objeto da a\u00e7\u00e3o.<br>(EF03LP10) Reconhecer prefixos e sufixos produtivos na forma\u00e7\u00e3o de palavras derivadas de substantivos, de adjetivos e de verbos, utilizando-os para compreender palavras e para formar novas palavras.<br>(EF03LP09) Identificar, em textos, adjetivos e sua fun\u00e7\u00e3o de atribui\u00e7\u00e3o de propriedades aos substantivos.<\/td><\/tr><tr><td><strong>Refer\u00eancias:<\/strong><\/td><td>https:\/\/pixabay.com\/pt\/photos\/lim%C3%A3o-limoeiro-%C3%A1rvore-frutas-852244\/<br>https:\/\/pixabay.com\/pt\/photos\/dentista-paciente-428646\/<br>https:\/\/pixabay.com\/pt\/photos\/marinheiros-saudar-isolado-p%C3%A9-81781\/<br>https:\/\/pixabay.com\/pt\/photos\/sapateiro-idade-m%C3%A9dia-couro-852994\/<\/td><\/tr><\/tbody><\/table><\/figure>\n","protected":false},"author":14,"featured_media":128906,"template":"","ef_categoria":[14,25],"ef_ano":[87],"ef_componente":[93],"class_list":["post-128886","ensino_fundamental","type-ensino_fundamental","status-publish","has-post-thumbnail","hentry","ef_categoria-ciclo-da-infancia-de","ef_categoria-etica-e-cidadania-ciclo-da-infancia-de","ef_ano-4o-ano","ef_componente-portugues","entry","has-media"],"acf":[],"_links":{"self":[{"href":"https:\/\/sme.goiania.go.gov.br\/conexaoescola\/wp-json\/wp\/v2\/ensino_fundamental\/128886","targetHints":{"allow":["GET"]}}],"collection":[{"href":"https:\/\/sme.goiania.go.gov.br\/conexaoescola\/wp-json\/wp\/v2\/ensino_fundamental"}],"about":[{"href":"https:\/\/sme.goiania.go.gov.br\/conexaoescola\/wp-json\/wp\/v2\/types\/ensino_fundamental"}],"author":[{"embeddable":true,"href":"https:\/\/sme.goiania.go.gov.br\/conexaoescola\/wp-json\/wp\/v2\/users\/14"}],"version-history":[{"count":0,"href":"https:\/\/sme.goiania.go.gov.br\/conexaoescola\/wp-json\/wp\/v2\/ensino_fundamental\/128886\/revisions"}],"wp:featuredmedia":[{"embeddable":true,"href":"https:\/\/sme.goiania.go.gov.br\/conexaoescola\/wp-json\/wp\/v2\/media\/128906"}],"wp:attachment":[{"href":"https:\/\/sme.goiania.go.gov.br\/conexaoescola\/wp-json\/wp\/v2\/media?parent=128886"}],"wp:term":[{"taxonomy":"ef_categoria","embeddable":true,"href":"https:\/\/sme.goiania.go.gov.br\/conexaoescola\/wp-json\/wp\/v2\/ef_categoria?post=128886"},{"taxonomy":"ef_ano","embeddable":true,"href":"https:\/\/sme.goiania.go.gov.br\/conexaoescola\/wp-json\/wp\/v2\/ef_ano?post=128886"},{"taxonomy":"ef_componente","embeddable":true,"href":"https:\/\/sme.goiania.go.gov.br\/conexaoescola\/wp-json\/wp\/v2\/ef_componente?post=128886"}],"curies":[{"name":"wp","href":"https:\/\/api.w.org\/{rel}","templated":true}]}}

Língua Portuguesa &#8211; Todas as coisas têm nome

<p class="has-text-align-center has-background has-medium-font-size" style="background-color:#ececec"><em><span class="has-inline-color has-black-color">Olá, educando (a)! Esta videoaula de </span></em><strong><span class="has-inline-color has-black-color"><em>Língua Portuguesa </em></span></strong><em><span class="has-inline-color has-black-color">&nbsp;foi veiculada na TV no dia 5/8/2021 aqui no Portal Conexão Escola, ela está disponível juntamente com a proposta de atividade.&nbsp;</span></em></p>



<figure class="wp-block-image size-large is-style-rounded"><img fetchpriority="high" decoding="async" width="1024" height="683" src="https://sme.goiania.go.gov.br/conexaoescola/wp-content/uploads/2021/08/child-865116_1920-e1628191449887-1024x683.jpg" alt="" class="wp-image-128888" srcset="https://sme.goiania.go.gov.br/conexaoescola/wp-content/uploads/2021/08/child-865116_1920-e1628191449887-1024x683.jpg 1024w, https://sme.goiania.go.gov.br/conexaoescola/wp-content/uploads/2021/08/child-865116_1920-e1628191449887-300x200.jpg 300w, https://sme.goiania.go.gov.br/conexaoescola/wp-content/uploads/2021/08/child-865116_1920-e1628191449887-768x512.jpg 768w, https://sme.goiania.go.gov.br/conexaoescola/wp-content/uploads/2021/08/child-865116_1920-e1628191449887-1536x1024.jpg 1536w, https://sme.goiania.go.gov.br/conexaoescola/wp-content/uploads/2021/08/child-865116_1920-e1628191449887.jpg 1920w" sizes="(max-width: 1024px) 100vw, 1024px" /></figure>



<p class="has-black-color has-text-color has-background has-medium-font-size" style="background-color:#fff0f0">Olá criança, tudo bem com você?</p>



<p class="has-black-color has-text-color has-background has-medium-font-size" style="background-color:#fff0f0">Já imaginou como a nossa comunicação seria confusa se as pessoas ou objetos não tivessem nomes que os identificassem?&nbsp;</p>



<p class="has-black-color has-text-color has-background has-medium-font-size" style="background-color:#fff0f0">Os substantivos são palavras que nomeiam os indivíduos e as coisas. Eles podem ser classificados de formas diferentes, como por exemplo, ao analisar se dependem de outros seres para existirem, no modo como se formam e até mesmo se referem a um conjunto de elementos da mesma espécie.&nbsp;</p>



<p class="has-black-color has-text-color has-background has-medium-font-size" style="background-color:#fff0f0">Nessa videoaula estudaremos as classificações dos substantivos e conheceremos algumas palavrinhas novas que enriquecerão o vocabulário.&nbsp;</p>



<p class="has-black-color has-text-color has-background has-medium-font-size" style="background-color:#fff0f0">Vamos começar?</p>



<p class="has-black-color has-luminous-vivid-orange-background-color has-text-color has-background has-medium-font-size"><strong>ATIVIDADE 1</strong></p>



<p class="has-black-color has-text-color has-medium-font-size">Observe a lista de compras de produtos que serão adquiridos em uma feira.</p>



<p class="has-text-align-center has-black-color has-text-color has-background has-medium-font-size" style="background-color:#ffebdc">Um quilograma de maçã</p>



<p class="has-text-align-center has-black-color has-text-color has-background has-medium-font-size" style="background-color:#ffebdc">Dois cachos de uvas</p>



<p class="has-text-align-center has-black-color has-text-color has-background has-medium-font-size" style="background-color:#ffebdc">Três réstias de alho</p>



<p class="has-text-align-center has-black-color has-text-color has-background has-medium-font-size" style="background-color:#ffebdc">Duas unidades de couve-flor</p>



<p class="has-text-align-center has-black-color has-text-color has-background has-medium-font-size" style="background-color:#ffebdc">Quinhentos gramas de grão-de-bico</p>



<p class="has-black-color has-text-color has-medium-font-size">1 – Nessa lista de compras há produtos que podem ser considerados como substantivos compostos? Quais?</p>



<p class="has-black-color has-text-color has-medium-font-size">2 &#8211; A partir da relação de produtos, indique quais palavras referem-se ao conjunto de elementos da mesma espécie, ou seja, quais são os substantivos coletivos.&nbsp;</p>



<p class="has-black-color has-luminous-vivid-orange-background-color has-text-color has-background has-medium-font-size"><strong>ATIVIDADE 2</strong></p>



<p class="has-black-color has-text-color has-medium-font-size">Veja as imagens a seguir e escreva a palavra que deu origem a cada substantivo:</p>



<figure class="wp-block-table aligncenter"><table><tbody><tr><td><br><img decoding="async" width="290" height="217" src="https://lh5.googleusercontent.com/ICZylQqZ04DT0GF_QUEVvsDzzd3odHXvL1Pmb3_OfBSr9vOCXjBbkvDJcqxnEit21WDm6_wPpTJBZdXyjutfwGhDS0Vi1U01E9j_p5u40uoVrZPwYGZ-3MgFei6OpA"> LIMOEIRO</td></tr><tr><td><br><img decoding="async" width="278" height="184" alt="Dentista, Paciente, Atendimento Odontológico, Médica" src="https://lh5.googleusercontent.com/s0xq_iDsAtU35oVih6gci8RbLB2OdvJqjqYG_XiaTcw_Iv3cUrCawUtub7aEBeSLEnBXCBTibXg2jH3U_D52fhe96-riJuAxJmuoRaXyLZdt6eG-PPV-viF-xWba4c80xf_jHMs"> DENTISTA</td></tr><tr><td><img loading="lazy" decoding="async" width="282" height="185" alt="Marinheiros, Saudar, Isolado, Pé, Reino Unido, Nuvens" src="https://lh4.googleusercontent.com/p8HcrpINi50z5sxfIrN87n5FBI7RTgp0d2tJAnqxazgsZnut7eUytefHeUow0xsCzH038Y7evZbV7RFpSHZkSmYAQc0pKMZepPQK3K2-rAyyS0EjCAqJ3aKrr4tNEXH6IalGbP8">  MARINHEIRO</td></tr><tr><td><img loading="lazy" decoding="async" width="281" height="193" alt="Sapateiro, Idade Média, Couro, Nuremberg, Workshop" src="https://lh5.googleusercontent.com/EF7I4RCFpiiBq2KQxSzfLqmObqg2_W_1qCQZrQtEjpo1W7lUTpcHrKb0ErkR0C3V04w1Z4rafahKT7qxK5n0wNJWtC5LHDm0DEn3cBrn8rl3s2KLQj2U6mz_kbbV44U5pr258pk"> SAPATEIRO</td></tr></tbody></table></figure>



<p class="has-luminous-vivid-orange-background-color has-background has-medium-font-size"><strong><span class="has-inline-color has-black-color">ATIVIDADE 3</span></strong></p>



<p class="has-black-color has-text-color has-medium-font-size">O dicionário é uma obra que nos permite entender o significado de vários substantivos, esclarecendo qual é o sentido que a palavra possui.</p>



<p class="has-black-color has-text-color has-medium-font-size">1 – Procure no dicionário e, em seu caderno, registre o significado dos substantivos. Caso não tenha um dicionário impresso, consulte o online no seguinte endereço:&nbsp;</p>



<p class="has-text-align-center has-white-color has-black-background-color has-text-color has-background has-medium-font-size"><a href="https://michaelis.uol.com.br/busca?id=OWQE" target="_blank" rel="noreferrer noopener">https://michaelis.uol.com.br/busca?id=OWQE</a></p>



<p class="has-black-color has-text-color has-medium-font-size">ALEGRIA:</p>



<p class="has-black-color has-text-color has-medium-font-size">ROUPA:</p>



<p class="has-black-color has-text-color has-medium-font-size">JARDIM:</p>



<p class="has-black-color has-text-color has-medium-font-size">RAIVA:</p>



<p class="has-black-color has-text-color has-medium-font-size">2 – Agora que você já procurou o significado dos substantivos, preencha o quadro, informando quais são substantivos concretos e quais são abstratos.</p>



<figure class="wp-block-table alignwide"><table><tbody><tr><td class="has-text-align-center" data-align="center"><br><strong>CONCRETOS</strong></td><td class="has-text-align-center" data-align="center"><br><strong>ABSTRATOS</strong></td></tr><tr><td class="has-text-align-center" data-align="center"><br></td><td class="has-text-align-center" data-align="center"></td></tr><tr><td class="has-text-align-center" data-align="center"><br></td><td class="has-text-align-center" data-align="center"></td></tr></tbody></table></figure>



<figure class="wp-block-table"><table><tbody><tr><td><strong>Habilidade estruturante&nbsp;</strong></td><td>(EF04LP06) Identificar em textos e usar na produção textual a concordância entre substantivo ou pronome pessoal e verbo (concordância verbal).<br>(EF04LP08) Reconhecer e grafar, corretamente, palavras derivadas com os sufixos -agem, -oso, -eza, &#8211; izar/-isar (regulares morfológicas).<br>(EF04LP07) Identificar em textos e usar na produção textual a concordância entre artigo, substantivo e adjetivo (concordância no grupo nominal).<br>(EF03LP08) Identificar e diferenciar, em textos, substantivos e verbos e suas funções na oração: agente, ação, objeto da ação.<br>(EF03LP10) Reconhecer prefixos e sufixos produtivos na formação de palavras derivadas de substantivos, de adjetivos e de verbos, utilizando-os para compreender palavras e para formar novas palavras.<br>(EF03LP09) Identificar, em textos, adjetivos e sua função de atribuição de propriedades aos substantivos.</td></tr><tr><td><strong>Referências:</strong></td><td>https://pixabay.com/pt/photos/lim%C3%A3o-limoeiro-%C3%A1rvore-frutas-852244/<br>https://pixabay.com/pt/photos/dentista-paciente-428646/<br>https://pixabay.com/pt/photos/marinheiros-saudar-isolado-p%C3%A9-81781/<br>https://pixabay.com/pt/photos/sapateiro-idade-m%C3%A9dia-couro-852994/</td></tr></tbody></table></figure>
