{"id":127670,"date":"2021-05-06T00:01:21","date_gmt":"2021-05-06T03:01:21","guid":{"rendered":"https:\/\/sme.goiania.go.gov.br\/conexaoescola\/?post_type=ensino_fundamental&#038;p=127670"},"modified":"2021-11-09T09:50:04","modified_gmt":"2021-11-09T11:50:04","slug":"geografia-participar-da-cidade","status":"publish","type":"ensino_fundamental","link":"https:\/\/sme.goiania.go.gov.br\/conexaoescola\/ensino_fundamental\/geografia-participar-da-cidade\/","title":{"rendered":"Geografia &#8211; Participar da cidade"},"content":{"rendered":"\n<p class=\"has-text-align-center has-text-color has-background has-medium-font-size\" style=\"background-color:#ddd1c8;color:#000000\"><em>Ol\u00e1, educando (a)!<\/em><em>Esta videoaula de <\/em><strong><em>Geografia<\/em><\/strong><em> foi veiculada na TV no dia <\/em><strong><em>05\/05\/2021 (Quarta-feira)<\/em><\/strong><em>. Aqui no Portal Conex\u00e3o Escola, ela est\u00e1 dispon\u00edvel juntamente com a proposta de atividade.<\/em><\/p>\n\n\n\n<div class=\"wp-block-image\"><figure class=\"aligncenter size-large\"><img fetchpriority=\"high\" decoding=\"async\" width=\"826\" height=\"1024\" src=\"https:\/\/sme.goiania.go.gov.br\/conexaoescola\/wp-content\/uploads\/2021\/05\/myanmar-5207930_1280-e1620267002520-826x1024.png\" alt=\"\" class=\"wp-image-127671\" srcset=\"https:\/\/sme.goiania.go.gov.br\/conexaoescola\/wp-content\/uploads\/2021\/05\/myanmar-5207930_1280-e1620267002520-826x1024.png 826w, https:\/\/sme.goiania.go.gov.br\/conexaoescola\/wp-content\/uploads\/2021\/05\/myanmar-5207930_1280-e1620267002520-242x300.png 242w, https:\/\/sme.goiania.go.gov.br\/conexaoescola\/wp-content\/uploads\/2021\/05\/myanmar-5207930_1280-e1620267002520-768x952.png 768w, https:\/\/sme.goiania.go.gov.br\/conexaoescola\/wp-content\/uploads\/2021\/05\/myanmar-5207930_1280-e1620267002520.png 1033w\" sizes=\"(max-width: 826px) 100vw, 826px\" \/><\/figure><\/div>\n\n\n\n<p class=\"has-text-align-center has-text-color has-background has-medium-font-size\" style=\"background-color:#ddd1c8;color:#000000\">Ol\u00e1 crian\u00e7a, tudo bem com voc\u00eas? <br>Bom estar novamente por aqui! <br>Hoje veremos formas de participa\u00e7\u00e3o social, ou seja, como n\u00f3s cidad\u00e3os podemos participar da vida e das decis\u00f5es da nossa cidade. <br>Vamos l\u00e1? J\u00e1 pegou seu material? N\u00e3o fique de fora dessa videoaula!<\/p>\n\n\n\n<figure class=\"wp-block-embed aligncenter is-type-video is-provider-youtube wp-block-embed-youtube wp-embed-aspect-16-9 wp-has-aspect-ratio\"><div class=\"wp-block-embed__wrapper\">\n<p class=\"responsive-video-wrap clr\"><iframe title=\"Geografia  | 4\u00ba Ano |  Turma D\" width=\"1200\" height=\"675\" src=\"https:\/\/www.youtube.com\/embed\/h3aN1pZVvZs?feature=oembed\" frameborder=\"0\" allow=\"accelerometer; autoplay; clipboard-write; encrypted-media; gyroscope; picture-in-picture\" allowfullscreen><\/iframe><\/p>\n<\/div><\/figure>\n\n\n\n<p class=\"has-text-color has-background has-medium-font-size\" style=\"background-color:#ddd1c8;color:#000000\"><strong>ATIVIDADE 1<\/strong><\/p>\n\n\n\n<p class=\"has-text-color has-medium-font-size\" style=\"color:#000000\">As unidades pol\u00edtico-administrativas s\u00e3o uma forma de organiza\u00e7\u00e3o que facilita o planejamento dos governos. Observe o mapa pol\u00edtico do Brasil abaixo para responder \u00e0s quest\u00f5es:<\/p>\n\n\n\n<div class=\"wp-block-image\"><figure class=\"aligncenter\"><img decoding=\"async\" src=\"https:\/\/lh4.googleusercontent.com\/i_omcPe8CF_N3dPQRHLaPzwp9W_ngDr2-ZDvJGhbXjsL87BMN3-5uEEAYkUomFR57u1tWZWYVCok_svk69nS-lpvKbQpCn_xXZdMvjUN-Y9T0DGhYa-b3NjhoovRAuIHgs8rrU0\" alt=\"\"\/><figcaption>Dispon\u00edvel em: &lt;https:\/\/www.estadosecapitaisdobrasil.com\/imagens\/mapas-brasil\/mapa-politico-brasil.jpg?x65722&gt; Acesso em: 27 mar 2021<\/figcaption><\/figure><\/div>\n\n\n\n<p class=\"has-medium-font-size\">Localize a unidade pol\u00edtico-administrativa que voc\u00ea mora e preencha as informa\u00e7\u00f5es:<\/p>\n\n\n\n<p>\u2022 Pa\u00eds:<br>\u2022 Grande regi\u00e3o:<br>\u2022 Estado:<br>\u2022 Cidade:<br>\u2022 Bairro:<\/p>\n\n\n\n<p class=\"has-text-color has-background has-medium-font-size\" style=\"background-color:#ddd1c8;color:#000000\"><strong>ATIVIDADE 2<\/strong><\/p>\n\n\n\n<p class=\"has-text-color has-medium-font-size\" style=\"color:#000000\">Tenha um dicion\u00e1rio em m\u00e3os e procure o significado da palavra \u201cPLEBISCITO\u201d. Caso n\u00e3o tenha um dicion\u00e1rio impresso, utilize o dicion\u00e1rio <em>on line<\/em>: <a href=\"https:\/\/www.dicio.com.br\/\">https:\/\/www.dicio.com.br\/<\/a>&nbsp;<\/p>\n\n\n\n<p class=\"has-text-color has-background has-medium-font-size\" style=\"background-color:#ddd1c8;color:#000000\"><strong>ATIVIDADE 3<\/strong><\/p>\n\n\n\n<p class=\"has-text-color has-medium-font-size\" style=\"color:#000000\">Entre as formas de participa\u00e7\u00e3o social da popula\u00e7\u00e3o est\u00e1 a livre manifesta\u00e7\u00e3o &#8211; quando as decis\u00f5es dos governos, de certa forma, prejudicam a popula\u00e7\u00e3o. Um exemplo foi um movimento de estudantes que ocuparam escolas no estado de S\u00e3o Paulo em 2015 contra uma decis\u00e3o do governo de fechar escolas. Assista ao v\u00eddeo abaixo para conhecer.<\/p>\n\n\n\n<figure class=\"wp-block-embed aligncenter is-type-video is-provider-youtube wp-block-embed-youtube wp-embed-aspect-16-9 wp-has-aspect-ratio\"><div class=\"wp-block-embed__wrapper\">\n<p class=\"responsive-video-wrap clr\"><iframe title=\"Ocupa\u00e7\u00e3o das Escolas | S\u00e3o Paulo\/SP\" width=\"1200\" height=\"675\" src=\"https:\/\/www.youtube.com\/embed\/G1N2q1QCQ6Q?feature=oembed\" frameborder=\"0\" allow=\"accelerometer; autoplay; clipboard-write; encrypted-media; gyroscope; picture-in-picture\" allowfullscreen><\/iframe><\/p>\n<\/div><figcaption>Ocupa\u00e7\u00e3o das escolas \u2013 S\u00e3o Paulo. Dispon\u00edvel em: &lt;https:\/\/www.youtube.com\/watch?v=G1N2q1QCQ6Q&gt; Acesso em: 27 mar 2021.<\/figcaption><\/figure>\n\n\n\n<p class=\"has-medium-font-size\">Ap\u00f3s assistir ao v\u00eddeo, responda:<br>O que os estudantes reivindicavam na manifesta\u00e7\u00e3o? Voc\u00ea concorda ou discorda com esses estudantes? Explique sua resposta:<\/p>\n\n\n\n<hr class=\"wp-block-separator\"\/>\n\n\n\n<figure class=\"wp-block-table is-style-stripes\"><table><tbody><tr><td>Habilidade estruturante&nbsp;<\/td><td>(EF04GE03-A) Identificar a organiza\u00e7\u00e3o pol\u00edtica e administrativa do munic\u00edpio onde mora.<br>(EF15LP01) Identificar a fun\u00e7\u00e3o social de textos que circulam em campos da vida social dos quais participa cotidianamente (a casa, a rua, a comunidade, a escola) e nas m\u00eddias impressa, de massa e digital, reconhecendo para que foram produzidos, onde circulam, quem os produziu e a quem se destinam.<br>(EF04LP14) Identificar, em not\u00edcias, fatos, participantes, local e momento\/tempo da ocorr\u00eancia do fato noticiado.&nbsp;<br>(EF04LP03) Localizar palavras no dicion\u00e1rio para esclarecer significados, reconhecendo o significado mais plaus\u00edvel para o contexto que deu origem \u00e0 consulta.&nbsp;<\/td><\/tr><\/tbody><\/table><\/figure>\n","protected":false},"author":20,"featured_media":127671,"template":"","ef_categoria":[14,23],"ef_ano":[87],"ef_componente":[96],"class_list":["post-127670","ensino_fundamental","type-ensino_fundamental","status-publish","has-post-thumbnail","hentry","ef_categoria-ciclo-da-infancia-de","ef_categoria-educacao-ambiental-e-saude-ciclo-da-infancia-de","ef_ano-4o-ano","ef_componente-geografia","entry","has-media"],"acf":[],"_links":{"self":[{"href":"https:\/\/sme.goiania.go.gov.br\/conexaoescola\/wp-json\/wp\/v2\/ensino_fundamental\/127670","targetHints":{"allow":["GET"]}}],"collection":[{"href":"https:\/\/sme.goiania.go.gov.br\/conexaoescola\/wp-json\/wp\/v2\/ensino_fundamental"}],"about":[{"href":"https:\/\/sme.goiania.go.gov.br\/conexaoescola\/wp-json\/wp\/v2\/types\/ensino_fundamental"}],"author":[{"embeddable":true,"href":"https:\/\/sme.goiania.go.gov.br\/conexaoescola\/wp-json\/wp\/v2\/users\/20"}],"version-history":[{"count":0,"href":"https:\/\/sme.goiania.go.gov.br\/conexaoescola\/wp-json\/wp\/v2\/ensino_fundamental\/127670\/revisions"}],"wp:featuredmedia":[{"embeddable":true,"href":"https:\/\/sme.goiania.go.gov.br\/conexaoescola\/wp-json\/wp\/v2\/media\/127671"}],"wp:attachment":[{"href":"https:\/\/sme.goiania.go.gov.br\/conexaoescola\/wp-json\/wp\/v2\/media?parent=127670"}],"wp:term":[{"taxonomy":"ef_categoria","embeddable":true,"href":"https:\/\/sme.goiania.go.gov.br\/conexaoescola\/wp-json\/wp\/v2\/ef_categoria?post=127670"},{"taxonomy":"ef_ano","embeddable":true,"href":"https:\/\/sme.goiania.go.gov.br\/conexaoescola\/wp-json\/wp\/v2\/ef_ano?post=127670"},{"taxonomy":"ef_componente","embeddable":true,"href":"https:\/\/sme.goiania.go.gov.br\/conexaoescola\/wp-json\/wp\/v2\/ef_componente?post=127670"}],"curies":[{"name":"wp","href":"https:\/\/api.w.org\/{rel}","templated":true}]}}

<p class="has-text-align-center has-text-color has-background has-medium-font-size" style="background-color:#ddd1c8;color:#000000"><em>Olá, educando (a)!</em><em>Esta videoaula de </em><strong><em>Geografia</em></strong><em> foi veiculada na TV no dia </em><strong><em>05/05/2021 (Quarta-feira)</em></strong><em>. Aqui no Portal Conexão Escola, ela está disponível juntamente com a proposta de atividade.</em></p>



<div class="wp-block-image"><figure class="aligncenter size-large"><img fetchpriority="high" decoding="async" width="826" height="1024" src="https://sme.goiania.go.gov.br/conexaoescola/wp-content/uploads/2021/05/myanmar-5207930_1280-e1620267002520-826x1024.png" alt="" class="wp-image-127671" srcset="https://sme.goiania.go.gov.br/conexaoescola/wp-content/uploads/2021/05/myanmar-5207930_1280-e1620267002520-826x1024.png 826w, https://sme.goiania.go.gov.br/conexaoescola/wp-content/uploads/2021/05/myanmar-5207930_1280-e1620267002520-242x300.png 242w, https://sme.goiania.go.gov.br/conexaoescola/wp-content/uploads/2021/05/myanmar-5207930_1280-e1620267002520-768x952.png 768w, https://sme.goiania.go.gov.br/conexaoescola/wp-content/uploads/2021/05/myanmar-5207930_1280-e1620267002520.png 1033w" sizes="(max-width: 826px) 100vw, 826px" /></figure></div>



<p class="has-text-align-center has-text-color has-background has-medium-font-size" style="background-color:#ddd1c8;color:#000000">Olá criança, tudo bem com vocês? <br>Bom estar novamente por aqui! <br>Hoje veremos formas de participação social, ou seja, como nós cidadãos podemos participar da vida e das decisões da nossa cidade. <br>Vamos lá? Já pegou seu material? Não fique de fora dessa videoaula!</p>



<figure class="wp-block-embed aligncenter is-type-video is-provider-youtube wp-block-embed-youtube wp-embed-aspect-16-9 wp-has-aspect-ratio"><div class="wp-block-embed__wrapper">
<p class="responsive-video-wrap clr"><iframe title="Geografia  | 4º Ano |  Turma D" width="1200" height="675" src="https://www.youtube.com/embed/h3aN1pZVvZs?feature=oembed" frameborder="0" allow="accelerometer; autoplay; clipboard-write; encrypted-media; gyroscope; picture-in-picture" allowfullscreen></iframe></p>
</div></figure>



<p class="has-text-color has-background has-medium-font-size" style="background-color:#ddd1c8;color:#000000"><strong>ATIVIDADE 1</strong></p>



<p class="has-text-color has-medium-font-size" style="color:#000000">As unidades político-administrativas são uma forma de organização que facilita o planejamento dos governos. Observe o mapa político do Brasil abaixo para responder às questões:</p>



<div class="wp-block-image"><figure class="aligncenter"><img decoding="async" src="https://lh4.googleusercontent.com/i_omcPe8CF_N3dPQRHLaPzwp9W_ngDr2-ZDvJGhbXjsL87BMN3-5uEEAYkUomFR57u1tWZWYVCok_svk69nS-lpvKbQpCn_xXZdMvjUN-Y9T0DGhYa-b3NjhoovRAuIHgs8rrU0" alt=""/><figcaption>Disponível em: &lt;https://www.estadosecapitaisdobrasil.com/imagens/mapas-brasil/mapa-politico-brasil.jpg?x65722&gt; Acesso em: 27 mar 2021</figcaption></figure></div>



<p class="has-medium-font-size">Localize a unidade político-administrativa que você mora e preencha as informações:</p>



<p>• País:<br>• Grande região:<br>• Estado:<br>• Cidade:<br>• Bairro:</p>



<p class="has-text-color has-background has-medium-font-size" style="background-color:#ddd1c8;color:#000000"><strong>ATIVIDADE 2</strong></p>



<p class="has-text-color has-medium-font-size" style="color:#000000">Tenha um dicionário em mãos e procure o significado da palavra “PLEBISCITO”. Caso não tenha um dicionário impresso, utilize o dicionário <em>on line</em>: <a href="https://www.dicio.com.br/">https://www.dicio.com.br/</a>&nbsp;</p>



<p class="has-text-color has-background has-medium-font-size" style="background-color:#ddd1c8;color:#000000"><strong>ATIVIDADE 3</strong></p>



<p class="has-text-color has-medium-font-size" style="color:#000000">Entre as formas de participação social da população está a livre manifestação &#8211; quando as decisões dos governos, de certa forma, prejudicam a população. Um exemplo foi um movimento de estudantes que ocuparam escolas no estado de São Paulo em 2015 contra uma decisão do governo de fechar escolas. Assista ao vídeo abaixo para conhecer.</p>



<figure class="wp-block-embed aligncenter is-type-video is-provider-youtube wp-block-embed-youtube wp-embed-aspect-16-9 wp-has-aspect-ratio"><div class="wp-block-embed__wrapper">
<p class="responsive-video-wrap clr"><iframe title="Ocupação das Escolas | São Paulo/SP" width="1200" height="675" src="https://www.youtube.com/embed/G1N2q1QCQ6Q?feature=oembed" frameborder="0" allow="accelerometer; autoplay; clipboard-write; encrypted-media; gyroscope; picture-in-picture" allowfullscreen></iframe></p>
</div><figcaption>Ocupação das escolas – São Paulo. Disponível em: &lt;https://www.youtube.com/watch?v=G1N2q1QCQ6Q&gt; Acesso em: 27 mar 2021.</figcaption></figure>



<p class="has-medium-font-size">Após assistir ao vídeo, responda:<br>O que os estudantes reivindicavam na manifestação? Você concorda ou discorda com esses estudantes? Explique sua resposta:</p>



<hr class="wp-block-separator"/>



<figure class="wp-block-table is-style-stripes"><table><tbody><tr><td>Habilidade estruturante&nbsp;</td><td>(EF04GE03-A) Identificar a organização política e administrativa do município onde mora.<br>(EF15LP01) Identificar a função social de textos que circulam em campos da vida social dos quais participa cotidianamente (a casa, a rua, a comunidade, a escola) e nas mídias impressa, de massa e digital, reconhecendo para que foram produzidos, onde circulam, quem os produziu e a quem se destinam.<br>(EF04LP14) Identificar, em notícias, fatos, participantes, local e momento/tempo da ocorrência do fato noticiado.&nbsp;<br>(EF04LP03) Localizar palavras no dicionário para esclarecer significados, reconhecendo o significado mais plausível para o contexto que deu origem à consulta.&nbsp;</td></tr></tbody></table></figure>
