{"id":127046,"date":"2021-04-07T06:00:00","date_gmt":"2021-04-07T09:00:00","guid":{"rendered":"https:\/\/sme.goiania.go.gov.br\/conexaoescola\/?post_type=ensino_fundamental&#038;p=127046"},"modified":"2021-11-09T09:53:16","modified_gmt":"2021-11-09T11:53:16","slug":"geografia-paisagens-naturais-e-antropicas","status":"publish","type":"ensino_fundamental","link":"https:\/\/sme.goiania.go.gov.br\/conexaoescola\/ensino_fundamental\/geografia-paisagens-naturais-e-antropicas\/","title":{"rendered":"Geografia &#8211; Paisagens naturais e antr\u00f3picas"},"content":{"rendered":"\n<p class=\"has-text-align-center has-text-color has-background has-medium-font-size\" style=\"background-color:#bed8df;color:#000000\"><em>Ol\u00e1, educando (a)! Esta videoaula de <\/em><strong><em>Geografia<\/em><\/strong><em> foi veiculada na TV no dia <\/em><strong><em>07\/04\/2021 (Quarta-feira)<\/em><\/strong><em>. <\/em><br><em>Aqui no Portal Conex\u00e3o Escola, ela est\u00e1 dispon\u00edvel juntamente com a proposta de atividade.<\/em><\/p>\n\n\n\n<figure class=\"wp-block-image size-large is-style-rounded\"><img fetchpriority=\"high\" decoding=\"async\" width=\"1024\" height=\"683\" src=\"https:\/\/sme.goiania.go.gov.br\/conexaoescola\/wp-content\/uploads\/2021\/04\/road-210913_1920-e1617756355766-1024x683.jpg\" alt=\"\" class=\"wp-image-127047\" srcset=\"https:\/\/sme.goiania.go.gov.br\/conexaoescola\/wp-content\/uploads\/2021\/04\/road-210913_1920-e1617756355766-1024x683.jpg 1024w, https:\/\/sme.goiania.go.gov.br\/conexaoescola\/wp-content\/uploads\/2021\/04\/road-210913_1920-e1617756355766-300x200.jpg 300w, https:\/\/sme.goiania.go.gov.br\/conexaoescola\/wp-content\/uploads\/2021\/04\/road-210913_1920-e1617756355766-768x512.jpg 768w, https:\/\/sme.goiania.go.gov.br\/conexaoescola\/wp-content\/uploads\/2021\/04\/road-210913_1920-e1617756355766-1536x1025.jpg 1536w, https:\/\/sme.goiania.go.gov.br\/conexaoescola\/wp-content\/uploads\/2021\/04\/road-210913_1920-e1617756355766.jpg 1920w\" sizes=\"(max-width: 1024px) 100vw, 1024px\" \/><figcaption>Fonte: Pixabay<\/figcaption><\/figure>\n\n\n\n<p class=\"has-text-align-center has-very-light-gray-background-color has-text-color has-background has-medium-font-size\" style=\"color:#000000\">OL\u00c1 CRIAN\u00c7AS.<br>A ATIVIDADE DE HOJE ABORDAR\u00c1 SOBRE UM TEMA MUITO INTERESSANTE. VOC\u00ca J\u00c1 PAROU PARA PENSAR SOBRE AS NOSSAS PAISAGENS? COMO PODEMOS CONTRIBUIR NA PRESERVA\u00c7\u00c3O DO MEIO AMBIENTE?&nbsp;<br>EST\u00c3O ANIMADOS PARA DESCOBRIR E EMBARCAR NESSA AVENTURA? VAMOS L\u00c1?<\/p>\n\n\n\n<p class=\"has-text-align-center has-very-light-gray-background-color has-text-color has-background has-medium-font-size\" style=\"color:#000000\"><strong>ASSISTA A VIDEOAULA A SEGUIR:<\/strong><\/p>\n\n\n\n<figure class=\"wp-block-embed aligncenter is-type-video is-provider-youtube wp-block-embed-youtube wp-embed-aspect-16-9 wp-has-aspect-ratio\"><div class=\"wp-block-embed__wrapper\">\n<p class=\"responsive-video-wrap clr\"><iframe title=\"Geografia |  Agrupamento C | 3\u00ba Ano  | Ciclo da Inf\u00e2ncia\" width=\"1200\" height=\"675\" src=\"https:\/\/www.youtube.com\/embed\/xpczR3V0PCg?feature=oembed\" frameborder=\"0\" allow=\"accelerometer; autoplay; clipboard-write; encrypted-media; gyroscope; picture-in-picture\" allowfullscreen><\/iframe><\/p>\n<\/div><figcaption>Geografia | Agrupamento C | 3\u00ba Ano | Ciclo da Inf\u00e2ncia<\/figcaption><\/figure>\n\n\n\n<hr class=\"wp-block-separator is-style-wide\"\/>\n\n\n\n<p class=\"has-luminous-vivid-amber-background-color has-text-color has-background has-medium-font-size\" style=\"color:#000000\"><strong>ATIVIDADE 1<\/strong><\/p>\n\n\n\n<p class=\"has-text-color has-medium-font-size\" style=\"color:#000000\">APRENDEMOS ATRAV\u00c9S DA VIDEOAULA, QUE PAISAGEM \u00c9 TUDO AQUILO QUE PODEMOS PERCEBER ATRAV\u00c9S DOS CINCO SENTIDOS. TODO AMBIENTE TERRESTRE&nbsp; PODE SER CONSIDERADO UMA PAISAGEM. TEMOS DOIS TIPOS DE PAISAGEM:<\/p>\n\n\n\n<ol class=\"wp-block-list\"><li><span style=\"color:#000000\" class=\"has-inline-color\"><strong>PAISAGEM NATURAL:<\/strong> &nbsp;S\u00c3O AS EXPRESS\u00d5ES DOS ELEMENTOS DA NATUREZA QUE N\u00c3O SE MODIFICARAM OU QUE FORAM POUCO ALTERADOS PELO SER HUMANO.<\/span><\/li><li><span style=\"color:#000000\" class=\"has-inline-color\"><strong>PAISAGEM ANTR\u00d3PICA:<\/strong> S\u00c3O EXPRESS\u00d5ES DAS ATIVIDADES HUMANAS.&nbsp;<\/span><\/li><\/ol>\n\n\n\n<p class=\"has-text-color has-medium-font-size\" style=\"color:#000000\">PENSANDO NESSES CONCEITOS, OBSERVE AS IMAGENS E RESPONDA DE ACORDO COM A NUMERA\u00c7\u00c3O ACIMA: QUAL PAISAGEM \u00c9 NATURAL E QUAL PAISAGEM \u00c9 ANTR\u00d3PICA?<\/p>\n\n\n\n<figure class=\"wp-block-image size-large\"><img decoding=\"async\" width=\"707\" height=\"487\" src=\"https:\/\/sme.goiania.go.gov.br\/conexaoescola\/wp-content\/uploads\/2021\/04\/Captura-de-Tela-2021-04-06-a\u0300s-22.03.10-e1617757439362.png\" alt=\"\" class=\"wp-image-127048\" srcset=\"https:\/\/sme.goiania.go.gov.br\/conexaoescola\/wp-content\/uploads\/2021\/04\/Captura-de-Tela-2021-04-06-a\u0300s-22.03.10-e1617757439362.png 707w, https:\/\/sme.goiania.go.gov.br\/conexaoescola\/wp-content\/uploads\/2021\/04\/Captura-de-Tela-2021-04-06-a\u0300s-22.03.10-e1617757439362-300x207.png 300w\" sizes=\"(max-width: 707px) 100vw, 707px\" \/><figcaption>Pixabay<\/figcaption><\/figure>\n\n\n\n<p class=\"has-luminous-vivid-amber-background-color has-text-color has-background has-medium-font-size\" style=\"color:#000000\"><strong>ATIVIDADE 2<\/strong><\/p>\n\n\n\n<p class=\"has-text-color has-medium-font-size\" style=\"color:#000000\">APRENDEMOS QUE ALGUMAS A\u00c7\u00d5ES ANTR\u00d3PICAS S\u00c3O NEGATIVAS, COMO POR EXEMPLO, O DESMATAMENTO E A POLUI\u00c7\u00c3O. CITE EXEMPLOS DOS RESULTADOS NEGATIVOS DESSAS A\u00c7\u00d5ES PARA O NOSSO PLANETA:<\/p>\n\n\n\n<p class=\"has-text-align-center\"><img decoding=\"async\" src=\"https:\/\/lh5.googleusercontent.com\/9qxTvzF0IFpBAfhkKXv_ismbxUwpmEdVjbAQSYX4MXs9Yt1zyrkpxWzfhD7QppkSoHseHE2TtzVfQ-KQIRVQrQkdHQCEP2oa_OMTYAK-VbddloASdit_L3dBEIe6aA\" style=\"width: undefinedpx;\"><\/p>\n\n\n\n<p class=\"has-luminous-vivid-amber-background-color has-text-color has-background has-medium-font-size\" style=\"color:#000000\"><strong>ATIVIDADE 3<\/strong><\/p>\n\n\n\n<p class=\"has-text-color has-medium-font-size\" style=\"color:#000000\">PENSE EM ALTERNATIVAS E SOLU\u00c7\u00d5ES PARA MUDAR ESSE CEN\u00c1RIO. REGISTRE EM SEU CADERNO:<\/p>\n\n\n\n<hr class=\"wp-block-separator is-style-wide\"\/>\n\n\n\n<figure class=\"wp-block-table\"><table><tbody><tr><td>Habilidade estruturante&nbsp;<\/td><td>(EF03GE04-A) Explicar como os processos naturais e antr\u00f3picos atuam na produ\u00e7\u00e3o e na mudan\u00e7a das paisagens.<br>(EF03GE04-C) Conceituar paisagens naturais e antr\u00f3picas e identific\u00e1-las em seu munic\u00edpio.<\/td><\/tr><tr><td><strong>Refer\u00eancias:<\/strong><\/td><td>PENA, Rodolfo F. Alves. &#8220;Paisagem Cultural e Paisagem Natural&#8221;; <em>Brasil Escola<\/em>. Dispon\u00edvel em: &lt;https:\/\/brasilescola.uol.com.br\/geografia\/paisagem-cultural-paisagem-natural.htm&gt; acesso em 07 de mar\u00e7o de 2021.<\/td><\/tr><\/tbody><\/table><\/figure>\n","protected":false},"author":20,"featured_media":127047,"template":"","ef_categoria":[13,18],"ef_ano":[86],"ef_componente":[96],"class_list":["post-127046","ensino_fundamental","type-ensino_fundamental","status-publish","has-post-thumbnail","hentry","ef_categoria-ciclo-da-infancia-abc","ef_categoria-educacao-ambiental-e-saude","ef_ano-3o-ano","ef_componente-geografia","entry","has-media"],"acf":[],"_links":{"self":[{"href":"https:\/\/sme.goiania.go.gov.br\/conexaoescola\/wp-json\/wp\/v2\/ensino_fundamental\/127046","targetHints":{"allow":["GET"]}}],"collection":[{"href":"https:\/\/sme.goiania.go.gov.br\/conexaoescola\/wp-json\/wp\/v2\/ensino_fundamental"}],"about":[{"href":"https:\/\/sme.goiania.go.gov.br\/conexaoescola\/wp-json\/wp\/v2\/types\/ensino_fundamental"}],"author":[{"embeddable":true,"href":"https:\/\/sme.goiania.go.gov.br\/conexaoescola\/wp-json\/wp\/v2\/users\/20"}],"version-history":[{"count":0,"href":"https:\/\/sme.goiania.go.gov.br\/conexaoescola\/wp-json\/wp\/v2\/ensino_fundamental\/127046\/revisions"}],"wp:featuredmedia":[{"embeddable":true,"href":"https:\/\/sme.goiania.go.gov.br\/conexaoescola\/wp-json\/wp\/v2\/media\/127047"}],"wp:attachment":[{"href":"https:\/\/sme.goiania.go.gov.br\/conexaoescola\/wp-json\/wp\/v2\/media?parent=127046"}],"wp:term":[{"taxonomy":"ef_categoria","embeddable":true,"href":"https:\/\/sme.goiania.go.gov.br\/conexaoescola\/wp-json\/wp\/v2\/ef_categoria?post=127046"},{"taxonomy":"ef_ano","embeddable":true,"href":"https:\/\/sme.goiania.go.gov.br\/conexaoescola\/wp-json\/wp\/v2\/ef_ano?post=127046"},{"taxonomy":"ef_componente","embeddable":true,"href":"https:\/\/sme.goiania.go.gov.br\/conexaoescola\/wp-json\/wp\/v2\/ef_componente?post=127046"}],"curies":[{"name":"wp","href":"https:\/\/api.w.org\/{rel}","templated":true}]}}

Geografia &#8211; Paisagens naturais e antrópicas

<p class="has-text-align-center has-text-color has-background has-medium-font-size" style="background-color:#bed8df;color:#000000"><em>Olá, educando (a)! Esta videoaula de </em><strong><em>Geografia</em></strong><em> foi veiculada na TV no dia </em><strong><em>07/04/2021 (Quarta-feira)</em></strong><em>. </em><br><em>Aqui no Portal Conexão Escola, ela está disponível juntamente com a proposta de atividade.</em></p>



<figure class="wp-block-image size-large is-style-rounded"><img fetchpriority="high" decoding="async" width="1024" height="683" src="https://sme.goiania.go.gov.br/conexaoescola/wp-content/uploads/2021/04/road-210913_1920-e1617756355766-1024x683.jpg" alt="" class="wp-image-127047" srcset="https://sme.goiania.go.gov.br/conexaoescola/wp-content/uploads/2021/04/road-210913_1920-e1617756355766-1024x683.jpg 1024w, https://sme.goiania.go.gov.br/conexaoescola/wp-content/uploads/2021/04/road-210913_1920-e1617756355766-300x200.jpg 300w, https://sme.goiania.go.gov.br/conexaoescola/wp-content/uploads/2021/04/road-210913_1920-e1617756355766-768x512.jpg 768w, https://sme.goiania.go.gov.br/conexaoescola/wp-content/uploads/2021/04/road-210913_1920-e1617756355766-1536x1025.jpg 1536w, https://sme.goiania.go.gov.br/conexaoescola/wp-content/uploads/2021/04/road-210913_1920-e1617756355766.jpg 1920w" sizes="(max-width: 1024px) 100vw, 1024px" /><figcaption>Fonte: Pixabay</figcaption></figure>



<p class="has-text-align-center has-very-light-gray-background-color has-text-color has-background has-medium-font-size" style="color:#000000">OLÁ CRIANÇAS.<br>A ATIVIDADE DE HOJE ABORDARÁ SOBRE UM TEMA MUITO INTERESSANTE. VOCÊ JÁ PAROU PARA PENSAR SOBRE AS NOSSAS PAISAGENS? COMO PODEMOS CONTRIBUIR NA PRESERVAÇÃO DO MEIO AMBIENTE?&nbsp;<br>ESTÃO ANIMADOS PARA DESCOBRIR E EMBARCAR NESSA AVENTURA? VAMOS LÁ?</p>



<p class="has-text-align-center has-very-light-gray-background-color has-text-color has-background has-medium-font-size" style="color:#000000"><strong>ASSISTA A VIDEOAULA A SEGUIR:</strong></p>



<figure class="wp-block-embed aligncenter is-type-video is-provider-youtube wp-block-embed-youtube wp-embed-aspect-16-9 wp-has-aspect-ratio"><div class="wp-block-embed__wrapper">
<p class="responsive-video-wrap clr"><iframe title="Geografia |  Agrupamento C | 3º Ano  | Ciclo da Infância" width="1200" height="675" src="https://www.youtube.com/embed/xpczR3V0PCg?feature=oembed" frameborder="0" allow="accelerometer; autoplay; clipboard-write; encrypted-media; gyroscope; picture-in-picture" allowfullscreen></iframe></p>
</div><figcaption>Geografia | Agrupamento C | 3º Ano | Ciclo da Infância</figcaption></figure>



<hr class="wp-block-separator is-style-wide"/>



<p class="has-luminous-vivid-amber-background-color has-text-color has-background has-medium-font-size" style="color:#000000"><strong>ATIVIDADE 1</strong></p>



<p class="has-text-color has-medium-font-size" style="color:#000000">APRENDEMOS ATRAVÉS DA VIDEOAULA, QUE PAISAGEM É TUDO AQUILO QUE PODEMOS PERCEBER ATRAVÉS DOS CINCO SENTIDOS. TODO AMBIENTE TERRESTRE&nbsp; PODE SER CONSIDERADO UMA PAISAGEM. TEMOS DOIS TIPOS DE PAISAGEM:</p>



<ol class="wp-block-list"><li><span style="color:#000000" class="has-inline-color"><strong>PAISAGEM NATURAL:</strong> &nbsp;SÃO AS EXPRESSÕES DOS ELEMENTOS DA NATUREZA QUE NÃO SE MODIFICARAM OU QUE FORAM POUCO ALTERADOS PELO SER HUMANO.</span></li><li><span style="color:#000000" class="has-inline-color"><strong>PAISAGEM ANTRÓPICA:</strong> SÃO EXPRESSÕES DAS ATIVIDADES HUMANAS.&nbsp;</span></li></ol>



<p class="has-text-color has-medium-font-size" style="color:#000000">PENSANDO NESSES CONCEITOS, OBSERVE AS IMAGENS E RESPONDA DE ACORDO COM A NUMERAÇÃO ACIMA: QUAL PAISAGEM É NATURAL E QUAL PAISAGEM É ANTRÓPICA?</p>



<figure class="wp-block-image size-large"><img decoding="async" width="707" height="487" src="https://sme.goiania.go.gov.br/conexaoescola/wp-content/uploads/2021/04/Captura-de-Tela-2021-04-06-às-22.03.10-e1617757439362.png" alt="" class="wp-image-127048" srcset="https://sme.goiania.go.gov.br/conexaoescola/wp-content/uploads/2021/04/Captura-de-Tela-2021-04-06-às-22.03.10-e1617757439362.png 707w, https://sme.goiania.go.gov.br/conexaoescola/wp-content/uploads/2021/04/Captura-de-Tela-2021-04-06-às-22.03.10-e1617757439362-300x207.png 300w" sizes="(max-width: 707px) 100vw, 707px" /><figcaption>Pixabay</figcaption></figure>



<p class="has-luminous-vivid-amber-background-color has-text-color has-background has-medium-font-size" style="color:#000000"><strong>ATIVIDADE 2</strong></p>



<p class="has-text-color has-medium-font-size" style="color:#000000">APRENDEMOS QUE ALGUMAS AÇÕES ANTRÓPICAS SÃO NEGATIVAS, COMO POR EXEMPLO, O DESMATAMENTO E A POLUIÇÃO. CITE EXEMPLOS DOS RESULTADOS NEGATIVOS DESSAS AÇÕES PARA O NOSSO PLANETA:</p>



<p class="has-text-align-center"><img decoding="async" src="https://lh5.googleusercontent.com/9qxTvzF0IFpBAfhkKXv_ismbxUwpmEdVjbAQSYX4MXs9Yt1zyrkpxWzfhD7QppkSoHseHE2TtzVfQ-KQIRVQrQkdHQCEP2oa_OMTYAK-VbddloASdit_L3dBEIe6aA" style="width: undefinedpx;"></p>



<p class="has-luminous-vivid-amber-background-color has-text-color has-background has-medium-font-size" style="color:#000000"><strong>ATIVIDADE 3</strong></p>



<p class="has-text-color has-medium-font-size" style="color:#000000">PENSE EM ALTERNATIVAS E SOLUÇÕES PARA MUDAR ESSE CENÁRIO. REGISTRE EM SEU CADERNO:</p>



<hr class="wp-block-separator is-style-wide"/>



<figure class="wp-block-table"><table><tbody><tr><td>Habilidade estruturante&nbsp;</td><td>(EF03GE04-A) Explicar como os processos naturais e antrópicos atuam na produção e na mudança das paisagens.<br>(EF03GE04-C) Conceituar paisagens naturais e antrópicas e identificá-las em seu município.</td></tr><tr><td><strong>Referências:</strong></td><td>PENA, Rodolfo F. Alves. &#8220;Paisagem Cultural e Paisagem Natural&#8221;; <em>Brasil Escola</em>. Disponível em: &lt;https://brasilescola.uol.com.br/geografia/paisagem-cultural-paisagem-natural.htm&gt; acesso em 07 de março de 2021.</td></tr></tbody></table></figure>
