{"id":127024,"date":"2021-04-06T06:00:00","date_gmt":"2021-04-06T09:00:00","guid":{"rendered":"https:\/\/sme.goiania.go.gov.br\/conexaoescola\/?post_type=ensino_fundamental&#038;p=127024"},"modified":"2021-11-09T09:53:38","modified_gmt":"2021-11-09T11:53:38","slug":"geografia-vamos-nos-localizar","status":"publish","type":"ensino_fundamental","link":"https:\/\/sme.goiania.go.gov.br\/conexaoescola\/ensino_fundamental\/geografia-vamos-nos-localizar\/","title":{"rendered":"GEOGRAFIA &#8211; VAMOS NOS LOCALIZAR?"},"content":{"rendered":"\n<p class=\"has-text-align-center has-text-color has-medium-font-size\" style=\"color:#000000\"><em><strong>Ol\u00e1, educando (a)! Esta videoaula de&nbsp;<span class=\"has-inline-color has-vivid-red-color\">Geografia<\/span><em> para o 2\u00ba ano do Ensino Fundamental \u2013<\/em>&nbsp;foi veiculada na TV no dia&nbsp;06\/04\/2021 (Ter\u00e7a-feira). Aqui no Portal Conex\u00e3o Escola, ela est\u00e1 dispon\u00edvel juntamente com a proposta de atividade.<\/strong><\/em><\/p>\n\n\n\n<div class=\"wp-block-image\"><figure class=\"aligncenter size-large is-resized\"><img fetchpriority=\"high\" decoding=\"async\" src=\"https:\/\/sme.goiania.go.gov.br\/conexaoescola\/wp-content\/uploads\/2021\/04\/map-846083_1920-1024x683.jpg\" alt=\"\" class=\"wp-image-127025\" width=\"661\" height=\"440\"\/><figcaption>FONTE: PIXABAY<\/figcaption><\/figure><\/div>\n\n\n\n<p class=\"has-text-align-center has-text-color has-background has-medium-font-size\" style=\"background-color:#5a8197;color:#000000\"><strong>AULA DE HOJE ABORDAR\u00c1 SOBRE A IMPORT\u00c2NCIA DE APRENDERMOS SOBRE A &nbsp;<span class=\"has-inline-color has-vivid-red-color\">LOCALIZA\u00c7\u00c3O E AS POSI\u00c7\u00d5ES<\/span> DAS PESSOAS E DOS OBJETOS. <\/strong><\/p>\n\n\n\n<p class=\"has-text-align-center has-text-color has-background has-medium-font-size\" style=\"background-color:#c5d3dc;color:#060303\"><strong>ASSISTA A VIDEOAULA A SEGUIR:<\/strong><\/p>\n\n\n\n<figure class=\"wp-block-embed aligncenter is-type-video is-provider-youtube wp-block-embed-youtube wp-embed-aspect-16-9 wp-has-aspect-ratio\"><div class=\"wp-block-embed__wrapper\">\n<p class=\"responsive-video-wrap clr\"><iframe title=\"Geografia |  Agrupamento B | 2\u00ba Ano | Ciclo da Inf\u00e2ncia\" width=\"1200\" height=\"675\" src=\"https:\/\/www.youtube.com\/embed\/1VpNzGMZfHI?feature=oembed\" frameborder=\"0\" allow=\"accelerometer; autoplay; clipboard-write; encrypted-media; gyroscope; picture-in-picture\" allowfullscreen><\/iframe><\/p>\n<\/div><figcaption>Geografia | Agrupamento B | 2\u00ba Ano | Ciclo da Inf\u00e2ncia<\/figcaption><\/figure>\n\n\n\n<p class=\"has-text-align-center has-text-color has-background has-medium-font-size\" style=\"background-color:#9de1a1;color:#000000\"><strong>OL\u00c1 PESSOAL! TUDO BEM POR A\u00cd?<\/strong><\/p>\n\n\n\n<p class=\"has-text-align-center has-text-color has-background has-medium-font-size\" style=\"background-color:#71cad1;color:#000000\"><strong>A LEITURA DO MUNDO COME\u00c7A PELA LEITURA DO <span class=\"has-inline-color has-vivid-red-color\">LUGAR<\/span> EM QUE VIVEMOS. EM NOSSO DIA A DIA NOS DESLOCAMOS PARA LUGARES DIFERENTES, PROCURAMOS ALGUM OBJETO OU PRECISAMOS AJUDAR ALGU\u00c9M A <span class=\"has-inline-color has-vivid-red-color\">LOCALIZAR<\/span> ALGO. PARA ISSO, PRECISAMOS NOS <span class=\"has-inline-color has-vivid-red-color\">ORIENTAR<\/span> E NOS LOCALIZAR DE MANEIRA CORRETA. <\/strong><\/p>\n\n\n\n<p class=\"has-text-align-center has-text-color has-background has-medium-font-size\" style=\"background-color:#3cdc81;color:#050202\"><strong>UTILIZAMOS ALGUNS <span class=\"has-inline-color has-vivid-red-color\">PONTOS DE REFER\u00caNCIA<\/span> E APRENDEMOS COMO A ORIENTA\u00c7\u00c3O E A LOCALIZA\u00c7\u00c3O S\u00c3O IMPORTANTES!<\/strong><\/p>\n\n\n\n<p class=\"has-text-align-center has-text-color has-background has-medium-font-size\" style=\"background-color:#cbe7f3;color:#0f0505\"><strong>OBSERVE AS IMAGENS A SEGUIR:<\/strong><\/p>\n\n\n\n<p class=\"has-text-align-center\"><img decoding=\"async\" width=\"399\" height=\"266\" alt=\"People in line waiting to pay Free Vector\" src=\"https:\/\/lh5.googleusercontent.com\/IVmTgeWfE7q26N2n7s3lqxcNYcQLNsKw75AbsNale3ahn0svQeQGuMMAbF_WM0kd8E7sEd6F2Z1cyf4tSg3gSpf4g2AjLETMpf18d9xsdnN-dEmncc985meY-bgTUCT0acLzAiE\"><\/p>\n\n\n\n<p class=\"has-text-color has-background has-medium-font-size\" style=\"background-color:#9de1a1;color:#000000\"><strong>AGORA RESPONDA:<\/strong><\/p>\n\n\n\n<p class=\"has-text-color has-background has-normal-font-size\" style=\"background-color:#c5d3dc;color:#000000\"><strong>QUANTAS PESSOAS EST\u00c3O NA FILA PARA EFETUAR O PAGAMENTO?<\/strong><\/p>\n\n\n\n<p class=\"has-text-color has-background\" style=\"background-color:#c5d3dc;color:#000000\"><strong>QUANTAS PESSOAS EST\u00c3O A FRENTE DA MULHER QUE UTILIZA UMA BOLSA?<\/strong><\/p>\n\n\n\n<p class=\"has-text-color has-background\" style=\"background-color:#c5d3dc;color:#000000\"><strong>QUANTAS PESSOAS EST\u00c3O \u00c0 DIREITA DO RAPAZ DE PALET\u00d3 ROXO? <\/strong><\/p>\n\n\n\n<p class=\"has-background has-medium-font-size\" style=\"background-color:#d3a2ae\"><strong><span class=\"has-inline-color has-vivid-red-color\">ATIVIDADE 1<\/span><\/strong><\/p>\n\n\n\n<p class=\"has-cyan-bluish-gray-background-color has-text-color has-background has-medium-font-size\" style=\"color:#000000\"><strong>AGORA \u00c9 COM VOC\u00ca\u2026&nbsp;<br>VAMOS APRENDER BRINCANDO? <\/strong><\/p>\n\n\n\n<p class=\"has-text-align-center has-text-color has-background has-medium-font-size\" style=\"background-color:#e19763;color:#000000\"><strong>VOC\u00ca VAI LEVANTAR DO SEU LUGAR. FIQUE EM P\u00c9, IMAGINE QUE VOC\u00ca TEM UM SABONETE NAS M\u00c3OS E DEVE SEGUIR OS COMANDOS:<\/strong><\/p>\n\n\n\n<ul class=\"wp-block-list\"><li><strong>ESFREGUE A PARTE DE CIMA DA SUA CABE\u00c7A.&nbsp;<\/strong><\/li><\/ul>\n\n\n\n<ul class=\"wp-block-list\"><li><strong>ESFREGUE O BRA\u00c7O DIREITO.&nbsp;<\/strong><\/li><\/ul>\n\n\n\n<ul class=\"wp-block-list\"><li><strong>ESFREGUE A PARTE DA FRENTE DO SEU CORPO.&nbsp;<\/strong><\/li><\/ul>\n\n\n\n<ul class=\"wp-block-list\"><li><strong>ESFREGUE A PARTE DE TR\u00c1S DO PESCO\u00c7O. PE\u00c7A QUE OS ALUNOS TROQUEM O \u201cSABONETE\u201d PELA \u201cTOALHA\u201d, \u201cENXUGANDO\u201d O CORPO DE ACORDO COM O COMANDO.&nbsp;<\/strong><\/li><\/ul>\n\n\n\n<ul class=\"wp-block-list\"><li><strong>ENXUGUE A PARTE DE TR\u00c1S DA CABE\u00c7A<\/strong>&nbsp;<\/li><\/ul>\n\n\n\n<ul class=\"wp-block-list\"><li><strong>ENXUGUE O P\u00c9 ESQUERDO.<\/strong>&nbsp;<\/li><\/ul>\n\n\n\n<ul class=\"wp-block-list\"><li><strong>ENXUGUE A M\u00c3O DIREITA.&nbsp;<\/strong><\/li><\/ul>\n\n\n\n<ul class=\"wp-block-list\"><li><strong>ENXUGUE A PARTE DA FRENTE DA SUA PERNA.<\/strong><\/li><\/ul>\n\n\n\n<p class=\"has-text-color has-background has-medium-font-size\" style=\"background-color:#d3a2ae;color:#000000\"><strong>E A\u00cd, VAMOS PARA <span class=\"has-inline-color has-vivid-red-color\">ATIVIDADE 2<\/span><\/strong><\/p>\n\n\n\n<p class=\"has-text-color has-background has-medium-font-size\" style=\"background-color:#e19763;color:#0a0404\"><strong>OBSERVE OS CRACH\u00c1S DE UMA TURMA DO 2\u00ba ANO E RESPONDA: <\/strong><\/p>\n\n\n\n<figure class=\"wp-block-table aligncenter is-style-regular\"><table class=\"has-background\" style=\"background-color:#e7f5fe\"><tbody><tr><td class=\"has-text-align-center\" data-align=\"center\">L\u00c9O<\/td><td class=\"has-text-align-center\" data-align=\"center\">C\u00c9LIA<\/td><td class=\"has-text-align-center\" data-align=\"center\">EVA<\/td><\/tr><tr><td class=\"has-text-align-center\" data-align=\"center\">LUCA<\/td><td class=\"has-text-align-center\" data-align=\"center\">DAVI<\/td><td class=\"has-text-align-center\" data-align=\"center\">IAN<\/td><\/tr><tr><td class=\"has-text-align-center\" data-align=\"center\">VIVI<\/td><td class=\"has-text-align-center\" data-align=\"center\">MARI<\/td><td class=\"has-text-align-center\" data-align=\"center\">LIA<\/td><\/tr><\/tbody><\/table><\/figure>\n\n\n\n<p class=\"has-pale-cyan-blue-background-color has-text-color has-background has-medium-font-size\" style=\"color:#0c0404\"><strong>QUAL NOME EST\u00c1&#8230;<\/strong><\/p>\n\n\n\n<p><strong>A) \u00c0 DIREITA DO NOME DO DAVI?&nbsp;<\/strong><\/p>\n\n\n\n<p><strong>B) \u00c0 ESQUERDA DO NOME DA MARI?&nbsp;<\/strong><\/p>\n\n\n\n<p><strong>C) EMBAIXO DO NOME DO IAN?&nbsp;<\/strong><\/p>\n\n\n\n<p><strong>D) EM CIMA DO NOME DO LUCA?<\/strong><\/p>\n\n\n\n<figure class=\"wp-block-table\"><table><tbody><tr><td><br><strong>HABILIDADE ESTRUTURANTE<\/strong>&nbsp;<br><\/td><td><strong>(EF02GE10) APLICAR PRINC\u00cdPIOS DE LOCALIZA\u00c7\u00c3O E POSI\u00c7\u00c3O DE OBJETOS (REFERENCIAIS ESPACIAIS COMO FRENTE E ATR\u00c1S, ESQUERDA E DIREITA, EM CIMA E EMBAIXO, DENTRO E FORA), POR MEIO DE REPRESENTA\u00c7\u00d5ES ESPACIAIS DA SALA DE AULA E DA ESCOLA.&nbsp;<\/strong><\/td><\/tr><\/tbody><\/table><\/figure>\n\n\n\n<p><\/p>\n","protected":false},"author":20,"featured_media":127025,"template":"","ef_categoria":[13,18],"ef_ano":[85],"ef_componente":[96],"class_list":["post-127024","ensino_fundamental","type-ensino_fundamental","status-publish","has-post-thumbnail","hentry","ef_categoria-ciclo-da-infancia-abc","ef_categoria-educacao-ambiental-e-saude","ef_ano-2o-ano","ef_componente-geografia","entry","has-media"],"acf":[],"_links":{"self":[{"href":"https:\/\/sme.goiania.go.gov.br\/conexaoescola\/wp-json\/wp\/v2\/ensino_fundamental\/127024","targetHints":{"allow":["GET"]}}],"collection":[{"href":"https:\/\/sme.goiania.go.gov.br\/conexaoescola\/wp-json\/wp\/v2\/ensino_fundamental"}],"about":[{"href":"https:\/\/sme.goiania.go.gov.br\/conexaoescola\/wp-json\/wp\/v2\/types\/ensino_fundamental"}],"author":[{"embeddable":true,"href":"https:\/\/sme.goiania.go.gov.br\/conexaoescola\/wp-json\/wp\/v2\/users\/20"}],"version-history":[{"count":0,"href":"https:\/\/sme.goiania.go.gov.br\/conexaoescola\/wp-json\/wp\/v2\/ensino_fundamental\/127024\/revisions"}],"wp:featuredmedia":[{"embeddable":true,"href":"https:\/\/sme.goiania.go.gov.br\/conexaoescola\/wp-json\/wp\/v2\/media\/127025"}],"wp:attachment":[{"href":"https:\/\/sme.goiania.go.gov.br\/conexaoescola\/wp-json\/wp\/v2\/media?parent=127024"}],"wp:term":[{"taxonomy":"ef_categoria","embeddable":true,"href":"https:\/\/sme.goiania.go.gov.br\/conexaoescola\/wp-json\/wp\/v2\/ef_categoria?post=127024"},{"taxonomy":"ef_ano","embeddable":true,"href":"https:\/\/sme.goiania.go.gov.br\/conexaoescola\/wp-json\/wp\/v2\/ef_ano?post=127024"},{"taxonomy":"ef_componente","embeddable":true,"href":"https:\/\/sme.goiania.go.gov.br\/conexaoescola\/wp-json\/wp\/v2\/ef_componente?post=127024"}],"curies":[{"name":"wp","href":"https:\/\/api.w.org\/{rel}","templated":true}]}}

<p class="has-text-align-center has-text-color has-medium-font-size" style="color:#000000"><em><strong>Olá, educando (a)! Esta videoaula de&nbsp;<span class="has-inline-color has-vivid-red-color">Geografia</span><em> para o 2º ano do Ensino Fundamental –</em>&nbsp;foi veiculada na TV no dia&nbsp;06/04/2021 (Terça-feira). Aqui no Portal Conexão Escola, ela está disponível juntamente com a proposta de atividade.</strong></em></p>



<div class="wp-block-image"><figure class="aligncenter size-large is-resized"><img fetchpriority="high" decoding="async" src="https://sme.goiania.go.gov.br/conexaoescola/wp-content/uploads/2021/04/map-846083_1920-1024x683.jpg" alt="" class="wp-image-127025" width="661" height="440"/><figcaption>FONTE: PIXABAY</figcaption></figure></div>



<p class="has-text-align-center has-text-color has-background has-medium-font-size" style="background-color:#5a8197;color:#000000"><strong>AULA DE HOJE ABORDARÁ SOBRE A IMPORTÂNCIA DE APRENDERMOS SOBRE A &nbsp;<span class="has-inline-color has-vivid-red-color">LOCALIZAÇÃO E AS POSIÇÕES</span> DAS PESSOAS E DOS OBJETOS. </strong></p>



<p class="has-text-align-center has-text-color has-background has-medium-font-size" style="background-color:#c5d3dc;color:#060303"><strong>ASSISTA A VIDEOAULA A SEGUIR:</strong></p>



<figure class="wp-block-embed aligncenter is-type-video is-provider-youtube wp-block-embed-youtube wp-embed-aspect-16-9 wp-has-aspect-ratio"><div class="wp-block-embed__wrapper">
<p class="responsive-video-wrap clr"><iframe title="Geografia |  Agrupamento B | 2º Ano | Ciclo da Infância" width="1200" height="675" src="https://www.youtube.com/embed/1VpNzGMZfHI?feature=oembed" frameborder="0" allow="accelerometer; autoplay; clipboard-write; encrypted-media; gyroscope; picture-in-picture" allowfullscreen></iframe></p>
</div><figcaption>Geografia | Agrupamento B | 2º Ano | Ciclo da Infância</figcaption></figure>



<p class="has-text-align-center has-text-color has-background has-medium-font-size" style="background-color:#9de1a1;color:#000000"><strong>OLÁ PESSOAL! TUDO BEM POR AÍ?</strong></p>



<p class="has-text-align-center has-text-color has-background has-medium-font-size" style="background-color:#71cad1;color:#000000"><strong>A LEITURA DO MUNDO COMEÇA PELA LEITURA DO <span class="has-inline-color has-vivid-red-color">LUGAR</span> EM QUE VIVEMOS. EM NOSSO DIA A DIA NOS DESLOCAMOS PARA LUGARES DIFERENTES, PROCURAMOS ALGUM OBJETO OU PRECISAMOS AJUDAR ALGUÉM A <span class="has-inline-color has-vivid-red-color">LOCALIZAR</span> ALGO. PARA ISSO, PRECISAMOS NOS <span class="has-inline-color has-vivid-red-color">ORIENTAR</span> E NOS LOCALIZAR DE MANEIRA CORRETA. </strong></p>



<p class="has-text-align-center has-text-color has-background has-medium-font-size" style="background-color:#3cdc81;color:#050202"><strong>UTILIZAMOS ALGUNS <span class="has-inline-color has-vivid-red-color">PONTOS DE REFERÊNCIA</span> E APRENDEMOS COMO A ORIENTAÇÃO E A LOCALIZAÇÃO SÃO IMPORTANTES!</strong></p>



<p class="has-text-align-center has-text-color has-background has-medium-font-size" style="background-color:#cbe7f3;color:#0f0505"><strong>OBSERVE AS IMAGENS A SEGUIR:</strong></p>



<p class="has-text-align-center"><img decoding="async" width="399" height="266" alt="People in line waiting to pay Free Vector" src="https://lh5.googleusercontent.com/IVmTgeWfE7q26N2n7s3lqxcNYcQLNsKw75AbsNale3ahn0svQeQGuMMAbF_WM0kd8E7sEd6F2Z1cyf4tSg3gSpf4g2AjLETMpf18d9xsdnN-dEmncc985meY-bgTUCT0acLzAiE"></p>



<p class="has-text-color has-background has-medium-font-size" style="background-color:#9de1a1;color:#000000"><strong>AGORA RESPONDA:</strong></p>



<p class="has-text-color has-background has-normal-font-size" style="background-color:#c5d3dc;color:#000000"><strong>QUANTAS PESSOAS ESTÃO NA FILA PARA EFETUAR O PAGAMENTO?</strong></p>



<p class="has-text-color has-background" style="background-color:#c5d3dc;color:#000000"><strong>QUANTAS PESSOAS ESTÃO A FRENTE DA MULHER QUE UTILIZA UMA BOLSA?</strong></p>



<p class="has-text-color has-background" style="background-color:#c5d3dc;color:#000000"><strong>QUANTAS PESSOAS ESTÃO À DIREITA DO RAPAZ DE PALETÓ ROXO? </strong></p>



<p class="has-background has-medium-font-size" style="background-color:#d3a2ae"><strong><span class="has-inline-color has-vivid-red-color">ATIVIDADE 1</span></strong></p>



<p class="has-cyan-bluish-gray-background-color has-text-color has-background has-medium-font-size" style="color:#000000"><strong>AGORA É COM VOCÊ…&nbsp;<br>VAMOS APRENDER BRINCANDO? </strong></p>



<p class="has-text-align-center has-text-color has-background has-medium-font-size" style="background-color:#e19763;color:#000000"><strong>VOCÊ VAI LEVANTAR DO SEU LUGAR. FIQUE EM PÉ, IMAGINE QUE VOCÊ TEM UM SABONETE NAS MÃOS E DEVE SEGUIR OS COMANDOS:</strong></p>



<ul class="wp-block-list"><li><strong>ESFREGUE A PARTE DE CIMA DA SUA CABEÇA.&nbsp;</strong></li></ul>



<ul class="wp-block-list"><li><strong>ESFREGUE O BRAÇO DIREITO.&nbsp;</strong></li></ul>



<ul class="wp-block-list"><li><strong>ESFREGUE A PARTE DA FRENTE DO SEU CORPO.&nbsp;</strong></li></ul>



<ul class="wp-block-list"><li><strong>ESFREGUE A PARTE DE TRÁS DO PESCOÇO. PEÇA QUE OS ALUNOS TROQUEM O “SABONETE” PELA “TOALHA”, “ENXUGANDO” O CORPO DE ACORDO COM O COMANDO.&nbsp;</strong></li></ul>



<ul class="wp-block-list"><li><strong>ENXUGUE A PARTE DE TRÁS DA CABEÇA</strong>&nbsp;</li></ul>



<ul class="wp-block-list"><li><strong>ENXUGUE O PÉ ESQUERDO.</strong>&nbsp;</li></ul>



<ul class="wp-block-list"><li><strong>ENXUGUE A MÃO DIREITA.&nbsp;</strong></li></ul>



<ul class="wp-block-list"><li><strong>ENXUGUE A PARTE DA FRENTE DA SUA PERNA.</strong></li></ul>



<p class="has-text-color has-background has-medium-font-size" style="background-color:#d3a2ae;color:#000000"><strong>E AÍ, VAMOS PARA <span class="has-inline-color has-vivid-red-color">ATIVIDADE 2</span></strong></p>



<p class="has-text-color has-background has-medium-font-size" style="background-color:#e19763;color:#0a0404"><strong>OBSERVE OS CRACHÁS DE UMA TURMA DO 2º ANO E RESPONDA: </strong></p>



<figure class="wp-block-table aligncenter is-style-regular"><table class="has-background" style="background-color:#e7f5fe"><tbody><tr><td class="has-text-align-center" data-align="center">LÉO</td><td class="has-text-align-center" data-align="center">CÉLIA</td><td class="has-text-align-center" data-align="center">EVA</td></tr><tr><td class="has-text-align-center" data-align="center">LUCA</td><td class="has-text-align-center" data-align="center">DAVI</td><td class="has-text-align-center" data-align="center">IAN</td></tr><tr><td class="has-text-align-center" data-align="center">VIVI</td><td class="has-text-align-center" data-align="center">MARI</td><td class="has-text-align-center" data-align="center">LIA</td></tr></tbody></table></figure>



<p class="has-pale-cyan-blue-background-color has-text-color has-background has-medium-font-size" style="color:#0c0404"><strong>QUAL NOME ESTÁ&#8230;</strong></p>



<p><strong>A) À DIREITA DO NOME DO DAVI?&nbsp;</strong></p>



<p><strong>B) À ESQUERDA DO NOME DA MARI?&nbsp;</strong></p>



<p><strong>C) EMBAIXO DO NOME DO IAN?&nbsp;</strong></p>



<p><strong>D) EM CIMA DO NOME DO LUCA?</strong></p>



<figure class="wp-block-table"><table><tbody><tr><td><br><strong>HABILIDADE ESTRUTURANTE</strong>&nbsp;<br></td><td><strong>(EF02GE10) APLICAR PRINCÍPIOS DE LOCALIZAÇÃO E POSIÇÃO DE OBJETOS (REFERENCIAIS ESPACIAIS COMO FRENTE E ATRÁS, ESQUERDA E DIREITA, EM CIMA E EMBAIXO, DENTRO E FORA), POR MEIO DE REPRESENTAÇÕES ESPACIAIS DA SALA DE AULA E DA ESCOLA.&nbsp;</strong></td></tr></tbody></table></figure>



<p></p>
