{"id":126846,"date":"2021-04-15T07:00:00","date_gmt":"2021-04-15T10:00:00","guid":{"rendered":"https:\/\/sme.goiania.go.gov.br\/conexaoescola\/?post_type=ensino_fundamental&#038;p=126846"},"modified":"2021-12-23T10:51:28","modified_gmt":"2021-12-23T12:51:28","slug":"vamos-fotografar-a-cor-na-fotografia","status":"publish","type":"ensino_fundamental","link":"https:\/\/sme.goiania.go.gov.br\/conexaoescola\/ensino_fundamental\/vamos-fotografar-a-cor-na-fotografia\/","title":{"rendered":"ARTE &#8211; Vamos fotografar? A cor na fotografia"},"content":{"rendered":"\n<div class=\"wp-block-group has-light-green-cyan-background-color has-background\"><div class=\"wp-block-group__inner-container is-layout-flow wp-block-group-is-layout-flow\">\n<p class=\"has-medium-font-size\"><em>Ol\u00e1, estudante!<\/em><\/p>\n\n\n\n<p class=\"has-medium-font-size\"><em> Esta videoaula de <\/em><strong><em>Artes Visuais<\/em><\/strong><em> foi veiculada na TV no dia <\/em><strong><em>15\/04\/2021 (Quinta-feira)<\/em><\/strong><em>. Aqui no Portal Conex\u00e3o Escola, ela est\u00e1 dispon\u00edvel juntamente com a proposta de atividade.<\/em><\/p>\n<\/div><\/div>\n\n\n\n<hr class=\"wp-block-separator\"\/>\n\n\n\n<p class=\"has-text-align-center has-medium-font-size\"><strong>Se fotografia significa \u201cdesenhar com luz\u201d vamos aprender a usar a cor na fotografia?<\/strong><\/p>\n\n\n\n<hr class=\"wp-block-separator\"\/>\n\n\n\n<figure class=\"wp-block-image size-large\"><img fetchpriority=\"high\" decoding=\"async\" width=\"1024\" height=\"683\" src=\"https:\/\/sme.goiania.go.gov.br\/conexaoescola\/wp-content\/uploads\/2021\/03\/holiday-2880261_1920-e1616959430868-1024x683.jpg\" alt=\"\" class=\"wp-image-126847\" srcset=\"https:\/\/sme.goiania.go.gov.br\/conexaoescola\/wp-content\/uploads\/2021\/03\/holiday-2880261_1920-e1616959430868-1024x683.jpg 1024w, https:\/\/sme.goiania.go.gov.br\/conexaoescola\/wp-content\/uploads\/2021\/03\/holiday-2880261_1920-e1616959430868-300x200.jpg 300w, https:\/\/sme.goiania.go.gov.br\/conexaoescola\/wp-content\/uploads\/2021\/03\/holiday-2880261_1920-e1616959430868-768x512.jpg 768w, https:\/\/sme.goiania.go.gov.br\/conexaoescola\/wp-content\/uploads\/2021\/03\/holiday-2880261_1920-e1616959430868-1536x1024.jpg 1536w, https:\/\/sme.goiania.go.gov.br\/conexaoescola\/wp-content\/uploads\/2021\/03\/holiday-2880261_1920-e1616959430868.jpg 1920w\" sizes=\"(max-width: 1024px) 100vw, 1024px\" \/><figcaption> Dispon\u00edvel em: https:\/\/pixabay.com\/pt\/photos\/f%C3%A9rias-viagens-ver%C3%A3o-estilo-de-vida-2880261\/<\/figcaption><\/figure>\n\n\n\n<hr class=\"wp-block-separator has-text-color has-background has-vivid-red-background-color has-vivid-red-color\"\/>\n\n\n\n<p class=\"has-text-align-center has-white-color has-vivid-red-background-color has-text-color has-background\" style=\"font-size:25px\"><strong>Assista a videoaula abaixo, com a tem\u00e1tica &#8211; Fotografia<\/strong><\/p>\n\n\n\n<hr class=\"wp-block-separator\"\/>\n\n\n\n<figure class=\"wp-block-embed is-type-video is-provider-youtube wp-block-embed-youtube wp-embed-aspect-16-9 wp-has-aspect-ratio\"><div class=\"wp-block-embed__wrapper\">\n<p class=\"responsive-video-wrap clr\"><iframe title=\"9 ano   Arte   15 04 21   Bloco 2\" width=\"1200\" height=\"675\" src=\"https:\/\/www.youtube.com\/embed\/yQpoa5-yQOc?feature=oembed\" frameborder=\"0\" allow=\"accelerometer; autoplay; clipboard-write; encrypted-media; gyroscope; picture-in-picture\" allowfullscreen><\/iframe><\/p>\n<\/div><figcaption>ARTE| 9\u00ba ANO | ENSINO FUNDAMENTAL | PROF.: POLLYANNA BRITO<\/figcaption><\/figure>\n\n\n\n<hr class=\"wp-block-separator has-text-color has-background has-vivid-red-background-color has-vivid-red-color\"\/>\n\n\n\n<p class=\"has-medium-font-size\"><strong>Aprendemos na nossa aula passada que a palavra fotografia, literalmente, significa desenhar com luz. E que a fotografia sempre foi desejada pela humanidade, parar um instante no tempo.<\/strong><\/p>\n\n\n\n<hr class=\"wp-block-separator has-text-color has-background has-vivid-red-background-color has-vivid-red-color\"\/>\n\n\n\n<div class=\"wp-block-group has-light-green-cyan-background-color has-background\"><div class=\"wp-block-group__inner-container is-layout-flow wp-block-group-is-layout-flow\">\n<p class=\"has-medium-font-size\">Hoje, vamos come\u00e7ar a aprender sobre os elementos visuais. Uma obra de arte visual (uma pintura, um desenho, uma fotografia, etc&#8230;) \u00e9 composta de elementos visuais<strong>, \u00e9 como um alfabeto<\/strong>, que nos comunica coisas, que expressam essa obra de arte visual.<\/p>\n\n\n\n<p class=\"has-medium-font-size\">Por que isso \u00e9 importante? Conhecer e saber analisar esses elementos nos ajuda na <strong>interpreta\u00e7\u00e3o de obras visuais<\/strong> &#8211; a entender melhor a mensagem que o artista quer transmitir para n\u00f3s por meio do seu trabalho.<\/p>\n\n\n\n<p class=\"has-medium-font-size\">&nbsp;&nbsp;&nbsp;&nbsp;&nbsp;&nbsp;&nbsp;&nbsp;&nbsp;Existem v\u00e1rios elementos visuais na fotografia. Vamos aprender sobre eles? N\u00e3o se preocupe! Vamos bem devagar e voc\u00ea conseguir\u00e1 acompanhar! E o primeiro elemento visual que iremos estudar \u00e9 a cor.&nbsp;<\/p>\n\n\n\n<p class=\"has-medium-font-size\">&nbsp;&nbsp;&nbsp;&nbsp;&nbsp;&nbsp;&nbsp;<strong>A cor!<\/strong> A cor nos conta muito sobre os nossos sentimentos!! <strong>Cores quentes<\/strong> como o laranja, o vermelho e o amarelo transmitem calor, alegria e intensidade!! <strong>Cores frias<\/strong> como o azul, verde e o cinza, j\u00e1 passam uma ideia de calma, tranquilidade e quietude. Observe as imagens \u00e0 baixo:<\/p>\n<\/div><\/div>\n\n\n\n<hr class=\"wp-block-separator\"\/>\n\n\n\n<figure class=\"wp-block-table aligncenter\"><table><tbody><tr><td class=\"has-text-align-center\" data-align=\"center\"><img decoding=\"async\" width=\"517\" height=\"295\" src=\"https:\/\/lh5.googleusercontent.com\/_e9jhfmU2GtwdUBySFOSU7TeIw_cQC3Ika5tAZUfbkImKvGHT3bMA95vJbLMj3ay1wzJqoDkIO5dXZRI_PW9WYMmYPF5CG17WkFqgAV-ltZwnF0weeT4BiXQb00M4tjT3ciecLmF\"><\/td><\/tr><\/tbody><\/table><figcaption>Fotos de laranjas e rom\u00e3s.Disponivel em: https:\/\/cutt.ly\/dxMdan9<br>Acessado em: 24 de fev. de 2021.<\/figcaption><\/figure>\n\n\n\n<hr class=\"wp-block-separator has-text-color has-background has-vivid-red-background-color has-vivid-red-color\"\/>\n\n\n\n<figure class=\"wp-block-table aligncenter\"><table><tbody><tr><td class=\"has-text-align-center\" data-align=\"center\"><img decoding=\"async\" width=\"697\" height=\"322\" src=\"https:\/\/lh4.googleusercontent.com\/PV98ABFYeEJBsU6gwe48MyxRgGcu42qfk6UQTecCJBKdgRv0KI-RGOZdhgZBMu5WFoUoaTPn77LEQZUfihDE9N18TotOa8Vqe0OBfXm0WY2sfQmob5fQodQyILkjxTMQf_MZI_uV\"><\/td><\/tr><\/tbody><\/table><figcaption>Pessoas na praia. Dispon\u00edvel em: https:\/\/cutt.ly\/lxMdQR1<\/figcaption><\/figure>\n\n\n\n<hr class=\"wp-block-separator has-text-color has-background has-vivid-red-background-color has-vivid-red-color\"\/>\n\n\n\n<figure class=\"wp-block-table aligncenter\"><table><tbody><tr><td class=\"has-text-align-center\" data-align=\"center\"><img loading=\"lazy\" decoding=\"async\" width=\"614\" height=\"409\" src=\"https:\/\/lh4.googleusercontent.com\/JRbpnkvy535pKylZ-jtQGqR5rQTJ5roTMYi3w4zT8yG-CztWJ9N16HhAJIIOYucgmMzQthXznSwsd_5OB2LJ4_czjWV812fDixQq5ajzMVB9kckBXDEZ0RZHYc4keTRYsgzO9piq\"><\/td><\/tr><\/tbody><\/table><figcaption>Foto em cores frias. Dispon\u00edvel em: https:\/\/cutt.ly\/YxMdHiJ<\/figcaption><\/figure>\n\n\n\n<hr class=\"wp-block-separator has-text-color has-background has-vivid-red-background-color has-vivid-red-color\"\/>\n\n\n\n<figure class=\"wp-block-table aligncenter\"><table><tbody><tr><td class=\"has-text-align-center\" data-align=\"center\"><img loading=\"lazy\" decoding=\"async\" width=\"516\" height=\"343\" src=\"https:\/\/lh4.googleusercontent.com\/DGAkIQtdtgKWmnvRF9gM0veKtWFist5OlFfRQFGRLr1i7ImefCDX8E-JrX56zRA7-zqbh0xF4XyB8xT15ZBowd23KhYF-bQeXQJTZIAGxXqS4dfzm42nPkaLrcgFRuKCn83GsBaq\"><\/td><\/tr><\/tbody><\/table><figcaption>Foto com cores frias. Dispon\u00edvel em: https:\/\/cutt.ly\/vxMd1FG<br>Acessado em: 24 de fev. de 2021.&nbsp;&nbsp;<\/figcaption><\/figure>\n\n\n\n<hr class=\"wp-block-separator has-text-color has-background has-vivid-red-background-color has-vivid-red-color\"\/>\n\n\n\n<p class=\"has-medium-font-size\"><strong>O que voc\u00ea sentiu vendo essas imagens? Pense em como as cores (quentes e frias) despertaram sentimentos diferentes.&nbsp;<\/strong><\/p>\n\n\n\n<p class=\"has-medium-font-size\"><strong>Atividade:&nbsp;<\/strong><\/p>\n\n\n\n<p class=\"has-medium-font-size\"><strong>Vamos \u00e0 pr\u00e1tica?&nbsp; Lembre-se sempre, fotografia \u00e9 pr\u00e1tica!! Tire duas fotos. Uma com cores quentes e outra com cores frias e compare os resultados. O que cada uma expressa! Alegria?&nbsp; Tristeza?&nbsp; Calor?&nbsp; Frio?&nbsp; Boas fotos!!<\/strong><\/p>\n\n\n\n<hr class=\"wp-block-separator has-text-color has-background has-vivid-red-background-color has-vivid-red-color\"\/>\n\n\n\n<p class=\"has-luminous-vivid-amber-background-color has-background has-medium-font-size\"><em>Professor, essa aula segue a Matriz Curricular das Habilidades Estruturantes 2021-2021. Foi elaborada no ano de 2020, com a suspens\u00e3o das aulas presenciais devido \u00e0 pandemia da Covid-19 e segue as orienta\u00e7\u00f5es de flexibiliza\u00e7\u00e3o curricular para o bi\u00eanio 2020\/2021 (Of\u00edcio Circular 147\/2020 Dirped).<\/em><\/p>\n\n\n\n<p><strong>Habilidades estruturantes<\/strong><\/p>\n\n\n\n<p>(GO-EF09AR04-A) Explorar os elementos constitutivos das artes&nbsp; visuais, tais como: o ponto, a linha, a forma, a cor, o espa\u00e7o, o&nbsp; movimento, a textura, os planos, a perspectiva, a composi\u00e7\u00e3o, a&nbsp; propor\u00e7\u00e3o, o equil\u00edbrio e desenvolver a produ\u00e7\u00e3o, a express\u00e3o art\u00edstica&nbsp; e imag\u00e9tica em contextos variados e significativos.<\/p>\n\n\n\n<p>(EF79AR05-A) Distinguir, explorar, compreender e empregar diferentes formas de express\u00e3o art\u00edstica existentes, tais como o desenho, a pintura, a colagem, os quadrinhos, a dobradura, a escultura, a modelagem, a instala\u00e7\u00e3o, o v\u00eddeo, a fotografia, a performance, o grafite, a tecelagem, entre outras possibilidades expressivas, fazendo uso sustent\u00e1vel de materiais, instrumentos, recursos e t\u00e9cnicas convencionais e n\u00e3o convencionais.&nbsp;<\/p>\n","protected":false},"author":6,"featured_media":126847,"template":"","ef_categoria":[],"ef_ano":[92],"ef_componente":[99],"class_list":["post-126846","ensino_fundamental","type-ensino_fundamental","status-publish","has-post-thumbnail","hentry","ef_ano-9o-ano","ef_componente-arte-ef","entry","has-media"],"acf":[],"_links":{"self":[{"href":"https:\/\/sme.goiania.go.gov.br\/conexaoescola\/wp-json\/wp\/v2\/ensino_fundamental\/126846","targetHints":{"allow":["GET"]}}],"collection":[{"href":"https:\/\/sme.goiania.go.gov.br\/conexaoescola\/wp-json\/wp\/v2\/ensino_fundamental"}],"about":[{"href":"https:\/\/sme.goiania.go.gov.br\/conexaoescola\/wp-json\/wp\/v2\/types\/ensino_fundamental"}],"author":[{"embeddable":true,"href":"https:\/\/sme.goiania.go.gov.br\/conexaoescola\/wp-json\/wp\/v2\/users\/6"}],"version-history":[{"count":0,"href":"https:\/\/sme.goiania.go.gov.br\/conexaoescola\/wp-json\/wp\/v2\/ensino_fundamental\/126846\/revisions"}],"wp:featuredmedia":[{"embeddable":true,"href":"https:\/\/sme.goiania.go.gov.br\/conexaoescola\/wp-json\/wp\/v2\/media\/126847"}],"wp:attachment":[{"href":"https:\/\/sme.goiania.go.gov.br\/conexaoescola\/wp-json\/wp\/v2\/media?parent=126846"}],"wp:term":[{"taxonomy":"ef_categoria","embeddable":true,"href":"https:\/\/sme.goiania.go.gov.br\/conexaoescola\/wp-json\/wp\/v2\/ef_categoria?post=126846"},{"taxonomy":"ef_ano","embeddable":true,"href":"https:\/\/sme.goiania.go.gov.br\/conexaoescola\/wp-json\/wp\/v2\/ef_ano?post=126846"},{"taxonomy":"ef_componente","embeddable":true,"href":"https:\/\/sme.goiania.go.gov.br\/conexaoescola\/wp-json\/wp\/v2\/ef_componente?post=126846"}],"curies":[{"name":"wp","href":"https:\/\/api.w.org\/{rel}","templated":true}]}}

<div class="wp-block-group has-light-green-cyan-background-color has-background"><div class="wp-block-group__inner-container is-layout-flow wp-block-group-is-layout-flow">
<p class="has-medium-font-size"><em>Olá, estudante!</em></p>



<p class="has-medium-font-size"><em> Esta videoaula de </em><strong><em>Artes Visuais</em></strong><em> foi veiculada na TV no dia </em><strong><em>15/04/2021 (Quinta-feira)</em></strong><em>. Aqui no Portal Conexão Escola, ela está disponível juntamente com a proposta de atividade.</em></p>
</div></div>



<hr class="wp-block-separator"/>



<p class="has-text-align-center has-medium-font-size"><strong>Se fotografia significa “desenhar com luz” vamos aprender a usar a cor na fotografia?</strong></p>



<hr class="wp-block-separator"/>



<figure class="wp-block-image size-large"><img fetchpriority="high" decoding="async" width="1024" height="683" src="https://sme.goiania.go.gov.br/conexaoescola/wp-content/uploads/2021/03/holiday-2880261_1920-e1616959430868-1024x683.jpg" alt="" class="wp-image-126847" srcset="https://sme.goiania.go.gov.br/conexaoescola/wp-content/uploads/2021/03/holiday-2880261_1920-e1616959430868-1024x683.jpg 1024w, https://sme.goiania.go.gov.br/conexaoescola/wp-content/uploads/2021/03/holiday-2880261_1920-e1616959430868-300x200.jpg 300w, https://sme.goiania.go.gov.br/conexaoescola/wp-content/uploads/2021/03/holiday-2880261_1920-e1616959430868-768x512.jpg 768w, https://sme.goiania.go.gov.br/conexaoescola/wp-content/uploads/2021/03/holiday-2880261_1920-e1616959430868-1536x1024.jpg 1536w, https://sme.goiania.go.gov.br/conexaoescola/wp-content/uploads/2021/03/holiday-2880261_1920-e1616959430868.jpg 1920w" sizes="(max-width: 1024px) 100vw, 1024px" /><figcaption> Disponível em: https://pixabay.com/pt/photos/f%C3%A9rias-viagens-ver%C3%A3o-estilo-de-vida-2880261/</figcaption></figure>



<hr class="wp-block-separator has-text-color has-background has-vivid-red-background-color has-vivid-red-color"/>



<p class="has-text-align-center has-white-color has-vivid-red-background-color has-text-color has-background" style="font-size:25px"><strong>Assista a videoaula abaixo, com a temática &#8211; Fotografia</strong></p>



<hr class="wp-block-separator"/>



<figure class="wp-block-embed is-type-video is-provider-youtube wp-block-embed-youtube wp-embed-aspect-16-9 wp-has-aspect-ratio"><div class="wp-block-embed__wrapper">
<p class="responsive-video-wrap clr"><iframe title="9 ano   Arte   15 04 21   Bloco 2" width="1200" height="675" src="https://www.youtube.com/embed/yQpoa5-yQOc?feature=oembed" frameborder="0" allow="accelerometer; autoplay; clipboard-write; encrypted-media; gyroscope; picture-in-picture" allowfullscreen></iframe></p>
</div><figcaption>ARTE| 9º ANO | ENSINO FUNDAMENTAL | PROF.: POLLYANNA BRITO</figcaption></figure>



<hr class="wp-block-separator has-text-color has-background has-vivid-red-background-color has-vivid-red-color"/>



<p class="has-medium-font-size"><strong>Aprendemos na nossa aula passada que a palavra fotografia, literalmente, significa desenhar com luz. E que a fotografia sempre foi desejada pela humanidade, parar um instante no tempo.</strong></p>



<hr class="wp-block-separator has-text-color has-background has-vivid-red-background-color has-vivid-red-color"/>



<div class="wp-block-group has-light-green-cyan-background-color has-background"><div class="wp-block-group__inner-container is-layout-flow wp-block-group-is-layout-flow">
<p class="has-medium-font-size">Hoje, vamos começar a aprender sobre os elementos visuais. Uma obra de arte visual (uma pintura, um desenho, uma fotografia, etc&#8230;) é composta de elementos visuais<strong>, é como um alfabeto</strong>, que nos comunica coisas, que expressam essa obra de arte visual.</p>



<p class="has-medium-font-size">Por que isso é importante? Conhecer e saber analisar esses elementos nos ajuda na <strong>interpretação de obras visuais</strong> &#8211; a entender melhor a mensagem que o artista quer transmitir para nós por meio do seu trabalho.</p>



<p class="has-medium-font-size">&nbsp;&nbsp;&nbsp;&nbsp;&nbsp;&nbsp;&nbsp;&nbsp;&nbsp;Existem vários elementos visuais na fotografia. Vamos aprender sobre eles? Não se preocupe! Vamos bem devagar e você conseguirá acompanhar! E o primeiro elemento visual que iremos estudar é a cor.&nbsp;</p>



<p class="has-medium-font-size">&nbsp;&nbsp;&nbsp;&nbsp;&nbsp;&nbsp;&nbsp;<strong>A cor!</strong> A cor nos conta muito sobre os nossos sentimentos!! <strong>Cores quentes</strong> como o laranja, o vermelho e o amarelo transmitem calor, alegria e intensidade!! <strong>Cores frias</strong> como o azul, verde e o cinza, já passam uma ideia de calma, tranquilidade e quietude. Observe as imagens à baixo:</p>
</div></div>



<hr class="wp-block-separator"/>



<figure class="wp-block-table aligncenter"><table><tbody><tr><td class="has-text-align-center" data-align="center"><img decoding="async" width="517" height="295" src="https://lh5.googleusercontent.com/_e9jhfmU2GtwdUBySFOSU7TeIw_cQC3Ika5tAZUfbkImKvGHT3bMA95vJbLMj3ay1wzJqoDkIO5dXZRI_PW9WYMmYPF5CG17WkFqgAV-ltZwnF0weeT4BiXQb00M4tjT3ciecLmF"></td></tr></tbody></table><figcaption>Fotos de laranjas e romãs.Disponivel em: https://cutt.ly/dxMdan9<br>Acessado em: 24 de fev. de 2021.</figcaption></figure>



<hr class="wp-block-separator has-text-color has-background has-vivid-red-background-color has-vivid-red-color"/>



<figure class="wp-block-table aligncenter"><table><tbody><tr><td class="has-text-align-center" data-align="center"><img decoding="async" width="697" height="322" src="https://lh4.googleusercontent.com/PV98ABFYeEJBsU6gwe48MyxRgGcu42qfk6UQTecCJBKdgRv0KI-RGOZdhgZBMu5WFoUoaTPn77LEQZUfihDE9N18TotOa8Vqe0OBfXm0WY2sfQmob5fQodQyILkjxTMQf_MZI_uV"></td></tr></tbody></table><figcaption>Pessoas na praia. Disponível em: https://cutt.ly/lxMdQR1</figcaption></figure>



<hr class="wp-block-separator has-text-color has-background has-vivid-red-background-color has-vivid-red-color"/>



<figure class="wp-block-table aligncenter"><table><tbody><tr><td class="has-text-align-center" data-align="center"><img loading="lazy" decoding="async" width="614" height="409" src="https://lh4.googleusercontent.com/JRbpnkvy535pKylZ-jtQGqR5rQTJ5roTMYi3w4zT8yG-CztWJ9N16HhAJIIOYucgmMzQthXznSwsd_5OB2LJ4_czjWV812fDixQq5ajzMVB9kckBXDEZ0RZHYc4keTRYsgzO9piq"></td></tr></tbody></table><figcaption>Foto em cores frias. Disponível em: https://cutt.ly/YxMdHiJ</figcaption></figure>



<hr class="wp-block-separator has-text-color has-background has-vivid-red-background-color has-vivid-red-color"/>



<figure class="wp-block-table aligncenter"><table><tbody><tr><td class="has-text-align-center" data-align="center"><img loading="lazy" decoding="async" width="516" height="343" src="https://lh4.googleusercontent.com/DGAkIQtdtgKWmnvRF9gM0veKtWFist5OlFfRQFGRLr1i7ImefCDX8E-JrX56zRA7-zqbh0xF4XyB8xT15ZBowd23KhYF-bQeXQJTZIAGxXqS4dfzm42nPkaLrcgFRuKCn83GsBaq"></td></tr></tbody></table><figcaption>Foto com cores frias. Disponível em: https://cutt.ly/vxMd1FG<br>Acessado em: 24 de fev. de 2021.&nbsp;&nbsp;</figcaption></figure>



<hr class="wp-block-separator has-text-color has-background has-vivid-red-background-color has-vivid-red-color"/>



<p class="has-medium-font-size"><strong>O que você sentiu vendo essas imagens? Pense em como as cores (quentes e frias) despertaram sentimentos diferentes.&nbsp;</strong></p>



<p class="has-medium-font-size"><strong>Atividade:&nbsp;</strong></p>



<p class="has-medium-font-size"><strong>Vamos à prática?&nbsp; Lembre-se sempre, fotografia é prática!! Tire duas fotos. Uma com cores quentes e outra com cores frias e compare os resultados. O que cada uma expressa! Alegria?&nbsp; Tristeza?&nbsp; Calor?&nbsp; Frio?&nbsp; Boas fotos!!</strong></p>



<hr class="wp-block-separator has-text-color has-background has-vivid-red-background-color has-vivid-red-color"/>



<p class="has-luminous-vivid-amber-background-color has-background has-medium-font-size"><em>Professor, essa aula segue a Matriz Curricular das Habilidades Estruturantes 2021-2021. Foi elaborada no ano de 2020, com a suspensão das aulas presenciais devido à pandemia da Covid-19 e segue as orientações de flexibilização curricular para o biênio 2020/2021 (Ofício Circular 147/2020 Dirped).</em></p>



<p><strong>Habilidades estruturantes</strong></p>



<p>(GO-EF09AR04-A) Explorar os elementos constitutivos das artes&nbsp; visuais, tais como: o ponto, a linha, a forma, a cor, o espaço, o&nbsp; movimento, a textura, os planos, a perspectiva, a composição, a&nbsp; proporção, o equilíbrio e desenvolver a produção, a expressão artística&nbsp; e imagética em contextos variados e significativos.</p>



<p>(EF79AR05-A) Distinguir, explorar, compreender e empregar diferentes formas de expressão artística existentes, tais como o desenho, a pintura, a colagem, os quadrinhos, a dobradura, a escultura, a modelagem, a instalação, o vídeo, a fotografia, a performance, o grafite, a tecelagem, entre outras possibilidades expressivas, fazendo uso sustentável de materiais, instrumentos, recursos e técnicas convencionais e não convencionais.&nbsp;</p>
