{"id":126508,"date":"2021-03-16T11:17:00","date_gmt":"2021-03-16T14:17:00","guid":{"rendered":"https:\/\/sme.goiania.go.gov.br\/conexaoescola\/?post_type=ensino_fundamental&#038;p=126508"},"modified":"2021-11-22T15:34:30","modified_gmt":"2021-11-22T17:34:30","slug":"arte-musica-instrumentos-e-musica","status":"publish","type":"ensino_fundamental","link":"https:\/\/sme.goiania.go.gov.br\/conexaoescola\/ensino_fundamental\/arte-musica-instrumentos-e-musica\/","title":{"rendered":"ARTE &#8211; M\u00daSICA &#8211; INSTRUMENTOS E M\u00daSICA"},"content":{"rendered":"\n<p class=\"has-text-align-center has-pale-cyan-blue-background-color has-text-color has-background\" style=\"color:#000000\"><em>OL\u00c1, EDUCANDO (A) ! ESTA VIDEOAULA DE&nbsp;<\/em><strong><em>ARTE \u2013&nbsp;<\/em><\/strong><em>M\u00daSICA, FOI VEICULADA NA TV NO DIA&nbsp;<\/em><strong><em>16\/03\/2021 (TER\u00c7A-FEIRA)<\/em><\/strong><em>. AQUI NO PORTAL CONEX\u00c3O ESCOLA, ELA EST\u00c1 DISPON\u00cdVEL JUNTAMENTE COM A PROPOSTA DE ATIVIDADE.<\/em><\/p>\n\n\n\n<p class=\"has-text-align-center has-text-color has-background\" style=\"background-color:#fff700;color:#000000\">VAMOS CONHECER ALGUNS INSTRUMENTOS MUSICAIS E ALGUMAS M\u00daSICAS QUE UTILIZAM SANFONA, PANDEIRO, VIOL\u00c3O, VAMOS TAMB\u00c9M APRENDER A VALORIZAR A PRODU\u00c7\u00c3O GOIANA.<\/p>\n\n\n\n<div class=\"wp-block-group\"><div class=\"wp-block-group__inner-container is-layout-flow wp-block-group-is-layout-flow\">\n<figure class=\"wp-block-image size-large\"><img fetchpriority=\"high\" decoding=\"async\" width=\"1024\" height=\"602\" src=\"https:\/\/sme.goiania.go.gov.br\/conexaoescola\/wp-content\/uploads\/2021\/03\/5898-1024x602.jpg\" alt=\"\" class=\"wp-image-126509\" srcset=\"https:\/\/sme.goiania.go.gov.br\/conexaoescola\/wp-content\/uploads\/2021\/03\/5898-1024x602.jpg 1024w, https:\/\/sme.goiania.go.gov.br\/conexaoescola\/wp-content\/uploads\/2021\/03\/5898-300x176.jpg 300w, https:\/\/sme.goiania.go.gov.br\/conexaoescola\/wp-content\/uploads\/2021\/03\/5898-768x452.jpg 768w, https:\/\/sme.goiania.go.gov.br\/conexaoescola\/wp-content\/uploads\/2021\/03\/5898-1536x904.jpg 1536w, https:\/\/sme.goiania.go.gov.br\/conexaoescola\/wp-content\/uploads\/2021\/03\/5898-2048x1205.jpg 2048w\" sizes=\"(max-width: 1024px) 100vw, 1024px\" \/><figcaption>Musical instrument set. Accordion, guitar, harp, ethnic drum, violin, saxophone. Can be used for orchestra, acoustic concert, music, school concept<br>br.freepik.com<\/figcaption><\/figure>\n<\/div><\/div>\n\n\n\n<p class=\"has-text-align-center has-luminous-vivid-amber-background-color has-text-color has-background\" style=\"color:#000000\"><strong>ASSISTA A VIDEOAULA ABAIXO COM A TEM\u00c1TICA: M\u00daSICA INSTRUMENTOS MUSICAIS<\/strong><\/p>\n\n\n\n<figure class=\"wp-block-embed aligncenter is-type-video is-provider-youtube wp-block-embed-youtube wp-embed-aspect-16-9 wp-has-aspect-ratio\"><div class=\"wp-block-embed__wrapper\">\n<p class=\"responsive-video-wrap clr\"><iframe title=\"Arte |  2\u00ba Ano  | Turma B | Ciclo da Inf\u00e2ncia\" width=\"1200\" height=\"675\" src=\"https:\/\/www.youtube.com\/embed\/Iz8Lk0BnZlk?feature=oembed\" frameborder=\"0\" allow=\"accelerometer; autoplay; clipboard-write; encrypted-media; gyroscope; picture-in-picture\" allowfullscreen><\/iframe><\/p>\n<\/div><figcaption>Arte | 2\u00ba Ano | Turma B | Ciclo da Inf\u00e2ncia<\/figcaption><\/figure>\n\n\n\n<p class=\"has-text-align-center has-text-color has-background\" style=\"background-color:#fceaea;color:#000000\">OL\u00c1, CRIAN\u00c7AS, TUDO BEM? HOJE VAMOS APRENDER UM POUQUINHO SOBRE OS INSTRUMENTOS MUSICAIS. EXISTEM V\u00c1RIOS INSTRUMENTOS MUSICAIS.<\/p>\n\n\n\n<p class=\"has-text-align-center has-text-color has-background\" style=\"background-color:#fceaea;color:#000000\">O INSTRUMENTO MUSICAL \u00c9 UM OBJETO PARA PRODUZIR M\u00daSICA. EXISTEM V\u00c1RIOS INSTRUMENTOS QUE AJUDAM NA COMPOSI\u00c7\u00c3O DE UMA M\u00daSICA: PANDEIRO, VIOL\u00c3O, VIOLINO, PIANO, BATERIA, BAIXO, GUITARRA EL\u00c9TRICA.<\/p>\n\n\n\n<p class=\"has-luminous-vivid-amber-background-color has-text-color has-background\" style=\"color:#000000;font-size:22px\"><strong>ATIVIDADE 1<\/strong><\/p>\n\n\n\n<p class=\"has-text-align-center has-text-color has-background\" style=\"background-color:#caf3e2;color:#000000\">ASSISTA AO V\u00cdDEO A SEGUIR E OBSERVE OS INSTRUMENTOS QUE ELES UTILIZAM PARA FAZER A M\u00daSICA.<\/p>\n\n\n\n<figure class=\"wp-block-embed is-type-video is-provider-youtube wp-block-embed-youtube wp-embed-aspect-16-9 wp-has-aspect-ratio\"><div class=\"wp-block-embed__wrapper\">\n<p class=\"responsive-video-wrap clr\"><iframe title=\"SAMBA DO PANDEIRO - PA TUM PA\" width=\"1200\" height=\"675\" src=\"https:\/\/www.youtube.com\/embed\/p89jJYzhOjw?feature=oembed\" frameborder=\"0\" allow=\"accelerometer; autoplay; clipboard-write; encrypted-media; gyroscope; picture-in-picture\" allowfullscreen><\/iframe><\/p>\n<\/div><\/figure>\n\n\n\n<p class=\"has-luminous-vivid-amber-background-color has-text-color has-background\" style=\"color:#000000;font-size:22px\"><strong>ATIVIDADE <\/strong>2<\/p>\n\n\n\n<p class=\"has-text-align-center has-text-color has-background\" style=\"background-color:#caf3e2;color:#030303\">AGORA ASSISTA O PR\u00d3XIMO V\u00cdDEO E PERCEBA A UTILIZA\u00c7\u00c3O DO INSTRUMENTO MUSICAL, SANFONA.<\/p>\n\n\n\n<figure class=\"wp-block-embed aligncenter is-type-video is-provider-youtube wp-block-embed-youtube wp-embed-aspect-16-9 wp-has-aspect-ratio\"><div class=\"wp-block-embed__wrapper\">\n<p class=\"responsive-video-wrap clr\"><iframe title=\"Sanfoneiro, demonstra\u00e7\u00e3o. Aula Prof\u00aa Miriam\" width=\"1200\" height=\"675\" src=\"https:\/\/www.youtube.com\/embed\/i43vkLIdAHE?feature=oembed\" frameborder=\"0\" allow=\"accelerometer; autoplay; clipboard-write; encrypted-media; gyroscope; picture-in-picture\" allowfullscreen><\/iframe><\/p>\n<\/div><figcaption>Sanfoneiro, demonstra\u00e7\u00e3o. Aula Prof\u00aa Miriam<\/figcaption><\/figure>\n\n\n\n<p class=\"has-luminous-vivid-amber-background-color has-text-color has-background\" style=\"color:#000000;font-size:22px\"><strong>ATIVIDADE <\/strong>3<\/p>\n\n\n\n<p class=\"has-text-align-center has-text-color has-background\" style=\"background-color:#caf3e2;color:#030303\">VAMOS APRENDER A FAZER UM INSTRUMENTO MUSICAL. ASSISTA AO V\u00cdDEO E SIGA AS INSTRU\u00c7\u00d5ES.<\/p>\n\n\n\n<figure class=\"wp-block-embed is-type-video is-provider-youtube wp-block-embed-youtube wp-embed-aspect-16-9 wp-has-aspect-ratio\"><div class=\"wp-block-embed__wrapper\">\n<p class=\"responsive-video-wrap clr\"><iframe title=\"Grupo Taquit\u00e1 - Som do Mar (Ocean Drum)\" width=\"1200\" height=\"675\" src=\"https:\/\/www.youtube.com\/embed\/ZOqrI42qSQc?feature=oembed\" frameborder=\"0\" allow=\"accelerometer; autoplay; clipboard-write; encrypted-media; gyroscope; picture-in-picture\" allowfullscreen><\/iframe><\/p>\n<\/div><figcaption>Grupo Taquit\u00e1 &#8211; Som do Mar (Ocean Drum)<\/figcaption><\/figure>\n\n\n\n<p class=\"has-text-align-center has-text-color has-background\" style=\"background-color:#fff700;color:#000000\">AGORA, VAMOS RELEMBRAR O QUE APRENDEMOS NESSA ATIVIDADE?<\/p>\n\n\n\n<ul class=\"wp-block-list\"><li>O INSTRUMENTO MUSICAL \u00c9 UM OBJETO PARA PRODUZIR M\u00daSICA.<\/li><li>EXISTEM V\u00c1RIOS INSTRUMENTOS QUE AJUDAM NA COMPOSI\u00c7\u00c3O DE UMA M\u00daSICA.<\/li><\/ul>\n\n\n\n<figure class=\"wp-block-table\"><table class=\"has-background\" style=\"background-color:#f3f4f5\"><tbody><tr><td><strong>Ciclo da inf\u00e2ncia:<\/strong><br>Habilidade estruturante<br>Habilidades complementares&nbsp;<\/td><td>(GO-EF02AR08-A) Conhecer, reconhecer e experimentar diversas manifesta\u00e7\u00f5es das dan\u00e7as tradicionais, sociais e contempor\u00e2neas, cultivando a percep\u00e7\u00e3o, o imagin\u00e1rio, a dimens\u00e3o brincante e a capacidade de simbolizar e ampliar o repert\u00f3rio corporal, valorizando a produ\u00e7\u00e3o goiana e seus contextos.<br>(GO-EF02AR13-D\/E) Compreender e respeitar a diversidade musical de outras culturas, conhecendo e apreciando diversos g\u00eaneros musicais.<br>(EF12LP01) Ler palavras novas com precis\u00e3o na decodifica\u00e7\u00e3o, no caso de palavras de uso frequente, ler globalmente, por memoriza\u00e7\u00e3o.&nbsp;<br><\/td><\/tr><\/tbody><\/table><\/figure>\n","protected":false},"author":23,"featured_media":126539,"template":"","ef_categoria":[13,17],"ef_ano":[85],"ef_componente":[99],"class_list":["post-126508","ensino_fundamental","type-ensino_fundamental","status-publish","has-post-thumbnail","hentry","ef_categoria-ciclo-da-infancia-abc","ef_categoria-corpo-e-movimento","ef_ano-2o-ano","ef_componente-arte-ef","entry","has-media"],"acf":[],"_links":{"self":[{"href":"https:\/\/sme.goiania.go.gov.br\/conexaoescola\/wp-json\/wp\/v2\/ensino_fundamental\/126508","targetHints":{"allow":["GET"]}}],"collection":[{"href":"https:\/\/sme.goiania.go.gov.br\/conexaoescola\/wp-json\/wp\/v2\/ensino_fundamental"}],"about":[{"href":"https:\/\/sme.goiania.go.gov.br\/conexaoescola\/wp-json\/wp\/v2\/types\/ensino_fundamental"}],"author":[{"embeddable":true,"href":"https:\/\/sme.goiania.go.gov.br\/conexaoescola\/wp-json\/wp\/v2\/users\/23"}],"version-history":[{"count":0,"href":"https:\/\/sme.goiania.go.gov.br\/conexaoescola\/wp-json\/wp\/v2\/ensino_fundamental\/126508\/revisions"}],"wp:featuredmedia":[{"embeddable":true,"href":"https:\/\/sme.goiania.go.gov.br\/conexaoescola\/wp-json\/wp\/v2\/media\/126539"}],"wp:attachment":[{"href":"https:\/\/sme.goiania.go.gov.br\/conexaoescola\/wp-json\/wp\/v2\/media?parent=126508"}],"wp:term":[{"taxonomy":"ef_categoria","embeddable":true,"href":"https:\/\/sme.goiania.go.gov.br\/conexaoescola\/wp-json\/wp\/v2\/ef_categoria?post=126508"},{"taxonomy":"ef_ano","embeddable":true,"href":"https:\/\/sme.goiania.go.gov.br\/conexaoescola\/wp-json\/wp\/v2\/ef_ano?post=126508"},{"taxonomy":"ef_componente","embeddable":true,"href":"https:\/\/sme.goiania.go.gov.br\/conexaoescola\/wp-json\/wp\/v2\/ef_componente?post=126508"}],"curies":[{"name":"wp","href":"https:\/\/api.w.org\/{rel}","templated":true}]}}

ARTE &#8211; MÚSICA &#8211; INSTRUMENTOS E MÚSICA

<p class="has-text-align-center has-pale-cyan-blue-background-color has-text-color has-background" style="color:#000000"><em>OLÁ, EDUCANDO (A) ! ESTA VIDEOAULA DE&nbsp;</em><strong><em>ARTE –&nbsp;</em></strong><em>MÚSICA, FOI VEICULADA NA TV NO DIA&nbsp;</em><strong><em>16/03/2021 (TERÇA-FEIRA)</em></strong><em>. AQUI NO PORTAL CONEXÃO ESCOLA, ELA ESTÁ DISPONÍVEL JUNTAMENTE COM A PROPOSTA DE ATIVIDADE.</em></p>



<p class="has-text-align-center has-text-color has-background" style="background-color:#fff700;color:#000000">VAMOS CONHECER ALGUNS INSTRUMENTOS MUSICAIS E ALGUMAS MÚSICAS QUE UTILIZAM SANFONA, PANDEIRO, VIOLÃO, VAMOS TAMBÉM APRENDER A VALORIZAR A PRODUÇÃO GOIANA.</p>



<div class="wp-block-group"><div class="wp-block-group__inner-container is-layout-flow wp-block-group-is-layout-flow">
<figure class="wp-block-image size-large"><img fetchpriority="high" decoding="async" width="1024" height="602" src="https://sme.goiania.go.gov.br/conexaoescola/wp-content/uploads/2021/03/5898-1024x602.jpg" alt="" class="wp-image-126509" srcset="https://sme.goiania.go.gov.br/conexaoescola/wp-content/uploads/2021/03/5898-1024x602.jpg 1024w, https://sme.goiania.go.gov.br/conexaoescola/wp-content/uploads/2021/03/5898-300x176.jpg 300w, https://sme.goiania.go.gov.br/conexaoescola/wp-content/uploads/2021/03/5898-768x452.jpg 768w, https://sme.goiania.go.gov.br/conexaoescola/wp-content/uploads/2021/03/5898-1536x904.jpg 1536w, https://sme.goiania.go.gov.br/conexaoescola/wp-content/uploads/2021/03/5898-2048x1205.jpg 2048w" sizes="(max-width: 1024px) 100vw, 1024px" /><figcaption>Musical instrument set. Accordion, guitar, harp, ethnic drum, violin, saxophone. Can be used for orchestra, acoustic concert, music, school concept<br>br.freepik.com</figcaption></figure>
</div></div>



<p class="has-text-align-center has-luminous-vivid-amber-background-color has-text-color has-background" style="color:#000000"><strong>ASSISTA A VIDEOAULA ABAIXO COM A TEMÁTICA: MÚSICA INSTRUMENTOS MUSICAIS</strong></p>



<figure class="wp-block-embed aligncenter is-type-video is-provider-youtube wp-block-embed-youtube wp-embed-aspect-16-9 wp-has-aspect-ratio"><div class="wp-block-embed__wrapper">
<p class="responsive-video-wrap clr"><iframe title="Arte |  2º Ano  | Turma B | Ciclo da Infância" width="1200" height="675" src="https://www.youtube.com/embed/Iz8Lk0BnZlk?feature=oembed" frameborder="0" allow="accelerometer; autoplay; clipboard-write; encrypted-media; gyroscope; picture-in-picture" allowfullscreen></iframe></p>
</div><figcaption>Arte | 2º Ano | Turma B | Ciclo da Infância</figcaption></figure>



<p class="has-text-align-center has-text-color has-background" style="background-color:#fceaea;color:#000000">OLÁ, CRIANÇAS, TUDO BEM? HOJE VAMOS APRENDER UM POUQUINHO SOBRE OS INSTRUMENTOS MUSICAIS. EXISTEM VÁRIOS INSTRUMENTOS MUSICAIS.</p>



<p class="has-text-align-center has-text-color has-background" style="background-color:#fceaea;color:#000000">O INSTRUMENTO MUSICAL É UM OBJETO PARA PRODUZIR MÚSICA. EXISTEM VÁRIOS INSTRUMENTOS QUE AJUDAM NA COMPOSIÇÃO DE UMA MÚSICA: PANDEIRO, VIOLÃO, VIOLINO, PIANO, BATERIA, BAIXO, GUITARRA ELÉTRICA.</p>



<p class="has-luminous-vivid-amber-background-color has-text-color has-background" style="color:#000000;font-size:22px"><strong>ATIVIDADE 1</strong></p>



<p class="has-text-align-center has-text-color has-background" style="background-color:#caf3e2;color:#000000">ASSISTA AO VÍDEO A SEGUIR E OBSERVE OS INSTRUMENTOS QUE ELES UTILIZAM PARA FAZER A MÚSICA.</p>



<figure class="wp-block-embed is-type-video is-provider-youtube wp-block-embed-youtube wp-embed-aspect-16-9 wp-has-aspect-ratio"><div class="wp-block-embed__wrapper">
<p class="responsive-video-wrap clr"><iframe title="SAMBA DO PANDEIRO - PA TUM PA" width="1200" height="675" src="https://www.youtube.com/embed/p89jJYzhOjw?feature=oembed" frameborder="0" allow="accelerometer; autoplay; clipboard-write; encrypted-media; gyroscope; picture-in-picture" allowfullscreen></iframe></p>
</div></figure>



<p class="has-luminous-vivid-amber-background-color has-text-color has-background" style="color:#000000;font-size:22px"><strong>ATIVIDADE </strong>2</p>



<p class="has-text-align-center has-text-color has-background" style="background-color:#caf3e2;color:#030303">AGORA ASSISTA O PRÓXIMO VÍDEO E PERCEBA A UTILIZAÇÃO DO INSTRUMENTO MUSICAL, SANFONA.</p>



<figure class="wp-block-embed aligncenter is-type-video is-provider-youtube wp-block-embed-youtube wp-embed-aspect-16-9 wp-has-aspect-ratio"><div class="wp-block-embed__wrapper">
<p class="responsive-video-wrap clr"><iframe title="Sanfoneiro, demonstração. Aula Profª Miriam" width="1200" height="675" src="https://www.youtube.com/embed/i43vkLIdAHE?feature=oembed" frameborder="0" allow="accelerometer; autoplay; clipboard-write; encrypted-media; gyroscope; picture-in-picture" allowfullscreen></iframe></p>
</div><figcaption>Sanfoneiro, demonstração. Aula Profª Miriam</figcaption></figure>



<p class="has-luminous-vivid-amber-background-color has-text-color has-background" style="color:#000000;font-size:22px"><strong>ATIVIDADE </strong>3</p>



<p class="has-text-align-center has-text-color has-background" style="background-color:#caf3e2;color:#030303">VAMOS APRENDER A FAZER UM INSTRUMENTO MUSICAL. ASSISTA AO VÍDEO E SIGA AS INSTRUÇÕES.</p>



<figure class="wp-block-embed is-type-video is-provider-youtube wp-block-embed-youtube wp-embed-aspect-16-9 wp-has-aspect-ratio"><div class="wp-block-embed__wrapper">
<p class="responsive-video-wrap clr"><iframe title="Grupo Taquitá - Som do Mar (Ocean Drum)" width="1200" height="675" src="https://www.youtube.com/embed/ZOqrI42qSQc?feature=oembed" frameborder="0" allow="accelerometer; autoplay; clipboard-write; encrypted-media; gyroscope; picture-in-picture" allowfullscreen></iframe></p>
</div><figcaption>Grupo Taquitá &#8211; Som do Mar (Ocean Drum)</figcaption></figure>



<p class="has-text-align-center has-text-color has-background" style="background-color:#fff700;color:#000000">AGORA, VAMOS RELEMBRAR O QUE APRENDEMOS NESSA ATIVIDADE?</p>



<ul class="wp-block-list"><li>O INSTRUMENTO MUSICAL É UM OBJETO PARA PRODUZIR MÚSICA.</li><li>EXISTEM VÁRIOS INSTRUMENTOS QUE AJUDAM NA COMPOSIÇÃO DE UMA MÚSICA.</li></ul>



<figure class="wp-block-table"><table class="has-background" style="background-color:#f3f4f5"><tbody><tr><td><strong>Ciclo da infância:</strong><br>Habilidade estruturante<br>Habilidades complementares&nbsp;</td><td>(GO-EF02AR08-A) Conhecer, reconhecer e experimentar diversas manifestações das danças tradicionais, sociais e contemporâneas, cultivando a percepção, o imaginário, a dimensão brincante e a capacidade de simbolizar e ampliar o repertório corporal, valorizando a produção goiana e seus contextos.<br>(GO-EF02AR13-D/E) Compreender e respeitar a diversidade musical de outras culturas, conhecendo e apreciando diversos gêneros musicais.<br>(EF12LP01) Ler palavras novas com precisão na decodificação, no caso de palavras de uso frequente, ler globalmente, por memorização.&nbsp;<br></td></tr></tbody></table></figure>
