{"id":126449,"date":"2021-03-15T07:00:00","date_gmt":"2021-03-15T10:00:00","guid":{"rendered":"https:\/\/sme.goiania.go.gov.br\/conexaoescola\/?post_type=ensino_fundamental&#038;p=126449"},"modified":"2021-11-22T18:34:55","modified_gmt":"2021-11-22T20:34:55","slug":"o-crescimento-e-o-desenvolvimento-humano","status":"publish","type":"ensino_fundamental","link":"https:\/\/sme.goiania.go.gov.br\/conexaoescola\/ensino_fundamental\/o-crescimento-e-o-desenvolvimento-humano\/","title":{"rendered":"Ci\u00eancias da Natureza- O crescimento e o desenvolvimento humano"},"content":{"rendered":"\n<p class=\"has-text-align-center has-very-light-gray-background-color has-text-color has-background has-medium-font-size\" style=\"color:#021117\"><em>Ol\u00e1, educando (a)! Esta videoaula de&nbsp;<strong>Ci\u00eancias<\/strong>\u2013 para o 1\u00ba ano do Ensino Fundamental \u2013 foi veiculada na TV no dia&nbsp;<\/em><strong><em>15\/03\/2021 (Segunda-feira)<\/em><\/strong><em>. Aqui no Portal Conex\u00e3o Escola, ela est\u00e1 dispon\u00edvel juntamente com a proposta de atividade.<\/em><\/p>\n\n\n\n<p class=\"has-text-align-center has-vivid-purple-background-color has-text-color has-background has-medium-font-size\" style=\"color:#010d12\"><strong>OL\u00c1, CRIAN\u00c7AS, TUDO BEM? PE\u00c7A AJUDA DE UM ADULTO PARA REALIZAR ESSA ATIVIDADE COM VOC\u00ca.<\/strong><\/p>\n\n\n\n<p class=\"has-text-align-center has-text-color has-background has-medium-font-size\" style=\"background-color:#e2d6ee;color:#01090d\"><strong>NESSA ATIVIDADE VOC\u00ca APRENDER\u00c1 UM POUCO MAIS SOBRE AS FASES DO DESENVOLVIMENTO HUMANO<\/strong>. <\/p>\n\n\n\n<p class=\"has-text-align-center has-text-color has-background has-medium-font-size\" style=\"background-color:#dcd0e7;color:#02090d\"><strong>E PARA ISSO, QUE TAL COME\u00c7AR APRENDENDO SOBRE O QUE \u00c9  DESENVOLVER<\/strong>?<\/p>\n\n\n\n<p class=\"has-text-align-center has-very-light-gray-color has-very-dark-gray-background-color has-text-color has-background has-medium-font-size\"><strong>ASSISTA A VIDEOAULA ABAIXO, COM A TEM\u00c1TICA: <span class=\"has-inline-color has-luminous-vivid-amber-color\">AS FASES DO DESENVOLVIMENTO HUMANO<\/span> E DESCUBRA. <\/strong><\/p>\n\n\n\n<figure class=\"wp-block-embed is-type-video is-provider-youtube wp-block-embed-youtube wp-embed-aspect-16-9 wp-has-aspect-ratio\"><div class=\"wp-block-embed__wrapper\">\n<p class=\"responsive-video-wrap clr\"><iframe title=\"Ci\u00eancias  | 1\u00ba Ano  | Turma A  | Ciclo da Inf\u00e2ncia\" width=\"1200\" height=\"675\" src=\"https:\/\/www.youtube.com\/embed\/p2lcaCS7UCo?feature=oembed\" frameborder=\"0\" allow=\"accelerometer; autoplay; clipboard-write; encrypted-media; gyroscope; picture-in-picture\" allowfullscreen><\/iframe><\/p>\n<\/div><figcaption>AGRUPAMENTO A | 1\u00ba ANO | CICLO DA INF\u00c2NCIA | CI\u00caNCIAS | PROF\u00aa ADRIANA<\/figcaption><\/figure>\n\n\n\n<p class=\"has-text-align-center has-text-color has-background has-medium-font-size\" style=\"background-color:#d6c6e5;color:#020c10\"><strong>VIU QUE <strong>ASSIM COMO AS PLANTAS A GENTE NASCE, VAI CRESCENDO E MUDANDO?&nbsp;<\/strong> <\/strong><\/p>\n\n\n\n<p class=\"has-text-align-center has-vivid-purple-background-color has-text-color has-background has-medium-font-size\" style=\"color:#020c10\"><strong>MAS, OS SERES HUMANOS TEM A CAPACIDADE DE PENSAR, DE REFLETIR E MUDAR A NATUREZA E O MUNDO A NOSSA VOLTA.&nbsp;<\/strong><\/p>\n\n\n\n<p class=\"has-text-align-center has-text-color has-background has-medium-font-size\" style=\"background-color:#d6c2ea;color:#01090d\"><strong>VOC\u00ca TEM MUITA COISA AINDA PARA APRENDER  SOBRE ESSE ASSUNTO.&nbsp;<\/strong><\/p>\n\n\n\n<p class=\"has-text-align-center has-text-color has-background has-medium-font-size\" style=\"background-color:#d9cae7;color:#020c10\"><strong>MAS, PARA QUE VOC\u00ca PERCEBA QUE AT\u00c9 AS PLANTAS T\u00caM UM TEMPO DE DESENVOLVIMENTO DIFERENTE DA VIDA HUMANA, FA\u00c7A UMA EXPERIMENTA\u00c7\u00c3O CIENT\u00cdFICA.<\/strong><\/p>\n\n\n\n<hr class=\"wp-block-separator\"\/>\n\n\n\n<p class=\"has-luminous-vivid-orange-background-color has-text-color has-background has-medium-font-size\" style=\"color:#01080b\"><strong>ATIVIDADE 1 <\/strong><\/p>\n\n\n\n<p class=\"has-text-align-center has-text-color has-background has-medium-font-size\" style=\"background-color:#f7dfce;color:#01090d\"><strong>PARA REALIZAR ESSA ATIVIDADE PE\u00c7A AJUDA DE UM ADULTO: 1) VOC\u00ca VAI PRECISAR DE UM COPO DESCART\u00c1VEL 2) UMA PEQUENA QUANTIDADE DE ALGOD\u00c3O 3) ALGUNS POUCOS GR\u00c3OS DE FEIJ\u00d5ES.<\/strong><\/p>\n\n\n\n<p class=\"has-text-align-center has-text-color has-background has-medium-font-size\" style=\"background-color:#fbe5d5;color:#01090d\"><strong>UMEDE\u00c7A O ALGOD\u00c3O E COLOQUE EM UM COPO, E LOGO AP\u00d3S DEPOSITE ALGUNS GR\u00c3OS DE FEIJ\u00d5ES NESSE COPO. DEIXE NUM LUGAR ILUMINADO E VENTILADO.<\/strong><\/p>\n\n\n\n<p class=\"has-text-align-center has-text-color has-background has-medium-font-size\" style=\"background-color:#f5e0d1;color:#021015\"><strong>EM 3 DIAS O FEIJ\u00c3O IR\u00c1 GERMINAR E VOC\u00ca PODER\u00c1 OBSERVAR AS PRIMEIRAS FOLHAS.<\/strong><\/p>\n\n\n\n<figure class=\"wp-block-image size-large is-style-rounded\"><img decoding=\"async\" src=\"https:\/\/sme.goiania.go.gov.br\/conexaoescola\/wp-content\/uploads\/2021\/03\/feij\u00e3o-1024x406.png\" alt=\"\" class=\"wp-image-126450\"\/><figcaption>FORTE: ARQUIVO PESSOAL <\/figcaption><\/figure>\n\n\n\n<p class=\"has-text-align-center has-luminous-vivid-orange-background-color has-text-color has-background has-medium-font-size\" style=\"color:#01090d\"><strong>VOC\u00ca TER\u00c1 QUE ESPERAR PARA VER O CRESCIMENTO!<\/strong> <strong>REGISTRE ESSE CRESCIMENTO ATR\u00c1VES DE DESENHOS<\/strong>. <\/p>\n\n\n\n<p class=\"has-text-align-center has-text-color has-background has-medium-font-size\" style=\"background-color:#fbe7d9;color:#031117\"><strong>E ENQUANTO ISSO, OBSERVE O CRESCIMENTO N\u00c3O S\u00d3 DAS PLANTAS, MAS DOS SEUS BICHINHOS DE ESTIMA\u00c7\u00c3O, DOS SEUS AMIGOS E AT\u00c9 DOS SEUS PARENTES ADULTOS.&nbsp;<\/strong><\/p>\n\n\n\n<hr class=\"wp-block-separator\"\/>\n\n\n\n<p class=\"has-text-align-center has-very-dark-gray-background-color has-text-color has-background has-medium-font-size\" style=\"color:#0b0101\"><strong><span class=\"has-inline-color has-luminous-vivid-amber-color\">AGORA, VAMOS RELEMBRAR O QUE APRENDEMOS NESSA ATIVIDADE?<\/span><\/strong><\/p>\n\n\n\n<p class=\"has-text-align-center has-very-light-gray-background-color has-text-color has-background has-medium-font-size\" style=\"color:#120101\"><strong>ASSIM COMO AS PLANTAS, O  GENTE NASCE, VAI CRESCENDO E MUDANDO.<\/strong><\/p>\n\n\n\n<p class=\"has-text-align-center has-very-light-gray-background-color has-text-color has-background has-medium-font-size\" style=\"color:#100000\"><strong>MAS, O CRESCIMENTO DAS PESSOAS \u00c9 DIFERENTE DO CRESCIMENTO DAS PLANTAS, LEVA MAIS TEMPO E POSSUI OUTRAS INFLU\u00caNCIAS PARA CRESCER.&nbsp;<\/strong><\/p>\n\n\n\n<p class=\"has-very-light-gray-background-color has-text-color has-background has-medium-font-size\" style=\"color:#01090d\"><strong>A VIDA HUMANA \u00c9 DIVIDIDA EM FASES: A INF\u00c2NCIA, A ADOLESC\u00caNCIA, A VIDA ADULTA E A VELHICE.<\/strong><\/p>\n\n\n\n<figure class=\"wp-block-table is-style-stripes\"><table><tbody><tr><td>Habilidade estruturante <\/td><td>(GO-EF01CI10) Reconhecer as diferentes fases da vida do ser humano, suas caracter\u00edsticas e necessidades.<\/td><\/tr><\/tbody><\/table><\/figure>\n","protected":false},"author":16,"featured_media":126451,"template":"","ef_categoria":[13,18],"ef_ano":[84],"ef_componente":[98],"class_list":["post-126449","ensino_fundamental","type-ensino_fundamental","status-publish","has-post-thumbnail","hentry","ef_categoria-ciclo-da-infancia-abc","ef_categoria-educacao-ambiental-e-saude","ef_ano-1o-ano","ef_componente-ciencia-da-natureza-ef","entry","has-media"],"acf":[],"_links":{"self":[{"href":"https:\/\/sme.goiania.go.gov.br\/conexaoescola\/wp-json\/wp\/v2\/ensino_fundamental\/126449","targetHints":{"allow":["GET"]}}],"collection":[{"href":"https:\/\/sme.goiania.go.gov.br\/conexaoescola\/wp-json\/wp\/v2\/ensino_fundamental"}],"about":[{"href":"https:\/\/sme.goiania.go.gov.br\/conexaoescola\/wp-json\/wp\/v2\/types\/ensino_fundamental"}],"author":[{"embeddable":true,"href":"https:\/\/sme.goiania.go.gov.br\/conexaoescola\/wp-json\/wp\/v2\/users\/16"}],"version-history":[{"count":0,"href":"https:\/\/sme.goiania.go.gov.br\/conexaoescola\/wp-json\/wp\/v2\/ensino_fundamental\/126449\/revisions"}],"wp:featuredmedia":[{"embeddable":true,"href":"https:\/\/sme.goiania.go.gov.br\/conexaoescola\/wp-json\/wp\/v2\/media\/126451"}],"wp:attachment":[{"href":"https:\/\/sme.goiania.go.gov.br\/conexaoescola\/wp-json\/wp\/v2\/media?parent=126449"}],"wp:term":[{"taxonomy":"ef_categoria","embeddable":true,"href":"https:\/\/sme.goiania.go.gov.br\/conexaoescola\/wp-json\/wp\/v2\/ef_categoria?post=126449"},{"taxonomy":"ef_ano","embeddable":true,"href":"https:\/\/sme.goiania.go.gov.br\/conexaoescola\/wp-json\/wp\/v2\/ef_ano?post=126449"},{"taxonomy":"ef_componente","embeddable":true,"href":"https:\/\/sme.goiania.go.gov.br\/conexaoescola\/wp-json\/wp\/v2\/ef_componente?post=126449"}],"curies":[{"name":"wp","href":"https:\/\/api.w.org\/{rel}","templated":true}]}}

Ciências da Natureza- O crescimento e o desenvolvimento humano

<p class="has-text-align-center has-very-light-gray-background-color has-text-color has-background has-medium-font-size" style="color:#021117"><em>Olá, educando (a)! Esta videoaula de&nbsp;<strong>Ciências</strong>– para o 1º ano do Ensino Fundamental – foi veiculada na TV no dia&nbsp;</em><strong><em>15/03/2021 (Segunda-feira)</em></strong><em>. Aqui no Portal Conexão Escola, ela está disponível juntamente com a proposta de atividade.</em></p>



<p class="has-text-align-center has-vivid-purple-background-color has-text-color has-background has-medium-font-size" style="color:#010d12"><strong>OLÁ, CRIANÇAS, TUDO BEM? PEÇA AJUDA DE UM ADULTO PARA REALIZAR ESSA ATIVIDADE COM VOCÊ.</strong></p>



<p class="has-text-align-center has-text-color has-background has-medium-font-size" style="background-color:#e2d6ee;color:#01090d"><strong>NESSA ATIVIDADE VOCÊ APRENDERÁ UM POUCO MAIS SOBRE AS FASES DO DESENVOLVIMENTO HUMANO</strong>. </p>



<p class="has-text-align-center has-text-color has-background has-medium-font-size" style="background-color:#dcd0e7;color:#02090d"><strong>E PARA ISSO, QUE TAL COMEÇAR APRENDENDO SOBRE O QUE É  DESENVOLVER</strong>?</p>



<p class="has-text-align-center has-very-light-gray-color has-very-dark-gray-background-color has-text-color has-background has-medium-font-size"><strong>ASSISTA A VIDEOAULA ABAIXO, COM A TEMÁTICA: <span class="has-inline-color has-luminous-vivid-amber-color">AS FASES DO DESENVOLVIMENTO HUMANO</span> E DESCUBRA. </strong></p>



<figure class="wp-block-embed is-type-video is-provider-youtube wp-block-embed-youtube wp-embed-aspect-16-9 wp-has-aspect-ratio"><div class="wp-block-embed__wrapper">
<p class="responsive-video-wrap clr"><iframe title="Ciências  | 1º Ano  | Turma A  | Ciclo da Infância" width="1200" height="675" src="https://www.youtube.com/embed/p2lcaCS7UCo?feature=oembed" frameborder="0" allow="accelerometer; autoplay; clipboard-write; encrypted-media; gyroscope; picture-in-picture" allowfullscreen></iframe></p>
</div><figcaption>AGRUPAMENTO A | 1º ANO | CICLO DA INFÂNCIA | CIÊNCIAS | PROFª ADRIANA</figcaption></figure>



<p class="has-text-align-center has-text-color has-background has-medium-font-size" style="background-color:#d6c6e5;color:#020c10"><strong>VIU QUE <strong>ASSIM COMO AS PLANTAS A GENTE NASCE, VAI CRESCENDO E MUDANDO?&nbsp;</strong> </strong></p>



<p class="has-text-align-center has-vivid-purple-background-color has-text-color has-background has-medium-font-size" style="color:#020c10"><strong>MAS, OS SERES HUMANOS TEM A CAPACIDADE DE PENSAR, DE REFLETIR E MUDAR A NATUREZA E O MUNDO A NOSSA VOLTA.&nbsp;</strong></p>



<p class="has-text-align-center has-text-color has-background has-medium-font-size" style="background-color:#d6c2ea;color:#01090d"><strong>VOCÊ TEM MUITA COISA AINDA PARA APRENDER  SOBRE ESSE ASSUNTO.&nbsp;</strong></p>



<p class="has-text-align-center has-text-color has-background has-medium-font-size" style="background-color:#d9cae7;color:#020c10"><strong>MAS, PARA QUE VOCÊ PERCEBA QUE ATÉ AS PLANTAS TÊM UM TEMPO DE DESENVOLVIMENTO DIFERENTE DA VIDA HUMANA, FAÇA UMA EXPERIMENTAÇÃO CIENTÍFICA.</strong></p>



<hr class="wp-block-separator"/>



<p class="has-luminous-vivid-orange-background-color has-text-color has-background has-medium-font-size" style="color:#01080b"><strong>ATIVIDADE 1 </strong></p>



<p class="has-text-align-center has-text-color has-background has-medium-font-size" style="background-color:#f7dfce;color:#01090d"><strong>PARA REALIZAR ESSA ATIVIDADE PEÇA AJUDA DE UM ADULTO: 1) VOCÊ VAI PRECISAR DE UM COPO DESCARTÁVEL 2) UMA PEQUENA QUANTIDADE DE ALGODÃO 3) ALGUNS POUCOS GRÃOS DE FEIJÕES.</strong></p>



<p class="has-text-align-center has-text-color has-background has-medium-font-size" style="background-color:#fbe5d5;color:#01090d"><strong>UMEDEÇA O ALGODÃO E COLOQUE EM UM COPO, E LOGO APÓS DEPOSITE ALGUNS GRÃOS DE FEIJÕES NESSE COPO. DEIXE NUM LUGAR ILUMINADO E VENTILADO.</strong></p>



<p class="has-text-align-center has-text-color has-background has-medium-font-size" style="background-color:#f5e0d1;color:#021015"><strong>EM 3 DIAS O FEIJÃO IRÁ GERMINAR E VOCÊ PODERÁ OBSERVAR AS PRIMEIRAS FOLHAS.</strong></p>



<figure class="wp-block-image size-large is-style-rounded"><img decoding="async" src="https://sme.goiania.go.gov.br/conexaoescola/wp-content/uploads/2021/03/feijão-1024x406.png" alt="" class="wp-image-126450"/><figcaption>FORTE: ARQUIVO PESSOAL </figcaption></figure>



<p class="has-text-align-center has-luminous-vivid-orange-background-color has-text-color has-background has-medium-font-size" style="color:#01090d"><strong>VOCÊ TERÁ QUE ESPERAR PARA VER O CRESCIMENTO!</strong> <strong>REGISTRE ESSE CRESCIMENTO ATRÁVES DE DESENHOS</strong>. </p>



<p class="has-text-align-center has-text-color has-background has-medium-font-size" style="background-color:#fbe7d9;color:#031117"><strong>E ENQUANTO ISSO, OBSERVE O CRESCIMENTO NÃO SÓ DAS PLANTAS, MAS DOS SEUS BICHINHOS DE ESTIMAÇÃO, DOS SEUS AMIGOS E ATÉ DOS SEUS PARENTES ADULTOS.&nbsp;</strong></p>



<hr class="wp-block-separator"/>



<p class="has-text-align-center has-very-dark-gray-background-color has-text-color has-background has-medium-font-size" style="color:#0b0101"><strong><span class="has-inline-color has-luminous-vivid-amber-color">AGORA, VAMOS RELEMBRAR O QUE APRENDEMOS NESSA ATIVIDADE?</span></strong></p>



<p class="has-text-align-center has-very-light-gray-background-color has-text-color has-background has-medium-font-size" style="color:#120101"><strong>ASSIM COMO AS PLANTAS, O  GENTE NASCE, VAI CRESCENDO E MUDANDO.</strong></p>



<p class="has-text-align-center has-very-light-gray-background-color has-text-color has-background has-medium-font-size" style="color:#100000"><strong>MAS, O CRESCIMENTO DAS PESSOAS É DIFERENTE DO CRESCIMENTO DAS PLANTAS, LEVA MAIS TEMPO E POSSUI OUTRAS INFLUÊNCIAS PARA CRESCER.&nbsp;</strong></p>



<p class="has-very-light-gray-background-color has-text-color has-background has-medium-font-size" style="color:#01090d"><strong>A VIDA HUMANA É DIVIDIDA EM FASES: A INFÂNCIA, A ADOLESCÊNCIA, A VIDA ADULTA E A VELHICE.</strong></p>



<figure class="wp-block-table is-style-stripes"><table><tbody><tr><td>Habilidade estruturante </td><td>(GO-EF01CI10) Reconhecer as diferentes fases da vida do ser humano, suas características e necessidades.</td></tr></tbody></table></figure>
