{"id":126397,"date":"2021-03-09T21:37:22","date_gmt":"2021-03-10T00:37:22","guid":{"rendered":"https:\/\/sme.goiania.go.gov.br\/conexaoescola\/?post_type=ensino_fundamental&#038;p=126397"},"modified":"2021-11-24T08:57:45","modified_gmt":"2021-11-24T10:57:45","slug":"historia-a-comunidade-e-seus-registros","status":"publish","type":"ensino_fundamental","link":"https:\/\/sme.goiania.go.gov.br\/conexaoescola\/ensino_fundamental\/historia-a-comunidade-e-seus-registros\/","title":{"rendered":"Hist\u00f3ria &#8211; A comunidade e seus registros"},"content":{"rendered":"\n<p class=\"has-text-align-center has-very-light-gray-background-color has-text-color has-background\" style=\"color:#000000;font-size:22px\"><em>Ol\u00e1, educando (a)! Esta videoaula de <span class=\"has-inline-color has-vivid-red-color\"><strong>Hist\u00f3ria <\/strong><\/span>foi veiculada na TV no dia 10 de Mar\u00e7o de 2021 (Quarta-Feira). Aqui no Portal Conex\u00e3o Escola, ela est\u00e1 dispon\u00edvel juntamente com a proposta de atividade.<\/em><\/p>\n\n\n\n<div class=\"wp-block-image is-style-rounded\"><figure class=\"aligncenter size-large\"><img decoding=\"async\" src=\"https:\/\/sme.goiania.go.gov.br\/conexaoescola\/wp-content\/uploads\/2021\/03\/together-2450081_1920-1024x307.jpg\" alt=\"\" class=\"wp-image-126400\"\/><figcaption>Fonte: Pixabay &#8211; Juntos. Dispon\u00edvel em: &lt;https:\/\/pixabay.com\/pt\/vectors\/cidade-vila-digital-home-1252643\/&gt; acesso em 9, mar. 2021<\/figcaption><\/figure><\/div>\n\n\n\n<p class=\"has-text-align-center has-text-color has-background has-medium-font-size\" style=\"background-color:#ffd6b9;color:#000000\">OL\u00c1 PESSOAL! TUDO BEM POR A\u00cd? <br>ESPERO QUE SIM! NA NOSSA AULA DE HOJE, VOC\u00ca IR\u00c1 APRENDER A IDENTIFICAR UMA COMUNIDADE E OS PRINCIPAIS GRUPOS SOCIAIS.&nbsp;<\/p>\n\n\n\n<hr class=\"wp-block-separator is-style-wide\"\/>\n\n\n\n<p class=\"has-text-align-center has-very-light-gray-color has-luminous-vivid-orange-background-color has-text-color has-background\" style=\"font-size:23px\"><strong>O QUE \u00c9 COMUNIDADE? <br>VOC\u00ca PARTICIPA DE ALGUMA COMUNIDADE?<\/strong><\/p>\n\n\n\n<div class=\"wp-block-image\"><figure class=\"aligncenter size-large\"><img fetchpriority=\"high\" decoding=\"async\" width=\"1024\" height=\"244\" src=\"https:\/\/sme.goiania.go.gov.br\/conexaoescola\/wp-content\/uploads\/2021\/03\/Captura-de-Tela-2021-03-09-a\u0300s-21.19.10-1024x244.png\" alt=\"\" class=\"wp-image-126402\" srcset=\"https:\/\/sme.goiania.go.gov.br\/conexaoescola\/wp-content\/uploads\/2021\/03\/Captura-de-Tela-2021-03-09-a\u0300s-21.19.10-1024x244.png 1024w, https:\/\/sme.goiania.go.gov.br\/conexaoescola\/wp-content\/uploads\/2021\/03\/Captura-de-Tela-2021-03-09-a\u0300s-21.19.10-300x72.png 300w, https:\/\/sme.goiania.go.gov.br\/conexaoescola\/wp-content\/uploads\/2021\/03\/Captura-de-Tela-2021-03-09-a\u0300s-21.19.10-768x183.png 768w, https:\/\/sme.goiania.go.gov.br\/conexaoescola\/wp-content\/uploads\/2021\/03\/Captura-de-Tela-2021-03-09-a\u0300s-21.19.10.png 1195w\" sizes=\"(max-width: 1024px) 100vw, 1024px\" \/><figcaption>Imagens pixabay, tem\u00e1tica: comunidade, fam\u00edlia e crian\u00e7as. Acesso em 23, fev. 2021<br><\/figcaption><\/figure><\/div>\n\n\n\n<p class=\"has-luminous-vivid-orange-background-color has-text-color has-background has-medium-font-size\" style=\"color:#ffffff\">VOC\u00caS SABIAM QUE ATRAV\u00c9S DA SOCIALIZA\u00c7\u00c3O E DA INTEGRA\u00c7\u00c3O PODEMOS APRENDER MUITO?<br>PODEMOS APRENDER A RESOLVER CONFLITOS E A RESPEITAR O OUTRO.<br>O CONVIVER N\u00c3O \u00c9 UMA TAREFA F\u00c1CIL,&nbsp; PRINCIPALMENTE NO MOMENTO EM QUE NOS ENCONTRAMOS &#8211; PANDEMIA &#8211; POIS MUITAS PESSOAS, ESPA\u00c7OS, ATIVIDADES FORAM TIRADAS DAS NOSSAS ROTINAS COMO, POR EXEMPLO, IR \u00c0 ESCOLA E OS PASSEIOS NAS CASAS DE AMIGOS E PARENTES.<br>DEVEMOS PRESTAR ATEN\u00c7\u00c3O, POIS A CONVIV\u00caNCIA EST\u00c1 RELACIONADA A QUALIDADE. MUITAS VEZES ESTAMOS NO MESMO AMBIENTE POR\u00c9M DESLIGADOS UNS DOS OUTROS. <br>MAS COMO PODEMOS SOCIALIZAR NESSE MOMENTO, EM MEIO A PANDEMIA?&nbsp;<\/p>\n\n\n\n<p class=\"has-text-align-center has-luminous-vivid-orange-color has-text-color has-background has-medium-font-size\" style=\"background-color:#000000\"><strong>ASSISTA A VIDEOAULA A SEGUIR:<\/strong><\/p>\n\n\n\n<figure class=\"wp-block-embed is-type-video is-provider-youtube wp-block-embed-youtube wp-embed-aspect-16-9 wp-has-aspect-ratio\"><div class=\"wp-block-embed__wrapper\">\n<p class=\"responsive-video-wrap clr\"><iframe title=\"3 ANO | C |  CICLO DA INF\u00c2NCIA  | HIST\u00d3RIA\" width=\"1200\" height=\"675\" src=\"https:\/\/www.youtube.com\/embed\/ZksyOGGs_jE?feature=oembed\" frameborder=\"0\" allow=\"accelerometer; autoplay; clipboard-write; encrypted-media; gyroscope; picture-in-picture\" allowfullscreen><\/iframe><\/p>\n<\/div><figcaption>3 ANO | C | CICLO DA INF\u00c2NCIA | HIST\u00d3RIA &#8211; Dispon\u00edvel em: &lt;https:\/\/www.youtube.com\/watch?v=U8usVPC1bww&gt; acesso em 9, mar. 2021<\/figcaption><\/figure>\n\n\n\n<hr class=\"wp-block-separator\"\/>\n\n\n\n<p class=\"has-luminous-vivid-orange-color has-text-color has-background has-medium-font-size\" style=\"background-color:#000000\"><strong>ATIVIDADE 1<\/strong><\/p>\n\n\n\n<p class=\"has-text-color has-medium-font-size\" style=\"color:#000000\"><strong>COMUNIDADE \u00c9 UM GRUPO DE PESSOAS QUE VIVEM OU TRABALHAM NO MESMO LOCAL, DIVERTEM OU REALIZAM ATIVIDADES JUNTAS. EM UMA COMUNIDADE UNS DEPENDEM DOS OUTROS. REGISTRE ALGUMAS FORMAS DE COLABORAR COM A SUA COMUNIDADE.<\/strong><\/p>\n\n\n\n<p class=\"has-luminous-vivid-orange-color has-text-color has-background has-medium-font-size\" style=\"background-color:#000000\"><strong>ATIVIDADE 2<\/strong><\/p>\n\n\n\n<p class=\"has-text-color has-medium-font-size\" style=\"color:#000000\"><strong>A QUAIS GRUPOS VOC\u00ca PERTENCE? DESENHE EM UMA FOLHA E COLE NO CADERNO. N\u00c3O SE ESQUE\u00c7A DE REGISTRAR OS NOMES DAS PESSOAS QUE FAZEM PARTE DE CADA GRUPO. EM SEGUIDA, NOMEIE SEUS GRUPOS:<\/strong><\/p>\n\n\n\n<hr class=\"wp-block-separator is-style-wide\"\/>\n\n\n\n<figure class=\"wp-block-table is-style-stripes\"><table><tbody><tr><td><strong>Habilidades estruturantes<\/strong><\/td><td>(EF02HI01) Reconhecer espa\u00e7os de sociabilidade e identificar os motivos que aproximam e separam as pessoas em diferentes grupos sociais ou de parentesco.&nbsp;<br>(EF02HI03) Selecionar situa\u00e7\u00f5es cotidianas que remetem \u00e0 percep\u00e7\u00e3o de mudan\u00e7a, pertencimento e mem\u00f3ria.<\/td><\/tr><tr><td><strong>Refer\u00eancias (adaptado com fins pedag\u00f3gicos)<\/strong><\/td><td>Blog Educa\u00e7\u00e3o Transforma\u00e7\u00e3o. Dispon\u00edvel em: &lt;https:\/\/educacaoetransformacaooficial.blogspot.com\/&gt; acesso em 22, fev 2021.<\/td><\/tr><\/tbody><\/table><\/figure>\n","protected":false},"author":20,"featured_media":126400,"template":"","ef_categoria":[13,20],"ef_ano":[86],"ef_componente":[95],"class_list":["post-126397","ensino_fundamental","type-ensino_fundamental","status-publish","has-post-thumbnail","hentry","ef_categoria-ciclo-da-infancia-abc","ef_categoria-etica-e-cidadania","ef_ano-3o-ano","ef_componente-historia","entry","has-media"],"acf":[],"_links":{"self":[{"href":"https:\/\/sme.goiania.go.gov.br\/conexaoescola\/wp-json\/wp\/v2\/ensino_fundamental\/126397","targetHints":{"allow":["GET"]}}],"collection":[{"href":"https:\/\/sme.goiania.go.gov.br\/conexaoescola\/wp-json\/wp\/v2\/ensino_fundamental"}],"about":[{"href":"https:\/\/sme.goiania.go.gov.br\/conexaoescola\/wp-json\/wp\/v2\/types\/ensino_fundamental"}],"author":[{"embeddable":true,"href":"https:\/\/sme.goiania.go.gov.br\/conexaoescola\/wp-json\/wp\/v2\/users\/20"}],"version-history":[{"count":0,"href":"https:\/\/sme.goiania.go.gov.br\/conexaoescola\/wp-json\/wp\/v2\/ensino_fundamental\/126397\/revisions"}],"wp:featuredmedia":[{"embeddable":true,"href":"https:\/\/sme.goiania.go.gov.br\/conexaoescola\/wp-json\/wp\/v2\/media\/126400"}],"wp:attachment":[{"href":"https:\/\/sme.goiania.go.gov.br\/conexaoescola\/wp-json\/wp\/v2\/media?parent=126397"}],"wp:term":[{"taxonomy":"ef_categoria","embeddable":true,"href":"https:\/\/sme.goiania.go.gov.br\/conexaoescola\/wp-json\/wp\/v2\/ef_categoria?post=126397"},{"taxonomy":"ef_ano","embeddable":true,"href":"https:\/\/sme.goiania.go.gov.br\/conexaoescola\/wp-json\/wp\/v2\/ef_ano?post=126397"},{"taxonomy":"ef_componente","embeddable":true,"href":"https:\/\/sme.goiania.go.gov.br\/conexaoescola\/wp-json\/wp\/v2\/ef_componente?post=126397"}],"curies":[{"name":"wp","href":"https:\/\/api.w.org\/{rel}","templated":true}]}}

História &#8211; A comunidade e seus registros

<p class="has-text-align-center has-very-light-gray-background-color has-text-color has-background" style="color:#000000;font-size:22px"><em>Olá, educando (a)! Esta videoaula de <span class="has-inline-color has-vivid-red-color"><strong>História </strong></span>foi veiculada na TV no dia 10 de Março de 2021 (Quarta-Feira). Aqui no Portal Conexão Escola, ela está disponível juntamente com a proposta de atividade.</em></p>



<div class="wp-block-image is-style-rounded"><figure class="aligncenter size-large"><img decoding="async" src="https://sme.goiania.go.gov.br/conexaoescola/wp-content/uploads/2021/03/together-2450081_1920-1024x307.jpg" alt="" class="wp-image-126400"/><figcaption>Fonte: Pixabay &#8211; Juntos. Disponível em: &lt;https://pixabay.com/pt/vectors/cidade-vila-digital-home-1252643/&gt; acesso em 9, mar. 2021</figcaption></figure></div>



<p class="has-text-align-center has-text-color has-background has-medium-font-size" style="background-color:#ffd6b9;color:#000000">OLÁ PESSOAL! TUDO BEM POR AÍ? <br>ESPERO QUE SIM! NA NOSSA AULA DE HOJE, VOCÊ IRÁ APRENDER A IDENTIFICAR UMA COMUNIDADE E OS PRINCIPAIS GRUPOS SOCIAIS.&nbsp;</p>



<hr class="wp-block-separator is-style-wide"/>



<p class="has-text-align-center has-very-light-gray-color has-luminous-vivid-orange-background-color has-text-color has-background" style="font-size:23px"><strong>O QUE É COMUNIDADE? <br>VOCÊ PARTICIPA DE ALGUMA COMUNIDADE?</strong></p>



<div class="wp-block-image"><figure class="aligncenter size-large"><img fetchpriority="high" decoding="async" width="1024" height="244" src="https://sme.goiania.go.gov.br/conexaoescola/wp-content/uploads/2021/03/Captura-de-Tela-2021-03-09-às-21.19.10-1024x244.png" alt="" class="wp-image-126402" srcset="https://sme.goiania.go.gov.br/conexaoescola/wp-content/uploads/2021/03/Captura-de-Tela-2021-03-09-às-21.19.10-1024x244.png 1024w, https://sme.goiania.go.gov.br/conexaoescola/wp-content/uploads/2021/03/Captura-de-Tela-2021-03-09-às-21.19.10-300x72.png 300w, https://sme.goiania.go.gov.br/conexaoescola/wp-content/uploads/2021/03/Captura-de-Tela-2021-03-09-às-21.19.10-768x183.png 768w, https://sme.goiania.go.gov.br/conexaoescola/wp-content/uploads/2021/03/Captura-de-Tela-2021-03-09-às-21.19.10.png 1195w" sizes="(max-width: 1024px) 100vw, 1024px" /><figcaption>Imagens pixabay, temática: comunidade, família e crianças. Acesso em 23, fev. 2021<br></figcaption></figure></div>



<p class="has-luminous-vivid-orange-background-color has-text-color has-background has-medium-font-size" style="color:#ffffff">VOCÊS SABIAM QUE ATRAVÉS DA SOCIALIZAÇÃO E DA INTEGRAÇÃO PODEMOS APRENDER MUITO?<br>PODEMOS APRENDER A RESOLVER CONFLITOS E A RESPEITAR O OUTRO.<br>O CONVIVER NÃO É UMA TAREFA FÁCIL,&nbsp; PRINCIPALMENTE NO MOMENTO EM QUE NOS ENCONTRAMOS &#8211; PANDEMIA &#8211; POIS MUITAS PESSOAS, ESPAÇOS, ATIVIDADES FORAM TIRADAS DAS NOSSAS ROTINAS COMO, POR EXEMPLO, IR À ESCOLA E OS PASSEIOS NAS CASAS DE AMIGOS E PARENTES.<br>DEVEMOS PRESTAR ATENÇÃO, POIS A CONVIVÊNCIA ESTÁ RELACIONADA A QUALIDADE. MUITAS VEZES ESTAMOS NO MESMO AMBIENTE PORÉM DESLIGADOS UNS DOS OUTROS. <br>MAS COMO PODEMOS SOCIALIZAR NESSE MOMENTO, EM MEIO A PANDEMIA?&nbsp;</p>



<p class="has-text-align-center has-luminous-vivid-orange-color has-text-color has-background has-medium-font-size" style="background-color:#000000"><strong>ASSISTA A VIDEOAULA A SEGUIR:</strong></p>



<figure class="wp-block-embed is-type-video is-provider-youtube wp-block-embed-youtube wp-embed-aspect-16-9 wp-has-aspect-ratio"><div class="wp-block-embed__wrapper">
<p class="responsive-video-wrap clr"><iframe title="3 ANO | C |  CICLO DA INFÂNCIA  | HISTÓRIA" width="1200" height="675" src="https://www.youtube.com/embed/ZksyOGGs_jE?feature=oembed" frameborder="0" allow="accelerometer; autoplay; clipboard-write; encrypted-media; gyroscope; picture-in-picture" allowfullscreen></iframe></p>
</div><figcaption>3 ANO | C | CICLO DA INFÂNCIA | HISTÓRIA &#8211; Disponível em: &lt;https://www.youtube.com/watch?v=U8usVPC1bww&gt; acesso em 9, mar. 2021</figcaption></figure>



<hr class="wp-block-separator"/>



<p class="has-luminous-vivid-orange-color has-text-color has-background has-medium-font-size" style="background-color:#000000"><strong>ATIVIDADE 1</strong></p>



<p class="has-text-color has-medium-font-size" style="color:#000000"><strong>COMUNIDADE É UM GRUPO DE PESSOAS QUE VIVEM OU TRABALHAM NO MESMO LOCAL, DIVERTEM OU REALIZAM ATIVIDADES JUNTAS. EM UMA COMUNIDADE UNS DEPENDEM DOS OUTROS. REGISTRE ALGUMAS FORMAS DE COLABORAR COM A SUA COMUNIDADE.</strong></p>



<p class="has-luminous-vivid-orange-color has-text-color has-background has-medium-font-size" style="background-color:#000000"><strong>ATIVIDADE 2</strong></p>



<p class="has-text-color has-medium-font-size" style="color:#000000"><strong>A QUAIS GRUPOS VOCÊ PERTENCE? DESENHE EM UMA FOLHA E COLE NO CADERNO. NÃO SE ESQUEÇA DE REGISTRAR OS NOMES DAS PESSOAS QUE FAZEM PARTE DE CADA GRUPO. EM SEGUIDA, NOMEIE SEUS GRUPOS:</strong></p>



<hr class="wp-block-separator is-style-wide"/>



<figure class="wp-block-table is-style-stripes"><table><tbody><tr><td><strong>Habilidades estruturantes</strong></td><td>(EF02HI01) Reconhecer espaços de sociabilidade e identificar os motivos que aproximam e separam as pessoas em diferentes grupos sociais ou de parentesco.&nbsp;<br>(EF02HI03) Selecionar situações cotidianas que remetem à percepção de mudança, pertencimento e memória.</td></tr><tr><td><strong>Referências (adaptado com fins pedagógicos)</strong></td><td>Blog Educação Transformação. Disponível em: &lt;https://educacaoetransformacaooficial.blogspot.com/&gt; acesso em 22, fev 2021.</td></tr></tbody></table></figure>
