{"id":126380,"date":"2021-03-09T20:09:03","date_gmt":"2021-03-09T23:09:03","guid":{"rendered":"https:\/\/sme.goiania.go.gov.br\/conexaoescola\/?post_type=ensino_fundamental&#038;p=126380"},"modified":"2021-11-24T09:04:17","modified_gmt":"2021-11-24T11:04:17","slug":"geografia-o-sujeito-e-seu-lugar-no-mundo","status":"publish","type":"ensino_fundamental","link":"https:\/\/sme.goiania.go.gov.br\/conexaoescola\/ensino_fundamental\/geografia-o-sujeito-e-seu-lugar-no-mundo\/","title":{"rendered":"Geografia &#8211; O sujeito e seu lugar no mundo"},"content":{"rendered":"\n<p class=\"has-text-align-center has-very-light-gray-background-color has-text-color has-background\" style=\"color:#000000;font-size:22px\"><em>Ol\u00e1, educando (a)! Esta videoaula de <span class=\"has-inline-color has-vivid-red-color\"><strong>Geografia<\/strong><\/span> foi veiculada na TV no dia 10 de Mar\u00e7o de 2021 (Quarta-Feira). Aqui no Portal Conex\u00e3o Escola, ela est\u00e1 dispon\u00edvel juntamente com a proposta de atividade.<\/em><\/p>\n\n\n\n<div class=\"wp-block-image\"><figure class=\"aligncenter size-large\"><img fetchpriority=\"high\" decoding=\"async\" width=\"1024\" height=\"512\" src=\"https:\/\/sme.goiania.go.gov.br\/conexaoescola\/wp-content\/uploads\/2021\/03\/city-1252643_1280-e1615326080551-1024x512.png\" alt=\"\" class=\"wp-image-126381\" srcset=\"https:\/\/sme.goiania.go.gov.br\/conexaoescola\/wp-content\/uploads\/2021\/03\/city-1252643_1280-e1615326080551-1024x512.png 1024w, https:\/\/sme.goiania.go.gov.br\/conexaoescola\/wp-content\/uploads\/2021\/03\/city-1252643_1280-e1615326080551-300x150.png 300w, https:\/\/sme.goiania.go.gov.br\/conexaoescola\/wp-content\/uploads\/2021\/03\/city-1252643_1280-e1615326080551-768x384.png 768w, https:\/\/sme.goiania.go.gov.br\/conexaoescola\/wp-content\/uploads\/2021\/03\/city-1252643_1280-e1615326080551.png 1280w\" sizes=\"(max-width: 1024px) 100vw, 1024px\" \/><figcaption>Fonte: Pixabay &#8211; Cidade Vila Digital. Dispon\u00edvel em: &lt;https:\/\/pixabay.com\/pt\/vectors\/cidade-vila-digital-home-1252643\/&gt; acesso em 9, mar. 2021<\/figcaption><\/figure><\/div>\n\n\n\n<p class=\"has-text-align-center has-very-light-gray-background-color has-text-color has-background\" style=\"color:#000000\"><strong>A AULA DE HOJE ABORDAR\u00c1 SOBRE AS CARACTER\u00cdSTICAS DA VIDA <span class=\"has-inline-color has-vivid-red-color\">NO CAMPO E NA CIDADE<\/span>, E COMO ESSES DOIS MODOS DE VIDA, COMPLETAMENTE DIFERENTES, EST\u00c3O INTERLIGADOS.<\/strong><\/p>\n\n\n\n<p class=\"has-text-align-center has-luminous-vivid-amber-color has-very-dark-gray-background-color has-text-color has-background has-medium-font-size\"><strong>ASSISTA A VIDEOAULA A SEGUIR:<\/strong><\/p>\n\n\n\n<figure class=\"wp-block-embed aligncenter is-type-video is-provider-youtube wp-block-embed-youtube wp-embed-aspect-16-9 wp-has-aspect-ratio\"><div class=\"wp-block-embed__wrapper\">\n<p class=\"responsive-video-wrap clr\"><iframe title=\"3 ANO | C |  CICLO DA INF\u00c2NCIA  | GEOGRAFIA\" width=\"1200\" height=\"675\" src=\"https:\/\/www.youtube.com\/embed\/U8usVPC1bww?feature=oembed\" frameborder=\"0\" allow=\"accelerometer; autoplay; clipboard-write; encrypted-media; gyroscope; picture-in-picture\" allowfullscreen><\/iframe><\/p>\n<\/div><figcaption>3\u00ba ANO | C | CICLO DA INF\u00c2NCIA | GEOGRAFIA &#8211; Dispon\u00edvel em: &lt;https:\/\/www.youtube.com\/watch?v=U8usVPC1bww&gt; acesso em 9, mar. 2021<\/figcaption><\/figure>\n\n\n\n<hr class=\"wp-block-separator\"\/>\n\n\n\n<p class=\"has-text-align-center has-text-color has-background has-medium-font-size\" style=\"background-color:#b3ff9c;color:#000000\">OL\u00c1 PESSOAL! TUDO BEM POR A\u00cd? <br>EXISTEM&nbsp; PESSOAS QUE MORAM NO CAMPO E&nbsp; PESSOAS QUE MORAM NA CIDADE. AS PESSOAS QUE VIVEM NA CIDADE FORMAM A <strong>COMUNIDADE URBANA <\/strong>E AS PESSOAS QUE VIVEM NO CAMPO FORMAM A <strong>COMUNIDADE RURAL<\/strong>.&nbsp;<\/p>\n\n\n\n<p class=\"has-text-align-left has-text-color has-background has-medium-font-size\" style=\"background-color:#d1f7c4;color:#000000\">NA <strong>COMUNIDADE URBANA<\/strong> H\u00c1 COISAS EM COMUM, COMO POR EXEMPLO, A ENERGIA EL\u00c9TRICA, A \u00c1GUA TRATADA, ESGOTO, TRANSPORTES COLETIVOS, COMUNICA\u00c7\u00d5ES COM BANCOS E UM COM\u00c9RCIO MUITO VARIADO. NAS CIDADES, AS CASAS E OS APARTAMENTOS S\u00c3O CONSTRU\u00cdDOS UNS BEM JUNTOS DOS OUTROS.<\/p>\n\n\n\n<p class=\"has-text-color has-background has-medium-font-size\" style=\"background-color:#eeffe6;color:#000000\">A <strong>COMUNIDADE RURAL<\/strong>  FICA FORA DA CIDADE, AS PESSOAS VIVEM NO CAMPO COMO S\u00cdTIO, CH\u00c1CARAS, FAZENDAS. NO CAMPO H\u00c1 POUCAS CONSTRU\u00c7\u00d5ES, POR ISSO O PREDOM\u00cdNIO \u00c9 DE PAISAGENS NATURAIS. <\/p>\n\n\n\n<p class=\"has-very-light-gray-background-color has-background has-medium-font-size\"><strong>A \u00c1REA RURAL N\u00c3O \u00c9 O CONTR\u00c1RIO DA \u00c1REA URBANA. <\/strong><br>S\u00c3O DOIS MODOS DE VIDA E ORGANIZA\u00c7\u00c3O DOS ESPA\u00c7OS DIFERENTES, E QUE <span class=\"has-inline-color has-vivid-red-color\"><strong>EST\u00c3O INTERLIGADOS<\/strong><\/span>, J\u00c1 QUE UM DEPENDE DO OUTRO PARA EXISTIR.<\/p>\n\n\n\n<p class=\"has-text-align-center has-text-color has-background has-medium-font-size\" style=\"background-color:#ffebb1;color:#000000\"><strong>OBSERVE AS IMAGENS A SEGUIR:<\/strong><\/p>\n\n\n\n<p class=\"has-text-align-center has-text-color\" style=\"color:#000000;font-size:30px\"><strong><em>CAMPO:<\/em><\/strong><\/p>\n\n\n\n<div class=\"wp-block-image is-style-rounded\"><figure class=\"aligncenter size-large\"><img decoding=\"async\" width=\"1024\" height=\"576\" src=\"https:\/\/sme.goiania.go.gov.br\/conexaoescola\/wp-content\/uploads\/2021\/03\/mountains-615428_1920-1024x576.jpg\" alt=\"\" class=\"wp-image-126384\" srcset=\"https:\/\/sme.goiania.go.gov.br\/conexaoescola\/wp-content\/uploads\/2021\/03\/mountains-615428_1920-1024x576.jpg 1024w, https:\/\/sme.goiania.go.gov.br\/conexaoescola\/wp-content\/uploads\/2021\/03\/mountains-615428_1920-300x169.jpg 300w, https:\/\/sme.goiania.go.gov.br\/conexaoescola\/wp-content\/uploads\/2021\/03\/mountains-615428_1920-768x432.jpg 768w, https:\/\/sme.goiania.go.gov.br\/conexaoescola\/wp-content\/uploads\/2021\/03\/mountains-615428_1920-1536x864.jpg 1536w, https:\/\/sme.goiania.go.gov.br\/conexaoescola\/wp-content\/uploads\/2021\/03\/mountains-615428_1920.jpg 1920w\" sizes=\"(max-width: 1024px) 100vw, 1024px\" \/><figcaption>Campos. Dispon\u00edveis em: &lt;https:\/\/pixabay.com\/images\/id-615428\/&gt; acesso em 9, mar. 2021<\/figcaption><\/figure><\/div>\n\n\n\n<p class=\"has-text-align-center has-text-color\" style=\"color:#000000;font-size:30px\"><strong><em>CIDADE:<\/em><\/strong><\/p>\n\n\n\n<div class=\"wp-block-image is-style-rounded\"><figure class=\"aligncenter size-large\"><img decoding=\"async\" width=\"1024\" height=\"683\" src=\"https:\/\/sme.goiania.go.gov.br\/conexaoescola\/wp-content\/uploads\/2021\/03\/buildings-647400_1920-1-1024x683.jpg\" alt=\"\" class=\"wp-image-126386\" srcset=\"https:\/\/sme.goiania.go.gov.br\/conexaoescola\/wp-content\/uploads\/2021\/03\/buildings-647400_1920-1-1024x683.jpg 1024w, https:\/\/sme.goiania.go.gov.br\/conexaoescola\/wp-content\/uploads\/2021\/03\/buildings-647400_1920-1-300x200.jpg 300w, https:\/\/sme.goiania.go.gov.br\/conexaoescola\/wp-content\/uploads\/2021\/03\/buildings-647400_1920-1-768x512.jpg 768w, https:\/\/sme.goiania.go.gov.br\/conexaoescola\/wp-content\/uploads\/2021\/03\/buildings-647400_1920-1-1536x1024.jpg 1536w, https:\/\/sme.goiania.go.gov.br\/conexaoescola\/wp-content\/uploads\/2021\/03\/buildings-647400_1920-1.jpg 1920w\" sizes=\"(max-width: 1024px) 100vw, 1024px\" \/><figcaption>Cidade. Dispon\u00edveis em: &lt;https:\/\/pixabay.com\/images\/id-615428\/&gt; acesso em 9, mar. 2021<\/figcaption><\/figure><\/div>\n\n\n\n<p class=\"has-luminous-vivid-amber-color has-very-dark-gray-background-color has-text-color has-background has-medium-font-size\"><strong>ATIVIDADE 1<\/strong><\/p>\n\n\n\n<p class=\"has-text-color has-medium-font-size\" style=\"color:#000000\">AGORA \u00c9 COM VOC\u00ca\u2026&nbsp;<br>LEIA E RESPONDA AS QUEST\u00d5ES DA TABELA ABAIXO:<\/p>\n\n\n\n<figure class=\"wp-block-table alignwide is-style-regular\"><table><tbody><tr><td><span class=\"has-inline-color has-vivid-red-color\"><strong>CIRCULA\u00c7\u00c3O DE PESSOAS&nbsp;<\/strong>            <\/span>         <\/td><td class=\"has-text-align-left\" data-align=\"left\"><strong><span class=\"has-inline-color has-vivid-red-color\">PAISAGEM&nbsp;<\/span><\/strong><\/td><td><strong><span class=\"has-inline-color has-vivid-red-color\">ALIMENTA\u00c7\u00c3O&nbsp;<\/span><\/strong><\/td><\/tr><tr><td><span style=\"color:#000000\" class=\"has-inline-color\"><strong>A) IMAGINE COMO S\u00c3O AS VIAS, RUAS E MODOS DE TRANSPORTE, NO CAMPO E NA CIDADE. DEPOIS REGISTRE SUA RESPOSTA<\/strong>.<br><\/span><\/td><td class=\"has-text-align-left\" data-align=\"left\"><span style=\"color:#000000\" class=\"has-inline-color\"><strong>B) IMAGINE UMA PAISAGEM DO CAMPO E UMA PAISAGEM DE UMA CIDADE. DESCREVA EM SEU CADERNO COMO SERIAM ESSAS PAISAGENS E, EM SEGUIDA, FA\u00c7A OS DESENHOS. PINTE-OS:<\/strong><\/span><\/td><td><span style=\"color:#000000\" class=\"has-inline-color\"><strong>C) QUE TIPO DE ALIMENTO \u00c9 CONSUMIDO POR QUEM VIVE NO CAMPO E NA CIDADE? LISTE 5 TIPOS PARA CADA UM:<\/strong><\/span><\/td><\/tr><\/tbody><\/table><\/figure>\n\n\n\n<p class=\"has-luminous-vivid-amber-color has-very-dark-gray-background-color has-text-color has-background has-medium-font-size\"><strong>ATIVIDADE 2<\/strong><\/p>\n\n\n\n<p class=\"has-text-color has-medium-font-size\" style=\"color:#000000\">ASSISTA AO V\u00cdDEO A SEGUIR PARA CONHECER A HIST\u00d3RIA DO RATINHO DA CIDADE E DO RATINHO DO CAMPO:<\/p>\n\n\n\n<figure class=\"wp-block-embed aligncenter is-type-video is-provider-youtube wp-block-embed-youtube wp-embed-aspect-16-9 wp-has-aspect-ratio\"><div class=\"wp-block-embed__wrapper\">\n<p class=\"responsive-video-wrap clr\"><iframe title=\"Quintal da Cultura - Momento fabuloso: o ratinho do campo e o ratinho da cidade\" width=\"1200\" height=\"675\" src=\"https:\/\/www.youtube.com\/embed\/b0_Mbp9brR8?feature=oembed\" frameborder=\"0\" allow=\"accelerometer; autoplay; clipboard-write; encrypted-media; gyroscope; picture-in-picture\" allowfullscreen><\/iframe><\/p>\n<\/div><figcaption>Quintal da Cultura &#8211; Momento fabuloso: o ratinho do campo e o ratinho da cidade. Dispon\u00edvel em: &lt;https:\/\/www.youtube.com\/watch?v=b0_Mbp9brR8&gt; acesso em 1 mar. 2021<\/figcaption><\/figure>\n\n\n\n<p class=\"has-text-color has-medium-font-size\" style=\"color:#000000\">QUAIS S\u00c3O AS DIFEREN\u00c7AS QUE VOC\u00ca OBSERVOU EM RELA\u00c7\u00c3O AOS MODOS DE VIDA DOS RATINHOS (DA CIDADE E DO CAMPO)? VOC\u00ca PREFERE O MODO DE VIDA DO CAMPO OU DA CIDADE? POR QU\u00ca? ESCREVA EM SEU CADERNO:<\/p>\n\n\n\n<hr class=\"wp-block-separator is-style-wide\"\/>\n\n\n\n<figure class=\"wp-block-table is-style-stripes\"><table><tbody><tr><td>Habilidade estruturante<\/td><td>(EF03GE01-B) Identificar, comparar e compreender aspectos culturais, sociais e econ\u00f4micos na comunidade, tanto no campo como na cidade.&nbsp;<\/td><\/tr><tr><td>Refer\u00eancias<\/td><td>NOVA ESCOLA. O campo e a cidade. Dispon\u00edvel em: &lt;https:\/\/novaescola.org.br\/plano-de-aula\/5352\/o-campo-e-a-cidade#materiais-e-atividades&gt; acesso em 1, mar. 2021.&nbsp;<\/td><\/tr><\/tbody><\/table><\/figure>\n","protected":false},"author":20,"featured_media":126388,"template":"","ef_categoria":[13,18],"ef_ano":[86],"ef_componente":[96],"class_list":["post-126380","ensino_fundamental","type-ensino_fundamental","status-publish","has-post-thumbnail","hentry","ef_categoria-ciclo-da-infancia-abc","ef_categoria-educacao-ambiental-e-saude","ef_ano-3o-ano","ef_componente-geografia","entry","has-media"],"acf":[],"_links":{"self":[{"href":"https:\/\/sme.goiania.go.gov.br\/conexaoescola\/wp-json\/wp\/v2\/ensino_fundamental\/126380","targetHints":{"allow":["GET"]}}],"collection":[{"href":"https:\/\/sme.goiania.go.gov.br\/conexaoescola\/wp-json\/wp\/v2\/ensino_fundamental"}],"about":[{"href":"https:\/\/sme.goiania.go.gov.br\/conexaoescola\/wp-json\/wp\/v2\/types\/ensino_fundamental"}],"author":[{"embeddable":true,"href":"https:\/\/sme.goiania.go.gov.br\/conexaoescola\/wp-json\/wp\/v2\/users\/20"}],"version-history":[{"count":0,"href":"https:\/\/sme.goiania.go.gov.br\/conexaoescola\/wp-json\/wp\/v2\/ensino_fundamental\/126380\/revisions"}],"wp:featuredmedia":[{"embeddable":true,"href":"https:\/\/sme.goiania.go.gov.br\/conexaoescola\/wp-json\/wp\/v2\/media\/126388"}],"wp:attachment":[{"href":"https:\/\/sme.goiania.go.gov.br\/conexaoescola\/wp-json\/wp\/v2\/media?parent=126380"}],"wp:term":[{"taxonomy":"ef_categoria","embeddable":true,"href":"https:\/\/sme.goiania.go.gov.br\/conexaoescola\/wp-json\/wp\/v2\/ef_categoria?post=126380"},{"taxonomy":"ef_ano","embeddable":true,"href":"https:\/\/sme.goiania.go.gov.br\/conexaoescola\/wp-json\/wp\/v2\/ef_ano?post=126380"},{"taxonomy":"ef_componente","embeddable":true,"href":"https:\/\/sme.goiania.go.gov.br\/conexaoescola\/wp-json\/wp\/v2\/ef_componente?post=126380"}],"curies":[{"name":"wp","href":"https:\/\/api.w.org\/{rel}","templated":true}]}}

<p class="has-text-align-center has-very-light-gray-background-color has-text-color has-background" style="color:#000000;font-size:22px"><em>Olá, educando (a)! Esta videoaula de <span class="has-inline-color has-vivid-red-color"><strong>Geografia</strong></span> foi veiculada na TV no dia 10 de Março de 2021 (Quarta-Feira). Aqui no Portal Conexão Escola, ela está disponível juntamente com a proposta de atividade.</em></p>



<div class="wp-block-image"><figure class="aligncenter size-large"><img fetchpriority="high" decoding="async" width="1024" height="512" src="https://sme.goiania.go.gov.br/conexaoescola/wp-content/uploads/2021/03/city-1252643_1280-e1615326080551-1024x512.png" alt="" class="wp-image-126381" srcset="https://sme.goiania.go.gov.br/conexaoescola/wp-content/uploads/2021/03/city-1252643_1280-e1615326080551-1024x512.png 1024w, https://sme.goiania.go.gov.br/conexaoescola/wp-content/uploads/2021/03/city-1252643_1280-e1615326080551-300x150.png 300w, https://sme.goiania.go.gov.br/conexaoescola/wp-content/uploads/2021/03/city-1252643_1280-e1615326080551-768x384.png 768w, https://sme.goiania.go.gov.br/conexaoescola/wp-content/uploads/2021/03/city-1252643_1280-e1615326080551.png 1280w" sizes="(max-width: 1024px) 100vw, 1024px" /><figcaption>Fonte: Pixabay &#8211; Cidade Vila Digital. Disponível em: &lt;https://pixabay.com/pt/vectors/cidade-vila-digital-home-1252643/&gt; acesso em 9, mar. 2021</figcaption></figure></div>



<p class="has-text-align-center has-very-light-gray-background-color has-text-color has-background" style="color:#000000"><strong>A AULA DE HOJE ABORDARÁ SOBRE AS CARACTERÍSTICAS DA VIDA <span class="has-inline-color has-vivid-red-color">NO CAMPO E NA CIDADE</span>, E COMO ESSES DOIS MODOS DE VIDA, COMPLETAMENTE DIFERENTES, ESTÃO INTERLIGADOS.</strong></p>



<p class="has-text-align-center has-luminous-vivid-amber-color has-very-dark-gray-background-color has-text-color has-background has-medium-font-size"><strong>ASSISTA A VIDEOAULA A SEGUIR:</strong></p>



<figure class="wp-block-embed aligncenter is-type-video is-provider-youtube wp-block-embed-youtube wp-embed-aspect-16-9 wp-has-aspect-ratio"><div class="wp-block-embed__wrapper">
<p class="responsive-video-wrap clr"><iframe title="3 ANO | C |  CICLO DA INFÂNCIA  | GEOGRAFIA" width="1200" height="675" src="https://www.youtube.com/embed/U8usVPC1bww?feature=oembed" frameborder="0" allow="accelerometer; autoplay; clipboard-write; encrypted-media; gyroscope; picture-in-picture" allowfullscreen></iframe></p>
</div><figcaption>3º ANO | C | CICLO DA INFÂNCIA | GEOGRAFIA &#8211; Disponível em: &lt;https://www.youtube.com/watch?v=U8usVPC1bww&gt; acesso em 9, mar. 2021</figcaption></figure>



<hr class="wp-block-separator"/>



<p class="has-text-align-center has-text-color has-background has-medium-font-size" style="background-color:#b3ff9c;color:#000000">OLÁ PESSOAL! TUDO BEM POR AÍ? <br>EXISTEM&nbsp; PESSOAS QUE MORAM NO CAMPO E&nbsp; PESSOAS QUE MORAM NA CIDADE. AS PESSOAS QUE VIVEM NA CIDADE FORMAM A <strong>COMUNIDADE URBANA </strong>E AS PESSOAS QUE VIVEM NO CAMPO FORMAM A <strong>COMUNIDADE RURAL</strong>.&nbsp;</p>



<p class="has-text-align-left has-text-color has-background has-medium-font-size" style="background-color:#d1f7c4;color:#000000">NA <strong>COMUNIDADE URBANA</strong> HÁ COISAS EM COMUM, COMO POR EXEMPLO, A ENERGIA ELÉTRICA, A ÁGUA TRATADA, ESGOTO, TRANSPORTES COLETIVOS, COMUNICAÇÕES COM BANCOS E UM COMÉRCIO MUITO VARIADO. NAS CIDADES, AS CASAS E OS APARTAMENTOS SÃO CONSTRUÍDOS UNS BEM JUNTOS DOS OUTROS.</p>



<p class="has-text-color has-background has-medium-font-size" style="background-color:#eeffe6;color:#000000">A <strong>COMUNIDADE RURAL</strong>  FICA FORA DA CIDADE, AS PESSOAS VIVEM NO CAMPO COMO SÍTIO, CHÁCARAS, FAZENDAS. NO CAMPO HÁ POUCAS CONSTRUÇÕES, POR ISSO O PREDOMÍNIO É DE PAISAGENS NATURAIS. </p>



<p class="has-very-light-gray-background-color has-background has-medium-font-size"><strong>A ÁREA RURAL NÃO É O CONTRÁRIO DA ÁREA URBANA. </strong><br>SÃO DOIS MODOS DE VIDA E ORGANIZAÇÃO DOS ESPAÇOS DIFERENTES, E QUE <span class="has-inline-color has-vivid-red-color"><strong>ESTÃO INTERLIGADOS</strong></span>, JÁ QUE UM DEPENDE DO OUTRO PARA EXISTIR.</p>



<p class="has-text-align-center has-text-color has-background has-medium-font-size" style="background-color:#ffebb1;color:#000000"><strong>OBSERVE AS IMAGENS A SEGUIR:</strong></p>



<p class="has-text-align-center has-text-color" style="color:#000000;font-size:30px"><strong><em>CAMPO:</em></strong></p>



<div class="wp-block-image is-style-rounded"><figure class="aligncenter size-large"><img decoding="async" width="1024" height="576" src="https://sme.goiania.go.gov.br/conexaoescola/wp-content/uploads/2021/03/mountains-615428_1920-1024x576.jpg" alt="" class="wp-image-126384" srcset="https://sme.goiania.go.gov.br/conexaoescola/wp-content/uploads/2021/03/mountains-615428_1920-1024x576.jpg 1024w, https://sme.goiania.go.gov.br/conexaoescola/wp-content/uploads/2021/03/mountains-615428_1920-300x169.jpg 300w, https://sme.goiania.go.gov.br/conexaoescola/wp-content/uploads/2021/03/mountains-615428_1920-768x432.jpg 768w, https://sme.goiania.go.gov.br/conexaoescola/wp-content/uploads/2021/03/mountains-615428_1920-1536x864.jpg 1536w, https://sme.goiania.go.gov.br/conexaoescola/wp-content/uploads/2021/03/mountains-615428_1920.jpg 1920w" sizes="(max-width: 1024px) 100vw, 1024px" /><figcaption>Campos. Disponíveis em: &lt;https://pixabay.com/images/id-615428/&gt; acesso em 9, mar. 2021</figcaption></figure></div>



<p class="has-text-align-center has-text-color" style="color:#000000;font-size:30px"><strong><em>CIDADE:</em></strong></p>



<div class="wp-block-image is-style-rounded"><figure class="aligncenter size-large"><img decoding="async" width="1024" height="683" src="https://sme.goiania.go.gov.br/conexaoescola/wp-content/uploads/2021/03/buildings-647400_1920-1-1024x683.jpg" alt="" class="wp-image-126386" srcset="https://sme.goiania.go.gov.br/conexaoescola/wp-content/uploads/2021/03/buildings-647400_1920-1-1024x683.jpg 1024w, https://sme.goiania.go.gov.br/conexaoescola/wp-content/uploads/2021/03/buildings-647400_1920-1-300x200.jpg 300w, https://sme.goiania.go.gov.br/conexaoescola/wp-content/uploads/2021/03/buildings-647400_1920-1-768x512.jpg 768w, https://sme.goiania.go.gov.br/conexaoescola/wp-content/uploads/2021/03/buildings-647400_1920-1-1536x1024.jpg 1536w, https://sme.goiania.go.gov.br/conexaoescola/wp-content/uploads/2021/03/buildings-647400_1920-1.jpg 1920w" sizes="(max-width: 1024px) 100vw, 1024px" /><figcaption>Cidade. Disponíveis em: &lt;https://pixabay.com/images/id-615428/&gt; acesso em 9, mar. 2021</figcaption></figure></div>



<p class="has-luminous-vivid-amber-color has-very-dark-gray-background-color has-text-color has-background has-medium-font-size"><strong>ATIVIDADE 1</strong></p>



<p class="has-text-color has-medium-font-size" style="color:#000000">AGORA É COM VOCÊ…&nbsp;<br>LEIA E RESPONDA AS QUESTÕES DA TABELA ABAIXO:</p>



<figure class="wp-block-table alignwide is-style-regular"><table><tbody><tr><td><span class="has-inline-color has-vivid-red-color"><strong>CIRCULAÇÃO DE PESSOAS&nbsp;</strong>            </span>         </td><td class="has-text-align-left" data-align="left"><strong><span class="has-inline-color has-vivid-red-color">PAISAGEM&nbsp;</span></strong></td><td><strong><span class="has-inline-color has-vivid-red-color">ALIMENTAÇÃO&nbsp;</span></strong></td></tr><tr><td><span style="color:#000000" class="has-inline-color"><strong>A) IMAGINE COMO SÃO AS VIAS, RUAS E MODOS DE TRANSPORTE, NO CAMPO E NA CIDADE. DEPOIS REGISTRE SUA RESPOSTA</strong>.<br></span></td><td class="has-text-align-left" data-align="left"><span style="color:#000000" class="has-inline-color"><strong>B) IMAGINE UMA PAISAGEM DO CAMPO E UMA PAISAGEM DE UMA CIDADE. DESCREVA EM SEU CADERNO COMO SERIAM ESSAS PAISAGENS E, EM SEGUIDA, FAÇA OS DESENHOS. PINTE-OS:</strong></span></td><td><span style="color:#000000" class="has-inline-color"><strong>C) QUE TIPO DE ALIMENTO É CONSUMIDO POR QUEM VIVE NO CAMPO E NA CIDADE? LISTE 5 TIPOS PARA CADA UM:</strong></span></td></tr></tbody></table></figure>



<p class="has-luminous-vivid-amber-color has-very-dark-gray-background-color has-text-color has-background has-medium-font-size"><strong>ATIVIDADE 2</strong></p>



<p class="has-text-color has-medium-font-size" style="color:#000000">ASSISTA AO VÍDEO A SEGUIR PARA CONHECER A HISTÓRIA DO RATINHO DA CIDADE E DO RATINHO DO CAMPO:</p>



<figure class="wp-block-embed aligncenter is-type-video is-provider-youtube wp-block-embed-youtube wp-embed-aspect-16-9 wp-has-aspect-ratio"><div class="wp-block-embed__wrapper">
<p class="responsive-video-wrap clr"><iframe title="Quintal da Cultura - Momento fabuloso: o ratinho do campo e o ratinho da cidade" width="1200" height="675" src="https://www.youtube.com/embed/b0_Mbp9brR8?feature=oembed" frameborder="0" allow="accelerometer; autoplay; clipboard-write; encrypted-media; gyroscope; picture-in-picture" allowfullscreen></iframe></p>
</div><figcaption>Quintal da Cultura &#8211; Momento fabuloso: o ratinho do campo e o ratinho da cidade. Disponível em: &lt;https://www.youtube.com/watch?v=b0_Mbp9brR8&gt; acesso em 1 mar. 2021</figcaption></figure>



<p class="has-text-color has-medium-font-size" style="color:#000000">QUAIS SÃO AS DIFERENÇAS QUE VOCÊ OBSERVOU EM RELAÇÃO AOS MODOS DE VIDA DOS RATINHOS (DA CIDADE E DO CAMPO)? VOCÊ PREFERE O MODO DE VIDA DO CAMPO OU DA CIDADE? POR QUÊ? ESCREVA EM SEU CADERNO:</p>



<hr class="wp-block-separator is-style-wide"/>



<figure class="wp-block-table is-style-stripes"><table><tbody><tr><td>Habilidade estruturante</td><td>(EF03GE01-B) Identificar, comparar e compreender aspectos culturais, sociais e econômicos na comunidade, tanto no campo como na cidade.&nbsp;</td></tr><tr><td>Referências</td><td>NOVA ESCOLA. O campo e a cidade. Disponível em: &lt;https://novaescola.org.br/plano-de-aula/5352/o-campo-e-a-cidade#materiais-e-atividades&gt; acesso em 1, mar. 2021.&nbsp;</td></tr></tbody></table></figure>
