{"id":126314,"date":"2021-03-08T15:00:00","date_gmt":"2021-03-08T18:00:00","guid":{"rendered":"https:\/\/sme.goiania.go.gov.br\/conexaoescola\/?post_type=ensino_fundamental&#038;p=126314"},"modified":"2021-11-09T11:21:43","modified_gmt":"2021-11-09T13:21:43","slug":"quando-eu-cresco-eu-aconteco","status":"publish","type":"ensino_fundamental","link":"https:\/\/sme.goiania.go.gov.br\/conexaoescola\/ensino_fundamental\/quando-eu-cresco-eu-aconteco\/","title":{"rendered":"Hist\u00f3ria &#8211; Quando eu cres\u00e7o eu aconte\u00e7o"},"content":{"rendered":"\n<p class=\"has-text-align-center has-very-light-gray-background-color has-text-color has-background has-medium-font-size\" style=\"color:#021016\"><em>Ol\u00e1, educando (a)! Esta videoaula de <strong>Hist\u00f3ria<\/strong>\u2013 para o 1\u00ba ano do Ensino Fundamental \u2013 foi veiculada na TV no dia&nbsp;<\/em><strong><em>08\/03\/2021 (Segunda-feira)<\/em><\/strong><em>. Aqui no Portal Conex\u00e3o Escola, ela est\u00e1 dispon\u00edvel juntamente com a proposta de atividade.<\/em><\/p>\n\n\n\n<div class=\"wp-block-image\"><figure class=\"aligncenter size-large is-resized\"><img fetchpriority=\"high\" decoding=\"async\" src=\"https:\/\/sme.goiania.go.gov.br\/conexaoescola\/wp-content\/uploads\/2021\/03\/clock-4496464_1280-e1615214833961-1024x1024.png\" alt=\"\" class=\"wp-image-126321\" width=\"515\" height=\"515\" srcset=\"https:\/\/sme.goiania.go.gov.br\/conexaoescola\/wp-content\/uploads\/2021\/03\/clock-4496464_1280-e1615214833961-1024x1024.png 1024w, https:\/\/sme.goiania.go.gov.br\/conexaoescola\/wp-content\/uploads\/2021\/03\/clock-4496464_1280-e1615214833961-300x300.png 300w, https:\/\/sme.goiania.go.gov.br\/conexaoescola\/wp-content\/uploads\/2021\/03\/clock-4496464_1280-e1615214833961-150x150.png 150w, https:\/\/sme.goiania.go.gov.br\/conexaoescola\/wp-content\/uploads\/2021\/03\/clock-4496464_1280-e1615214833961-768x768.png 768w, https:\/\/sme.goiania.go.gov.br\/conexaoescola\/wp-content\/uploads\/2021\/03\/clock-4496464_1280-e1615214833961.png 1280w\" sizes=\"(max-width: 515px) 100vw, 515px\" \/><figcaption>Dispon\u00edvel em: https:\/\/pixabay.com\/pt\/vectors\/rel%C3%B3gio-gerenciamento-de-tempo-4496464\/. Acesso em 08 de mar\u00e7o de 2021<\/figcaption><\/figure><\/div>\n\n\n\n<p class=\"has-text-align-center has-vivid-green-cyan-background-color has-text-color has-background has-medium-font-size\" style=\"color:#010a0e\"><strong>OL\u00c1, CRIAN\u00c7AS, TUDO BEM? PE\u00c7A AJUDA DE UM ADULTO PARA REALIZAR ESSA ATIVIDADE COM VOC\u00ca.&nbsp;<\/strong><\/p>\n\n\n\n<p class=\"has-text-align-center has-text-color has-background has-medium-font-size\" style=\"background-color:#d4f9ec;color:#02131a\"><strong>ESSA ATIVIDADE ABORDAR\u00c1 O CONCEITO DE TEMPO: O PRESENTE, O PASSADO E O FUTURO, ATRAV\u00c9S DA HIST\u00d3RIA DE VIDA UMA PESSOA.&nbsp;VAMOS VER QUEM \u00c9?<\/strong><\/p>\n\n\n\n<p class=\"has-text-align-center has-very-light-gray-color has-very-dark-gray-background-color has-text-color has-background has-medium-font-size\"><strong>ASSISTA ESSA VIDEOAULA COM A TEM\u00c1TICA: &#8220;<span class=\"has-inline-color has-luminous-vivid-amber-color\">EU CRES\u00c7O E ACONTE\u00c7O&#8221; <\/span>PARA APRENDER E DESCOBRIR MAIS SOBRE ASSUNTO <\/strong><\/p>\n\n\n\n<figure class=\"wp-block-embed is-type-video is-provider-youtube wp-block-embed-youtube wp-embed-aspect-16-9 wp-has-aspect-ratio\"><div class=\"wp-block-embed__wrapper\">\n<p class=\"responsive-video-wrap clr\"><iframe title=\"1 ANO | A |  CICLO DA INF\u00c2NCIA  | HIST\u00d3RIA\" width=\"1200\" height=\"675\" src=\"https:\/\/www.youtube.com\/embed\/dMR_j2-1Elo?feature=oembed\" frameborder=\"0\" allow=\"accelerometer; autoplay; clipboard-write; encrypted-media; gyroscope; picture-in-picture\" allowfullscreen><\/iframe><\/p>\n<\/div><figcaption>AGRUPAMENTO A | 1\u00ba ANO | CICLO DA INF\u00c2NCIA | HIST\u00d3RIA | PROF\u00aa ADRIANA<\/figcaption><\/figure>\n\n\n\n<hr class=\"wp-block-separator\"\/>\n\n\n\n<p class=\"has-text-align-center has-pale-pink-background-color has-text-color has-background has-medium-font-size\" style=\"color:#000507\"><strong>VOC\u00ca VIU UM MONTE DE FOTOS NESSA VIDEOAULA, SABE PARA QU\u00ca?&nbsp;<\/strong><\/p>\n\n\n\n<p class=\"has-text-align-center has-text-color has-background has-medium-font-size\" style=\"background-color:#f6d8e0;color:#010e17\"><strong>PARA APRENDER QUE EXISTE O TEMPO, E ELE \u00c9 RESPONS\u00c1VEL PELO PASSADO O PRESENTE E O FUTURO.<\/strong>&nbsp;&nbsp;<\/p>\n\n\n\n<p class=\"has-text-align-center has-text-color has-background has-medium-font-size\" style=\"background-color:#f6d8e0;color:#010c10\"><strong> AGORA, POR EXEMPLO, VOC\u00ca EST\u00c1 LENDO ESSA ATIVIDADE,  N\u00c3O \u00c9? ENT\u00c3O, VOC\u00ca EST\u00c1 NO TEMPO PRESENTE.&nbsp;<\/strong><\/p>\n\n\n\n<hr class=\"wp-block-separator\"\/>\n\n\n\n<p class=\"has-text-align-left has-vivid-green-cyan-background-color has-text-color has-background has-medium-font-size\" style=\"color:#010a0e\"><strong>ATIVIDADE 1 <\/strong><\/p>\n\n\n\n<p class=\"has-text-align-center has-text-color has-background has-medium-font-size\" style=\"background-color:#d0ffee;color:#010507\"><strong> PE\u00c7A AJUDA PARA ALGUM FAMILIAR E FA\u00c7A UMA LINHA DO TEMPO DOS SEUS MOMENTOS ESPECIAIS.<\/strong><\/p>\n\n\n\n<p class=\"has-text-align-center has-text-color has-background has-medium-font-size\" style=\"background-color:#dbfdf1;color:#010609\"><strong>UMA DICA, SE VOC\u00ca N\u00c3O TIVER FOTOS DE TUDO QUE VOC\u00ca ACHA IMPORTANTE, VOC\u00ca PODE DESENHAR ESSES MOMENTOS E\/OU AS PESSOAS QUE ESTAVAM JUNTO DE VOC\u00ca.&nbsp;<\/strong><\/p>\n\n\n\n<p class=\"has-text-align-center has-text-color has-background has-medium-font-size\" style=\"background-color:#d2f8e9;color:#01090c\"><strong>O MAIS IMPORTANTE \u00c9 ENTENDER O PASSAR DO TEMPO, E AS COISAS IMPORTANTES QUE V\u00c3O ACONTECENDO COM VOC\u00ca.<\/strong><\/p>\n\n\n\n<hr class=\"wp-block-separator\"\/>\n\n\n\n<p class=\"has-text-align-center has-very-dark-gray-background-color has-text-color has-background has-medium-font-size\" style=\"color:#0e0101\"><strong><span class=\"has-inline-color has-luminous-vivid-amber-color\">AGORA, VAMOS RELEMBRAR O QUE APRENDEMOS NESSA ATIVIDADE?<\/span><\/strong><\/p>\n\n\n\n<p class=\"has-text-align-center has-very-light-gray-background-color has-text-color has-background has-medium-font-size\" style=\"color:#01090c\"><strong>APRENDEMOS QUE EXISTE O TEMPO, E QUE ELE SE DIVIDE EM MOMENTOS: O PASSADO, O PRESENTE E O FUTURO.<\/strong><\/p>\n\n\n\n<hr class=\"wp-block-separator\"\/>\n\n\n\n<figure class=\"wp-block-table is-style-regular\"><table><tbody><tr><td>Habilidade estruturante<\/td><td>(EF01HI01) Identificar aspectos do seu crescimento por meio do registro das lembran\u00e7as particulares ou de lembran\u00e7as dos membros de sua fam\u00edlia e\/ou de sua comunidade.<br><\/td><\/tr><\/tbody><\/table><\/figure>\n","protected":false},"author":20,"featured_media":126321,"template":"","ef_categoria":[13,20],"ef_ano":[84],"ef_componente":[95],"class_list":["post-126314","ensino_fundamental","type-ensino_fundamental","status-publish","has-post-thumbnail","hentry","ef_categoria-ciclo-da-infancia-abc","ef_categoria-etica-e-cidadania","ef_ano-1o-ano","ef_componente-historia","entry","has-media"],"acf":[],"_links":{"self":[{"href":"https:\/\/sme.goiania.go.gov.br\/conexaoescola\/wp-json\/wp\/v2\/ensino_fundamental\/126314","targetHints":{"allow":["GET"]}}],"collection":[{"href":"https:\/\/sme.goiania.go.gov.br\/conexaoescola\/wp-json\/wp\/v2\/ensino_fundamental"}],"about":[{"href":"https:\/\/sme.goiania.go.gov.br\/conexaoescola\/wp-json\/wp\/v2\/types\/ensino_fundamental"}],"author":[{"embeddable":true,"href":"https:\/\/sme.goiania.go.gov.br\/conexaoescola\/wp-json\/wp\/v2\/users\/20"}],"version-history":[{"count":0,"href":"https:\/\/sme.goiania.go.gov.br\/conexaoescola\/wp-json\/wp\/v2\/ensino_fundamental\/126314\/revisions"}],"wp:featuredmedia":[{"embeddable":true,"href":"https:\/\/sme.goiania.go.gov.br\/conexaoescola\/wp-json\/wp\/v2\/media\/126321"}],"wp:attachment":[{"href":"https:\/\/sme.goiania.go.gov.br\/conexaoescola\/wp-json\/wp\/v2\/media?parent=126314"}],"wp:term":[{"taxonomy":"ef_categoria","embeddable":true,"href":"https:\/\/sme.goiania.go.gov.br\/conexaoescola\/wp-json\/wp\/v2\/ef_categoria?post=126314"},{"taxonomy":"ef_ano","embeddable":true,"href":"https:\/\/sme.goiania.go.gov.br\/conexaoescola\/wp-json\/wp\/v2\/ef_ano?post=126314"},{"taxonomy":"ef_componente","embeddable":true,"href":"https:\/\/sme.goiania.go.gov.br\/conexaoescola\/wp-json\/wp\/v2\/ef_componente?post=126314"}],"curies":[{"name":"wp","href":"https:\/\/api.w.org\/{rel}","templated":true}]}}

História &#8211; Quando eu cresço eu aconteço

<p class="has-text-align-center has-very-light-gray-background-color has-text-color has-background has-medium-font-size" style="color:#021016"><em>Olá, educando (a)! Esta videoaula de <strong>História</strong>– para o 1º ano do Ensino Fundamental – foi veiculada na TV no dia&nbsp;</em><strong><em>08/03/2021 (Segunda-feira)</em></strong><em>. Aqui no Portal Conexão Escola, ela está disponível juntamente com a proposta de atividade.</em></p>



<div class="wp-block-image"><figure class="aligncenter size-large is-resized"><img fetchpriority="high" decoding="async" src="https://sme.goiania.go.gov.br/conexaoescola/wp-content/uploads/2021/03/clock-4496464_1280-e1615214833961-1024x1024.png" alt="" class="wp-image-126321" width="515" height="515" srcset="https://sme.goiania.go.gov.br/conexaoescola/wp-content/uploads/2021/03/clock-4496464_1280-e1615214833961-1024x1024.png 1024w, https://sme.goiania.go.gov.br/conexaoescola/wp-content/uploads/2021/03/clock-4496464_1280-e1615214833961-300x300.png 300w, https://sme.goiania.go.gov.br/conexaoescola/wp-content/uploads/2021/03/clock-4496464_1280-e1615214833961-150x150.png 150w, https://sme.goiania.go.gov.br/conexaoescola/wp-content/uploads/2021/03/clock-4496464_1280-e1615214833961-768x768.png 768w, https://sme.goiania.go.gov.br/conexaoescola/wp-content/uploads/2021/03/clock-4496464_1280-e1615214833961.png 1280w" sizes="(max-width: 515px) 100vw, 515px" /><figcaption>Disponível em: https://pixabay.com/pt/vectors/rel%C3%B3gio-gerenciamento-de-tempo-4496464/. Acesso em 08 de março de 2021</figcaption></figure></div>



<p class="has-text-align-center has-vivid-green-cyan-background-color has-text-color has-background has-medium-font-size" style="color:#010a0e"><strong>OLÁ, CRIANÇAS, TUDO BEM? PEÇA AJUDA DE UM ADULTO PARA REALIZAR ESSA ATIVIDADE COM VOCÊ.&nbsp;</strong></p>



<p class="has-text-align-center has-text-color has-background has-medium-font-size" style="background-color:#d4f9ec;color:#02131a"><strong>ESSA ATIVIDADE ABORDARÁ O CONCEITO DE TEMPO: O PRESENTE, O PASSADO E O FUTURO, ATRAVÉS DA HISTÓRIA DE VIDA UMA PESSOA.&nbsp;VAMOS VER QUEM É?</strong></p>



<p class="has-text-align-center has-very-light-gray-color has-very-dark-gray-background-color has-text-color has-background has-medium-font-size"><strong>ASSISTA ESSA VIDEOAULA COM A TEMÁTICA: &#8220;<span class="has-inline-color has-luminous-vivid-amber-color">EU CRESÇO E ACONTEÇO&#8221; </span>PARA APRENDER E DESCOBRIR MAIS SOBRE ASSUNTO </strong></p>



<figure class="wp-block-embed is-type-video is-provider-youtube wp-block-embed-youtube wp-embed-aspect-16-9 wp-has-aspect-ratio"><div class="wp-block-embed__wrapper">
<p class="responsive-video-wrap clr"><iframe title="1 ANO | A |  CICLO DA INFÂNCIA  | HISTÓRIA" width="1200" height="675" src="https://www.youtube.com/embed/dMR_j2-1Elo?feature=oembed" frameborder="0" allow="accelerometer; autoplay; clipboard-write; encrypted-media; gyroscope; picture-in-picture" allowfullscreen></iframe></p>
</div><figcaption>AGRUPAMENTO A | 1º ANO | CICLO DA INFÂNCIA | HISTÓRIA | PROFª ADRIANA</figcaption></figure>



<hr class="wp-block-separator"/>



<p class="has-text-align-center has-pale-pink-background-color has-text-color has-background has-medium-font-size" style="color:#000507"><strong>VOCÊ VIU UM MONTE DE FOTOS NESSA VIDEOAULA, SABE PARA QUÊ?&nbsp;</strong></p>



<p class="has-text-align-center has-text-color has-background has-medium-font-size" style="background-color:#f6d8e0;color:#010e17"><strong>PARA APRENDER QUE EXISTE O TEMPO, E ELE É RESPONSÁVEL PELO PASSADO O PRESENTE E O FUTURO.</strong>&nbsp;&nbsp;</p>



<p class="has-text-align-center has-text-color has-background has-medium-font-size" style="background-color:#f6d8e0;color:#010c10"><strong> AGORA, POR EXEMPLO, VOCÊ ESTÁ LENDO ESSA ATIVIDADE,  NÃO É? ENTÃO, VOCÊ ESTÁ NO TEMPO PRESENTE.&nbsp;</strong></p>



<hr class="wp-block-separator"/>



<p class="has-text-align-left has-vivid-green-cyan-background-color has-text-color has-background has-medium-font-size" style="color:#010a0e"><strong>ATIVIDADE 1 </strong></p>



<p class="has-text-align-center has-text-color has-background has-medium-font-size" style="background-color:#d0ffee;color:#010507"><strong> PEÇA AJUDA PARA ALGUM FAMILIAR E FAÇA UMA LINHA DO TEMPO DOS SEUS MOMENTOS ESPECIAIS.</strong></p>



<p class="has-text-align-center has-text-color has-background has-medium-font-size" style="background-color:#dbfdf1;color:#010609"><strong>UMA DICA, SE VOCÊ NÃO TIVER FOTOS DE TUDO QUE VOCÊ ACHA IMPORTANTE, VOCÊ PODE DESENHAR ESSES MOMENTOS E/OU AS PESSOAS QUE ESTAVAM JUNTO DE VOCÊ.&nbsp;</strong></p>



<p class="has-text-align-center has-text-color has-background has-medium-font-size" style="background-color:#d2f8e9;color:#01090c"><strong>O MAIS IMPORTANTE É ENTENDER O PASSAR DO TEMPO, E AS COISAS IMPORTANTES QUE VÃO ACONTECENDO COM VOCÊ.</strong></p>



<hr class="wp-block-separator"/>



<p class="has-text-align-center has-very-dark-gray-background-color has-text-color has-background has-medium-font-size" style="color:#0e0101"><strong><span class="has-inline-color has-luminous-vivid-amber-color">AGORA, VAMOS RELEMBRAR O QUE APRENDEMOS NESSA ATIVIDADE?</span></strong></p>



<p class="has-text-align-center has-very-light-gray-background-color has-text-color has-background has-medium-font-size" style="color:#01090c"><strong>APRENDEMOS QUE EXISTE O TEMPO, E QUE ELE SE DIVIDE EM MOMENTOS: O PASSADO, O PRESENTE E O FUTURO.</strong></p>



<hr class="wp-block-separator"/>



<figure class="wp-block-table is-style-regular"><table><tbody><tr><td>Habilidade estruturante</td><td>(EF01HI01) Identificar aspectos do seu crescimento por meio do registro das lembranças particulares ou de lembranças dos membros de sua família e/ou de sua comunidade.<br></td></tr></tbody></table></figure>
