{"id":126313,"date":"2021-03-17T07:00:00","date_gmt":"2021-03-17T10:00:00","guid":{"rendered":"https:\/\/sme.goiania.go.gov.br\/conexaoescola\/?post_type=ensino_fundamental&#038;p=126313"},"modified":"2021-12-23T11:35:48","modified_gmt":"2021-12-23T13:35:48","slug":"vamos-desenhar","status":"publish","type":"ensino_fundamental","link":"https:\/\/sme.goiania.go.gov.br\/conexaoescola\/ensino_fundamental\/vamos-desenhar\/","title":{"rendered":"ARTE &#8211; Vamos desenhar?"},"content":{"rendered":"\n<div class=\"wp-block-group has-light-green-cyan-background-color has-background\"><div class=\"wp-block-group__inner-container is-layout-flow wp-block-group-is-layout-flow\">\n<p class=\"has-medium-font-size\"><em>Ol\u00e1, estudante!<\/em><\/p>\n\n\n\n<p class=\"has-medium-font-size\"><em>Esta videoaula de <\/em><strong><em>Artes visuais<\/em><\/strong><em> foi veiculada na TV no dia <\/em><strong><em>17\/03\/2021 (Quarta-feira)<\/em><\/strong><em>. Aqui no Portal Conex\u00e3o Escola, ela est\u00e1 dispon\u00edvel juntamente com a proposta de atividade<\/em>.<\/p>\n<\/div><\/div>\n\n\n\n<p><\/p>\n\n\n\n<hr class=\"wp-block-separator\"\/>\n\n\n\n<p class=\"has-text-align-center\" style=\"font-size:25px\"><strong>Aprendendo a desenhar a partir do mang\u00e1 (um estilo de desenho japon\u00eas!). <\/strong><\/p>\n\n\n\n<hr class=\"wp-block-separator\"\/>\n\n\n\n<figure class=\"wp-block-table aligncenter\"><table><tbody><tr><td class=\"has-text-align-center\" data-align=\"center\"><img decoding=\"async\" src=\"https:\/\/cdn.pixabay.com\/photo\/2020\/12\/09\/18\/41\/naruto-5818259_960_720.png\" alt=\"Naruto, Anime, Ninja, Mang\u00e1, Japon\u00eas, Retrato\"><\/td><\/tr><\/tbody><\/table><figcaption>https:\/\/pixabay.com\/pt\/illustrations\/naruto-anime-ninja-mang%c3%a1-japon%c3%aas-5818259\/<\/figcaption><\/figure>\n\n\n\n<hr class=\"wp-block-separator\"\/>\n\n\n\n<p class=\"has-text-align-center has-white-color has-vivid-red-background-color has-text-color has-background\" style=\"font-size:25px\"><strong>Assista a videoaula abaixo, com a tem\u00e1tica &#8211; Anime; Mang\u00e1<\/strong><\/p>\n\n\n\n<hr class=\"wp-block-separator\"\/>\n\n\n\n<figure class=\"wp-block-embed is-type-video is-provider-youtube wp-block-embed-youtube wp-embed-aspect-16-9 wp-has-aspect-ratio\"><div class=\"wp-block-embed__wrapper\">\n<p class=\"responsive-video-wrap clr\"><iframe title=\"8 ano - Arte - 17.03 - Bloco 2\" width=\"1200\" height=\"675\" src=\"https:\/\/www.youtube.com\/embed\/ACYPvggopkA?feature=oembed\" frameborder=\"0\" allow=\"accelerometer; autoplay; clipboard-write; encrypted-media; gyroscope; picture-in-picture\" allowfullscreen><\/iframe><\/p>\n<\/div><figcaption> ARTES VISUAIS | 8\u00ba ANO | ENSINO FUNDAMENTAL | PROF.: POLLYANNA BRITO<\/figcaption><\/figure>\n\n\n\n<hr class=\"wp-block-separator\"\/>\n\n\n\n<p class=\"has-luminous-vivid-amber-background-color has-background has-medium-font-size\">Voc\u00ea tem vontade de aprender a desenhar? (Espero que sim!) \u00c9 t\u00e3o bom desenhar! E TODOS! TODOS, podemos aprender a desenhar (basta querer!) Hoje, vamos come\u00e7ar uma s\u00e9rie de aulas em que, sim! Voc\u00ea ir\u00e1 aprender a desenhar! N\u00e3o se preocupe! Vai dar certo! (S\u00f3 confia!) Eu vou te ensinar passo a passo e n\u00f3s vamos come\u00e7ar essa incr\u00edvel jornada aprendendo a desenhar a partir do mang\u00e1 (um estilo de desenho japon\u00eas!). Voc\u00ea conhece algum anime? J\u00e1 viu algum epis\u00f3dio de Naruto, Dragon Ball, One Piece Man? Ou outro anime? Ent\u00e3o pegue seu l\u00e1pis, papel e borracha e vamos come\u00e7ar!&nbsp;&nbsp;&nbsp;<\/p>\n\n\n\n<hr class=\"wp-block-separator\"\/>\n\n\n\n<p class=\"has-light-green-cyan-background-color has-background has-medium-font-size\">O mang\u00e1 \u00e9 um estilo de desenho que surgiu no Jap\u00e3o por volta de 1920, mas que se popularizou ap\u00f3s a Segunda Guerra Mundial em 1945. Ozamu Tezuka (1928-1989) \u00e9 um dos fundadores do estilo, sendo o desenhista respons\u00e1vel por criar hist\u00f3rias como <strong>Astro boy<\/strong> e <strong>A princesa e o cavaleiro. <\/strong>Ozamu Tezuka ficou conhecido no Jap\u00e3o como o `deus mang\u00e1`, por criar um estilo de desenho e narrativa que conectou as pessoas da na\u00e7\u00e3o (os animes, se tornaram muito famosos no Jap\u00e3o, e hoje, viraram uma verdadeira febre!). &nbsp; E ainda de Ozamu Tezuka a famosa frase: \u201cOs olhos s\u00e3o a janela da alma\u201d.&nbsp;<\/p>\n\n\n\n<hr class=\"wp-block-separator\"\/>\n\n\n\n<p class=\"has-medium-font-size\"><strong>Entre as principais caracter\u00edsticas no anime est\u00e3o:&nbsp;<\/strong><\/p>\n\n\n\n<ul class=\"has-medium-font-size wp-block-list\"><li><strong>Tra\u00e7os r\u00e1pidos;&nbsp;<\/strong><\/li><li><strong>Olhos grandes&nbsp;<\/strong><\/li><li><strong>Os animes s\u00e3o dram\u00e1ticos; exagerados&nbsp;<\/strong><\/li><li><strong>Enquadramento cinematogr\u00e1fico;&nbsp;&nbsp;<\/strong><\/li><li><strong>Valoriza\u00e7\u00e3o da cultura Oriental&nbsp;<\/strong><\/li><\/ul>\n\n\n\n<hr class=\"wp-block-separator\"\/>\n\n\n\n<p class=\"has-very-light-gray-background-color has-background has-medium-font-size\">O mang\u00e1 \u00e9 a hist\u00f3ria em quadrinhos do Jap\u00e3o, j\u00e1 o anime \u00e9 a anima\u00e7\u00e3o do mang\u00e1, s\u00e3o os mang\u00e1s que fizeram muito sucesso e acabaram indo para a televis\u00e3o ou outras m\u00eddias. Ser\u00e1 que voc\u00ea conhece algum anime ou j\u00e1 assistiu algum? Alguns exemplos de anime que fizeram ou fazem sucesso no Brasil s\u00e3o: Naruto, Pokemon, Samurai X, One Punch Man, Dragon Ball\u2026 entre tantos outros\u2026 &nbsp;<\/p>\n\n\n\n<hr class=\"wp-block-separator\"\/>\n\n\n\n<p class=\"has-medium-font-size\"><strong>Atividade 1:&nbsp;<\/strong><\/p>\n\n\n\n<p class=\"has-cyan-bluish-gray-background-color has-background has-medium-font-size\">&nbsp;&nbsp;&nbsp;&nbsp;&nbsp;&nbsp;&nbsp;&nbsp;&nbsp;&nbsp;&nbsp;Vamos come\u00e7ar a aprender a como desenhar um personagem de anime? Hoje come\u00e7aremos a aprender a desenhar os olhos. Tente seguir esse passo a passo no seu caderno de artes. Preste aten\u00e7\u00e3o aos detalhes! A sombra! N\u00e3o se esque\u00e7a de fazer os brilhos dos olhos! (Essas bolinhas brancas dentro dos olhos)!&nbsp;<\/p>\n\n\n\n<figure class=\"wp-block-image size-large\"><img fetchpriority=\"high\" decoding=\"async\" width=\"501\" height=\"100\" src=\"https:\/\/sme.goiania.go.gov.br\/conexaoescola\/wp-content\/uploads\/2021\/03\/image-13-e1615485088510.png\" alt=\"\" class=\"wp-image-126433\" srcset=\"https:\/\/sme.goiania.go.gov.br\/conexaoescola\/wp-content\/uploads\/2021\/03\/image-13-e1615485088510.png 501w, https:\/\/sme.goiania.go.gov.br\/conexaoescola\/wp-content\/uploads\/2021\/03\/image-13-e1615485088510-300x60.png 300w\" sizes=\"(max-width: 501px) 100vw, 501px\" \/><figcaption> Dispon\u00edvel em: http:\/\/www.arte.seed.pr.gov.br\/modules\/conteudo\/conteudo.php?conteudo=275<br>Acessado em: 9 de fev. de 2021.<br><\/figcaption><\/figure>\n\n\n\n<hr class=\"wp-block-separator\"\/>\n\n\n\n<p class=\"has-text-align-center has-medium-font-size\"><strong>Bons desenhos!!&nbsp;<\/strong><\/p>\n\n\n\n<p class=\"has-text-align-center has-luminous-vivid-orange-background-color has-background has-medium-font-size\">&nbsp;At\u00e9 a nossa pr\u00f3xima aula!<\/p>\n\n\n\n<hr class=\"wp-block-separator\"\/>\n\n\n\n<p class=\"has-luminous-vivid-amber-background-color has-background has-medium-font-size\"><em>Professor, essa aula segue a Matriz Curricular das Habilidades Estruturantes 2021-2021. Foi elaborada no ano de 2020, com a suspens\u00e3o das aulas presenciais devido \u00e0 pandemia da Covid-19 e segue as orienta\u00e7\u00f5es de flexibiliza\u00e7\u00e3o curricular para o bi\u00eanio 2020\/2021 (Of\u00edcio Circular 147\/2020 Dirped).<\/em><\/p>\n\n\n\n<p><strong>\/Habilidade estruturante<\/strong><\/p>\n\n\n\n<p>(GO-EF08AR05-A) Distinguir, explorar, compreender e empregar diferentes formas de express\u00e3o art\u00edstica, bidimensionais e tridimensionais, existentes, tais como desenhos: pinturas, gravuras, colagens, HQ, zines, memes, interven\u00e7\u00f5es art\u00edsticas, dobraduras, esculturas, modelagens, instala\u00e7\u00f5es, v\u00eddeos, fotografias, performances, grafite, tecelagens, entre outras possibilidades expressivas. Fazer uso sustent\u00e1vel de materiais, instrumentos, recursos, t\u00e9cnicas convencionais e n\u00e3o convencionais, enquanto componentes fundamentais para ampliar as experi\u00eancias art\u00edsticas, assim como seu repert\u00f3rio imag\u00e9tico, est\u00e9tico e sens\u00edvel nas produ\u00e7\u00f5es em contexto.<\/p>\n","protected":false},"author":6,"featured_media":126435,"template":"","ef_categoria":[],"ef_ano":[91],"ef_componente":[99],"class_list":["post-126313","ensino_fundamental","type-ensino_fundamental","status-publish","has-post-thumbnail","hentry","ef_ano-8o-ano","ef_componente-arte-ef","entry","has-media"],"acf":[],"_links":{"self":[{"href":"https:\/\/sme.goiania.go.gov.br\/conexaoescola\/wp-json\/wp\/v2\/ensino_fundamental\/126313","targetHints":{"allow":["GET"]}}],"collection":[{"href":"https:\/\/sme.goiania.go.gov.br\/conexaoescola\/wp-json\/wp\/v2\/ensino_fundamental"}],"about":[{"href":"https:\/\/sme.goiania.go.gov.br\/conexaoescola\/wp-json\/wp\/v2\/types\/ensino_fundamental"}],"author":[{"embeddable":true,"href":"https:\/\/sme.goiania.go.gov.br\/conexaoescola\/wp-json\/wp\/v2\/users\/6"}],"version-history":[{"count":0,"href":"https:\/\/sme.goiania.go.gov.br\/conexaoescola\/wp-json\/wp\/v2\/ensino_fundamental\/126313\/revisions"}],"wp:featuredmedia":[{"embeddable":true,"href":"https:\/\/sme.goiania.go.gov.br\/conexaoescola\/wp-json\/wp\/v2\/media\/126435"}],"wp:attachment":[{"href":"https:\/\/sme.goiania.go.gov.br\/conexaoescola\/wp-json\/wp\/v2\/media?parent=126313"}],"wp:term":[{"taxonomy":"ef_categoria","embeddable":true,"href":"https:\/\/sme.goiania.go.gov.br\/conexaoescola\/wp-json\/wp\/v2\/ef_categoria?post=126313"},{"taxonomy":"ef_ano","embeddable":true,"href":"https:\/\/sme.goiania.go.gov.br\/conexaoescola\/wp-json\/wp\/v2\/ef_ano?post=126313"},{"taxonomy":"ef_componente","embeddable":true,"href":"https:\/\/sme.goiania.go.gov.br\/conexaoescola\/wp-json\/wp\/v2\/ef_componente?post=126313"}],"curies":[{"name":"wp","href":"https:\/\/api.w.org\/{rel}","templated":true}]}}

<div class="wp-block-group has-light-green-cyan-background-color has-background"><div class="wp-block-group__inner-container is-layout-flow wp-block-group-is-layout-flow">
<p class="has-medium-font-size"><em>Olá, estudante!</em></p>



<p class="has-medium-font-size"><em>Esta videoaula de </em><strong><em>Artes visuais</em></strong><em> foi veiculada na TV no dia </em><strong><em>17/03/2021 (Quarta-feira)</em></strong><em>. Aqui no Portal Conexão Escola, ela está disponível juntamente com a proposta de atividade</em>.</p>
</div></div>



<p></p>



<hr class="wp-block-separator"/>



<p class="has-text-align-center" style="font-size:25px"><strong>Aprendendo a desenhar a partir do mangá (um estilo de desenho japonês!). </strong></p>



<hr class="wp-block-separator"/>



<figure class="wp-block-table aligncenter"><table><tbody><tr><td class="has-text-align-center" data-align="center"><img decoding="async" src="https://cdn.pixabay.com/photo/2020/12/09/18/41/naruto-5818259_960_720.png" alt="Naruto, Anime, Ninja, Mangá, Japonês, Retrato"></td></tr></tbody></table><figcaption>https://pixabay.com/pt/illustrations/naruto-anime-ninja-mang%c3%a1-japon%c3%aas-5818259/</figcaption></figure>



<hr class="wp-block-separator"/>



<p class="has-text-align-center has-white-color has-vivid-red-background-color has-text-color has-background" style="font-size:25px"><strong>Assista a videoaula abaixo, com a temática &#8211; Anime; Mangá</strong></p>



<hr class="wp-block-separator"/>



<figure class="wp-block-embed is-type-video is-provider-youtube wp-block-embed-youtube wp-embed-aspect-16-9 wp-has-aspect-ratio"><div class="wp-block-embed__wrapper">
<p class="responsive-video-wrap clr"><iframe title="8 ano - Arte - 17.03 - Bloco 2" width="1200" height="675" src="https://www.youtube.com/embed/ACYPvggopkA?feature=oembed" frameborder="0" allow="accelerometer; autoplay; clipboard-write; encrypted-media; gyroscope; picture-in-picture" allowfullscreen></iframe></p>
</div><figcaption> ARTES VISUAIS | 8º ANO | ENSINO FUNDAMENTAL | PROF.: POLLYANNA BRITO</figcaption></figure>



<hr class="wp-block-separator"/>



<p class="has-luminous-vivid-amber-background-color has-background has-medium-font-size">Você tem vontade de aprender a desenhar? (Espero que sim!) É tão bom desenhar! E TODOS! TODOS, podemos aprender a desenhar (basta querer!) Hoje, vamos começar uma série de aulas em que, sim! Você irá aprender a desenhar! Não se preocupe! Vai dar certo! (Só confia!) Eu vou te ensinar passo a passo e nós vamos começar essa incrível jornada aprendendo a desenhar a partir do mangá (um estilo de desenho japonês!). Você conhece algum anime? Já viu algum episódio de Naruto, Dragon Ball, One Piece Man? Ou outro anime? Então pegue seu lápis, papel e borracha e vamos começar!&nbsp;&nbsp;&nbsp;</p>



<hr class="wp-block-separator"/>



<p class="has-light-green-cyan-background-color has-background has-medium-font-size">O mangá é um estilo de desenho que surgiu no Japão por volta de 1920, mas que se popularizou após a Segunda Guerra Mundial em 1945. Ozamu Tezuka (1928-1989) é um dos fundadores do estilo, sendo o desenhista responsável por criar histórias como <strong>Astro boy</strong> e <strong>A princesa e o cavaleiro. </strong>Ozamu Tezuka ficou conhecido no Japão como o `deus mangá`, por criar um estilo de desenho e narrativa que conectou as pessoas da nação (os animes, se tornaram muito famosos no Japão, e hoje, viraram uma verdadeira febre!). &nbsp; E ainda de Ozamu Tezuka a famosa frase: “Os olhos são a janela da alma”.&nbsp;</p>



<hr class="wp-block-separator"/>



<p class="has-medium-font-size"><strong>Entre as principais características no anime estão:&nbsp;</strong></p>



<ul class="has-medium-font-size wp-block-list"><li><strong>Traços rápidos;&nbsp;</strong></li><li><strong>Olhos grandes&nbsp;</strong></li><li><strong>Os animes são dramáticos; exagerados&nbsp;</strong></li><li><strong>Enquadramento cinematográfico;&nbsp;&nbsp;</strong></li><li><strong>Valorização da cultura Oriental&nbsp;</strong></li></ul>



<hr class="wp-block-separator"/>



<p class="has-very-light-gray-background-color has-background has-medium-font-size">O mangá é a história em quadrinhos do Japão, já o anime é a animação do mangá, são os mangás que fizeram muito sucesso e acabaram indo para a televisão ou outras mídias. Será que você conhece algum anime ou já assistiu algum? Alguns exemplos de anime que fizeram ou fazem sucesso no Brasil são: Naruto, Pokemon, Samurai X, One Punch Man, Dragon Ball… entre tantos outros… &nbsp;</p>



<hr class="wp-block-separator"/>



<p class="has-medium-font-size"><strong>Atividade 1:&nbsp;</strong></p>



<p class="has-cyan-bluish-gray-background-color has-background has-medium-font-size">&nbsp;&nbsp;&nbsp;&nbsp;&nbsp;&nbsp;&nbsp;&nbsp;&nbsp;&nbsp;&nbsp;Vamos começar a aprender a como desenhar um personagem de anime? Hoje começaremos a aprender a desenhar os olhos. Tente seguir esse passo a passo no seu caderno de artes. Preste atenção aos detalhes! A sombra! Não se esqueça de fazer os brilhos dos olhos! (Essas bolinhas brancas dentro dos olhos)!&nbsp;</p>



<figure class="wp-block-image size-large"><img fetchpriority="high" decoding="async" width="501" height="100" src="https://sme.goiania.go.gov.br/conexaoescola/wp-content/uploads/2021/03/image-13-e1615485088510.png" alt="" class="wp-image-126433" srcset="https://sme.goiania.go.gov.br/conexaoescola/wp-content/uploads/2021/03/image-13-e1615485088510.png 501w, https://sme.goiania.go.gov.br/conexaoescola/wp-content/uploads/2021/03/image-13-e1615485088510-300x60.png 300w" sizes="(max-width: 501px) 100vw, 501px" /><figcaption> Disponível em: http://www.arte.seed.pr.gov.br/modules/conteudo/conteudo.php?conteudo=275<br>Acessado em: 9 de fev. de 2021.<br></figcaption></figure>



<hr class="wp-block-separator"/>



<p class="has-text-align-center has-medium-font-size"><strong>Bons desenhos!!&nbsp;</strong></p>



<p class="has-text-align-center has-luminous-vivid-orange-background-color has-background has-medium-font-size">&nbsp;Até a nossa próxima aula!</p>



<hr class="wp-block-separator"/>



<p class="has-luminous-vivid-amber-background-color has-background has-medium-font-size"><em>Professor, essa aula segue a Matriz Curricular das Habilidades Estruturantes 2021-2021. Foi elaborada no ano de 2020, com a suspensão das aulas presenciais devido à pandemia da Covid-19 e segue as orientações de flexibilização curricular para o biênio 2020/2021 (Ofício Circular 147/2020 Dirped).</em></p>



<p><strong>/Habilidade estruturante</strong></p>



<p>(GO-EF08AR05-A) Distinguir, explorar, compreender e empregar diferentes formas de expressão artística, bidimensionais e tridimensionais, existentes, tais como desenhos: pinturas, gravuras, colagens, HQ, zines, memes, intervenções artísticas, dobraduras, esculturas, modelagens, instalações, vídeos, fotografias, performances, grafite, tecelagens, entre outras possibilidades expressivas. Fazer uso sustentável de materiais, instrumentos, recursos, técnicas convencionais e não convencionais, enquanto componentes fundamentais para ampliar as experiências artísticas, assim como seu repertório imagético, estético e sensível nas produções em contexto.</p>
