{"id":126308,"date":"2021-03-16T07:00:00","date_gmt":"2021-03-16T10:00:00","guid":{"rendered":"https:\/\/sme.goiania.go.gov.br\/conexaoescola\/?post_type=ensino_fundamental&#038;p=126308"},"modified":"2021-11-22T15:39:15","modified_gmt":"2021-11-22T17:39:15","slug":"caderno-do-artista-agora-o-artista-e-voce","status":"publish","type":"ensino_fundamental","link":"https:\/\/sme.goiania.go.gov.br\/conexaoescola\/ensino_fundamental\/caderno-do-artista-agora-o-artista-e-voce\/","title":{"rendered":"ARTE &#8211; Caderno do Artista &#8211; Agora o artista \u00e9 voc\u00ea!"},"content":{"rendered":"\n<figure class=\"wp-block-image size-large\"><img decoding=\"async\" src=\"https:\/\/cdn.pixabay.com\/photo\/2018\/05\/30\/23\/29\/electricity-3442835_960_720.jpg \" alt=\"\"\/><figcaption>https:\/\/cdn.pixabay.com\/photo\/2018\/05\/30\/23\/29\/electricity-3442835_960_720.jpg<\/figcaption><\/figure>\n\n\n\n<p class=\"has-luminous-vivid-amber-background-color has-background has-medium-font-size\">Sinopse: O caderno do artista e as diversas t\u00e9cnicas sobre desenho, pintura, gravura\u2026produzir carimbos, estampas\u2026 dobraduras.<\/p>\n\n\n\n<hr class=\"wp-block-separator\"\/>\n\n\n\n<p class=\"has-pale-cyan-blue-background-color has-background has-medium-font-size\"><em>Ol\u00e1, educando (a)!Esta videoaula de <strong>Artes Visuais<\/strong> foi veiculada na TV no dia <\/em><strong><em>16\/03\/2021 (Ter\u00e7a-feira)<\/em><\/strong><em>. Aqui no Portal Conex\u00e3o Escola, ela est\u00e1 dispon\u00edvel juntamente com a proposta de atividade.<\/em><\/p>\n\n\n\n<p class=\"has-medium-font-size\"><strong>Assista a videoaula abaixo, com a tem\u00e1tica &#8211; Caderno do Artista.<\/strong><\/p>\n\n\n\n<hr class=\"wp-block-separator\"\/>\n\n\n\n<figure class=\"wp-block-embed is-type-video is-provider-youtube wp-block-embed-youtube wp-embed-aspect-16-9 wp-has-aspect-ratio\"><div class=\"wp-block-embed__wrapper\">\n<p class=\"responsive-video-wrap clr\"><iframe title=\"7 ano - Arte - 16.03 - Bloco 2\" width=\"1200\" height=\"675\" src=\"https:\/\/www.youtube.com\/embed\/f4VqIxUsAAg?feature=oembed\" frameborder=\"0\" allow=\"accelerometer; autoplay; clipboard-write; encrypted-media; gyroscope; picture-in-picture\" allowfullscreen><\/iframe><\/p>\n<\/div><figcaption>AGRUPAMENTO G | 7\u00ba ANO | CICLO DA ADOLESC\u00caNCIA | ARTES VISUAIS | PROF.: POLLYANNA BRITO<\/figcaption><\/figure>\n\n\n\n<p class=\"has-light-green-cyan-background-color has-background has-medium-font-size\">Vamos desenvolver a sua criatividade a m\u00e1xima pot\u00eancia? Voc\u00ea sabia que h\u00e1 um certo caderno que todo artista tem (ou precisa ter)? Esse \u00e9 o caderno do artista! Um caderno s\u00f3 seu! Pra voc\u00ea se expressar e experimentar diversas t\u00e9cnicas! Vamos juntos aprender mais sobre desenho, pintura, gravura\u2026produzir carimbos, estampas\u2026 dobraduras. O c\u00e9u \u00e9 o limite! Arte \u00e9 expressar sentimentos! Vamos juntos nos permitir e descobrir um universo cheio de cor e possibilidades!!<\/p>\n\n\n\n<p class=\"has-medium-font-size\"><strong>&nbsp;&nbsp;&nbsp;&nbsp;&nbsp;&nbsp;&nbsp;&nbsp;<\/strong>O caderno do artista funciona mais como um di\u00e1rio do artista, um espa\u00e7o para voc\u00ea experimentar, tentar, fazer esbo\u00e7os. \u00c9 um caderno para anotar ideias, tra\u00e7ar desenhos, colar imagens de refer\u00eancias, escrever coisas que estamos sentindo, demonstrar nossas alegrias e ang\u00fastias atrav\u00e9s de textos e imagens.<\/p>\n\n\n\n<figure class=\"wp-block-image size-large\"><img fetchpriority=\"high\" decoding=\"async\" width=\"819\" height=\"1024\" src=\"https:\/\/sme.goiania.go.gov.br\/conexaoescola\/wp-content\/uploads\/2021\/03\/loverna-journey-uyZg_ksYsQ4-unsplash-scaled-e1615206686642-819x1024.jpg\" alt=\"\" class=\"wp-image-126310\" srcset=\"https:\/\/sme.goiania.go.gov.br\/conexaoescola\/wp-content\/uploads\/2021\/03\/loverna-journey-uyZg_ksYsQ4-unsplash-scaled-e1615206686642-819x1024.jpg 819w, https:\/\/sme.goiania.go.gov.br\/conexaoescola\/wp-content\/uploads\/2021\/03\/loverna-journey-uyZg_ksYsQ4-unsplash-scaled-e1615206686642-240x300.jpg 240w, https:\/\/sme.goiania.go.gov.br\/conexaoescola\/wp-content\/uploads\/2021\/03\/loverna-journey-uyZg_ksYsQ4-unsplash-scaled-e1615206686642-768x960.jpg 768w, https:\/\/sme.goiania.go.gov.br\/conexaoescola\/wp-content\/uploads\/2021\/03\/loverna-journey-uyZg_ksYsQ4-unsplash-scaled-e1615206686642-1229x1536.jpg 1229w, https:\/\/sme.goiania.go.gov.br\/conexaoescola\/wp-content\/uploads\/2021\/03\/loverna-journey-uyZg_ksYsQ4-unsplash-scaled-e1615206686642-1638x2048.jpg 1638w, https:\/\/sme.goiania.go.gov.br\/conexaoescola\/wp-content\/uploads\/2021\/03\/loverna-journey-uyZg_ksYsQ4-unsplash-scaled-e1615206686642.jpg 2048w\" sizes=\"(max-width: 819px) 100vw, 819px\" \/><figcaption>https:\/\/unsplash.com\/photos\/uyZg_ksYsQ4<\/figcaption><\/figure>\n\n\n\n<p class=\"has-luminous-vivid-amber-background-color has-background has-medium-font-size\">&nbsp;&nbsp;&nbsp;&nbsp;&nbsp;&nbsp;&nbsp;O artista Jos\u00e9 Naranja, por exemplo, apresenta em seus cadernos do artista cores e ilustra\u00e7\u00f5es bot\u00e2nicas, reflex\u00f5es pessoais\u2026 os cadernos de rascunhos de Naranja s\u00e3o <strong>uma vis\u00e3o incrivelmente \u00edntima da mente do artista<\/strong>. Em uma p\u00e1gina, ele ilustra um mapa de rota de sua viagem pela Am\u00e9rica, em outro, ele desenha personagens de seu filme favorito (\u201cA Criada\u201d). Naranja descreve seu trabalho como \u201cum cofre de sonhos, id\u00e9ias e experi\u00eancias\u201d. Procure saber mais sobre Naranja, fa\u00e7a uma pesquisa sobre ele.<\/p>\n\n\n\n<figure class=\"wp-block-image size-large\"><img decoding=\"async\" width=\"1024\" height=\"768\" src=\"https:\/\/sme.goiania.go.gov.br\/conexaoescola\/wp-content\/uploads\/2021\/03\/aisvri-bHiugl8H-MQ-unsplash-scaled-e1615206470125-1024x768.jpg\" alt=\"\" class=\"wp-image-126309\" srcset=\"https:\/\/sme.goiania.go.gov.br\/conexaoescola\/wp-content\/uploads\/2021\/03\/aisvri-bHiugl8H-MQ-unsplash-scaled-e1615206470125-1024x768.jpg 1024w, https:\/\/sme.goiania.go.gov.br\/conexaoescola\/wp-content\/uploads\/2021\/03\/aisvri-bHiugl8H-MQ-unsplash-scaled-e1615206470125-300x225.jpg 300w, https:\/\/sme.goiania.go.gov.br\/conexaoescola\/wp-content\/uploads\/2021\/03\/aisvri-bHiugl8H-MQ-unsplash-scaled-e1615206470125-768x576.jpg 768w, https:\/\/sme.goiania.go.gov.br\/conexaoescola\/wp-content\/uploads\/2021\/03\/aisvri-bHiugl8H-MQ-unsplash-scaled-e1615206470125-1536x1152.jpg 1536w, https:\/\/sme.goiania.go.gov.br\/conexaoescola\/wp-content\/uploads\/2021\/03\/aisvri-bHiugl8H-MQ-unsplash-scaled-e1615206470125-2048x1536.jpg 2048w\" sizes=\"(max-width: 1024px) 100vw, 1024px\" \/><figcaption>https:\/\/unsplash.com\/photos\/bHiugl8H-MQ<br><\/figcaption><\/figure>\n\n\n\n<hr class=\"wp-block-separator\"\/>\n\n\n\n<p class=\"has-very-dark-gray-color has-pale-cyan-blue-background-color has-text-color has-background has-medium-font-size\">Voc\u00ea conhece o Tim Burton? Ele \u00e9 o primeiro dos dois filhos de Bill Burton e Jean Erickson. Burton descreveu sua inf\u00e2ncia como peculiar, imaginativa e perdida em seus pr\u00f3prios pensamentos. Ele achava a vida dom\u00e9stica e a escola dif\u00edcil, participava de um grupo chamado OW SHIT STUDIOS (O.S.S) e fugia da realidade do cotidiano lendo livros sombrios de Edgar Allan Poe e assistindo a filmes de terror de baixo-or\u00e7amento, que mais tarde homenagearia na sua biografia de Edward D. Wood, Jr..&nbsp; Os desenhos de Tim Burton t\u00eam caracter\u00edsticas que sempre se repetem como listras ou espirais. &nbsp; Isso se deve tamb\u00e9m ao fato de que Burton come\u00e7ou sua carreira como&nbsp; &nbsp;ilustrador. Tim Burton brinca e se expressa muito entre o real e o imagin\u00e1rio, e suas obras transmitem seus sentimentos. Procure saber mais sobre esse artista em https:\/\/pt.wikipedia.org\/wiki\/Tim_Burton&nbsp;<\/p>\n\n\n\n<figure class=\"wp-block-image size-large\"><img decoding=\"async\" src=\"https:\/\/sme.goiania.go.gov.br\/conexaoescola\/wp-content\/uploads\/2021\/03\/image-10-1024x576.png\" alt=\"\" class=\"wp-image-126311\"\/><figcaption>https:\/\/wallhaven.cc\/w\/g882ed<\/figcaption><\/figure>\n\n\n\n<hr class=\"wp-block-separator\"\/>\n\n\n\n<p class=\"has-medium-font-size\"><strong>Atividade 1:&nbsp;<\/strong><\/p>\n\n\n\n<p class=\"has-cyan-bluish-gray-background-color has-background has-medium-font-size\">&nbsp;&nbsp;&nbsp;&nbsp;&nbsp;&nbsp;&nbsp;&nbsp;&nbsp;Que tal come\u00e7ar seu caderno do artista?&nbsp; Pegue seu caderno de artes e o transforme em um lindo caderno do artista! Fa\u00e7a uma capa interessante! E comece seus primeiros registros! Que tal come\u00e7ar se expressando sobre essa longa quarentena?&nbsp; Fa\u00e7a um desenho ou uma pintura que demonstre como tem sido pra VOC\u00ca essa quarentena.&nbsp;<\/p>\n\n\n\n<p class=\"has-medium-font-size\">At\u00e9 a nossa pr\u00f3xima aula!! =)&nbsp;<\/p>\n\n\n\n<hr class=\"wp-block-separator\"\/>\n\n\n\n<p><strong>Habilidades Estruturantes<\/strong>\/ <strong>Habilidades Complementares<\/strong><\/p>\n\n\n\n<p>(GO-EF07AR05-A) Distinguir, explorar, compreender e empregar diferentes formas de express\u00e3o art\u00edstica, bidimensionais e tridimensionais, existentes, tais como desenhos: pinturas, gravuras, colagens, HQ, zines, memes, interven\u00e7\u00f5es art\u00edsticas, dobraduras, esculturas, modelagens, instala\u00e7\u00f5es, v\u00eddeos, fotografias, performances, grafite, tecelagens, entre outras possibilidades expressivas. Fazer uso sustent\u00e1vel de materiais, instrumentos, recursos, t\u00e9cnicas convencionais e n\u00e3o convencionais, enquanto componentes fundamentais para ampliar as experi\u00eancias art\u00edsticas, assim como seu repert\u00f3rio imag\u00e9tico, est\u00e9tico e sens\u00edvel nas produ\u00e7\u00f5es em contexto.<\/p>\n","protected":false},"author":14,"featured_media":126311,"template":"","ef_categoria":[15,27],"ef_ano":[90],"ef_componente":[99],"class_list":["post-126308","ensino_fundamental","type-ensino_fundamental","status-publish","has-post-thumbnail","hentry","ef_categoria-ciclo-da-adolescencia-fg","ef_categoria-corpo-e-movimento-ciclo-da-adolescencia-fg","ef_ano-7o-ano","ef_componente-arte-ef","entry","has-media"],"acf":[],"_links":{"self":[{"href":"https:\/\/sme.goiania.go.gov.br\/conexaoescola\/wp-json\/wp\/v2\/ensino_fundamental\/126308","targetHints":{"allow":["GET"]}}],"collection":[{"href":"https:\/\/sme.goiania.go.gov.br\/conexaoescola\/wp-json\/wp\/v2\/ensino_fundamental"}],"about":[{"href":"https:\/\/sme.goiania.go.gov.br\/conexaoescola\/wp-json\/wp\/v2\/types\/ensino_fundamental"}],"author":[{"embeddable":true,"href":"https:\/\/sme.goiania.go.gov.br\/conexaoescola\/wp-json\/wp\/v2\/users\/14"}],"version-history":[{"count":0,"href":"https:\/\/sme.goiania.go.gov.br\/conexaoescola\/wp-json\/wp\/v2\/ensino_fundamental\/126308\/revisions"}],"wp:featuredmedia":[{"embeddable":true,"href":"https:\/\/sme.goiania.go.gov.br\/conexaoescola\/wp-json\/wp\/v2\/media\/126311"}],"wp:attachment":[{"href":"https:\/\/sme.goiania.go.gov.br\/conexaoescola\/wp-json\/wp\/v2\/media?parent=126308"}],"wp:term":[{"taxonomy":"ef_categoria","embeddable":true,"href":"https:\/\/sme.goiania.go.gov.br\/conexaoescola\/wp-json\/wp\/v2\/ef_categoria?post=126308"},{"taxonomy":"ef_ano","embeddable":true,"href":"https:\/\/sme.goiania.go.gov.br\/conexaoescola\/wp-json\/wp\/v2\/ef_ano?post=126308"},{"taxonomy":"ef_componente","embeddable":true,"href":"https:\/\/sme.goiania.go.gov.br\/conexaoescola\/wp-json\/wp\/v2\/ef_componente?post=126308"}],"curies":[{"name":"wp","href":"https:\/\/api.w.org\/{rel}","templated":true}]}}

ARTE &#8211; Caderno do Artista &#8211; Agora o artista é você!

<figure class="wp-block-image size-large"><img decoding="async" src="https://cdn.pixabay.com/photo/2018/05/30/23/29/electricity-3442835_960_720.jpg " alt=""/><figcaption>https://cdn.pixabay.com/photo/2018/05/30/23/29/electricity-3442835_960_720.jpg</figcaption></figure>



<p class="has-luminous-vivid-amber-background-color has-background has-medium-font-size">Sinopse: O caderno do artista e as diversas técnicas sobre desenho, pintura, gravura…produzir carimbos, estampas… dobraduras.</p>



<hr class="wp-block-separator"/>



<p class="has-pale-cyan-blue-background-color has-background has-medium-font-size"><em>Olá, educando (a)!Esta videoaula de <strong>Artes Visuais</strong> foi veiculada na TV no dia </em><strong><em>16/03/2021 (Terça-feira)</em></strong><em>. Aqui no Portal Conexão Escola, ela está disponível juntamente com a proposta de atividade.</em></p>



<p class="has-medium-font-size"><strong>Assista a videoaula abaixo, com a temática &#8211; Caderno do Artista.</strong></p>



<hr class="wp-block-separator"/>



<figure class="wp-block-embed is-type-video is-provider-youtube wp-block-embed-youtube wp-embed-aspect-16-9 wp-has-aspect-ratio"><div class="wp-block-embed__wrapper">
<p class="responsive-video-wrap clr"><iframe title="7 ano - Arte - 16.03 - Bloco 2" width="1200" height="675" src="https://www.youtube.com/embed/f4VqIxUsAAg?feature=oembed" frameborder="0" allow="accelerometer; autoplay; clipboard-write; encrypted-media; gyroscope; picture-in-picture" allowfullscreen></iframe></p>
</div><figcaption>AGRUPAMENTO G | 7º ANO | CICLO DA ADOLESCÊNCIA | ARTES VISUAIS | PROF.: POLLYANNA BRITO</figcaption></figure>



<p class="has-light-green-cyan-background-color has-background has-medium-font-size">Vamos desenvolver a sua criatividade a máxima potência? Você sabia que há um certo caderno que todo artista tem (ou precisa ter)? Esse é o caderno do artista! Um caderno só seu! Pra você se expressar e experimentar diversas técnicas! Vamos juntos aprender mais sobre desenho, pintura, gravura…produzir carimbos, estampas… dobraduras. O céu é o limite! Arte é expressar sentimentos! Vamos juntos nos permitir e descobrir um universo cheio de cor e possibilidades!!</p>



<p class="has-medium-font-size"><strong>&nbsp;&nbsp;&nbsp;&nbsp;&nbsp;&nbsp;&nbsp;&nbsp;</strong>O caderno do artista funciona mais como um diário do artista, um espaço para você experimentar, tentar, fazer esboços. É um caderno para anotar ideias, traçar desenhos, colar imagens de referências, escrever coisas que estamos sentindo, demonstrar nossas alegrias e angústias através de textos e imagens.</p>



<figure class="wp-block-image size-large"><img fetchpriority="high" decoding="async" width="819" height="1024" src="https://sme.goiania.go.gov.br/conexaoescola/wp-content/uploads/2021/03/loverna-journey-uyZg_ksYsQ4-unsplash-scaled-e1615206686642-819x1024.jpg" alt="" class="wp-image-126310" srcset="https://sme.goiania.go.gov.br/conexaoescola/wp-content/uploads/2021/03/loverna-journey-uyZg_ksYsQ4-unsplash-scaled-e1615206686642-819x1024.jpg 819w, https://sme.goiania.go.gov.br/conexaoescola/wp-content/uploads/2021/03/loverna-journey-uyZg_ksYsQ4-unsplash-scaled-e1615206686642-240x300.jpg 240w, https://sme.goiania.go.gov.br/conexaoescola/wp-content/uploads/2021/03/loverna-journey-uyZg_ksYsQ4-unsplash-scaled-e1615206686642-768x960.jpg 768w, https://sme.goiania.go.gov.br/conexaoescola/wp-content/uploads/2021/03/loverna-journey-uyZg_ksYsQ4-unsplash-scaled-e1615206686642-1229x1536.jpg 1229w, https://sme.goiania.go.gov.br/conexaoescola/wp-content/uploads/2021/03/loverna-journey-uyZg_ksYsQ4-unsplash-scaled-e1615206686642-1638x2048.jpg 1638w, https://sme.goiania.go.gov.br/conexaoescola/wp-content/uploads/2021/03/loverna-journey-uyZg_ksYsQ4-unsplash-scaled-e1615206686642.jpg 2048w" sizes="(max-width: 819px) 100vw, 819px" /><figcaption>https://unsplash.com/photos/uyZg_ksYsQ4</figcaption></figure>



<p class="has-luminous-vivid-amber-background-color has-background has-medium-font-size">&nbsp;&nbsp;&nbsp;&nbsp;&nbsp;&nbsp;&nbsp;O artista José Naranja, por exemplo, apresenta em seus cadernos do artista cores e ilustrações botânicas, reflexões pessoais… os cadernos de rascunhos de Naranja são <strong>uma visão incrivelmente íntima da mente do artista</strong>. Em uma página, ele ilustra um mapa de rota de sua viagem pela América, em outro, ele desenha personagens de seu filme favorito (“A Criada”). Naranja descreve seu trabalho como “um cofre de sonhos, idéias e experiências”. Procure saber mais sobre Naranja, faça uma pesquisa sobre ele.</p>



<figure class="wp-block-image size-large"><img decoding="async" width="1024" height="768" src="https://sme.goiania.go.gov.br/conexaoescola/wp-content/uploads/2021/03/aisvri-bHiugl8H-MQ-unsplash-scaled-e1615206470125-1024x768.jpg" alt="" class="wp-image-126309" srcset="https://sme.goiania.go.gov.br/conexaoescola/wp-content/uploads/2021/03/aisvri-bHiugl8H-MQ-unsplash-scaled-e1615206470125-1024x768.jpg 1024w, https://sme.goiania.go.gov.br/conexaoescola/wp-content/uploads/2021/03/aisvri-bHiugl8H-MQ-unsplash-scaled-e1615206470125-300x225.jpg 300w, https://sme.goiania.go.gov.br/conexaoescola/wp-content/uploads/2021/03/aisvri-bHiugl8H-MQ-unsplash-scaled-e1615206470125-768x576.jpg 768w, https://sme.goiania.go.gov.br/conexaoescola/wp-content/uploads/2021/03/aisvri-bHiugl8H-MQ-unsplash-scaled-e1615206470125-1536x1152.jpg 1536w, https://sme.goiania.go.gov.br/conexaoescola/wp-content/uploads/2021/03/aisvri-bHiugl8H-MQ-unsplash-scaled-e1615206470125-2048x1536.jpg 2048w" sizes="(max-width: 1024px) 100vw, 1024px" /><figcaption>https://unsplash.com/photos/bHiugl8H-MQ<br></figcaption></figure>



<hr class="wp-block-separator"/>



<p class="has-very-dark-gray-color has-pale-cyan-blue-background-color has-text-color has-background has-medium-font-size">Você conhece o Tim Burton? Ele é o primeiro dos dois filhos de Bill Burton e Jean Erickson. Burton descreveu sua infância como peculiar, imaginativa e perdida em seus próprios pensamentos. Ele achava a vida doméstica e a escola difícil, participava de um grupo chamado OW SHIT STUDIOS (O.S.S) e fugia da realidade do cotidiano lendo livros sombrios de Edgar Allan Poe e assistindo a filmes de terror de baixo-orçamento, que mais tarde homenagearia na sua biografia de Edward D. Wood, Jr..&nbsp; Os desenhos de Tim Burton têm características que sempre se repetem como listras ou espirais. &nbsp; Isso se deve também ao fato de que Burton começou sua carreira como&nbsp; &nbsp;ilustrador. Tim Burton brinca e se expressa muito entre o real e o imaginário, e suas obras transmitem seus sentimentos. Procure saber mais sobre esse artista em https://pt.wikipedia.org/wiki/Tim_Burton&nbsp;</p>



<figure class="wp-block-image size-large"><img decoding="async" src="https://sme.goiania.go.gov.br/conexaoescola/wp-content/uploads/2021/03/image-10-1024x576.png" alt="" class="wp-image-126311"/><figcaption>https://wallhaven.cc/w/g882ed</figcaption></figure>



<hr class="wp-block-separator"/>



<p class="has-medium-font-size"><strong>Atividade 1:&nbsp;</strong></p>



<p class="has-cyan-bluish-gray-background-color has-background has-medium-font-size">&nbsp;&nbsp;&nbsp;&nbsp;&nbsp;&nbsp;&nbsp;&nbsp;&nbsp;Que tal começar seu caderno do artista?&nbsp; Pegue seu caderno de artes e o transforme em um lindo caderno do artista! Faça uma capa interessante! E comece seus primeiros registros! Que tal começar se expressando sobre essa longa quarentena?&nbsp; Faça um desenho ou uma pintura que demonstre como tem sido pra VOCÊ essa quarentena.&nbsp;</p>



<p class="has-medium-font-size">Até a nossa próxima aula!! =)&nbsp;</p>



<hr class="wp-block-separator"/>



<p><strong>Habilidades Estruturantes</strong>/ <strong>Habilidades Complementares</strong></p>



<p>(GO-EF07AR05-A) Distinguir, explorar, compreender e empregar diferentes formas de expressão artística, bidimensionais e tridimensionais, existentes, tais como desenhos: pinturas, gravuras, colagens, HQ, zines, memes, intervenções artísticas, dobraduras, esculturas, modelagens, instalações, vídeos, fotografias, performances, grafite, tecelagens, entre outras possibilidades expressivas. Fazer uso sustentável de materiais, instrumentos, recursos, técnicas convencionais e não convencionais, enquanto componentes fundamentais para ampliar as experiências artísticas, assim como seu repertório imagético, estético e sensível nas produções em contexto.</p>
