{"id":126303,"date":"2021-03-15T07:00:00","date_gmt":"2021-03-15T10:00:00","guid":{"rendered":"https:\/\/sme.goiania.go.gov.br\/conexaoescola\/?post_type=ensino_fundamental&#038;p=126303"},"modified":"2021-12-23T11:38:01","modified_gmt":"2021-12-23T13:38:01","slug":"o-artista-agora-e-voce-hora-da-releitura","status":"publish","type":"ensino_fundamental","link":"https:\/\/sme.goiania.go.gov.br\/conexaoescola\/ensino_fundamental\/o-artista-agora-e-voce-hora-da-releitura\/","title":{"rendered":"ARTE &#8211; O artista agora \u00e9 voc\u00ea! Hora da releitura!"},"content":{"rendered":"\n<p class=\"has-pale-cyan-blue-background-color has-background has-medium-font-size\"><em>Ol\u00e1, estudante!                                                                                                                      Esta videoaula de<strong> Artes Visuais<\/strong> foi veiculada na TV no dia <\/em><strong><em>15\/03\/2021 (Segunda-feira)<\/em><\/strong><em>. Aqui no Portal Conex\u00e3o Escola, ela est\u00e1 dispon\u00edvel juntamente com a proposta de atividade.<\/em><\/p>\n\n\n\n<hr class=\"wp-block-separator\"\/>\n\n\n\n<p class=\"has-text-align-center\" style=\"font-size:25px\"><strong>Releitura de&nbsp; artistas e obras que marcaram a hist\u00f3ria da humanidade<\/strong>.<\/p>\n\n\n\n<hr class=\"wp-block-separator\"\/>\n\n\n\n<p class=\"has-text-align-center has-light-green-cyan-background-color has-background\" style=\"font-size:25px\"><strong>Assista a videoaula abaixo, com a tem\u00e1tica &#8211; Releitura, Hist\u00f3ria da Arte<\/strong><\/p>\n\n\n\n<hr class=\"wp-block-separator\"\/>\n\n\n\n<figure class=\"wp-block-embed is-type-video is-provider-youtube wp-block-embed-youtube wp-embed-aspect-16-9 wp-has-aspect-ratio\"><div class=\"wp-block-embed__wrapper\">\n<p class=\"responsive-video-wrap clr\"><iframe title=\"6 ano - Arte - 15\/03\/21 -  Bloco 2\" width=\"1200\" height=\"675\" src=\"https:\/\/www.youtube.com\/embed\/qaqdEzoz8iA?feature=oembed\" frameborder=\"0\" allow=\"accelerometer; autoplay; clipboard-write; encrypted-media; gyroscope; picture-in-picture\" allowfullscreen><\/iframe><\/p>\n<\/div><figcaption> ARTES VISUAIS | 6\u00ba ANO | ENSINO FUNDAMENTAL | PORF.: POLLYANNA BRITO<\/figcaption><\/figure>\n\n\n\n<hr class=\"wp-block-separator\"\/>\n\n\n\n<p class=\"has-cyan-bluish-gray-background-color has-background has-medium-font-size\">&nbsp;\u201cVoc\u00ea sabe o que \u00e9 a releitura de uma obra de arte. Muita gente acredita que uma releitura seja c\u00f3pia, ou a tentativa de fazer uma c\u00f3pia de uma obra de arte famosa. Mas n\u00e3o se trata de nada disso! A&nbsp;<strong>releitura<\/strong>&nbsp;de uma&nbsp;<strong>obra de arte<\/strong>&nbsp;\u00e9 a cria\u00e7\u00e3o de uma nova&nbsp;<strong>obra<\/strong>, tendo como refer\u00eancia uma&nbsp;<strong>obra<\/strong>&nbsp;anterior para dar a essa nova&nbsp;<strong>obra<\/strong>&nbsp;outro sentido, acrescentando a ela um toque pessoal, de acordo com as pr\u00f3prias experi\u00eancias.\u201d (Por MEIRE CORT\u00caS &#8211; Dispon\u00edvel em:&nbsp; https:\/\/artesatividades.blogspot.com\/2020\/05\/o-que-e-releitura-de-uma-obra-de-arte.html?m=1.&nbsp; Acessado em: 9 de fev. de 2021).<\/p>\n\n\n\n<p class=\"has-medium-font-size\">Ou seja, vamos come\u00e7ar a falar aqui de artistas e de suas obras que marcaram a hist\u00f3ria da humanidade. E voc\u00ea ser\u00e1 convidado a fazer a releitura dessas obras, mas lembre-se de que voc\u00ea n\u00e3o deve fazer uma c\u00f3pia da obra de arte desse artista, mas sim, adapta-la a voc\u00ea. Como voc\u00ea v\u00ea, interpreta essa imagem.&nbsp;&nbsp;<\/p>\n\n\n\n<p class=\"has-light-green-cyan-background-color has-background has-medium-font-size\">&nbsp;&nbsp;&nbsp;&nbsp;&nbsp;&nbsp;&nbsp;&nbsp;&nbsp;&nbsp;&nbsp;&nbsp;&nbsp;Um deles foi <strong>Leonardo da Vinci. L<\/strong>embrado por ser um dos maiores g\u00eanios da&nbsp;<strong>hist\u00f3ria<\/strong>&nbsp;da humanidade. As suas contribui\u00e7\u00f5es ultrapassaram o ramo das&nbsp;<strong>artes<\/strong>&nbsp;e suas obras, como A&nbsp;<strong>\u00daltima Ceia<\/strong>&nbsp;e&nbsp;<strong>Mona Lisa<\/strong>, s\u00e3o algumas das pinturas mais famosas e reproduzidas de todos os tempos. O artista Leonardo da Vincci \u00e9 uma das figuras mais importantes da \u00e9poca do&nbsp;<strong>Renascimento<\/strong>&nbsp;\u2013 movimento de ordem art\u00edstica, cultural e cient\u00edfica que ocorreu na Europa na passagem da&nbsp;<strong>Idade M\u00e9dia&nbsp;<\/strong>para a<strong>&nbsp;Idade Moderna<\/strong>&nbsp;(que ocorreu entre os s\u00e9culos XIV e XVI).<\/p>\n\n\n\n<hr class=\"wp-block-separator\"\/>\n\n\n\n<p class=\"has-medium-font-size\">&nbsp;&nbsp;&nbsp;&nbsp;&nbsp;&nbsp;&nbsp;&nbsp;&nbsp;&nbsp;&nbsp;&nbsp;&nbsp;&nbsp;&nbsp;Vamos ver algumas releituras da famosa obra Mona Lisa de Leonardo da Vinci?&nbsp;&nbsp;&nbsp;&nbsp;<\/p>\n\n\n\n<figure class=\"wp-block-image size-large\"><img decoding=\"async\" src=\"https:\/\/cdn.pixabay.com\/photo\/2016\/11\/21\/18\/17\/mona-lisa-1846976_960_720.jpg\" alt=\"\"\/><figcaption>Mosa Lisa com filtro de Instagram<br>Dispon\u00edvel em: https:\/\/cdn.pixabay.com\/photo\/2016\/11\/21\/18\/17\/mona-lisa-1846976_960_720.jpg &nbsp; Acessado em: 9 de fev. de 2021&nbsp;<br><\/figcaption><\/figure>\n\n\n\n<div class=\"wp-block-image\"><figure class=\"aligncenter size-large is-resized\"><img fetchpriority=\"high\" decoding=\"async\" src=\"https:\/\/cdn.pixabay.com\/photo\/2020\/03\/01\/17\/50\/monalisa-4893660_960_720.jpg\" alt=\"\" width=\"340\" height=\"507\"\/><figcaption>Mona Lisa de m\u00e1scara<br>Dispon\u00edvel em: https:\/\/cdn.pixabay.com\/photo\/2020\/03\/01\/17\/50\/monalisa-4893660_960_720.jpg. Acessado em: 9 de fev. de 2021.<\/figcaption><\/figure><\/div>\n\n\n\n<hr class=\"wp-block-separator\"\/>\n\n\n\n<p class=\"has-text-align-center has-medium-font-size\"><strong>Atividade<\/strong><\/p>\n\n\n\n<p class=\"has-text-align-center has-white-color has-vivid-red-background-color has-text-color has-background\" style=\"font-size:25px\">&nbsp;&nbsp;&nbsp;&nbsp;&nbsp;&nbsp;&nbsp;&nbsp;&nbsp;&nbsp;&nbsp;&nbsp;&nbsp;E agora?&nbsp; Que tal fazer sua pr\u00f3pria Mona Lisa? Pense no que voc\u00ea deseja expressar, como \u00e9 a Mona Lisa da forma que s\u00f3 voc\u00ea v\u00ea?&nbsp;&nbsp;&nbsp;&nbsp;&nbsp;<\/p>\n\n\n\n<hr class=\"wp-block-separator\"\/>\n\n\n\n<p class=\"has-text-align-center\" style=\"font-size:25px\">At\u00e9 a nossa pr\u00f3xima aula!! =)&nbsp;<\/p>\n\n\n\n<hr class=\"wp-block-separator\"\/>\n\n\n\n<p class=\"has-luminous-vivid-amber-background-color has-background has-medium-font-size\"><em>Professor, essa aula segue a Matriz Curricular das Habilidades Estruturantes 2021-2021. Foi elaborada no ano de 2020, com a suspens\u00e3o das aulas presenciais devido \u00e0 pandemia da Covid-19 e segue as orienta\u00e7\u00f5es de flexibiliza\u00e7\u00e3o curricular para o bi\u00eanio 2020\/2021 (Of\u00edcio Circular 147\/2020 Dirped).<\/em><\/p>\n\n\n\n<p><strong>Habilidade Estruturante<\/strong><\/p>\n\n\n\n<p>(GO-EF08AR06-A) Distinguir, explorar, compreender e empregar diferentes formas de express\u00e3o art\u00edstica, bidimensionais e tridimensionais, existentes, tais como desenhos: pinturas, gravuras, colagens, HQ, zines, memes, interven\u00e7\u00f5es art\u00edsticas, dobraduras, esculturas, modelagens, instala\u00e7\u00f5es, v\u00eddeos, fotografias, performances, grafite, tecelagens, entre outras possibilidades expressivas. Fazer uso sustent\u00e1vel de materiais, instrumentos, recursos, t\u00e9cnicas convencionais e n\u00e3o convencionais, enquanto componentes fundamentais para ampliar as experi\u00eancias art\u00edsticas, assim como seu repert\u00f3rio imag\u00e9tico, est\u00e9tico e sens\u00edvel nas produ\u00e7\u00f5es em contexto.<\/p>\n","protected":false},"author":6,"featured_media":126305,"template":"","ef_categoria":[],"ef_ano":[89],"ef_componente":[99],"class_list":["post-126303","ensino_fundamental","type-ensino_fundamental","status-publish","has-post-thumbnail","hentry","ef_ano-6o-ano","ef_componente-arte-ef","entry","has-media"],"acf":[],"_links":{"self":[{"href":"https:\/\/sme.goiania.go.gov.br\/conexaoescola\/wp-json\/wp\/v2\/ensino_fundamental\/126303","targetHints":{"allow":["GET"]}}],"collection":[{"href":"https:\/\/sme.goiania.go.gov.br\/conexaoescola\/wp-json\/wp\/v2\/ensino_fundamental"}],"about":[{"href":"https:\/\/sme.goiania.go.gov.br\/conexaoescola\/wp-json\/wp\/v2\/types\/ensino_fundamental"}],"author":[{"embeddable":true,"href":"https:\/\/sme.goiania.go.gov.br\/conexaoescola\/wp-json\/wp\/v2\/users\/6"}],"version-history":[{"count":0,"href":"https:\/\/sme.goiania.go.gov.br\/conexaoescola\/wp-json\/wp\/v2\/ensino_fundamental\/126303\/revisions"}],"wp:featuredmedia":[{"embeddable":true,"href":"https:\/\/sme.goiania.go.gov.br\/conexaoescola\/wp-json\/wp\/v2\/media\/126305"}],"wp:attachment":[{"href":"https:\/\/sme.goiania.go.gov.br\/conexaoescola\/wp-json\/wp\/v2\/media?parent=126303"}],"wp:term":[{"taxonomy":"ef_categoria","embeddable":true,"href":"https:\/\/sme.goiania.go.gov.br\/conexaoescola\/wp-json\/wp\/v2\/ef_categoria?post=126303"},{"taxonomy":"ef_ano","embeddable":true,"href":"https:\/\/sme.goiania.go.gov.br\/conexaoescola\/wp-json\/wp\/v2\/ef_ano?post=126303"},{"taxonomy":"ef_componente","embeddable":true,"href":"https:\/\/sme.goiania.go.gov.br\/conexaoescola\/wp-json\/wp\/v2\/ef_componente?post=126303"}],"curies":[{"name":"wp","href":"https:\/\/api.w.org\/{rel}","templated":true}]}}

ARTE &#8211; O artista agora é você! Hora da releitura!

<p class="has-pale-cyan-blue-background-color has-background has-medium-font-size"><em>Olá, estudante!                                                                                                                      Esta videoaula de<strong> Artes Visuais</strong> foi veiculada na TV no dia </em><strong><em>15/03/2021 (Segunda-feira)</em></strong><em>. Aqui no Portal Conexão Escola, ela está disponível juntamente com a proposta de atividade.</em></p>



<hr class="wp-block-separator"/>



<p class="has-text-align-center" style="font-size:25px"><strong>Releitura de&nbsp; artistas e obras que marcaram a história da humanidade</strong>.</p>



<hr class="wp-block-separator"/>



<p class="has-text-align-center has-light-green-cyan-background-color has-background" style="font-size:25px"><strong>Assista a videoaula abaixo, com a temática &#8211; Releitura, História da Arte</strong></p>



<hr class="wp-block-separator"/>



<figure class="wp-block-embed is-type-video is-provider-youtube wp-block-embed-youtube wp-embed-aspect-16-9 wp-has-aspect-ratio"><div class="wp-block-embed__wrapper">
<p class="responsive-video-wrap clr"><iframe title="6 ano - Arte - 15/03/21 -  Bloco 2" width="1200" height="675" src="https://www.youtube.com/embed/qaqdEzoz8iA?feature=oembed" frameborder="0" allow="accelerometer; autoplay; clipboard-write; encrypted-media; gyroscope; picture-in-picture" allowfullscreen></iframe></p>
</div><figcaption> ARTES VISUAIS | 6º ANO | ENSINO FUNDAMENTAL | PORF.: POLLYANNA BRITO</figcaption></figure>



<hr class="wp-block-separator"/>



<p class="has-cyan-bluish-gray-background-color has-background has-medium-font-size">&nbsp;“Você sabe o que é a releitura de uma obra de arte. Muita gente acredita que uma releitura seja cópia, ou a tentativa de fazer uma cópia de uma obra de arte famosa. Mas não se trata de nada disso! A&nbsp;<strong>releitura</strong>&nbsp;de uma&nbsp;<strong>obra de arte</strong>&nbsp;é a criação de uma nova&nbsp;<strong>obra</strong>, tendo como referência uma&nbsp;<strong>obra</strong>&nbsp;anterior para dar a essa nova&nbsp;<strong>obra</strong>&nbsp;outro sentido, acrescentando a ela um toque pessoal, de acordo com as próprias experiências.” (Por MEIRE CORTÊS &#8211; Disponível em:&nbsp; https://artesatividades.blogspot.com/2020/05/o-que-e-releitura-de-uma-obra-de-arte.html?m=1.&nbsp; Acessado em: 9 de fev. de 2021).</p>



<p class="has-medium-font-size">Ou seja, vamos começar a falar aqui de artistas e de suas obras que marcaram a história da humanidade. E você será convidado a fazer a releitura dessas obras, mas lembre-se de que você não deve fazer uma cópia da obra de arte desse artista, mas sim, adapta-la a você. Como você vê, interpreta essa imagem.&nbsp;&nbsp;</p>



<p class="has-light-green-cyan-background-color has-background has-medium-font-size">&nbsp;&nbsp;&nbsp;&nbsp;&nbsp;&nbsp;&nbsp;&nbsp;&nbsp;&nbsp;&nbsp;&nbsp;&nbsp;Um deles foi <strong>Leonardo da Vinci. L</strong>embrado por ser um dos maiores gênios da&nbsp;<strong>história</strong>&nbsp;da humanidade. As suas contribuições ultrapassaram o ramo das&nbsp;<strong>artes</strong>&nbsp;e suas obras, como A&nbsp;<strong>Última Ceia</strong>&nbsp;e&nbsp;<strong>Mona Lisa</strong>, são algumas das pinturas mais famosas e reproduzidas de todos os tempos. O artista Leonardo da Vincci é uma das figuras mais importantes da época do&nbsp;<strong>Renascimento</strong>&nbsp;– movimento de ordem artística, cultural e científica que ocorreu na Europa na passagem da&nbsp;<strong>Idade Média&nbsp;</strong>para a<strong>&nbsp;Idade Moderna</strong>&nbsp;(que ocorreu entre os séculos XIV e XVI).</p>



<hr class="wp-block-separator"/>



<p class="has-medium-font-size">&nbsp;&nbsp;&nbsp;&nbsp;&nbsp;&nbsp;&nbsp;&nbsp;&nbsp;&nbsp;&nbsp;&nbsp;&nbsp;&nbsp;&nbsp;Vamos ver algumas releituras da famosa obra Mona Lisa de Leonardo da Vinci?&nbsp;&nbsp;&nbsp;&nbsp;</p>



<figure class="wp-block-image size-large"><img decoding="async" src="https://cdn.pixabay.com/photo/2016/11/21/18/17/mona-lisa-1846976_960_720.jpg" alt=""/><figcaption>Mosa Lisa com filtro de Instagram<br>Disponível em: https://cdn.pixabay.com/photo/2016/11/21/18/17/mona-lisa-1846976_960_720.jpg &nbsp; Acessado em: 9 de fev. de 2021&nbsp;<br></figcaption></figure>



<div class="wp-block-image"><figure class="aligncenter size-large is-resized"><img fetchpriority="high" decoding="async" src="https://cdn.pixabay.com/photo/2020/03/01/17/50/monalisa-4893660_960_720.jpg" alt="" width="340" height="507"/><figcaption>Mona Lisa de máscara<br>Disponível em: https://cdn.pixabay.com/photo/2020/03/01/17/50/monalisa-4893660_960_720.jpg. Acessado em: 9 de fev. de 2021.</figcaption></figure></div>



<hr class="wp-block-separator"/>



<p class="has-text-align-center has-medium-font-size"><strong>Atividade</strong></p>



<p class="has-text-align-center has-white-color has-vivid-red-background-color has-text-color has-background" style="font-size:25px">&nbsp;&nbsp;&nbsp;&nbsp;&nbsp;&nbsp;&nbsp;&nbsp;&nbsp;&nbsp;&nbsp;&nbsp;&nbsp;E agora?&nbsp; Que tal fazer sua própria Mona Lisa? Pense no que você deseja expressar, como é a Mona Lisa da forma que só você vê?&nbsp;&nbsp;&nbsp;&nbsp;&nbsp;</p>



<hr class="wp-block-separator"/>



<p class="has-text-align-center" style="font-size:25px">Até a nossa próxima aula!! =)&nbsp;</p>



<hr class="wp-block-separator"/>



<p class="has-luminous-vivid-amber-background-color has-background has-medium-font-size"><em>Professor, essa aula segue a Matriz Curricular das Habilidades Estruturantes 2021-2021. Foi elaborada no ano de 2020, com a suspensão das aulas presenciais devido à pandemia da Covid-19 e segue as orientações de flexibilização curricular para o biênio 2020/2021 (Ofício Circular 147/2020 Dirped).</em></p>



<p><strong>Habilidade Estruturante</strong></p>



<p>(GO-EF08AR06-A) Distinguir, explorar, compreender e empregar diferentes formas de expressão artística, bidimensionais e tridimensionais, existentes, tais como desenhos: pinturas, gravuras, colagens, HQ, zines, memes, intervenções artísticas, dobraduras, esculturas, modelagens, instalações, vídeos, fotografias, performances, grafite, tecelagens, entre outras possibilidades expressivas. Fazer uso sustentável de materiais, instrumentos, recursos, técnicas convencionais e não convencionais, enquanto componentes fundamentais para ampliar as experiências artísticas, assim como seu repertório imagético, estético e sensível nas produções em contexto.</p>
