{"id":126125,"date":"2021-03-02T17:08:21","date_gmt":"2021-03-02T20:08:21","guid":{"rendered":"https:\/\/sme.goiania.go.gov.br\/conexaoescola\/?post_type=ensino_fundamental&#038;p=126125"},"modified":"2021-11-24T12:26:36","modified_gmt":"2021-11-24T14:26:36","slug":"matematica-os-numeros-no-cotidiano","status":"publish","type":"ensino_fundamental","link":"https:\/\/sme.goiania.go.gov.br\/conexaoescola\/ensino_fundamental\/matematica-os-numeros-no-cotidiano\/","title":{"rendered":"Matem\u00e1tica &#8211; Os n\u00fameros no cotidiano"},"content":{"rendered":"\n<p class=\"has-text-align-center has-text-color has-background has-medium-font-size\" style=\"background-color:#66c6ef;color:#000203\"><em><strong>OL\u00c1 EDUCANDO(A)! ESTA V\u00cdDEOAULA DE MATEM\u00c1TICA FOI VEICULADA NA TV NO DIA 02\/03\/2021 (TER\u00c7A-FEIRA). AQUI NO PORTAL CONEX\u00c3O ESCOLA, ELA EST\u00c1 DISPON\u00cdVEL JUNTAMENTE COM A PROPOSTA DE ATIVIDADE.<\/strong><\/em><\/p>\n\n\n\n<p class=\"has-text-align-center has-very-light-gray-color has-text-color has-background has-medium-font-size\" style=\"background-color:#142e31\"><strong>OL\u00c1, CRIAN\u00c7AS, TUDO BEM? NA VIDEOAULA DE HOJE VAMOS FALAR SOBRE OS N\u00daMEROS E COMO ELES EST\u00c3O PRESENTES NO NOSSO COTIDIANO<\/strong><\/p>\n\n\n\n<div class=\"wp-block-image is-style-rounded\"><figure class=\"aligncenter size-large is-resized\"><img fetchpriority=\"high\" decoding=\"async\" src=\"https:\/\/sme.goiania.go.gov.br\/conexaoescola\/wp-content\/uploads\/2021\/03\/n\u00fameros-e1614713881479.png\" alt=\"\" class=\"wp-image-126126\" width=\"707\" height=\"471\" srcset=\"https:\/\/sme.goiania.go.gov.br\/conexaoescola\/wp-content\/uploads\/2021\/03\/n\u00fameros-e1614713881479.png 600w, https:\/\/sme.goiania.go.gov.br\/conexaoescola\/wp-content\/uploads\/2021\/03\/n\u00fameros-e1614713881479-300x200.png 300w\" sizes=\"(max-width: 707px) 100vw, 707px\" \/><figcaption>Fonte: www.ticsnamatematica.com<br><\/figcaption><\/figure><\/div>\n\n\n\n<hr class=\"wp-block-separator\"\/>\n\n\n\n<p class=\"has-text-align-center has-very-light-gray-color has-very-dark-gray-background-color has-text-color has-background has-medium-font-size\"><strong>ASSISTA A V\u00cdDEOAULA ABAIXO COM A TEM\u00c1TICA: OS N\u00daMEROS NO COTIDIANO <\/strong><\/p>\n\n\n\n<figure class=\"wp-block-embed is-type-video is-provider-youtube wp-block-embed-youtube wp-embed-aspect-16-9 wp-has-aspect-ratio\"><div class=\"wp-block-embed__wrapper\">\n<p class=\"responsive-video-wrap clr\"><iframe title=\"TURMA B |  2\u00ba ANO |  CICLO DA INF\u00c2NCIA  | MATEM\u00c1TICA | PROF\u00aa MIRIAM\" width=\"1200\" height=\"675\" src=\"https:\/\/www.youtube.com\/embed\/p8XzBff-D_M?feature=oembed\" frameborder=\"0\" allow=\"accelerometer; autoplay; clipboard-write; encrypted-media; gyroscope; picture-in-picture\" allowfullscreen><\/iframe><\/p>\n<\/div><figcaption>Ciclo da Inf\u00e2ncia \u2013 Matem\u00e1tica \u2013 2\u00ba S\u00e9rie \u2013 Aula 1 \u2013  Os n\u00fameros no cotidiano<\/figcaption><\/figure>\n\n\n\n<hr class=\"wp-block-separator\"\/>\n\n\n\n<p class=\"has-text-align-center has-very-light-gray-color has-text-color has-background has-medium-font-size\" style=\"background-color:#262424\"><strong>VOC\u00ca J\u00c1 PERCEBEU QUE OS <span class=\"has-inline-color has-luminous-vivid-amber-color\">N\u00daMEROS<\/span> EST\u00c3O POR <span class=\"has-inline-color has-very-light-gray-color\">TODOS OS LUGARES<\/span> ?<\/strong><\/p>\n\n\n\n<p class=\"has-text-align-center has-text-color has-background has-medium-font-size\" style=\"background-color:#4ea3d4;color:#010506\"><strong>OS N\u00daMEROS SERVEM PARA INDICAR:&nbsp;<\/strong><\/p>\n\n\n\n<p class=\"has-text-align-center has-text-color has-background has-medium-font-size\" style=\"background-color:#e8cdcd;color:#010506\"><strong>A QUANTIDADE DE OBJETOS DE UMA COLE\u00c7\u00c3O<\/strong><\/p>\n\n\n\n<p class=\"has-text-align-center has-text-color has-background has-medium-font-size\" style=\"background-color:#e8cdcd;color:#010506\"><strong>UM C\u00d3DIGO, COMO O C\u00d3DIGO DE ENDERE\u00c7AMENTO POSTAL (O CEP DOS ENDERE\u00c7OS<\/strong><\/p>\n\n\n\n<p class=\"has-text-align-center has-text-color has-background has-medium-font-size\" style=\"background-color:#e8cdcd;color:#010506\"><strong>A ORDEM DE CLASSIFICA\u00c7\u00c3O DE 3 ATLETAS EM UMA COMPETI\u00c7\u00c3O DE GIN\u00c1STICA OL\u00cdMPICA (1\u00ba, 2\u00ba E 3\u00ba LUGARES)<\/strong><\/p>\n\n\n\n<p class=\"has-text-align-center has-text-color has-background has-medium-font-size\" style=\"background-color:#e8cdcd;color:#010506\"><strong>A MEDIDA DE UM TERRENO OU \u00c1REA<\/strong><\/p>\n\n\n\n<hr class=\"wp-block-separator\"\/>\n\n\n\n<p class=\"has-text-align-center has-text-color has-background has-medium-font-size\" style=\"background-color:#1aca7a;color:#020506\"><strong>AGORA CHEGOU A HORA DA NOSSA ATIVIDADE!&nbsp;<\/strong><\/p>\n\n\n\n<p class=\"has-text-align-center has-text-color has-background has-medium-font-size\" style=\"background-color:#92d699;color:#020506\"><strong>QUE TAL CONSTRUIRMOS O NOSSO LIVRO DOS N\u00daMEROS?<\/strong><\/p>\n\n\n\n<p class=\"has-text-align-center has-text-color has-background has-medium-font-size\" style=\"background-color:#92d699;color:#020506\"><strong>ESCREVA NO SEU CADERNO: SUA IDADE, DATA DE NASCIMENTO, N\u00daMERO DA SUA CASA, SUA ALTURA E PESO! <\/strong><\/p>\n\n\n\n<p class=\"has-text-align-center has-text-color has-background has-medium-font-size\" style=\"background-color:#92d699;color:#020506\"><strong>PENSE EM T\u00cdTULO PARA SEU LIVRO E ESCREVA NA CAPA. A QUANTIDADE DE P\u00c1GINAS A SER ELABORADA POR DIA DEPENDER\u00c1 DE SUA ORGANIZA\u00c7\u00c3O E PLANEJAMENTO. VOC\u00ca PODE DESENHAR E COLORIR!<\/strong><\/p>\n\n\n\n<hr class=\"wp-block-separator\"\/>\n\n\n\n<figure class=\"wp-block-table\"><table><tbody><tr><td>Habilidade estruturante&nbsp;<\/td><td class=\"has-text-align-left\" data-align=\"left\">(EF02MA01) Comparar e ordenar n\u00fameros naturais (at\u00e9 a ordem de centenas) pela compreens\u00e3o de caracter\u00edsticas do sistema de numera\u00e7\u00e3o decimal (valor posicional e fun\u00e7\u00e3o do zero).<br>(EF02MA01-A) Explorar n\u00fameros no contexto di\u00e1rio, representado por imagem ou n\u00e3o, como indicadores de quantidade, ordem do 1\u00b0 ao 50\u00b0, medida e c\u00f3digo, utilizando a express\u00e3o oral.&nbsp;<\/td><\/tr><\/tbody><\/table><\/figure>\n","protected":false},"author":15,"featured_media":126126,"template":"","ef_categoria":[13,19],"ef_ano":[85],"ef_componente":[94],"class_list":["post-126125","ensino_fundamental","type-ensino_fundamental","status-publish","has-post-thumbnail","hentry","ef_categoria-ciclo-da-infancia-abc","ef_categoria-educacao-financeira-e-empreendedorismo","ef_ano-2o-ano","ef_componente-matematica","entry","has-media"],"acf":[],"_links":{"self":[{"href":"https:\/\/sme.goiania.go.gov.br\/conexaoescola\/wp-json\/wp\/v2\/ensino_fundamental\/126125","targetHints":{"allow":["GET"]}}],"collection":[{"href":"https:\/\/sme.goiania.go.gov.br\/conexaoescola\/wp-json\/wp\/v2\/ensino_fundamental"}],"about":[{"href":"https:\/\/sme.goiania.go.gov.br\/conexaoescola\/wp-json\/wp\/v2\/types\/ensino_fundamental"}],"author":[{"embeddable":true,"href":"https:\/\/sme.goiania.go.gov.br\/conexaoescola\/wp-json\/wp\/v2\/users\/15"}],"version-history":[{"count":0,"href":"https:\/\/sme.goiania.go.gov.br\/conexaoescola\/wp-json\/wp\/v2\/ensino_fundamental\/126125\/revisions"}],"wp:featuredmedia":[{"embeddable":true,"href":"https:\/\/sme.goiania.go.gov.br\/conexaoescola\/wp-json\/wp\/v2\/media\/126126"}],"wp:attachment":[{"href":"https:\/\/sme.goiania.go.gov.br\/conexaoescola\/wp-json\/wp\/v2\/media?parent=126125"}],"wp:term":[{"taxonomy":"ef_categoria","embeddable":true,"href":"https:\/\/sme.goiania.go.gov.br\/conexaoescola\/wp-json\/wp\/v2\/ef_categoria?post=126125"},{"taxonomy":"ef_ano","embeddable":true,"href":"https:\/\/sme.goiania.go.gov.br\/conexaoescola\/wp-json\/wp\/v2\/ef_ano?post=126125"},{"taxonomy":"ef_componente","embeddable":true,"href":"https:\/\/sme.goiania.go.gov.br\/conexaoescola\/wp-json\/wp\/v2\/ef_componente?post=126125"}],"curies":[{"name":"wp","href":"https:\/\/api.w.org\/{rel}","templated":true}]}}

Matemática &#8211; Os números no cotidiano

<p class="has-text-align-center has-text-color has-background has-medium-font-size" style="background-color:#66c6ef;color:#000203"><em><strong>OLÁ EDUCANDO(A)! ESTA VÍDEOAULA DE MATEMÁTICA FOI VEICULADA NA TV NO DIA 02/03/2021 (TERÇA-FEIRA). AQUI NO PORTAL CONEXÃO ESCOLA, ELA ESTÁ DISPONÍVEL JUNTAMENTE COM A PROPOSTA DE ATIVIDADE.</strong></em></p>



<p class="has-text-align-center has-very-light-gray-color has-text-color has-background has-medium-font-size" style="background-color:#142e31"><strong>OLÁ, CRIANÇAS, TUDO BEM? NA VIDEOAULA DE HOJE VAMOS FALAR SOBRE OS NÚMEROS E COMO ELES ESTÃO PRESENTES NO NOSSO COTIDIANO</strong></p>



<div class="wp-block-image is-style-rounded"><figure class="aligncenter size-large is-resized"><img fetchpriority="high" decoding="async" src="https://sme.goiania.go.gov.br/conexaoescola/wp-content/uploads/2021/03/números-e1614713881479.png" alt="" class="wp-image-126126" width="707" height="471" srcset="https://sme.goiania.go.gov.br/conexaoescola/wp-content/uploads/2021/03/números-e1614713881479.png 600w, https://sme.goiania.go.gov.br/conexaoescola/wp-content/uploads/2021/03/números-e1614713881479-300x200.png 300w" sizes="(max-width: 707px) 100vw, 707px" /><figcaption>Fonte: www.ticsnamatematica.com<br></figcaption></figure></div>



<hr class="wp-block-separator"/>



<p class="has-text-align-center has-very-light-gray-color has-very-dark-gray-background-color has-text-color has-background has-medium-font-size"><strong>ASSISTA A VÍDEOAULA ABAIXO COM A TEMÁTICA: OS NÚMEROS NO COTIDIANO </strong></p>



<figure class="wp-block-embed is-type-video is-provider-youtube wp-block-embed-youtube wp-embed-aspect-16-9 wp-has-aspect-ratio"><div class="wp-block-embed__wrapper">
<p class="responsive-video-wrap clr"><iframe title="TURMA B |  2º ANO |  CICLO DA INFÂNCIA  | MATEMÁTICA | PROFª MIRIAM" width="1200" height="675" src="https://www.youtube.com/embed/p8XzBff-D_M?feature=oembed" frameborder="0" allow="accelerometer; autoplay; clipboard-write; encrypted-media; gyroscope; picture-in-picture" allowfullscreen></iframe></p>
</div><figcaption>Ciclo da Infância – Matemática – 2º Série – Aula 1 –  Os números no cotidiano</figcaption></figure>



<hr class="wp-block-separator"/>



<p class="has-text-align-center has-very-light-gray-color has-text-color has-background has-medium-font-size" style="background-color:#262424"><strong>VOCÊ JÁ PERCEBEU QUE OS <span class="has-inline-color has-luminous-vivid-amber-color">NÚMEROS</span> ESTÃO POR <span class="has-inline-color has-very-light-gray-color">TODOS OS LUGARES</span> ?</strong></p>



<p class="has-text-align-center has-text-color has-background has-medium-font-size" style="background-color:#4ea3d4;color:#010506"><strong>OS NÚMEROS SERVEM PARA INDICAR:&nbsp;</strong></p>



<p class="has-text-align-center has-text-color has-background has-medium-font-size" style="background-color:#e8cdcd;color:#010506"><strong>A QUANTIDADE DE OBJETOS DE UMA COLEÇÃO</strong></p>



<p class="has-text-align-center has-text-color has-background has-medium-font-size" style="background-color:#e8cdcd;color:#010506"><strong>UM CÓDIGO, COMO O CÓDIGO DE ENDEREÇAMENTO POSTAL (O CEP DOS ENDEREÇOS</strong></p>



<p class="has-text-align-center has-text-color has-background has-medium-font-size" style="background-color:#e8cdcd;color:#010506"><strong>A ORDEM DE CLASSIFICAÇÃO DE 3 ATLETAS EM UMA COMPETIÇÃO DE GINÁSTICA OLÍMPICA (1º, 2º E 3º LUGARES)</strong></p>



<p class="has-text-align-center has-text-color has-background has-medium-font-size" style="background-color:#e8cdcd;color:#010506"><strong>A MEDIDA DE UM TERRENO OU ÁREA</strong></p>



<hr class="wp-block-separator"/>



<p class="has-text-align-center has-text-color has-background has-medium-font-size" style="background-color:#1aca7a;color:#020506"><strong>AGORA CHEGOU A HORA DA NOSSA ATIVIDADE!&nbsp;</strong></p>



<p class="has-text-align-center has-text-color has-background has-medium-font-size" style="background-color:#92d699;color:#020506"><strong>QUE TAL CONSTRUIRMOS O NOSSO LIVRO DOS NÚMEROS?</strong></p>



<p class="has-text-align-center has-text-color has-background has-medium-font-size" style="background-color:#92d699;color:#020506"><strong>ESCREVA NO SEU CADERNO: SUA IDADE, DATA DE NASCIMENTO, NÚMERO DA SUA CASA, SUA ALTURA E PESO! </strong></p>



<p class="has-text-align-center has-text-color has-background has-medium-font-size" style="background-color:#92d699;color:#020506"><strong>PENSE EM TÍTULO PARA SEU LIVRO E ESCREVA NA CAPA. A QUANTIDADE DE PÁGINAS A SER ELABORADA POR DIA DEPENDERÁ DE SUA ORGANIZAÇÃO E PLANEJAMENTO. VOCÊ PODE DESENHAR E COLORIR!</strong></p>



<hr class="wp-block-separator"/>



<figure class="wp-block-table"><table><tbody><tr><td>Habilidade estruturante&nbsp;</td><td class="has-text-align-left" data-align="left">(EF02MA01) Comparar e ordenar números naturais (até a ordem de centenas) pela compreensão de características do sistema de numeração decimal (valor posicional e função do zero).<br>(EF02MA01-A) Explorar números no contexto diário, representado por imagem ou não, como indicadores de quantidade, ordem do 1° ao 50°, medida e código, utilizando a expressão oral.&nbsp;</td></tr></tbody></table></figure>
