{"id":1203,"date":"2020-05-04T07:00:00","date_gmt":"2020-05-04T10:00:00","guid":{"rendered":"http:\/\/sme.goiania.go.gov.br\/conexaoescola\/?post_type=ensino_fundamental&#038;p=1203"},"modified":"2020-05-27T19:25:08","modified_gmt":"2020-05-27T22:25:08","slug":"como-ser-um-consumidor-responsavel","status":"publish","type":"ensino_fundamental","link":"https:\/\/sme.goiania.go.gov.br\/conexaoescola\/ensino_fundamental\/como-ser-um-consumidor-responsavel\/","title":{"rendered":"Como ser um consumidor respons\u00e1vel?"},"content":{"rendered":"\n<div class=\"wp-block-columns is-layout-flex wp-container-core-columns-is-layout-9d6595d7 wp-block-columns-is-layout-flex\">\n<div class=\"wp-block-column is-layout-flow wp-block-column-is-layout-flow\" style=\"flex-basis:25%\"><\/div>\n\n\n\n<div class=\"wp-block-column is-layout-flow wp-block-column-is-layout-flow\" style=\"flex-basis:50%\">\n<figure class=\"wp-block-embed-youtube wp-block-embed is-type-video is-provider-youtube wp-embed-aspect-16-9 wp-has-aspect-ratio\"><div class=\"wp-block-embed__wrapper\">\n<p class=\"responsive-video-wrap clr\"><iframe title=\"Consumo: d\u00e1 para reduzir?\" width=\"1200\" height=\"675\" src=\"https:\/\/www.youtube.com\/embed\/i-hXJhpmZAo?feature=oembed\" frameborder=\"0\" allow=\"accelerometer; autoplay; encrypted-media; gyroscope; picture-in-picture\" allowfullscreen><\/iframe><\/p>\n<\/div><\/figure>\n<\/div>\n\n\n\n<div class=\"wp-block-column is-layout-flow wp-block-column-is-layout-flow\" style=\"flex-basis:25%\"><\/div>\n<\/div>\n\n\n\n<p>Os seres humanos consomem comidas, roupas, tecnologias, m\u00fasicas, filmes e outros produtos. A forma de consumo pode trazer efeitos ruins para a humanidade e para o planeta Terra. Assista ao v\u00eddeo \u201cConsumo Respons\u00e1vel\u201d, do canal Programa \u00c1gua Brasil, postado no Youtube e conhe\u00e7a um pouco mais sobre esses efeitos<\/p>\n\n\n\n<figure class=\"wp-block-embed-youtube wp-block-embed is-type-video is-provider-youtube wp-embed-aspect-16-9 wp-has-aspect-ratio\"><div class=\"wp-block-embed__wrapper\">\n<p class=\"responsive-video-wrap clr\"><iframe title=\"Consumo Respons\u00e1vel\" width=\"1200\" height=\"675\" src=\"https:\/\/www.youtube.com\/embed\/KlV3ASpM19M?feature=oembed\" frameborder=\"0\" allow=\"accelerometer; autoplay; encrypted-media; gyroscope; picture-in-picture\" allowfullscreen><\/iframe><\/p>\n<\/div><\/figure>\n\n\n\n<p>Nesse v\u00eddeo, voc\u00ea aprendeu muitos aspectos do Consumo Respons\u00e1vel. Vamos ver se voc\u00ea consegue lembrar de tudo?<\/p>\n\n\n\n<p>Registre em seu caderno os seguintes pontos exibidos no filme:<\/p>\n\n\n\n<ol class=\"wp-block-list\"><li>Quantas pessoas vivem na terra e do que elas precisam para viver?<\/li><li>Por que compramos coisas que n\u00e3o precisamos?<\/li><li>Voc\u00ea j\u00e1 comprou alguma coisa que n\u00e3o precisava? Conte como foi.<\/li><li>Escreva um texto, explicando quando o consumo deixa de ser sin\u00f4nimo de destrui\u00e7\u00e3o.<\/li><\/ol>\n\n\n\n<p>O v\u00eddeo acima traz mais assuntos interessantes. Voc\u00ea lembra o que \u00e9 uma sociedade de consumo e quais as consequ\u00eancias disso? Quantos planetas s\u00e3o necess\u00e1rios para manter o padr\u00e3o m\u00e9dio de consumo dos brasileiros? S\u00e3o informa\u00e7\u00f5es importantes para voc\u00ea informar a sua fam\u00edlia, conscientizando-os das mudan\u00e7as de h\u00e1bitos para se tornar um Consumidor Respons\u00e1vel.<\/p>\n\n\n\n<p>Falando em mudan\u00e7a de h\u00e1bitos, fa\u00e7a em seu caderno um resumo dos 5 R\u2019s (REPENSAR, RECUSAR, REDUZIR, REUTILIZAR E RECICLAR) apresentados no v\u00eddeo. Use esse resumo quando for conversar com sua fam\u00edlia e seus amigos, argumentando sobre a urg\u00eancia dessa mudan\u00e7a.&nbsp;<\/p>\n\n\n\n<p>No texto \u201cDicas para consumo respons\u00e1vel\u201d, elaborado por Maria Christina Leme C. G. e Amadeu Jos\u00e9 Montangnini Logarezzi, disponibilizado no link abaixo, s\u00e3o listadas algumas dicas que te ajudar\u00e3o a praticar o Consumo Respons\u00e1vel. Leia com aten\u00e7\u00e3o.<\/p>\n\n\n\n<p><a href=\"http:\/\/www.ufscar.br\/consusol\/arquivos\/dicas.pdf\">http:\/\/www.ufscar.br\/consusol\/arquivos\/dicas.pdf<\/a><\/p>\n\n\n\n<p>Conte tamb\u00e9m como voc\u00ea far\u00e1 para colocar em a\u00e7\u00e3o as demais dicas. Na 7\u00aa dica, ENTRAR EM CONTATO, est\u00e1 descrita uma sigla: \u201cSAC\u201d. Voc\u00ea sabe o que \u00e9 isso? Fa\u00e7a uma pesquisa, pergunte para sua fam\u00edlia e registre em seu caderno.<\/p>\n\n\n\n<p>Para te ajudar a come\u00e7ar seu novo estilo de vida, de um consumidor respons\u00e1vel, assista ao v\u00eddeo \u201cVASO AUTOIRRIG\u00c1VEL ANTI DENGUE (ANTI-AEDES) COM GARRAFA PET \u2013 DIY\u201d, do canal Alessa Mori, publicado no Youtube. Voc\u00ea aprender\u00e1 a fazer um vaso auto irrig\u00e1vel de garrafa Pet.&nbsp;<\/p>\n\n\n\n<figure class=\"wp-block-embed-youtube wp-block-embed is-type-video is-provider-youtube wp-embed-aspect-16-9 wp-has-aspect-ratio\"><div class=\"wp-block-embed__wrapper\">\n<p class=\"responsive-video-wrap clr\"><iframe title=\"\u2b50VASO AUTOIRRIG\u00c1VEL ANTIDENGUE (ANTI-AEDES) COM GARRAFA PET - DIY\" width=\"1200\" height=\"675\" src=\"https:\/\/www.youtube.com\/embed\/iZVYm-ghVTA?feature=oembed\" frameborder=\"0\" allow=\"accelerometer; autoplay; encrypted-media; gyroscope; picture-in-picture\" allowfullscreen><\/iframe><\/p>\n<\/div><\/figure>\n\n\n\n<p>Com isso, voc\u00ea pode fazer sua horta, ajudando nas finan\u00e7as e na sa\u00fade da fam\u00edlia. Caso deseje, pode ensinar seus amigos a fazerem a mesma coisa. At\u00e9 a pr\u00f3xima.<\/p>\n\n\n\n<p>________________________<\/p>\n\n\n\n<p>Leitura complementar:<\/p>\n\n\n\n<p><a href=\"https:\/\/www.fortbrasil.com.br\/sites\/default\/files\/capaF3.pdf\">https:\/\/www.fortbrasil.com.br\/sites\/default\/files\/capaF3.pdf<\/a><\/p>\n\n\n\n<p><\/p>\n\n\n\n<hr class=\"wp-block-separator\"\/>\n\n\n\n<p class=\"has-text-align-center\"><br><br><a href=\"http:\/\/sme.goiania.go.gov.br\/conexaoescola\/page-ensino-fundamental\/ciclo-da-infancia-turmas-f-e-g\/\">Ensino Fundamental \u2013 Ciclo da Adolesc\u00eancia \u2013 F e G \u2013 Educa\u00e7\u00e3o Financeira e Empreendedorismo<\/a><\/p>\n","protected":false},"author":8,"featured_media":1211,"template":"","ef_categoria":[15,29],"ef_ano":[],"ef_componente":[],"class_list":["post-1203","ensino_fundamental","type-ensino_fundamental","status-publish","has-post-thumbnail","hentry","ef_categoria-ciclo-da-adolescencia-fg","ef_categoria-educacao-financeira-e-empreendedorismo-ciclo-da-adolescencia-fg","entry","has-media"],"acf":[],"_links":{"self":[{"href":"https:\/\/sme.goiania.go.gov.br\/conexaoescola\/wp-json\/wp\/v2\/ensino_fundamental\/1203","targetHints":{"allow":["GET"]}}],"collection":[{"href":"https:\/\/sme.goiania.go.gov.br\/conexaoescola\/wp-json\/wp\/v2\/ensino_fundamental"}],"about":[{"href":"https:\/\/sme.goiania.go.gov.br\/conexaoescola\/wp-json\/wp\/v2\/types\/ensino_fundamental"}],"author":[{"embeddable":true,"href":"https:\/\/sme.goiania.go.gov.br\/conexaoescola\/wp-json\/wp\/v2\/users\/8"}],"version-history":[{"count":0,"href":"https:\/\/sme.goiania.go.gov.br\/conexaoescola\/wp-json\/wp\/v2\/ensino_fundamental\/1203\/revisions"}],"wp:featuredmedia":[{"embeddable":true,"href":"https:\/\/sme.goiania.go.gov.br\/conexaoescola\/wp-json\/wp\/v2\/media\/1211"}],"wp:attachment":[{"href":"https:\/\/sme.goiania.go.gov.br\/conexaoescola\/wp-json\/wp\/v2\/media?parent=1203"}],"wp:term":[{"taxonomy":"ef_categoria","embeddable":true,"href":"https:\/\/sme.goiania.go.gov.br\/conexaoescola\/wp-json\/wp\/v2\/ef_categoria?post=1203"},{"taxonomy":"ef_ano","embeddable":true,"href":"https:\/\/sme.goiania.go.gov.br\/conexaoescola\/wp-json\/wp\/v2\/ef_ano?post=1203"},{"taxonomy":"ef_componente","embeddable":true,"href":"https:\/\/sme.goiania.go.gov.br\/conexaoescola\/wp-json\/wp\/v2\/ef_componente?post=1203"}],"curies":[{"name":"wp","href":"https:\/\/api.w.org\/{rel}","templated":true}]}}

Como ser um consumidor responsável?

<div class="wp-block-columns is-layout-flex wp-container-core-columns-is-layout-9d6595d7 wp-block-columns-is-layout-flex">
<div class="wp-block-column is-layout-flow wp-block-column-is-layout-flow" style="flex-basis:25%"></div>



<div class="wp-block-column is-layout-flow wp-block-column-is-layout-flow" style="flex-basis:50%">
<figure class="wp-block-embed-youtube wp-block-embed is-type-video is-provider-youtube wp-embed-aspect-16-9 wp-has-aspect-ratio"><div class="wp-block-embed__wrapper">
<p class="responsive-video-wrap clr"><iframe title="Consumo: dá para reduzir?" width="1200" height="675" src="https://www.youtube.com/embed/i-hXJhpmZAo?feature=oembed" frameborder="0" allow="accelerometer; autoplay; encrypted-media; gyroscope; picture-in-picture" allowfullscreen></iframe></p>
</div></figure>
</div>



<div class="wp-block-column is-layout-flow wp-block-column-is-layout-flow" style="flex-basis:25%"></div>
</div>



<p>Os seres humanos consomem comidas, roupas, tecnologias, músicas, filmes e outros produtos. A forma de consumo pode trazer efeitos ruins para a humanidade e para o planeta Terra. Assista ao vídeo “Consumo Responsável”, do canal Programa Água Brasil, postado no Youtube e conheça um pouco mais sobre esses efeitos</p>



<figure class="wp-block-embed-youtube wp-block-embed is-type-video is-provider-youtube wp-embed-aspect-16-9 wp-has-aspect-ratio"><div class="wp-block-embed__wrapper">
<p class="responsive-video-wrap clr"><iframe title="Consumo Responsável" width="1200" height="675" src="https://www.youtube.com/embed/KlV3ASpM19M?feature=oembed" frameborder="0" allow="accelerometer; autoplay; encrypted-media; gyroscope; picture-in-picture" allowfullscreen></iframe></p>
</div></figure>



<p>Nesse vídeo, você aprendeu muitos aspectos do Consumo Responsável. Vamos ver se você consegue lembrar de tudo?</p>



<p>Registre em seu caderno os seguintes pontos exibidos no filme:</p>



<ol class="wp-block-list"><li>Quantas pessoas vivem na terra e do que elas precisam para viver?</li><li>Por que compramos coisas que não precisamos?</li><li>Você já comprou alguma coisa que não precisava? Conte como foi.</li><li>Escreva um texto, explicando quando o consumo deixa de ser sinônimo de destruição.</li></ol>



<p>O vídeo acima traz mais assuntos interessantes. Você lembra o que é uma sociedade de consumo e quais as consequências disso? Quantos planetas são necessários para manter o padrão médio de consumo dos brasileiros? São informações importantes para você informar a sua família, conscientizando-os das mudanças de hábitos para se tornar um Consumidor Responsável.</p>



<p>Falando em mudança de hábitos, faça em seu caderno um resumo dos 5 R’s (REPENSAR, RECUSAR, REDUZIR, REUTILIZAR E RECICLAR) apresentados no vídeo. Use esse resumo quando for conversar com sua família e seus amigos, argumentando sobre a urgência dessa mudança.&nbsp;</p>



<p>No texto “Dicas para consumo responsável”, elaborado por Maria Christina Leme C. G. e Amadeu José Montangnini Logarezzi, disponibilizado no link abaixo, são listadas algumas dicas que te ajudarão a praticar o Consumo Responsável. Leia com atenção.</p>



<p><a href="http://www.ufscar.br/consusol/arquivos/dicas.pdf">http://www.ufscar.br/consusol/arquivos/dicas.pdf</a></p>



<p>Conte também como você fará para colocar em ação as demais dicas. Na 7ª dica, ENTRAR EM CONTATO, está descrita uma sigla: “SAC”. Você sabe o que é isso? Faça uma pesquisa, pergunte para sua família e registre em seu caderno.</p>



<p>Para te ajudar a começar seu novo estilo de vida, de um consumidor responsável, assista ao vídeo “VASO AUTOIRRIGÁVEL ANTI DENGUE (ANTI-AEDES) COM GARRAFA PET – DIY”, do canal Alessa Mori, publicado no Youtube. Você aprenderá a fazer um vaso auto irrigável de garrafa Pet.&nbsp;</p>



<figure class="wp-block-embed-youtube wp-block-embed is-type-video is-provider-youtube wp-embed-aspect-16-9 wp-has-aspect-ratio"><div class="wp-block-embed__wrapper">
<p class="responsive-video-wrap clr"><iframe title="⭐VASO AUTOIRRIGÁVEL ANTIDENGUE (ANTI-AEDES) COM GARRAFA PET - DIY" width="1200" height="675" src="https://www.youtube.com/embed/iZVYm-ghVTA?feature=oembed" frameborder="0" allow="accelerometer; autoplay; encrypted-media; gyroscope; picture-in-picture" allowfullscreen></iframe></p>
</div></figure>



<p>Com isso, você pode fazer sua horta, ajudando nas finanças e na saúde da família. Caso deseje, pode ensinar seus amigos a fazerem a mesma coisa. Até a próxima.</p>



<p>________________________</p>



<p>Leitura complementar:</p>



<p><a href="https://www.fortbrasil.com.br/sites/default/files/capaF3.pdf">https://www.fortbrasil.com.br/sites/default/files/capaF3.pdf</a></p>



<p></p>



<hr class="wp-block-separator"/>



<p class="has-text-align-center"><br><br><a href="http://sme.goiania.go.gov.br/conexaoescola/page-ensino-fundamental/ciclo-da-infancia-turmas-f-e-g/">Ensino Fundamental – Ciclo da Adolescência – F e G – Educação Financeira e Empreendedorismo</a></p>
