{"id":10453,"date":"2020-10-12T07:00:00","date_gmt":"2020-10-12T10:00:00","guid":{"rendered":"http:\/\/sme.goiania.go.gov.br\/conexaoescola\/?post_type=ensino_fundamental&#038;p=10453"},"modified":"2020-10-06T09:33:08","modified_gmt":"2020-10-06T12:33:08","slug":"o-ovo-voce-sabe-de-onde-vem-2","status":"publish","type":"ensino_fundamental","link":"https:\/\/sme.goiania.go.gov.br\/conexaoescola\/ensino_fundamental\/o-ovo-voce-sabe-de-onde-vem-2\/","title":{"rendered":"O ovo: voc\u00ea sabe de onde vem?"},"content":{"rendered":"\n<p class=\"has-drop-cap has-medium-font-size\">Ol\u00e1!&nbsp; Voc\u00ea j\u00e1 comeu um Omelete?&nbsp;&nbsp; Qual o ingrediente principal que eu uso para fazer?&nbsp; Voc\u00ea j\u00e1 observou que nossa alimenta\u00e7\u00e3o tem uma origem,&nbsp; isto \u00e9, vem de algum lugar? Nesta atividade vamos aprender&nbsp; mais sobre o trajeto percorrido pelo alimento at\u00e9 chegar na&nbsp; nossa mesa e os cuidados com a higiene que devemos ter&nbsp; com o mesmo e as prefer\u00eancias dos animais pelos alimentos.<\/p>\n\n\n\n<hr class=\"wp-block-separator\"\/>\n\n\n\n<p class=\"has-text-color has-background has-very-light-gray-color has-very-dark-gray-background-color\"><strong>Atividade 1&nbsp;<\/strong><\/p>\n\n\n\n<p class=\"has-medium-font-size\">Assista ao v\u00eddeo &nbsp;Kika \u2013 De Onde Vem o Ovo? Convide pessoas da sua casa para assistirem com &nbsp;voc\u00ea, ficar\u00e1 bem interessante.&nbsp;<\/p>\n\n\n\n<figure class=\"wp-block-embed-youtube wp-block-embed is-type-video is-provider-youtube wp-embed-aspect-4-3 wp-has-aspect-ratio\"><div class=\"wp-block-embed__wrapper\">\n<p class=\"responsive-video-wrap clr\"><iframe title=\"De Onde Vem o Ovo? #Epis\u00f3dio 13\" width=\"1200\" height=\"900\" src=\"https:\/\/www.youtube.com\/embed\/xaNLpqz8Mjg?feature=oembed\" frameborder=\"0\" allow=\"accelerometer; autoplay; clipboard-write; encrypted-media; gyroscope; picture-in-picture\" allowfullscreen><\/iframe><\/p>\n<\/div><figcaption>&#8220;De Onde Vem o Ovo?&#8221; Canal: <a href=\"https:\/\/www.youtube.com\/channel\/UCEqIxM3b47mxLyStbDGa8xw\">De Onde Vem?<\/a> &#8211; https:\/\/www.youtube.com\/watch?v=xaNLpqz8Mjg<br><br><\/figcaption><\/figure>\n\n\n\n<hr class=\"wp-block-separator\"\/>\n\n\n\n<p class=\"has-text-color has-background has-very-light-gray-color has-very-dark-gray-background-color\"><strong>Atividade 2&nbsp;<\/strong><\/p>\n\n\n\n<p class=\"has-medium-font-size\">Agora que voc\u00ea assistiu ao v\u00eddeo, De onde vem o ovo? Conte para algu\u00e9m da sua&nbsp; fam\u00edlia:&nbsp;<\/p>\n\n\n\n<p class=\"has-medium-font-size\">\u2b9a De onde vem o ovo?&nbsp;<\/p>\n\n\n\n<p class=\"has-medium-font-size\">\u2b9a Como o ovo foi transportado?&nbsp;<\/p>\n\n\n\n<p class=\"has-medium-font-size\">\u2b9a Quais os cuidados necess\u00e1rios?&nbsp;<\/p>\n\n\n\n<p class=\"has-medium-font-size\">\u2b9a Do que \u00e9 feito o omelete?&nbsp;<\/p>\n\n\n\n<p class=\"has-medium-font-size\">\u2b9a Al\u00e9m do omelete qual outra forma podemos comer o ovo?<\/p>\n\n\n\n<p class=\"has-text-color has-background has-medium-font-size has-very-light-gray-color has-very-dark-gray-background-color\"><strong>Atividade 3&nbsp;<\/strong><\/p>\n\n\n\n<p>Acesse o link https:\/\/www.youtube.com\/watch?v=2-T_jT4Ux70 e assista a hist\u00f3ria:&nbsp; \u201cO Sandu\u00edche da Maricota\u201d&nbsp;<\/p>\n\n\n\n<figure class=\"wp-block-embed-youtube wp-block-embed is-type-video is-provider-youtube wp-embed-aspect-4-3 wp-has-aspect-ratio\"><div class=\"wp-block-embed__wrapper\">\n<p class=\"responsive-video-wrap clr\"><iframe title=\"sanduiche maricota\" width=\"1200\" height=\"900\" src=\"https:\/\/www.youtube.com\/embed\/2-T_jT4Ux70?feature=oembed\" frameborder=\"0\" allow=\"accelerometer; autoplay; clipboard-write; encrypted-media; gyroscope; picture-in-picture\" allowfullscreen><\/iframe><\/p>\n<\/div><figcaption>&#8220;sanduiche Maricota&#8221; Canal: <a href=\"https:\/\/www.youtube.com\/channel\/UCoC1dxcgLAGsv2SdQFrFD9Q\">Jaque A<\/a> &#8211; https:\/\/www.youtube.com\/watch?v=2-T_jT4Ux70<\/figcaption><\/figure>\n\n\n\n<hr class=\"wp-block-separator\"\/>\n\n\n\n<p class=\"has-text-color has-background has-medium-font-size has-very-light-gray-color has-very-dark-gray-background-color\"><strong>Atividade 4&nbsp;<\/strong><\/p>\n\n\n\n<p class=\"has-medium-font-size\">Agora que voc\u00ea assistiu a hist\u00f3ria, O sandu\u00edche da Maricota, conte para seu respons\u00e1vel o que cada animal gostaria que Maricota colocasse em seu&nbsp; sandu\u00edche.&nbsp;<\/p>\n\n\n\n<p class=\"has-medium-font-size\"><strong>GALINHA &#8211; BODE \u2013 GATO \u2013 C\u00c3O \u2013 ABELHA \u2013 MACACO &#8211; RATO &#8211; RAPOSA&nbsp;<\/strong><\/p>\n\n\n\n<p class=\"has-medium-font-size\">Agora responda oralmente:&nbsp;<\/p>\n\n\n\n<p class=\"has-medium-font-size\">\u2b9a O que a galinha Maricota estava fazendo?&nbsp;<\/p>\n\n\n\n<p class=\"has-medium-font-size\">\u2b9a Qual foi o problema que surgiu?&nbsp;<\/p>\n\n\n\n<p class=\"has-medium-font-size\">\u2b9a Qual a solu\u00e7\u00e3o encontrada?&nbsp;<\/p>\n\n\n\n<p class=\"has-text-color has-background has-medium-font-size has-very-light-gray-color has-very-dark-gray-background-color\"><strong>Atividade 5&nbsp;&nbsp;<\/strong><\/p>\n\n\n\n<p class=\"has-medium-font-size\">Voc\u00ea j\u00e1 fez um sandu\u00edche?&nbsp;&nbsp;<\/p>\n\n\n\n<p class=\"has-medium-font-size\">Observe a lista abaixo, leia e copie no seu caderno, apenas os itens que podem&nbsp; fazer parte de um sandu\u00edche:&nbsp;<\/p>\n\n\n\n<p class=\"has-medium-font-size\">PRESUNTO CADERNO P\u00c3O&nbsp;<\/p>\n\n\n\n<p class=\"has-medium-font-size\">L\u00c1PIS QUEIJO OVO&nbsp;<\/p>\n\n\n\n<p class=\"has-medium-font-size\">MANTEIGA MILHO ESCADA&nbsp;&nbsp;<\/p>\n\n\n\n<p class=\"has-medium-font-size\">CARNE ALFACE TOMATE&nbsp;&nbsp;<\/p>\n\n\n\n<p class=\"has-medium-font-size\">REQUEIJ\u00c3O PIRULITO CENOURA&nbsp;&nbsp;<\/p>\n\n\n\n<p class=\"has-large-font-size\">Agora \u00e9 a sua vez!!!&nbsp;<\/p>\n\n\n\n<p class=\"has-medium-font-size\">Maricota quer saber quais os ingredientes que voc\u00ea gostaria que tivesse no seu&nbsp; sandu\u00edche?&nbsp;&nbsp;<\/p>\n\n\n\n<p class=\"has-medium-font-size\">Escreva em seu caderno.&nbsp;&nbsp;<\/p>\n\n\n\n<p class=\"has-medium-font-size\">Depois desenhe como ele ficou.<\/p>\n\n\n\n<p><strong>Saiba Mais | &nbsp;Refer\u00eancias:<\/strong><\/p>\n\n\n\n<div class=\"wp-block-columns is-layout-flex wp-container-core-columns-is-layout-9d6595d7 wp-block-columns-is-layout-flex\">\n<div class=\"wp-block-column is-layout-flow wp-block-column-is-layout-flow\">\n<figure class=\"wp-block-embed-youtube wp-block-embed is-type-video is-provider-youtube wp-embed-aspect-4-3 wp-has-aspect-ratio\"><div class=\"wp-block-embed__wrapper\">\n<p class=\"responsive-video-wrap clr\"><iframe title=\"Chico Bento em: Na ro\u00e7a \u00e9 diferente - Turma da M\u00f4nica (1990)\" width=\"1200\" height=\"900\" src=\"https:\/\/www.youtube.com\/embed\/Bfx_E3zvnjc?feature=oembed\" frameborder=\"0\" allow=\"accelerometer; autoplay; clipboard-write; encrypted-media; gyroscope; picture-in-picture\" allowfullscreen><\/iframe><\/p>\n<\/div><figcaption>&#8220;Chico Bento em: Na ro\u00e7a \u00e9 diferente &#8211; Turma da M\u00f4nica&#8221;Canal: <a href=\"https:\/\/www.youtube.com\/channel\/UCV4XcEqBswMCryorV_gNENw\">Turma da M\u00f4nica<\/a> https:\/\/www.youtube.com\/watch?v=Bfx_E3zvnjc<br><br><\/figcaption><\/figure>\n<\/div>\n\n\n\n<div class=\"wp-block-column is-layout-flow wp-block-column-is-layout-flow\">\n<figure class=\"wp-block-embed-youtube wp-block-embed is-type-video is-provider-youtube wp-embed-aspect-16-9 wp-has-aspect-ratio\"><div class=\"wp-block-embed__wrapper\">\n<p class=\"responsive-video-wrap clr\"><iframe title=\"O Ovo (Ivan e Marcelo)\" width=\"1200\" height=\"675\" src=\"https:\/\/www.youtube.com\/embed\/NfTZMbYMM9I?feature=oembed\" frameborder=\"0\" allow=\"accelerometer; autoplay; clipboard-write; encrypted-media; gyroscope; picture-in-picture\" allowfullscreen><\/iframe><\/p>\n<\/div><figcaption>&#8220;O Ovo&#8221; Canal: <a href=\"https:\/\/www.youtube.com\/channel\/UCEKnIkvhi0smOn9Vdpg6WJg\">Entre Livros e Contos<\/a> &#8211; https:\/\/www.youtube.com\/watch?v=NfTZMbYMM9I<\/figcaption><\/figure>\n\n\n\n<figure class=\"wp-block-embed-youtube wp-block-embed is-type-video is-provider-youtube wp-embed-aspect-16-9 wp-has-aspect-ratio\"><div class=\"wp-block-embed__wrapper\">\n<p class=\"responsive-video-wrap clr\"><iframe title=\"A Galinha Maricota\" width=\"1200\" height=\"675\" src=\"https:\/\/www.youtube.com\/embed\/c4lwsnisX4I?feature=oembed\" frameborder=\"0\" allow=\"accelerometer; autoplay; clipboard-write; encrypted-media; gyroscope; picture-in-picture\" allowfullscreen><\/iframe><\/p>\n<\/div><figcaption>&#8220;A Galinha Maricota&#8221; Canal: <a href=\"https:\/\/www.youtube.com\/channel\/UCrqiKujcQRl22wdnQsHVs4Q\">A Turma do Tio Marquinhos<\/a> &#8211; https:\/\/www.youtube.com\/watch?v=c4lwsnisX4I<\/figcaption><\/figure>\n<\/div>\n<\/div>\n\n\n\n<hr class=\"wp-block-separator\"\/>\n\n\n\n<figure class=\"wp-block-table alignfull\"><table><tbody><tr><td>Objeto de<br>Conhecimento<\/td><td>Identifica\u00e7\u00e3o de: cen\u00e1rio, personagem central, conflito<br>gerador, resolu\u00e7\u00e3o e o ponto de vista de hist\u00f3rias narradas, foco narrativo. Compreens\u00e3o em leitura: Situa\u00e7\u00e3o comunicativa, finalidade<br>e o tema\/assunto do texto.  Reconto de textos originais e integrais.<\/td><\/tr><tr><td>Habilidades<\/td><td>(EF01LP26). Identificar elementos de uma narrativa lida ou escutada, incluindo personagens, enredo, tempo e espa\u00e7o.<br> (EF12LP04-A\/B\/C\/D). Ler e compreender, em colabora\u00e7\u00e3o com os colegas e com a ajuda do professor ou j\u00e1 com certa autonomia, listas, bilhetes, calend\u00e1rios, avisos, convites, receitas, entre outros g\u00eaneros, considerando a situa\u00e7\u00e3o comunicativa e o tema\/assunto do texto e relacionando sua forma de organiza\u00e7\u00e3o a sua finalidade.<br>(EF15LP19-C). Recontar, a partir de textos originais e<br>integrais, escritos em registro liter\u00e1rio, em situa\u00e7\u00f5es<br>comunicativas especificas para a conta\u00e7\u00e3o de hist\u00f3rias, como rodas com familiares e \/ou colegas, saraus.<\/td><\/tr><\/tbody><\/table><\/figure>\n\n\n\n<hr class=\"wp-block-separator\"\/>\n\n\n\n<figure class=\"wp-block-table alignfull\"><table><tbody><tr><td>Proponentes\/<br>Professores:<\/td><td>Isis Aparecida Sales de Souza<br>Regina de F\u00e1tima de Almeida Prado<\/td><\/tr><tr><td>Institui\u00e7\u00e3o<br>Educacional:<\/td><td>Escola Municipal Manoel Jos\u00e9 de Oliveira<\/td><\/tr><tr><td>CRE:<\/td><td>Coordenadoria Regional Maria Thom\u00e9 Neto<\/td><\/tr><\/tbody><\/table><\/figure>\n\n\n\n<hr class=\"wp-block-separator\"\/>\n\n\n\n<p class=\"has-text-align-center\">Ensino Fundamental &#8211; Ciclo da Inf\u00e2ncia &#8211; Turma &#8211; A &#8211; 1\u00ba ano &#8211; Experi\u00eancias e Curiosidades<\/p>\n","protected":false},"author":24,"featured_media":10973,"template":"","ef_categoria":[13,21],"ef_ano":[],"ef_componente":[],"class_list":["post-10453","ensino_fundamental","type-ensino_fundamental","status-publish","has-post-thumbnail","hentry","ef_categoria-ciclo-da-infancia-abc","ef_categoria-experiencias-e-curiosidades","entry","has-media"],"acf":[],"_links":{"self":[{"href":"https:\/\/sme.goiania.go.gov.br\/conexaoescola\/wp-json\/wp\/v2\/ensino_fundamental\/10453","targetHints":{"allow":["GET"]}}],"collection":[{"href":"https:\/\/sme.goiania.go.gov.br\/conexaoescola\/wp-json\/wp\/v2\/ensino_fundamental"}],"about":[{"href":"https:\/\/sme.goiania.go.gov.br\/conexaoescola\/wp-json\/wp\/v2\/types\/ensino_fundamental"}],"author":[{"embeddable":true,"href":"https:\/\/sme.goiania.go.gov.br\/conexaoescola\/wp-json\/wp\/v2\/users\/24"}],"version-history":[{"count":0,"href":"https:\/\/sme.goiania.go.gov.br\/conexaoescola\/wp-json\/wp\/v2\/ensino_fundamental\/10453\/revisions"}],"wp:featuredmedia":[{"embeddable":true,"href":"https:\/\/sme.goiania.go.gov.br\/conexaoescola\/wp-json\/wp\/v2\/media\/10973"}],"wp:attachment":[{"href":"https:\/\/sme.goiania.go.gov.br\/conexaoescola\/wp-json\/wp\/v2\/media?parent=10453"}],"wp:term":[{"taxonomy":"ef_categoria","embeddable":true,"href":"https:\/\/sme.goiania.go.gov.br\/conexaoescola\/wp-json\/wp\/v2\/ef_categoria?post=10453"},{"taxonomy":"ef_ano","embeddable":true,"href":"https:\/\/sme.goiania.go.gov.br\/conexaoescola\/wp-json\/wp\/v2\/ef_ano?post=10453"},{"taxonomy":"ef_componente","embeddable":true,"href":"https:\/\/sme.goiania.go.gov.br\/conexaoescola\/wp-json\/wp\/v2\/ef_componente?post=10453"}],"curies":[{"name":"wp","href":"https:\/\/api.w.org\/{rel}","templated":true}]}}

O ovo: você sabe de onde vem?

<p class="has-drop-cap has-medium-font-size">Olá!&nbsp; Você já comeu um Omelete?&nbsp;&nbsp; Qual o ingrediente principal que eu uso para fazer?&nbsp; Você já observou que nossa alimentação tem uma origem,&nbsp; isto é, vem de algum lugar? Nesta atividade vamos aprender&nbsp; mais sobre o trajeto percorrido pelo alimento até chegar na&nbsp; nossa mesa e os cuidados com a higiene que devemos ter&nbsp; com o mesmo e as preferências dos animais pelos alimentos.</p>



<hr class="wp-block-separator"/>



<p class="has-text-color has-background has-very-light-gray-color has-very-dark-gray-background-color"><strong>Atividade 1&nbsp;</strong></p>



<p class="has-medium-font-size">Assista ao vídeo &nbsp;Kika – De Onde Vem o Ovo? Convide pessoas da sua casa para assistirem com &nbsp;você, ficará bem interessante.&nbsp;</p>



<figure class="wp-block-embed-youtube wp-block-embed is-type-video is-provider-youtube wp-embed-aspect-4-3 wp-has-aspect-ratio"><div class="wp-block-embed__wrapper">
<p class="responsive-video-wrap clr"><iframe title="De Onde Vem o Ovo? #Episódio 13" width="1200" height="900" src="https://www.youtube.com/embed/xaNLpqz8Mjg?feature=oembed" frameborder="0" allow="accelerometer; autoplay; clipboard-write; encrypted-media; gyroscope; picture-in-picture" allowfullscreen></iframe></p>
</div><figcaption>&#8220;De Onde Vem o Ovo?&#8221; Canal: <a href="https://www.youtube.com/channel/UCEqIxM3b47mxLyStbDGa8xw">De Onde Vem?</a> &#8211; https://www.youtube.com/watch?v=xaNLpqz8Mjg<br><br></figcaption></figure>



<hr class="wp-block-separator"/>



<p class="has-text-color has-background has-very-light-gray-color has-very-dark-gray-background-color"><strong>Atividade 2&nbsp;</strong></p>



<p class="has-medium-font-size">Agora que você assistiu ao vídeo, De onde vem o ovo? Conte para alguém da sua&nbsp; família:&nbsp;</p>



<p class="has-medium-font-size">⮚ De onde vem o ovo?&nbsp;</p>



<p class="has-medium-font-size">⮚ Como o ovo foi transportado?&nbsp;</p>



<p class="has-medium-font-size">⮚ Quais os cuidados necessários?&nbsp;</p>



<p class="has-medium-font-size">⮚ Do que é feito o omelete?&nbsp;</p>



<p class="has-medium-font-size">⮚ Além do omelete qual outra forma podemos comer o ovo?</p>



<p class="has-text-color has-background has-medium-font-size has-very-light-gray-color has-very-dark-gray-background-color"><strong>Atividade 3&nbsp;</strong></p>



<p>Acesse o link https://www.youtube.com/watch?v=2-T_jT4Ux70 e assista a história:&nbsp; “O Sanduíche da Maricota”&nbsp;</p>



<figure class="wp-block-embed-youtube wp-block-embed is-type-video is-provider-youtube wp-embed-aspect-4-3 wp-has-aspect-ratio"><div class="wp-block-embed__wrapper">
<p class="responsive-video-wrap clr"><iframe title="sanduiche maricota" width="1200" height="900" src="https://www.youtube.com/embed/2-T_jT4Ux70?feature=oembed" frameborder="0" allow="accelerometer; autoplay; clipboard-write; encrypted-media; gyroscope; picture-in-picture" allowfullscreen></iframe></p>
</div><figcaption>&#8220;sanduiche Maricota&#8221; Canal: <a href="https://www.youtube.com/channel/UCoC1dxcgLAGsv2SdQFrFD9Q">Jaque A</a> &#8211; https://www.youtube.com/watch?v=2-T_jT4Ux70</figcaption></figure>



<hr class="wp-block-separator"/>



<p class="has-text-color has-background has-medium-font-size has-very-light-gray-color has-very-dark-gray-background-color"><strong>Atividade 4&nbsp;</strong></p>



<p class="has-medium-font-size">Agora que você assistiu a história, O sanduíche da Maricota, conte para seu responsável o que cada animal gostaria que Maricota colocasse em seu&nbsp; sanduíche.&nbsp;</p>



<p class="has-medium-font-size"><strong>GALINHA &#8211; BODE – GATO – CÃO – ABELHA – MACACO &#8211; RATO &#8211; RAPOSA&nbsp;</strong></p>



<p class="has-medium-font-size">Agora responda oralmente:&nbsp;</p>



<p class="has-medium-font-size">⮚ O que a galinha Maricota estava fazendo?&nbsp;</p>



<p class="has-medium-font-size">⮚ Qual foi o problema que surgiu?&nbsp;</p>



<p class="has-medium-font-size">⮚ Qual a solução encontrada?&nbsp;</p>



<p class="has-text-color has-background has-medium-font-size has-very-light-gray-color has-very-dark-gray-background-color"><strong>Atividade 5&nbsp;&nbsp;</strong></p>



<p class="has-medium-font-size">Você já fez um sanduíche?&nbsp;&nbsp;</p>



<p class="has-medium-font-size">Observe a lista abaixo, leia e copie no seu caderno, apenas os itens que podem&nbsp; fazer parte de um sanduíche:&nbsp;</p>



<p class="has-medium-font-size">PRESUNTO CADERNO PÃO&nbsp;</p>



<p class="has-medium-font-size">LÁPIS QUEIJO OVO&nbsp;</p>



<p class="has-medium-font-size">MANTEIGA MILHO ESCADA&nbsp;&nbsp;</p>



<p class="has-medium-font-size">CARNE ALFACE TOMATE&nbsp;&nbsp;</p>



<p class="has-medium-font-size">REQUEIJÃO PIRULITO CENOURA&nbsp;&nbsp;</p>



<p class="has-large-font-size">Agora é a sua vez!!!&nbsp;</p>



<p class="has-medium-font-size">Maricota quer saber quais os ingredientes que você gostaria que tivesse no seu&nbsp; sanduíche?&nbsp;&nbsp;</p>



<p class="has-medium-font-size">Escreva em seu caderno.&nbsp;&nbsp;</p>



<p class="has-medium-font-size">Depois desenhe como ele ficou.</p>



<p><strong>Saiba Mais | &nbsp;Referências:</strong></p>



<div class="wp-block-columns is-layout-flex wp-container-core-columns-is-layout-9d6595d7 wp-block-columns-is-layout-flex">
<div class="wp-block-column is-layout-flow wp-block-column-is-layout-flow">
<figure class="wp-block-embed-youtube wp-block-embed is-type-video is-provider-youtube wp-embed-aspect-4-3 wp-has-aspect-ratio"><div class="wp-block-embed__wrapper">
<p class="responsive-video-wrap clr"><iframe title="Chico Bento em: Na roça é diferente - Turma da Mônica (1990)" width="1200" height="900" src="https://www.youtube.com/embed/Bfx_E3zvnjc?feature=oembed" frameborder="0" allow="accelerometer; autoplay; clipboard-write; encrypted-media; gyroscope; picture-in-picture" allowfullscreen></iframe></p>
</div><figcaption>&#8220;Chico Bento em: Na roça é diferente &#8211; Turma da Mônica&#8221;Canal: <a href="https://www.youtube.com/channel/UCV4XcEqBswMCryorV_gNENw">Turma da Mônica</a> https://www.youtube.com/watch?v=Bfx_E3zvnjc<br><br></figcaption></figure>
</div>



<div class="wp-block-column is-layout-flow wp-block-column-is-layout-flow">
<figure class="wp-block-embed-youtube wp-block-embed is-type-video is-provider-youtube wp-embed-aspect-16-9 wp-has-aspect-ratio"><div class="wp-block-embed__wrapper">
<p class="responsive-video-wrap clr"><iframe title="O Ovo (Ivan e Marcelo)" width="1200" height="675" src="https://www.youtube.com/embed/NfTZMbYMM9I?feature=oembed" frameborder="0" allow="accelerometer; autoplay; clipboard-write; encrypted-media; gyroscope; picture-in-picture" allowfullscreen></iframe></p>
</div><figcaption>&#8220;O Ovo&#8221; Canal: <a href="https://www.youtube.com/channel/UCEKnIkvhi0smOn9Vdpg6WJg">Entre Livros e Contos</a> &#8211; https://www.youtube.com/watch?v=NfTZMbYMM9I</figcaption></figure>



<figure class="wp-block-embed-youtube wp-block-embed is-type-video is-provider-youtube wp-embed-aspect-16-9 wp-has-aspect-ratio"><div class="wp-block-embed__wrapper">
<p class="responsive-video-wrap clr"><iframe title="A Galinha Maricota" width="1200" height="675" src="https://www.youtube.com/embed/c4lwsnisX4I?feature=oembed" frameborder="0" allow="accelerometer; autoplay; clipboard-write; encrypted-media; gyroscope; picture-in-picture" allowfullscreen></iframe></p>
</div><figcaption>&#8220;A Galinha Maricota&#8221; Canal: <a href="https://www.youtube.com/channel/UCrqiKujcQRl22wdnQsHVs4Q">A Turma do Tio Marquinhos</a> &#8211; https://www.youtube.com/watch?v=c4lwsnisX4I</figcaption></figure>
</div>
</div>



<hr class="wp-block-separator"/>



<figure class="wp-block-table alignfull"><table><tbody><tr><td>Objeto de<br>Conhecimento</td><td>Identificação de: cenário, personagem central, conflito<br>gerador, resolução e o ponto de vista de histórias narradas, foco narrativo. Compreensão em leitura: Situação comunicativa, finalidade<br>e o tema/assunto do texto.  Reconto de textos originais e integrais.</td></tr><tr><td>Habilidades</td><td>(EF01LP26). Identificar elementos de uma narrativa lida ou escutada, incluindo personagens, enredo, tempo e espaço.<br> (EF12LP04-A/B/C/D). Ler e compreender, em colaboração com os colegas e com a ajuda do professor ou já com certa autonomia, listas, bilhetes, calendários, avisos, convites, receitas, entre outros gêneros, considerando a situação comunicativa e o tema/assunto do texto e relacionando sua forma de organização a sua finalidade.<br>(EF15LP19-C). Recontar, a partir de textos originais e<br>integrais, escritos em registro literário, em situações<br>comunicativas especificas para a contação de histórias, como rodas com familiares e /ou colegas, saraus.</td></tr></tbody></table></figure>



<hr class="wp-block-separator"/>



<figure class="wp-block-table alignfull"><table><tbody><tr><td>Proponentes/<br>Professores:</td><td>Isis Aparecida Sales de Souza<br>Regina de Fátima de Almeida Prado</td></tr><tr><td>Instituição<br>Educacional:</td><td>Escola Municipal Manoel José de Oliveira</td></tr><tr><td>CRE:</td><td>Coordenadoria Regional Maria Thomé Neto</td></tr></tbody></table></figure>



<hr class="wp-block-separator"/>



<p class="has-text-align-center">Ensino Fundamental &#8211; Ciclo da Infância &#8211; Turma &#8211; A &#8211; 1º ano &#8211; Experiências e Curiosidades</p>
