{"id":1025,"date":"2020-04-27T07:00:00","date_gmt":"2020-04-27T10:00:00","guid":{"rendered":"http:\/\/sme.goiania.go.gov.br\/conexaoescola\/?post_type=ensino_fundamental&#038;p=1025"},"modified":"2021-11-29T16:35:55","modified_gmt":"2021-11-29T18:35:55","slug":"personagens-da-cultura-popular","status":"publish","type":"ensino_fundamental","link":"https:\/\/sme.goiania.go.gov.br\/conexaoescola\/ensino_fundamental\/personagens-da-cultura-popular\/","title":{"rendered":"ARTE &#8211; Personagens da cultura popular"},"content":{"rendered":"\n<p class=\"has-text-align-center has-medium-font-size\"><strong>Sinopse<\/strong>: M\u00fasicas e personagens da Cultura Popular.<\/p>\n\n\n\n<hr class=\"wp-block-separator\"\/>\n\n\n\n<p class=\"has-black-color has-pale-cyan-blue-background-color has-text-color has-background has-medium-font-size\"><em>Ol\u00e1, estudante!<\/em><br><em>Esta aula de&nbsp;<strong>ARTE&nbsp;<\/strong>com a tem\u00e1tica&nbsp;<strong>M\u00fasica&nbsp;<\/strong>a seguir<\/em>.&nbsp;<em>est\u00e1 dispon\u00edvel juntamente com a proposta de atividade.<\/em> <\/p>\n\n\n\n<hr class=\"wp-block-separator\"\/>\n\n\n\n<figure class=\"wp-block-embed is-type-video is-provider-youtube wp-block-embed-youtube wp-embed-aspect-16-9 wp-has-aspect-ratio\"><div class=\"wp-block-embed__wrapper\">\n<p class=\"responsive-video-wrap clr\"><iframe title=\"Personagens da cultura popular | Hist\u00f3rias em Quadrinhos\" width=\"1200\" height=\"675\" src=\"https:\/\/www.youtube.com\/embed\/q_jyqje5qbY?feature=oembed\" frameborder=\"0\" allow=\"accelerometer; autoplay; clipboard-write; encrypted-media; gyroscope; picture-in-picture\" allowfullscreen><\/iframe><\/p> \n<\/div><figcaption><strong>Personagens da cultura popular | Hist\u00f3rias em Quadrinhos<\/strong> &#8211; https:\/\/www.youtube.com\/watch?v=q_jyqje5qbY<\/figcaption><\/figure>\n\n\n\n<hr class=\"wp-block-separator\"\/>\n\n\n\n<p class=\"has-medium-font-size\"><br>A literatura brasileira \u00e9 recheada de hist\u00f3rias interessantes, uma delas chama-se \u201cUni Duni T\u00ea\u201d e foi escrita por \u00c2ngela Lago. Trata-se de um conto policial, em que os personagens s\u00e3o velhos conhecidos da Cultura Popular.<br><br>Clique no link abaixo para acessar o canal do Alexandre Rocha Sales, no Youtube e assistir ao v\u00eddeo \u201cUNI DUNI T\u00ca\u201d. Nesse v\u00eddeo, na interpreta\u00e7\u00e3o de Omelete e Alexandre, a hist\u00f3ria vem recheada de m\u00fasicas e cantigas que fazem parte do universo infanto-juvenil.<br><br>Aprecie a hist\u00f3ria e divirta-se, buscando desvendar esse mist\u00e9rio. Procure identificar as m\u00fasicas e os personagens.<br><\/p>\n\n\n\n<hr class=\"wp-block-separator\"\/>\n\n\n\n<figure class=\"wp-block-embed is-type-video is-provider-youtube wp-block-embed-youtube wp-embed-aspect-16-9 wp-has-aspect-ratio\"><div class=\"wp-block-embed__wrapper\">\n<p class=\"responsive-video-wrap clr\"><iframe title=\"V\u00cdDEO UNI DUNI T\u00ca\" width=\"1200\" height=\"675\" src=\"https:\/\/www.youtube.com\/embed\/yufwv3Ff9WU?feature=oembed\" frameborder=\"0\" allow=\"accelerometer; autoplay; clipboard-write; encrypted-media; gyroscope; picture-in-picture\" allowfullscreen><\/iframe><\/p>\n<\/div><figcaption><strong>V\u00cdDEO UNI DUNI T\u00ca<\/strong> &#8211; https:\/\/www.youtube.com\/watch?v=yufwv3Ff9WU<\/figcaption><\/figure>\n\n\n\n<hr class=\"wp-block-separator\"\/>\n\n\n\n<p class=\"has-medium-font-size\"><br>E a\u00ed, gostou da hist\u00f3ria? As can\u00e7\u00f5es e parlendas que aparecem fazem parte do folclore brasileiro e s\u00e3o express\u00f5es da nossa cultura, sem contar que nos divertimos muito com elas!<\/p>\n\n\n\n<p class=\"has-medium-font-size\">Agora, fa\u00e7a uma pesquisa das parlendas e cantigas mais comuns da nossa regi\u00e3o. Pegue l\u00e1pis, papel e registre!<br><\/p>\n\n\n\n<hr class=\"wp-block-separator\"\/>\n\n\n\n<p><strong>Habilidades estruturantes\/Habilidades complementares<\/strong><\/p>\n\n\n\n<p>(GO-EF05AR25) Conhecer e valorizar o patrim\u00f4nio e mem\u00f3ria cultural, material e imaterial, de culturas diversas, especialmente&nbsp; da cultura brasileira, incluindo suas matrizes ind\u00edgenas, africanas&nbsp; e europeias, de diferentes \u00e9pocas, ampliando o vocabul\u00e1rio e&nbsp; repert\u00f3rio relativos \u00e0 linguagem musical e \u00e0s diferentes&nbsp; linguagens art\u00edsticas.<\/p>\n\n\n\n<hr class=\"wp-block-separator\"\/>\n\n\n\n<p class=\"has-small-font-size\">Atividade adaptada e atualizada por Maria Madalena de Oliveira e Sousa em 29\/11\/2021<\/p>\n","protected":false},"author":8,"featured_media":134731,"template":"","ef_categoria":[],"ef_ano":[88],"ef_componente":[99],"class_list":["post-1025","ensino_fundamental","type-ensino_fundamental","status-publish","has-post-thumbnail","hentry","ef_ano-5o-ano","ef_componente-arte-ef","entry","has-media"],"acf":[],"_links":{"self":[{"href":"https:\/\/sme.goiania.go.gov.br\/conexaoescola\/wp-json\/wp\/v2\/ensino_fundamental\/1025","targetHints":{"allow":["GET"]}}],"collection":[{"href":"https:\/\/sme.goiania.go.gov.br\/conexaoescola\/wp-json\/wp\/v2\/ensino_fundamental"}],"about":[{"href":"https:\/\/sme.goiania.go.gov.br\/conexaoescola\/wp-json\/wp\/v2\/types\/ensino_fundamental"}],"author":[{"embeddable":true,"href":"https:\/\/sme.goiania.go.gov.br\/conexaoescola\/wp-json\/wp\/v2\/users\/8"}],"version-history":[{"count":0,"href":"https:\/\/sme.goiania.go.gov.br\/conexaoescola\/wp-json\/wp\/v2\/ensino_fundamental\/1025\/revisions"}],"wp:featuredmedia":[{"embeddable":true,"href":"https:\/\/sme.goiania.go.gov.br\/conexaoescola\/wp-json\/wp\/v2\/media\/134731"}],"wp:attachment":[{"href":"https:\/\/sme.goiania.go.gov.br\/conexaoescola\/wp-json\/wp\/v2\/media?parent=1025"}],"wp:term":[{"taxonomy":"ef_categoria","embeddable":true,"href":"https:\/\/sme.goiania.go.gov.br\/conexaoescola\/wp-json\/wp\/v2\/ef_categoria?post=1025"},{"taxonomy":"ef_ano","embeddable":true,"href":"https:\/\/sme.goiania.go.gov.br\/conexaoescola\/wp-json\/wp\/v2\/ef_ano?post=1025"},{"taxonomy":"ef_componente","embeddable":true,"href":"https:\/\/sme.goiania.go.gov.br\/conexaoescola\/wp-json\/wp\/v2\/ef_componente?post=1025"}],"curies":[{"name":"wp","href":"https:\/\/api.w.org\/{rel}","templated":true}]}}

<p class="has-text-align-center has-medium-font-size"><strong>Sinopse</strong>: Músicas e personagens da Cultura Popular.</p>



<hr class="wp-block-separator"/>



<p class="has-black-color has-pale-cyan-blue-background-color has-text-color has-background has-medium-font-size"><em>Olá, estudante!</em><br><em>Esta aula de&nbsp;<strong>ARTE&nbsp;</strong>com a temática&nbsp;<strong>Música&nbsp;</strong>a seguir</em>.&nbsp;<em>está disponível juntamente com a proposta de atividade.</em> </p>



<hr class="wp-block-separator"/>



<figure class="wp-block-embed is-type-video is-provider-youtube wp-block-embed-youtube wp-embed-aspect-16-9 wp-has-aspect-ratio"><div class="wp-block-embed__wrapper">
<p class="responsive-video-wrap clr"><iframe title="Personagens da cultura popular | Histórias em Quadrinhos" width="1200" height="675" src="https://www.youtube.com/embed/q_jyqje5qbY?feature=oembed" frameborder="0" allow="accelerometer; autoplay; clipboard-write; encrypted-media; gyroscope; picture-in-picture" allowfullscreen></iframe></p> 
</div><figcaption><strong>Personagens da cultura popular | Histórias em Quadrinhos</strong> &#8211; https://www.youtube.com/watch?v=q_jyqje5qbY</figcaption></figure>



<hr class="wp-block-separator"/>



<p class="has-medium-font-size"><br>A literatura brasileira é recheada de histórias interessantes, uma delas chama-se “Uni Duni Tê” e foi escrita por Ângela Lago. Trata-se de um conto policial, em que os personagens são velhos conhecidos da Cultura Popular.<br><br>Clique no link abaixo para acessar o canal do Alexandre Rocha Sales, no Youtube e assistir ao vídeo “UNI DUNI TÊ”. Nesse vídeo, na interpretação de Omelete e Alexandre, a história vem recheada de músicas e cantigas que fazem parte do universo infanto-juvenil.<br><br>Aprecie a história e divirta-se, buscando desvendar esse mistério. Procure identificar as músicas e os personagens.<br></p>



<hr class="wp-block-separator"/>



<figure class="wp-block-embed is-type-video is-provider-youtube wp-block-embed-youtube wp-embed-aspect-16-9 wp-has-aspect-ratio"><div class="wp-block-embed__wrapper">
<p class="responsive-video-wrap clr"><iframe title="VÍDEO UNI DUNI TÊ" width="1200" height="675" src="https://www.youtube.com/embed/yufwv3Ff9WU?feature=oembed" frameborder="0" allow="accelerometer; autoplay; clipboard-write; encrypted-media; gyroscope; picture-in-picture" allowfullscreen></iframe></p>
</div><figcaption><strong>VÍDEO UNI DUNI TÊ</strong> &#8211; https://www.youtube.com/watch?v=yufwv3Ff9WU</figcaption></figure>



<hr class="wp-block-separator"/>



<p class="has-medium-font-size"><br>E aí, gostou da história? As canções e parlendas que aparecem fazem parte do folclore brasileiro e são expressões da nossa cultura, sem contar que nos divertimos muito com elas!</p>



<p class="has-medium-font-size">Agora, faça uma pesquisa das parlendas e cantigas mais comuns da nossa região. Pegue lápis, papel e registre!<br></p>



<hr class="wp-block-separator"/>



<p><strong>Habilidades estruturantes/Habilidades complementares</strong></p>



<p>(GO-EF05AR25) Conhecer e valorizar o patrimônio e memória cultural, material e imaterial, de culturas diversas, especialmente&nbsp; da cultura brasileira, incluindo suas matrizes indígenas, africanas&nbsp; e europeias, de diferentes épocas, ampliando o vocabulário e&nbsp; repertório relativos à linguagem musical e às diferentes&nbsp; linguagens artísticas.</p>



<hr class="wp-block-separator"/>



<p class="has-small-font-size">Atividade adaptada e atualizada por Maria Madalena de Oliveira e Sousa em 29/11/2021</p>
