{"id":1006,"date":"2020-04-27T07:00:00","date_gmt":"2020-04-27T10:00:00","guid":{"rendered":"http:\/\/sme.goiania.go.gov.br\/conexaoescola\/?post_type=ensino_fundamental&#038;p=1006"},"modified":"2020-05-26T10:05:31","modified_gmt":"2020-05-26T13:05:31","slug":"xo-virus","status":"publish","type":"ensino_fundamental","link":"https:\/\/sme.goiania.go.gov.br\/conexaoescola\/ensino_fundamental\/xo-virus\/","title":{"rendered":"\u201cX\u00f4 v\u00edrus\u201d!!"},"content":{"rendered":"\n<figure class=\"wp-block-embed-wordpress wp-block-embed is-type-video is-provider-youtube\"><div class=\"wp-block-embed__wrapper\">\n<p class=\"responsive-video-wrap clr\"><iframe title=\"Voc\u00ea j\u00e1 tomou vacina?!?\" width=\"1200\" height=\"675\" src=\"https:\/\/www.youtube.com\/embed\/ZOkpRf0DYIA?feature=oembed\" frameborder=\"0\" allow=\"accelerometer; autoplay; encrypted-media; gyroscope; picture-in-picture\" allowfullscreen><\/iframe><\/p>\n<\/div><\/figure>\n\n\n\n<p class=\"has-medium-font-size\"><br>Voc\u00ea j\u00e1 tomou muitas vacinas? Sabe da import\u00e2ncia delas? Na atividade de hoje, voc\u00eas aprender\u00e3o como as vacinas funcionam e a sua import\u00e2ncia para vencer os invasores do seu corpo, que causam as doen\u00e7as.<\/p>\n\n\n\n<p class=\"has-medium-font-size\">Acesse o link abaixo, entre na Revista Ci\u00eancia Hoje para Crian\u00e7as e encontre o texto \u201cX\u00f4 V\u00edrus\u201d, nas p\u00e1ginas 4 e 5. <\/p>\n\n\n\n<p class=\"has-normal-font-size\"><strong><em>Aten\u00e7\u00e3o: Observe bem as p\u00e1ginas da Revista para localizar o texto indicado!<\/em><\/strong><\/p>\n\n\n\n<p class=\"has-medium-font-size\"><a href=\"http:\/\/capes.cienciahoje.org.br\/viewer\/?file=\/revistas\/pdf\/chc_245.pdf\">http:\/\/capes.cienciahoje.org.br\/viewer\/?file=\/revistas\/pdf\/chc_245.pdf<\/a><\/p>\n\n\n\n<p class=\"has-medium-font-size\">Convide algu\u00e9m da sua casa para ler com voc\u00ea essas p\u00e1ginas e encontre as informa\u00e7\u00f5es abaixo.<\/p>\n\n\n\n<ul class=\"wp-block-list\"><li>a estrutura que um v\u00edrus tem e alguns tipos que existem;<\/li><li>as formas que os v\u00edrus s\u00e3o transmitidos de pessoa para pessoa e as doen\u00e7as que eles podem causar.<\/li><li>a maneira que se faz a vacina e como ela funciona no nosso corpo.<\/li><\/ul>\n\n\n\n<p class=\"has-medium-font-size\"><br>Depois de ouvir e ler o texto \u201cX\u00f4 v\u00edrus!\u201d, reflita se \u00e9 importante tomar vacinas. Converse com sua fam\u00edlia e pergunte se voc\u00ea tomou todas as vacinas que uma crian\u00e7a precisa. Pe\u00e7a para ver seu cart\u00e3o de vacinas e pergunte se est\u00e3o todas certinhas.&nbsp; Pergunte se todos da sua fam\u00edlia tomaram as vacinas na data certa.<br><\/p>\n\n\n\n<p class=\"has-medium-font-size\">Assista ao v\u00eddeo: \u201cTodos contra o coronav\u00edrus!\u201d, da Turma do Printy, postado no Youtube. Observe a letra da m\u00fasica cantada pelos personagens.<br><\/p>\n\n\n\n<figure class=\"wp-block-embed-youtube wp-block-embed is-type-video is-provider-youtube wp-embed-aspect-16-9 wp-has-aspect-ratio\"><div class=\"wp-block-embed__wrapper\">\n<p class=\"responsive-video-wrap clr\"><iframe title=\"&quot;Todos contra o coronavirus!&quot; Clipe educativo para professores de crian\u00e7as.\" width=\"1200\" height=\"675\" src=\"https:\/\/www.youtube.com\/embed\/OY_e3GLoE2E?feature=oembed\" frameborder=\"0\" allow=\"accelerometer; autoplay; encrypted-media; gyroscope; picture-in-picture\" allowfullscreen><\/iframe><\/p>\n<\/div><\/figure>\n\n\n\n<p class=\"has-medium-font-size\"><br>A m\u00fasica fala de um v\u00edrus que est\u00e1 atacando a sa\u00fade das pessoas no mundo todo. H\u00e1 cientistas pesquisando tratamentos e vacinas para que possam combater esse v\u00edrus.&nbsp;&nbsp;<\/p>\n\n\n\n<p class=\"has-medium-font-size\">Veja na m\u00fasica o nome do v\u00edrus e pergunte para a sua fam\u00edlia o que eles sabem sobre isso. Conversem acerca de quais atitudes s\u00e3o importantes para n\u00e3o deixar o v\u00edrus se espalhar entre as pessoas.<\/p>\n\n\n\n<p class=\"has-medium-font-size\">Que tal <strong>fazer um desenho bem legal do coronav\u00edrus? <\/strong>Quem conseguir <strong>pode escrever, no caderno, uma frase sobre o que aprendeu.<\/strong><\/p>\n\n\n\n<p class=\"has-medium-font-size\">At\u00e9 a pr\u00f3xima!!<\/p>\n\n\n\n<hr class=\"wp-block-separator\"\/>\n\n\n\n<p class=\"has-text-align-center\"><br><br><a href=\"http:\/\/sme.goiania.go.gov.br\/conexaoescola\/page-ensino-fundamental\/ciclo-da-infancia-turmas-d-e-e\/\">Ensino Fundamental \u2013 Ciclo da Inf\u00e2ncia \u2013 A, B e C \u2013 Educa\u00e7\u00e3o e Sa\u00fade Ambiental<\/a><\/p>\n","protected":false},"author":8,"featured_media":1007,"template":"","ef_categoria":[13,18],"ef_ano":[],"ef_componente":[],"class_list":["post-1006","ensino_fundamental","type-ensino_fundamental","status-publish","has-post-thumbnail","hentry","ef_categoria-ciclo-da-infancia-abc","ef_categoria-educacao-ambiental-e-saude","entry","has-media"],"acf":[],"_links":{"self":[{"href":"https:\/\/sme.goiania.go.gov.br\/conexaoescola\/wp-json\/wp\/v2\/ensino_fundamental\/1006","targetHints":{"allow":["GET"]}}],"collection":[{"href":"https:\/\/sme.goiania.go.gov.br\/conexaoescola\/wp-json\/wp\/v2\/ensino_fundamental"}],"about":[{"href":"https:\/\/sme.goiania.go.gov.br\/conexaoescola\/wp-json\/wp\/v2\/types\/ensino_fundamental"}],"author":[{"embeddable":true,"href":"https:\/\/sme.goiania.go.gov.br\/conexaoescola\/wp-json\/wp\/v2\/users\/8"}],"version-history":[{"count":0,"href":"https:\/\/sme.goiania.go.gov.br\/conexaoescola\/wp-json\/wp\/v2\/ensino_fundamental\/1006\/revisions"}],"wp:featuredmedia":[{"embeddable":true,"href":"https:\/\/sme.goiania.go.gov.br\/conexaoescola\/wp-json\/wp\/v2\/media\/1007"}],"wp:attachment":[{"href":"https:\/\/sme.goiania.go.gov.br\/conexaoescola\/wp-json\/wp\/v2\/media?parent=1006"}],"wp:term":[{"taxonomy":"ef_categoria","embeddable":true,"href":"https:\/\/sme.goiania.go.gov.br\/conexaoescola\/wp-json\/wp\/v2\/ef_categoria?post=1006"},{"taxonomy":"ef_ano","embeddable":true,"href":"https:\/\/sme.goiania.go.gov.br\/conexaoescola\/wp-json\/wp\/v2\/ef_ano?post=1006"},{"taxonomy":"ef_componente","embeddable":true,"href":"https:\/\/sme.goiania.go.gov.br\/conexaoescola\/wp-json\/wp\/v2\/ef_componente?post=1006"}],"curies":[{"name":"wp","href":"https:\/\/api.w.org\/{rel}","templated":true}]}}

“Xô vírus”!!

<figure class="wp-block-embed-wordpress wp-block-embed is-type-video is-provider-youtube"><div class="wp-block-embed__wrapper">
<p class="responsive-video-wrap clr"><iframe title="Você já tomou vacina?!?" width="1200" height="675" src="https://www.youtube.com/embed/ZOkpRf0DYIA?feature=oembed" frameborder="0" allow="accelerometer; autoplay; encrypted-media; gyroscope; picture-in-picture" allowfullscreen></iframe></p>
</div></figure>



<p class="has-medium-font-size"><br>Você já tomou muitas vacinas? Sabe da importância delas? Na atividade de hoje, vocês aprenderão como as vacinas funcionam e a sua importância para vencer os invasores do seu corpo, que causam as doenças.</p>



<p class="has-medium-font-size">Acesse o link abaixo, entre na Revista Ciência Hoje para Crianças e encontre o texto “Xô Vírus”, nas páginas 4 e 5. </p>



<p class="has-normal-font-size"><strong><em>Atenção: Observe bem as páginas da Revista para localizar o texto indicado!</em></strong></p>



<p class="has-medium-font-size"><a href="http://capes.cienciahoje.org.br/viewer/?file=/revistas/pdf/chc_245.pdf">http://capes.cienciahoje.org.br/viewer/?file=/revistas/pdf/chc_245.pdf</a></p>



<p class="has-medium-font-size">Convide alguém da sua casa para ler com você essas páginas e encontre as informações abaixo.</p>



<ul class="wp-block-list"><li>a estrutura que um vírus tem e alguns tipos que existem;</li><li>as formas que os vírus são transmitidos de pessoa para pessoa e as doenças que eles podem causar.</li><li>a maneira que se faz a vacina e como ela funciona no nosso corpo.</li></ul>



<p class="has-medium-font-size"><br>Depois de ouvir e ler o texto “Xô vírus!”, reflita se é importante tomar vacinas. Converse com sua família e pergunte se você tomou todas as vacinas que uma criança precisa. Peça para ver seu cartão de vacinas e pergunte se estão todas certinhas.&nbsp; Pergunte se todos da sua família tomaram as vacinas na data certa.<br></p>



<p class="has-medium-font-size">Assista ao vídeo: “Todos contra o coronavírus!”, da Turma do Printy, postado no Youtube. Observe a letra da música cantada pelos personagens.<br></p>



<figure class="wp-block-embed-youtube wp-block-embed is-type-video is-provider-youtube wp-embed-aspect-16-9 wp-has-aspect-ratio"><div class="wp-block-embed__wrapper">
<p class="responsive-video-wrap clr"><iframe title="&quot;Todos contra o coronavirus!&quot; Clipe educativo para professores de crianças." width="1200" height="675" src="https://www.youtube.com/embed/OY_e3GLoE2E?feature=oembed" frameborder="0" allow="accelerometer; autoplay; encrypted-media; gyroscope; picture-in-picture" allowfullscreen></iframe></p>
</div></figure>



<p class="has-medium-font-size"><br>A música fala de um vírus que está atacando a saúde das pessoas no mundo todo. Há cientistas pesquisando tratamentos e vacinas para que possam combater esse vírus.&nbsp;&nbsp;</p>



<p class="has-medium-font-size">Veja na música o nome do vírus e pergunte para a sua família o que eles sabem sobre isso. Conversem acerca de quais atitudes são importantes para não deixar o vírus se espalhar entre as pessoas.</p>



<p class="has-medium-font-size">Que tal <strong>fazer um desenho bem legal do coronavírus? </strong>Quem conseguir <strong>pode escrever, no caderno, uma frase sobre o que aprendeu.</strong></p>



<p class="has-medium-font-size">Até a próxima!!</p>



<hr class="wp-block-separator"/>



<p class="has-text-align-center"><br><br><a href="http://sme.goiania.go.gov.br/conexaoescola/page-ensino-fundamental/ciclo-da-infancia-turmas-d-e-e/">Ensino Fundamental – Ciclo da Infância – A, B e C – Educação e Saúde Ambiental</a></p>
