{"id":59151,"date":"2020-11-16T07:00:00","date_gmt":"2020-11-16T09:00:00","guid":{"rendered":"https:\/\/sme.goiania.go.gov.br\/conexaoescola\/?post_type=educacao_infantil&#038;p=59151"},"modified":"2020-11-16T07:20:20","modified_gmt":"2020-11-16T09:20:20","slug":"brincar-para-que","status":"publish","type":"educacao_infantil","link":"https:\/\/sme.goiania.go.gov.br\/conexaoescola\/educacao_infantil\/brincar-para-que\/","title":{"rendered":"Brincar para qu\u00ea?"},"content":{"rendered":"\n<div class=\"wp-block-image is-style-rounded\"><figure class=\"aligncenter size-large is-resized\"><img fetchpriority=\"high\" decoding=\"async\" src=\"https:\/\/sme.goiania.go.gov.br\/conexaoescola\/wp-content\/uploads\/2020\/11\/bempequenas-131-2-e1605293938210.jpg\" alt=\"\" class=\"wp-image-59155\" width=\"717\" height=\"530\" srcset=\"https:\/\/sme.goiania.go.gov.br\/conexaoescola\/wp-content\/uploads\/2020\/11\/bempequenas-131-2-e1605293938210.jpg 492w, https:\/\/sme.goiania.go.gov.br\/conexaoescola\/wp-content\/uploads\/2020\/11\/bempequenas-131-2-e1605293938210-300x222.jpg 300w\" sizes=\"(max-width: 717px) 100vw, 717px\" \/><figcaption>Imagem: http:\/\/massacuca.com\/<\/figcaption><\/figure><\/div>\n\n\n\n<p style=\"background-color:#e0ea2a;color:#232020\" class=\"has-text-color has-background has-drop-cap has-text-align-center has-medium-font-size\"><strong>A brincadeira \u00e9 a atividade principal na inf\u00e2ncia, sendo assim, indispens\u00e1vel para o desenvolvimento das crian\u00e7as.<\/strong> <strong>\u00c9 no brincar que as crian\u00e7as se apropriam de diferentes conhecimentos e ampliam as suas possibilidades de imagina\u00e7\u00e3o, de cria\u00e7\u00e3o, de escolha e tomada de decis\u00f5es. \u00c9 importante que as crian\u00e7as brinquem cotidianamente de diversas formas, em diferentes tempos, espa\u00e7os, sozinhas e com diferentes parceiros.<\/strong><\/p>\n\n\n\n<p style=\"background-color:#d85151;color:#232020\" class=\"has-text-color has-background has-text-align-center has-medium-font-size\"><strong>\u00a0A professora da Secretaria Municipal de Educa\u00e7\u00e3o e Esporte Alana Ferreira do CMEI 13 de maio conhece bem a import\u00e2ncia do brincar na Inf\u00e2ncia, para ela brincar \u00e9 coisa s\u00e9ria. Confira:<\/strong><\/p>\n\n\n\n<figure class=\"wp-block-embed-youtube wp-block-embed is-type-video is-provider-youtube wp-embed-aspect-16-9 wp-has-aspect-ratio\"><div class=\"wp-block-embed__wrapper\">\n<p class=\"responsive-video-wrap clr\"><iframe title=\"&quot;Brincar pra que?&quot; - Professora Alana Ferreira\" width=\"1200\" height=\"675\" src=\"https:\/\/www.youtube.com\/embed\/NB3J10kIh_I?feature=oembed\" frameborder=\"0\" allow=\"accelerometer; autoplay; clipboard-write; encrypted-media; gyroscope; picture-in-picture\" allowfullscreen><\/iframe><\/p>\n<\/div><figcaption>Fonte: Canal do Youtube CMEI 13 de maio<\/figcaption><\/figure>\n\n\n\n<p style=\"background-color:#69d1ab;color:#232020\" class=\"has-text-color has-background has-text-align-center has-medium-font-size\"><strong>Que tal, aceitar o convite da professora Alana. Brinque com o seu filho(a), organize os espa\u00e7o e objetos para realizarem diferentes brincadeiras. Quer se inspirar? &nbsp;Assista ao V\u00eddeo da Professora Daniela Maclina e sua filha Rafaela com dicas de brincadeiras  para fazer a\u00ed na sua casa! <\/strong><\/p>\n\n\n\n<figure class=\"wp-block-embed-youtube wp-block-embed is-type-video is-provider-youtube wp-embed-aspect-16-9 wp-has-aspect-ratio\"><div class=\"wp-block-embed__wrapper\">\n<p class=\"responsive-video-wrap clr\"><iframe title=\"Brincadeiras de antigamente - Daniela e Rafaela\" width=\"1200\" height=\"675\" src=\"https:\/\/www.youtube.com\/embed\/bVCrTY1AV3s?feature=oembed\" frameborder=\"0\" allow=\"accelerometer; autoplay; clipboard-write; encrypted-media; gyroscope; picture-in-picture\" allowfullscreen><\/iframe><\/p>\n<\/div><figcaption>Canal Intera\u00e7\u00f5es e Btrincadeiras<\/figcaption><\/figure>\n\n\n\n<figure class=\"wp-block-table is-style-stripes\"><table><tbody><tr><td>Proponentes\/Curadoria<br><\/td><td>NEC<\/td><\/tr><tr><td>Professoras Convidadas<br><br><br><\/td><td>Professora Alana Ferreira e Professora Daniela Maclina<\/td><\/tr><tr><td>Template<\/td><td>Brincar \u00e9 coisa s\u00e9ria (Cmei 13 de Maio)<\/td><\/tr><\/tbody><\/table><figcaption><br>Educa\u00e7\u00e3o Infantil &#8211; crian\u00e7as bem pequenas <\/figcaption><\/figure>\n","protected":false},"author":15,"featured_media":59153,"template":"","ei_categoria":[11],"class_list":["post-59151","educacao_infantil","type-educacao_infantil","status-publish","has-post-thumbnail","hentry","ei_categoria-criancas-bem-pequenas","entry","has-media"],"acf":[],"_links":{"self":[{"href":"https:\/\/sme.goiania.go.gov.br\/conexaoescola\/wp-json\/wp\/v2\/educacao_infantil\/59151","targetHints":{"allow":["GET"]}}],"collection":[{"href":"https:\/\/sme.goiania.go.gov.br\/conexaoescola\/wp-json\/wp\/v2\/educacao_infantil"}],"about":[{"href":"https:\/\/sme.goiania.go.gov.br\/conexaoescola\/wp-json\/wp\/v2\/types\/educacao_infantil"}],"author":[{"embeddable":true,"href":"https:\/\/sme.goiania.go.gov.br\/conexaoescola\/wp-json\/wp\/v2\/users\/15"}],"wp:featuredmedia":[{"embeddable":true,"href":"https:\/\/sme.goiania.go.gov.br\/conexaoescola\/wp-json\/wp\/v2\/media\/59153"}],"wp:attachment":[{"href":"https:\/\/sme.goiania.go.gov.br\/conexaoescola\/wp-json\/wp\/v2\/media?parent=59151"}],"wp:term":[{"taxonomy":"ei_categoria","embeddable":true,"href":"https:\/\/sme.goiania.go.gov.br\/conexaoescola\/wp-json\/wp\/v2\/ei_categoria?post=59151"}],"curies":[{"name":"wp","href":"https:\/\/api.w.org\/{rel}","templated":true}]}}

Brincar para quê?

<div class="wp-block-image is-style-rounded"><figure class="aligncenter size-large is-resized"><img fetchpriority="high" decoding="async" src="https://sme.goiania.go.gov.br/conexaoescola/wp-content/uploads/2020/11/bempequenas-131-2-e1605293938210.jpg" alt="" class="wp-image-59155" width="717" height="530" srcset="https://sme.goiania.go.gov.br/conexaoescola/wp-content/uploads/2020/11/bempequenas-131-2-e1605293938210.jpg 492w, https://sme.goiania.go.gov.br/conexaoescola/wp-content/uploads/2020/11/bempequenas-131-2-e1605293938210-300x222.jpg 300w" sizes="(max-width: 717px) 100vw, 717px" /><figcaption>Imagem: http://massacuca.com/</figcaption></figure></div>



<p style="background-color:#e0ea2a;color:#232020" class="has-text-color has-background has-drop-cap has-text-align-center has-medium-font-size"><strong>A brincadeira é a atividade principal na infância, sendo assim, indispensável para o desenvolvimento das crianças.</strong> <strong>É no brincar que as crianças se apropriam de diferentes conhecimentos e ampliam as suas possibilidades de imaginação, de criação, de escolha e tomada de decisões. É importante que as crianças brinquem cotidianamente de diversas formas, em diferentes tempos, espaços, sozinhas e com diferentes parceiros.</strong></p>



<p style="background-color:#d85151;color:#232020" class="has-text-color has-background has-text-align-center has-medium-font-size"><strong> A professora da Secretaria Municipal de Educação e Esporte Alana Ferreira do CMEI 13 de maio conhece bem a importância do brincar na Infância, para ela brincar é coisa séria. Confira:</strong></p>



<figure class="wp-block-embed-youtube wp-block-embed is-type-video is-provider-youtube wp-embed-aspect-16-9 wp-has-aspect-ratio"><div class="wp-block-embed__wrapper">
<p class="responsive-video-wrap clr"><iframe title="&quot;Brincar pra que?&quot; - Professora Alana Ferreira" width="1200" height="675" src="https://www.youtube.com/embed/NB3J10kIh_I?feature=oembed" frameborder="0" allow="accelerometer; autoplay; clipboard-write; encrypted-media; gyroscope; picture-in-picture" allowfullscreen></iframe></p>
</div><figcaption>Fonte: Canal do Youtube CMEI 13 de maio</figcaption></figure>



<p style="background-color:#69d1ab;color:#232020" class="has-text-color has-background has-text-align-center has-medium-font-size"><strong>Que tal, aceitar o convite da professora Alana. Brinque com o seu filho(a), organize os espaço e objetos para realizarem diferentes brincadeiras. Quer se inspirar? &nbsp;Assista ao Vídeo da Professora Daniela Maclina e sua filha Rafaela com dicas de brincadeiras  para fazer aí na sua casa! </strong></p>



<figure class="wp-block-embed-youtube wp-block-embed is-type-video is-provider-youtube wp-embed-aspect-16-9 wp-has-aspect-ratio"><div class="wp-block-embed__wrapper">
<p class="responsive-video-wrap clr"><iframe title="Brincadeiras de antigamente - Daniela e Rafaela" width="1200" height="675" src="https://www.youtube.com/embed/bVCrTY1AV3s?feature=oembed" frameborder="0" allow="accelerometer; autoplay; clipboard-write; encrypted-media; gyroscope; picture-in-picture" allowfullscreen></iframe></p>
</div><figcaption>Canal Interações e Btrincadeiras</figcaption></figure>



<figure class="wp-block-table is-style-stripes"><table><tbody><tr><td>Proponentes/Curadoria<br></td><td>NEC</td></tr><tr><td>Professoras Convidadas<br><br><br></td><td>Professora Alana Ferreira e Professora Daniela Maclina</td></tr><tr><td>Template</td><td>Brincar é coisa séria (Cmei 13 de Maio)</td></tr></tbody></table><figcaption><br>Educação Infantil &#8211; crianças bem pequenas </figcaption></figure>
