{"id":4301,"date":"2020-09-14T07:00:00","date_gmt":"2020-09-14T10:00:00","guid":{"rendered":"http:\/\/sme.goiania.go.gov.br\/conexaoescola\/?post_type=educacao_infantil&#038;p=4301"},"modified":"2020-09-16T11:53:43","modified_gmt":"2020-09-16T14:53:43","slug":"conhecendo-ivan-cruz-a-arte-de-brincar","status":"publish","type":"educacao_infantil","link":"https:\/\/sme.goiania.go.gov.br\/conexaoescola\/educacao_infantil\/conhecendo-ivan-cruz-a-arte-de-brincar\/","title":{"rendered":"Conhecendo Ivan Cruz: a arte de brincar"},"content":{"rendered":"\n<p>As brincadeiras passam de gera\u00e7\u00e3o em gera\u00e7\u00e3o, resgatando tra\u00e7os da cultura e da hist\u00f3ria de um povo. Al\u00e9m disso, \u00e9 poss\u00edvel retratar essa cultura atrav\u00e9s das diferentes linguagens da Arte, como por exemplo, as Artes Visuais &#8211; pintura, escultura, desenho, gravura, fotografia, as artes gr\u00e1ficas e etc.<\/p>\n\n\n\n<p>A professora Fernanda Moura da Escola Municipal Jardim Am\u00e9rica faz um convite para conhecermos diferentes brincadeiras  atrav\u00e9s das telas pintadas pelo artista pl\u00e1stico Ivan Cruz.<\/p>\n\n\n\n<figure class=\"wp-block-embed-youtube wp-block-embed is-type-video is-provider-youtube wp-embed-aspect-16-9 wp-has-aspect-ratio\"><div class=\"wp-block-embed__wrapper\">\n<p class=\"responsive-video-wrap clr\"><iframe title=\"FERNANDA IVAN CRUZ\" width=\"1200\" height=\"675\" src=\"https:\/\/www.youtube.com\/embed\/a_m0cfwwRZ4?feature=oembed\" frameborder=\"0\" allow=\"accelerometer; autoplay; clipboard-write; encrypted-media; gyroscope; picture-in-picture\" allowfullscreen><\/iframe><\/p>\n<\/div><figcaption>Fonte: Canal do Youtube \u2013 Conex\u00e3o Escola<\/figcaption><\/figure>\n\n\n\n<hr class=\"wp-block-separator\"\/>\n\n\n\n<p><img decoding=\"async\" width=\"266\" height=\"179\" src=\"\">O&nbsp; artista Pl\u00e1stico Ivan Cruz nasceu em 1947 no Rio de Janeiro, e quando crian\u00e7a brincava pelas ruas de seu bairro de diferentes brincadeiras. Essas brincadeiras o inspiraram a criar a s\u00e9rie de telas  \u201cBrincadeiras de crian\u00e7a\u201d.<\/p>\n\n\n\n<hr class=\"wp-block-separator\"\/>\n\n\n\n<p>As pinturas do Ivan Cruz retratam brincadeiras de antigamente: avi\u00e3ozinho de papel, bolinha de sab\u00e3o, brincadeira de boneca, telefone sem fio. Essas brincadeiras propostas por ele em suas telas, podem ser realizadas por todas as crian\u00e7as.<\/p>\n\n\n\n<p>Sabendo da import\u00e2ncia do brincar na inf\u00e2ncia o artista Ivan Cruz deixou um recadinho para todas as fam\u00edlias e crian\u00e7as de Goi\u00e2nia.<\/p>\n\n\n\n<p>Clique na imagem abaixo para ouvir o que ele tem a dizer.<\/p>\n\n\n\n<figure class=\"wp-block-embed-youtube wp-block-embed is-type-video is-provider-youtube wp-embed-aspect-16-9 wp-has-aspect-ratio\"><div class=\"wp-block-embed__wrapper\">\n<p class=\"responsive-video-wrap clr\"><iframe title=\"Recado do artista pl\u00e1stico - Ivan Cruz\" width=\"1200\" height=\"675\" src=\"https:\/\/www.youtube.com\/embed\/Qkt9CjgvpOQ?start=1&#038;feature=oembed\" frameborder=\"0\" allow=\"accelerometer; autoplay; clipboard-write; encrypted-media; gyroscope; picture-in-picture\" allowfullscreen><\/iframe><\/p>\n<\/div><figcaption>Fonte: Canal do Youtube \u2013 Conex\u00e3o Escola<\/figcaption><\/figure>\n\n\n\n<p>Que tal brincar com seu filho(a) e contar sobre as brincadeiras que voc\u00ea gostava de brincar? Divirtam-se! <\/p>\n\n\n\n<hr class=\"wp-block-separator\"\/>\n\n\n\n<p><strong>Essa proposta foi tema do Programa Conex\u00e3o Escola \u2013 <em>Vamos brincar como antigamente<\/em> transmitido pelas TV Sagres (Canal 26) e TV UFG (Canal 15.1 UHF | 21 NET).<\/strong><\/p>\n\n\n\n<p><strong>Quer assistir na \u00edntegra?<\/strong><\/p>\n\n\n\n<p><strong>Acesse os links abaixo!<\/strong><\/p>\n\n\n\n<p><\/p>\n\n\n\n<figure class=\"wp-block-embed-youtube alignleft wp-block-embed is-type-video is-provider-youtube wp-embed-aspect-16-9 wp-has-aspect-ratio\"><div class=\"wp-block-embed__wrapper\">\n<p class=\"responsive-video-wrap clr\"><iframe title=\"Vamos Brincar como Antigamente - Educa\u00e7\u00e3o Infantil 01\/09 - Bloco 01\" width=\"1200\" height=\"675\" src=\"https:\/\/www.youtube.com\/embed\/Y_74TUhFO2c?feature=oembed\" frameborder=\"0\" allow=\"accelerometer; autoplay; clipboard-write; encrypted-media; gyroscope; picture-in-picture\" allowfullscreen><\/iframe><\/p>\n<\/div><\/figure>\n\n\n\n<p><\/p>\n\n\n\n<figure class=\"wp-block-embed-youtube alignleft wp-block-embed is-type-video is-provider-youtube wp-embed-aspect-16-9 wp-has-aspect-ratio\"><div class=\"wp-block-embed__wrapper\">\n<p class=\"responsive-video-wrap clr\"><iframe title=\"Vamos Brincar como Antigamente - Educa\u00e7\u00e3o Infantil 01\/09 - Bloco 02\" width=\"1200\" height=\"675\" src=\"https:\/\/www.youtube.com\/embed\/kuk9h8zGO2U?start=2&#038;feature=oembed\" frameborder=\"0\" allow=\"accelerometer; autoplay; clipboard-write; encrypted-media; gyroscope; picture-in-picture\" allowfullscreen><\/iframe><\/p>\n<\/div><\/figure>\n\n\n\n<p><\/p>\n\n\n\n<p><\/p>\n\n\n\n<figure class=\"wp-block-embed-youtube alignleft wp-block-embed is-type-video is-provider-youtube wp-embed-aspect-16-9 wp-has-aspect-ratio\"><div class=\"wp-block-embed__wrapper\">\n<p class=\"responsive-video-wrap clr\"><iframe title=\"Vamos Brincar como Antigamente - Educa\u00e7\u00e3o Infantil 01\/09 - Bloco 03\" width=\"1200\" height=\"675\" src=\"https:\/\/www.youtube.com\/embed\/OqB3dh4LdH8?feature=oembed\" frameborder=\"0\" allow=\"accelerometer; autoplay; clipboard-write; encrypted-media; gyroscope; picture-in-picture\" allowfullscreen><\/iframe><\/p>\n<\/div><\/figure>\n\n\n\n<figure class=\"wp-block-table alignleft\"><table><tbody><tr><td>Proponentes<\/td><td>N\u00facleo de Educa\u00e7\u00e3o Conectada (NEC)<\/td><\/tr><tr><td>Curadoria<\/td><td>N\u00facleo de Educa\u00e7\u00e3o Conectada (NEC)<\/td><\/tr><tr><td>Template<\/td><td>Professora Fernanda Moura \u2013 Escola Municipal Jardim Am\u00e9rica<\/td><\/tr><tr><td>Professor(a) convidada<\/td><td>Professora Fernanda Moura \u2013 Escola Municipal Jardim Am\u00e9rica<\/td><\/tr><tr><td>Parceiros\/Autoriza\u00e7\u00f5es<\/td><td>Ivan Cruz\/ Glorinha Fulustreka\/Luiza Rabello\/ Christiana Lobo<\/td><\/tr><\/tbody><\/table><figcaption><br>Educa\u00e7\u00e3o Infantil &#8211; Crian\u00e7as bem pequenas<\/figcaption><\/figure>\n","protected":false},"author":15,"featured_media":4302,"template":"","ei_categoria":[11],"class_list":["post-4301","educacao_infantil","type-educacao_infantil","status-publish","has-post-thumbnail","hentry","ei_categoria-criancas-bem-pequenas","entry","has-media"],"acf":[],"_links":{"self":[{"href":"https:\/\/sme.goiania.go.gov.br\/conexaoescola\/wp-json\/wp\/v2\/educacao_infantil\/4301","targetHints":{"allow":["GET"]}}],"collection":[{"href":"https:\/\/sme.goiania.go.gov.br\/conexaoescola\/wp-json\/wp\/v2\/educacao_infantil"}],"about":[{"href":"https:\/\/sme.goiania.go.gov.br\/conexaoescola\/wp-json\/wp\/v2\/types\/educacao_infantil"}],"author":[{"embeddable":true,"href":"https:\/\/sme.goiania.go.gov.br\/conexaoescola\/wp-json\/wp\/v2\/users\/15"}],"wp:featuredmedia":[{"embeddable":true,"href":"https:\/\/sme.goiania.go.gov.br\/conexaoescola\/wp-json\/wp\/v2\/media\/4302"}],"wp:attachment":[{"href":"https:\/\/sme.goiania.go.gov.br\/conexaoescola\/wp-json\/wp\/v2\/media?parent=4301"}],"wp:term":[{"taxonomy":"ei_categoria","embeddable":true,"href":"https:\/\/sme.goiania.go.gov.br\/conexaoescola\/wp-json\/wp\/v2\/ei_categoria?post=4301"}],"curies":[{"name":"wp","href":"https:\/\/api.w.org\/{rel}","templated":true}]}}

<p>As brincadeiras passam de geração em geração, resgatando traços da cultura e da história de um povo. Além disso, é possível retratar essa cultura através das diferentes linguagens da Arte, como por exemplo, as Artes Visuais &#8211; pintura, escultura, desenho, gravura, fotografia, as artes gráficas e etc.</p>



<p>A professora Fernanda Moura da Escola Municipal Jardim América faz um convite para conhecermos diferentes brincadeiras  através das telas pintadas pelo artista plástico Ivan Cruz.</p>



<figure class="wp-block-embed-youtube wp-block-embed is-type-video is-provider-youtube wp-embed-aspect-16-9 wp-has-aspect-ratio"><div class="wp-block-embed__wrapper">
<p class="responsive-video-wrap clr"><iframe title="FERNANDA IVAN CRUZ" width="1200" height="675" src="https://www.youtube.com/embed/a_m0cfwwRZ4?feature=oembed" frameborder="0" allow="accelerometer; autoplay; clipboard-write; encrypted-media; gyroscope; picture-in-picture" allowfullscreen></iframe></p>
</div><figcaption>Fonte: Canal do Youtube – Conexão Escola</figcaption></figure>



<hr class="wp-block-separator"/>



<p><img decoding="async" width="266" height="179" src="">O&nbsp; artista Plástico Ivan Cruz nasceu em 1947 no Rio de Janeiro, e quando criança brincava pelas ruas de seu bairro de diferentes brincadeiras. Essas brincadeiras o inspiraram a criar a série de telas  “Brincadeiras de criança”.</p>



<hr class="wp-block-separator"/>



<p>As pinturas do Ivan Cruz retratam brincadeiras de antigamente: aviãozinho de papel, bolinha de sabão, brincadeira de boneca, telefone sem fio. Essas brincadeiras propostas por ele em suas telas, podem ser realizadas por todas as crianças.</p>



<p>Sabendo da importância do brincar na infância o artista Ivan Cruz deixou um recadinho para todas as famílias e crianças de Goiânia.</p>



<p>Clique na imagem abaixo para ouvir o que ele tem a dizer.</p>



<figure class="wp-block-embed-youtube wp-block-embed is-type-video is-provider-youtube wp-embed-aspect-16-9 wp-has-aspect-ratio"><div class="wp-block-embed__wrapper">
<p class="responsive-video-wrap clr"><iframe title="Recado do artista plástico - Ivan Cruz" width="1200" height="675" src="https://www.youtube.com/embed/Qkt9CjgvpOQ?start=1&#038;feature=oembed" frameborder="0" allow="accelerometer; autoplay; clipboard-write; encrypted-media; gyroscope; picture-in-picture" allowfullscreen></iframe></p>
</div><figcaption>Fonte: Canal do Youtube – Conexão Escola</figcaption></figure>



<p>Que tal brincar com seu filho(a) e contar sobre as brincadeiras que você gostava de brincar? Divirtam-se! </p>



<hr class="wp-block-separator"/>



<p><strong>Essa proposta foi tema do Programa Conexão Escola – <em>Vamos brincar como antigamente</em> transmitido pelas TV Sagres (Canal 26) e TV UFG (Canal 15.1 UHF | 21 NET).</strong></p>



<p><strong>Quer assistir na íntegra?</strong></p>



<p><strong>Acesse os links abaixo!</strong></p>



<p></p>



<figure class="wp-block-embed-youtube alignleft wp-block-embed is-type-video is-provider-youtube wp-embed-aspect-16-9 wp-has-aspect-ratio"><div class="wp-block-embed__wrapper">
<p class="responsive-video-wrap clr"><iframe title="Vamos Brincar como Antigamente - Educação Infantil 01/09 - Bloco 01" width="1200" height="675" src="https://www.youtube.com/embed/Y_74TUhFO2c?feature=oembed" frameborder="0" allow="accelerometer; autoplay; clipboard-write; encrypted-media; gyroscope; picture-in-picture" allowfullscreen></iframe></p>
</div></figure>



<p></p>



<figure class="wp-block-embed-youtube alignleft wp-block-embed is-type-video is-provider-youtube wp-embed-aspect-16-9 wp-has-aspect-ratio"><div class="wp-block-embed__wrapper">
<p class="responsive-video-wrap clr"><iframe title="Vamos Brincar como Antigamente - Educação Infantil 01/09 - Bloco 02" width="1200" height="675" src="https://www.youtube.com/embed/kuk9h8zGO2U?start=2&#038;feature=oembed" frameborder="0" allow="accelerometer; autoplay; clipboard-write; encrypted-media; gyroscope; picture-in-picture" allowfullscreen></iframe></p>
</div></figure>



<p></p>



<p></p>



<figure class="wp-block-embed-youtube alignleft wp-block-embed is-type-video is-provider-youtube wp-embed-aspect-16-9 wp-has-aspect-ratio"><div class="wp-block-embed__wrapper">
<p class="responsive-video-wrap clr"><iframe title="Vamos Brincar como Antigamente - Educação Infantil 01/09 - Bloco 03" width="1200" height="675" src="https://www.youtube.com/embed/OqB3dh4LdH8?feature=oembed" frameborder="0" allow="accelerometer; autoplay; clipboard-write; encrypted-media; gyroscope; picture-in-picture" allowfullscreen></iframe></p>
</div></figure>



<figure class="wp-block-table alignleft"><table><tbody><tr><td>Proponentes</td><td>Núcleo de Educação Conectada (NEC)</td></tr><tr><td>Curadoria</td><td>Núcleo de Educação Conectada (NEC)</td></tr><tr><td>Template</td><td>Professora Fernanda Moura – Escola Municipal Jardim América</td></tr><tr><td>Professor(a) convidada</td><td>Professora Fernanda Moura – Escola Municipal Jardim América</td></tr><tr><td>Parceiros/Autorizações</td><td>Ivan Cruz/ Glorinha Fulustreka/Luiza Rabello/ Christiana Lobo</td></tr></tbody></table><figcaption><br>Educação Infantil &#8211; Crianças bem pequenas</figcaption></figure>
