{"id":3994,"date":"2020-08-31T07:00:00","date_gmt":"2020-08-31T10:00:00","guid":{"rendered":"http:\/\/sme.goiania.go.gov.br\/conexaoescola\/?post_type=educacao_infantil&#038;p=3994"},"modified":"2020-08-30T22:47:57","modified_gmt":"2020-08-31T01:47:57","slug":"rotina-seguranca-e-confianca","status":"publish","type":"educacao_infantil","link":"https:\/\/sme.goiania.go.gov.br\/conexaoescola\/educacao_infantil\/rotina-seguranca-e-confianca\/","title":{"rendered":"Rotina: seguran\u00e7a e confian\u00e7a!"},"content":{"rendered":"\n<figure class=\"wp-block-embed-youtube wp-block-embed is-type-video is-provider-youtube wp-embed-aspect-16-9 wp-has-aspect-ratio\"><div class=\"wp-block-embed__wrapper\">\n<p class=\"responsive-video-wrap clr\"><iframe title=\"Crian\u00e7as pequenas - Rotina: mais que organizar a vida, \u00e9 seguran\u00e7a e confian\u00e7a!\" width=\"1200\" height=\"675\" src=\"https:\/\/www.youtube.com\/embed\/QuYVOIDRPrU?feature=oembed\" frameborder=\"0\" allow=\"accelerometer; autoplay; encrypted-media; gyroscope; picture-in-picture\" allowfullscreen><\/iframe><\/p>\n<\/div><figcaption>Fonte: Canal da SME <\/figcaption><\/figure>\n\n\n\n<p>O v\u00eddeo <em>Rotina<\/em>, que faz parte do document\u00e1rio O <em>Come\u00e7o da Vida<\/em>, da diretora Estela Renner, apresenta a import\u00e2ncia da organiza\u00e7\u00e3o da rotina feita pelos adultos, para que as crian\u00e7as compreendam os diferentes momentos da vida cotidiana e se organizem nos mesmos.<\/p>\n\n\n\n<hr class=\"wp-block-separator\"\/>\n\n\n\n<p>Ao constitu\u00edrem uma rotina os adultos que vivem a vida em conjunto com a crian\u00e7a, devem considerar as suas necessidades e da fam\u00edlia, inclusive que a crian\u00e7a precisa dos mesmos ritmos que se sucedem, para poder estabelecer uma rela\u00e7\u00e3o de seguran\u00e7a e confian\u00e7a com o adulto e com o mundo.<\/p>\n\n\n\n<hr class=\"wp-block-separator\"\/>\n\n\n\n<p>Por isso, ao organizar a rotina familiar procure:<\/p>\n\n\n\n<ul class=\"wp-block-list\"><li>Manter hor\u00e1rios regulares das refei\u00e7\u00f5es (almo\u00e7o, jantar, lanche) e das demais atividades da rotina di\u00e1ria;<\/li><li>Conversar e envolver as crian\u00e7as na organiza\u00e7\u00e3o da mesa, na lavagem dos alimentos e outras atividades.<\/li><li>Orientar e dar exemplo de higiene pessoal e autocuidado;<\/li><li>Contar hist\u00f3rias, ouvir, cantar e dan\u00e7ar juntos diferentes m\u00fasicas, fazer massagens, entre outros;<\/li><li>Possibilitar o brincar livre e aut\u00f4nomo com diferentes objetos;<\/li><li>Realizar brincadeiras tradicionais, compartilhadas com av\u00f3s, pais\/respons\u00e1veis, etc.;<\/li><li>Jogar juntos: jogo da mem\u00f3ria, domin\u00f3, montar quebra-cabe\u00e7a e outros jogos e brinquedos dispon\u00edveis em casa.<\/li><li>Deixar brincar utilizando tecnologias digitais, monitorando o tempo das crian\u00e7as em jogos no celular\/tablet\/computador.<\/li><li>Explorar juntos a natureza e aproveitar em casa o sol, o vento, a terra e a \u00e1gua.<\/li><\/ul>\n\n\n\n<hr class=\"wp-block-separator\"\/>\n\n\n\n<p>Clique na imagem e veja como \u00e9 importante, em qualquer tempo, organizar a rotina da fam\u00edlia!<\/p>\n\n\n\n<figure class=\"wp-block-image size-large\"><a href=\"https:\/\/ocomecodavida.com.br\/rotina\/\"><img decoding=\"async\" src=\"http:\/\/sme.goiania.go.gov.br\/conexaoescola\/wp-content\/uploads\/2020\/08\/come\u00e7o-2-2-1024x580.png\" alt=\"\" class=\"wp-image-3995\"\/><\/a><figcaption>FONTE: Imagem: Site O come\u00e7o da vida<\/figcaption><\/figure>\n\n\n\n<h4 class=\"wp-block-heading\">Cr\u00e9ditos<\/h4>\n\n\n\n<figure class=\"wp-block-table\"><table><tbody><tr><td>Proponentes<\/td><td>Ger\u00eancia de Educa\u00e7\u00e3o Infantil\/NEC<\/td><\/tr><tr><td>Curadoria<\/td><td>Ger\u00eancia de Educa\u00e7\u00e3o Infantil\/NEC<\/td><\/tr><tr><td>Professor(a) convidado(a)<\/td><td>Ester Alves Lopes Mendes<\/td><\/tr><tr><td>Parceiros<\/td><td>Produtora Maria Farinha Filmes<\/td><\/tr><\/tbody><\/table><figcaption><br>Educa\u00e7\u00e3o Infantil &#8211; Crian\u00e7as Pequenas<\/figcaption><\/figure>\n\n\n\n<p><\/p>\n","protected":false},"author":14,"featured_media":3995,"template":"","ei_categoria":[12],"class_list":["post-3994","educacao_infantil","type-educacao_infantil","status-publish","has-post-thumbnail","hentry","ei_categoria-criancas-pequenas","entry","has-media"],"acf":[],"_links":{"self":[{"href":"https:\/\/sme.goiania.go.gov.br\/conexaoescola\/wp-json\/wp\/v2\/educacao_infantil\/3994","targetHints":{"allow":["GET"]}}],"collection":[{"href":"https:\/\/sme.goiania.go.gov.br\/conexaoescola\/wp-json\/wp\/v2\/educacao_infantil"}],"about":[{"href":"https:\/\/sme.goiania.go.gov.br\/conexaoescola\/wp-json\/wp\/v2\/types\/educacao_infantil"}],"author":[{"embeddable":true,"href":"https:\/\/sme.goiania.go.gov.br\/conexaoescola\/wp-json\/wp\/v2\/users\/14"}],"wp:featuredmedia":[{"embeddable":true,"href":"https:\/\/sme.goiania.go.gov.br\/conexaoescola\/wp-json\/wp\/v2\/media\/3995"}],"wp:attachment":[{"href":"https:\/\/sme.goiania.go.gov.br\/conexaoescola\/wp-json\/wp\/v2\/media?parent=3994"}],"wp:term":[{"taxonomy":"ei_categoria","embeddable":true,"href":"https:\/\/sme.goiania.go.gov.br\/conexaoescola\/wp-json\/wp\/v2\/ei_categoria?post=3994"}],"curies":[{"name":"wp","href":"https:\/\/api.w.org\/{rel}","templated":true}]}}

Rotina: segurança e confiança!

<figure class="wp-block-embed-youtube wp-block-embed is-type-video is-provider-youtube wp-embed-aspect-16-9 wp-has-aspect-ratio"><div class="wp-block-embed__wrapper">
<p class="responsive-video-wrap clr"><iframe title="Crianças pequenas - Rotina: mais que organizar a vida, é segurança e confiança!" width="1200" height="675" src="https://www.youtube.com/embed/QuYVOIDRPrU?feature=oembed" frameborder="0" allow="accelerometer; autoplay; encrypted-media; gyroscope; picture-in-picture" allowfullscreen></iframe></p>
</div><figcaption>Fonte: Canal da SME </figcaption></figure>



<p>O vídeo <em>Rotina</em>, que faz parte do documentário O <em>Começo da Vida</em>, da diretora Estela Renner, apresenta a importância da organização da rotina feita pelos adultos, para que as crianças compreendam os diferentes momentos da vida cotidiana e se organizem nos mesmos.</p>



<hr class="wp-block-separator"/>



<p>Ao constituírem uma rotina os adultos que vivem a vida em conjunto com a criança, devem considerar as suas necessidades e da família, inclusive que a criança precisa dos mesmos ritmos que se sucedem, para poder estabelecer uma relação de segurança e confiança com o adulto e com o mundo.</p>



<hr class="wp-block-separator"/>



<p>Por isso, ao organizar a rotina familiar procure:</p>



<ul class="wp-block-list"><li>Manter horários regulares das refeições (almoço, jantar, lanche) e das demais atividades da rotina diária;</li><li>Conversar e envolver as crianças na organização da mesa, na lavagem dos alimentos e outras atividades.</li><li>Orientar e dar exemplo de higiene pessoal e autocuidado;</li><li>Contar histórias, ouvir, cantar e dançar juntos diferentes músicas, fazer massagens, entre outros;</li><li>Possibilitar o brincar livre e autônomo com diferentes objetos;</li><li>Realizar brincadeiras tradicionais, compartilhadas com avós, pais/responsáveis, etc.;</li><li>Jogar juntos: jogo da memória, dominó, montar quebra-cabeça e outros jogos e brinquedos disponíveis em casa.</li><li>Deixar brincar utilizando tecnologias digitais, monitorando o tempo das crianças em jogos no celular/tablet/computador.</li><li>Explorar juntos a natureza e aproveitar em casa o sol, o vento, a terra e a água.</li></ul>



<hr class="wp-block-separator"/>



<p>Clique na imagem e veja como é importante, em qualquer tempo, organizar a rotina da família!</p>



<figure class="wp-block-image size-large"><a href="https://ocomecodavida.com.br/rotina/"><img decoding="async" src="http://sme.goiania.go.gov.br/conexaoescola/wp-content/uploads/2020/08/começo-2-2-1024x580.png" alt="" class="wp-image-3995"/></a><figcaption>FONTE: Imagem: Site O começo da vida</figcaption></figure>



<h4 class="wp-block-heading">Créditos</h4>



<figure class="wp-block-table"><table><tbody><tr><td>Proponentes</td><td>Gerência de Educação Infantil/NEC</td></tr><tr><td>Curadoria</td><td>Gerência de Educação Infantil/NEC</td></tr><tr><td>Professor(a) convidado(a)</td><td>Ester Alves Lopes Mendes</td></tr><tr><td>Parceiros</td><td>Produtora Maria Farinha Filmes</td></tr></tbody></table><figcaption><br>Educação Infantil &#8211; Crianças Pequenas</figcaption></figure>



<p></p>
