{"id":3107,"date":"2020-06-24T17:37:33","date_gmt":"2020-06-24T20:37:33","guid":{"rendered":"http:\/\/sme.goiania.go.gov.br\/conexaoescola\/?post_type=educacao_infantil&#038;p=3107"},"modified":"2020-06-24T18:09:25","modified_gmt":"2020-06-24T21:09:25","slug":"porque-ler-para-os-bebes-e-importante","status":"publish","type":"educacao_infantil","link":"https:\/\/sme.goiania.go.gov.br\/conexaoescola\/educacao_infantil\/porque-ler-para-os-bebes-e-importante\/","title":{"rendered":"Porque ler para os beb\u00eas \u00e9 importante?"},"content":{"rendered":"\n<figure class=\"wp-block-embed-youtube wp-block-embed is-type-video is-provider-youtube wp-embed-aspect-16-9 wp-has-aspect-ratio\"><div class=\"wp-block-embed__wrapper\">\n<p class=\"responsive-video-wrap clr\"><iframe title=\"Por que ler para os beb\u00eas \u00e9 importante?\" width=\"1200\" height=\"675\" src=\"https:\/\/www.youtube.com\/embed\/0-lBJErxh9s?feature=oembed\" frameborder=\"0\" allow=\"accelerometer; autoplay; encrypted-media; gyroscope; picture-in-picture\" allowfullscreen><\/iframe><\/p>\n<\/div><figcaption>Fonte: YouTube. Por que ler para os beb\u00eas \u00e9 importante? Canal: GEREIN SME<\/figcaption><\/figure>\n\n\n\n<p class=\"has-medium-font-size\">Por que ouvimos tanto que a leitura \u00e9 importante para a vida das pessoas?&nbsp; Faz sentido ler para beb\u00eas que ainda nem sabem falar?<\/p>\n\n\n\n<p class=\"has-medium-font-size\">O v\u00eddeo <em>Escutar a Leitura de Textos &#8211; 7 Experi\u00eancias Fundamentais, <\/em>do Laborat\u00f3rio de Educa\u00e7\u00e3o, mostra o quanto a leitura contribui nos processos de aprendizagens e desenvolvimento das crian\u00e7as e que pode ser realizada desde beb\u00eas.&nbsp;<\/p>\n\n\n\n<p class=\"has-medium-font-size\">Antes de ler textos escritos, o beb\u00ea l\u00ea o mundo que o cerca, em especial, l\u00ea o toque, as express\u00f5es faciais e as vozes das pessoas com quem convive, ao falar, ou ler para ele. A musicalidade da fala dos adultos, a entona\u00e7\u00e3o e o ritmo marcam as primeiras intera\u00e7\u00f5es que o beb\u00ea estabelece com o outro.<\/p>\n\n\n\n<p class=\"has-medium-font-size\">Ler livros para os beb\u00eas \u00e9 um momento privilegiado para o fortalecimento dos v\u00ednculos afetivos com os adultos, por meio das trocas de olhares, do di\u00e1logo e da aten\u00e7\u00e3o ao outro, al\u00e9m de contribuir para o desenvolvimento da linguagem, da imagina\u00e7\u00e3o e da criatividade.&nbsp;<\/p>\n\n\n\n<p class=\"has-medium-font-size\">Para saber mais sobre a import\u00e2ncia da leitura para beb\u00eas, clique na imagem abaixo e assista ao v\u00eddeo!<\/p>\n\n\n\n<p class=\"has-medium-font-size\">Depois voc\u00ea pode ler um livro que tenha em casa ou algum dos livros dispon\u00edveis no site da A Funda\u00e7\u00e3o Ita\u00fa Social, no programa <em>Leia para uma crian\u00e7a<\/em>, que est\u00e1 na postagem da 4\u00aa semana de abril, ou ainda ler o livro <em>Samuel Procura seu chap\u00e9<\/em>u, disponibilizado na postagem da 3\u00aa semana de junho.<\/p>\n\n\n\n<figure class=\"wp-block-embed-youtube wp-block-embed is-type-video is-provider-youtube wp-embed-aspect-16-9 wp-has-aspect-ratio\"><div class=\"wp-block-embed__wrapper\">\n<p class=\"responsive-video-wrap clr\"><iframe title=\"Escutar a Leitura de Textos - 7 Experi\u00eancias Fundamentais\" width=\"1200\" height=\"675\" src=\"https:\/\/www.youtube.com\/embed\/2uXzhx3P_F4?feature=oembed\" frameborder=\"0\" allow=\"accelerometer; autoplay; encrypted-media; gyroscope; picture-in-picture\" allowfullscreen><\/iframe><\/p>\n<\/div><figcaption>Fonte: YouTube. Escutar a Leitura de Textos &#8211; 7 Experi\u00eancias Fundamentais. Canal: Laborat\u00f3rio de Educa\u00e7\u00e3o<\/figcaption><\/figure>\n\n\n\n<p><\/p>\n\n\n\n<p><\/p>\n\n\n\n<p><\/p>\n","protected":false},"author":13,"featured_media":3108,"template":"","ei_categoria":[10],"class_list":["post-3107","educacao_infantil","type-educacao_infantil","status-publish","has-post-thumbnail","hentry","ei_categoria-bebes","entry","has-media"],"acf":[],"_links":{"self":[{"href":"https:\/\/sme.goiania.go.gov.br\/conexaoescola\/wp-json\/wp\/v2\/educacao_infantil\/3107","targetHints":{"allow":["GET"]}}],"collection":[{"href":"https:\/\/sme.goiania.go.gov.br\/conexaoescola\/wp-json\/wp\/v2\/educacao_infantil"}],"about":[{"href":"https:\/\/sme.goiania.go.gov.br\/conexaoescola\/wp-json\/wp\/v2\/types\/educacao_infantil"}],"author":[{"embeddable":true,"href":"https:\/\/sme.goiania.go.gov.br\/conexaoescola\/wp-json\/wp\/v2\/users\/13"}],"wp:featuredmedia":[{"embeddable":true,"href":"https:\/\/sme.goiania.go.gov.br\/conexaoescola\/wp-json\/wp\/v2\/media\/3108"}],"wp:attachment":[{"href":"https:\/\/sme.goiania.go.gov.br\/conexaoescola\/wp-json\/wp\/v2\/media?parent=3107"}],"wp:term":[{"taxonomy":"ei_categoria","embeddable":true,"href":"https:\/\/sme.goiania.go.gov.br\/conexaoescola\/wp-json\/wp\/v2\/ei_categoria?post=3107"}],"curies":[{"name":"wp","href":"https:\/\/api.w.org\/{rel}","templated":true}]}}

Porque ler para os bebês é importante?

<figure class="wp-block-embed-youtube wp-block-embed is-type-video is-provider-youtube wp-embed-aspect-16-9 wp-has-aspect-ratio"><div class="wp-block-embed__wrapper">
<p class="responsive-video-wrap clr"><iframe title="Por que ler para os bebês é importante?" width="1200" height="675" src="https://www.youtube.com/embed/0-lBJErxh9s?feature=oembed" frameborder="0" allow="accelerometer; autoplay; encrypted-media; gyroscope; picture-in-picture" allowfullscreen></iframe></p>
</div><figcaption>Fonte: YouTube. Por que ler para os bebês é importante? Canal: GEREIN SME</figcaption></figure>



<p class="has-medium-font-size">Por que ouvimos tanto que a leitura é importante para a vida das pessoas?&nbsp; Faz sentido ler para bebês que ainda nem sabem falar?</p>



<p class="has-medium-font-size">O vídeo <em>Escutar a Leitura de Textos &#8211; 7 Experiências Fundamentais, </em>do Laboratório de Educação, mostra o quanto a leitura contribui nos processos de aprendizagens e desenvolvimento das crianças e que pode ser realizada desde bebês.&nbsp;</p>



<p class="has-medium-font-size">Antes de ler textos escritos, o bebê lê o mundo que o cerca, em especial, lê o toque, as expressões faciais e as vozes das pessoas com quem convive, ao falar, ou ler para ele. A musicalidade da fala dos adultos, a entonação e o ritmo marcam as primeiras interações que o bebê estabelece com o outro.</p>



<p class="has-medium-font-size">Ler livros para os bebês é um momento privilegiado para o fortalecimento dos vínculos afetivos com os adultos, por meio das trocas de olhares, do diálogo e da atenção ao outro, além de contribuir para o desenvolvimento da linguagem, da imaginação e da criatividade.&nbsp;</p>



<p class="has-medium-font-size">Para saber mais sobre a importância da leitura para bebês, clique na imagem abaixo e assista ao vídeo!</p>



<p class="has-medium-font-size">Depois você pode ler um livro que tenha em casa ou algum dos livros disponíveis no site da A Fundação Itaú Social, no programa <em>Leia para uma criança</em>, que está na postagem da 4ª semana de abril, ou ainda ler o livro <em>Samuel Procura seu chapé</em>u, disponibilizado na postagem da 3ª semana de junho.</p>



<figure class="wp-block-embed-youtube wp-block-embed is-type-video is-provider-youtube wp-embed-aspect-16-9 wp-has-aspect-ratio"><div class="wp-block-embed__wrapper">
<p class="responsive-video-wrap clr"><iframe title="Escutar a Leitura de Textos - 7 Experiências Fundamentais" width="1200" height="675" src="https://www.youtube.com/embed/2uXzhx3P_F4?feature=oembed" frameborder="0" allow="accelerometer; autoplay; encrypted-media; gyroscope; picture-in-picture" allowfullscreen></iframe></p>
</div><figcaption>Fonte: YouTube. Escutar a Leitura de Textos &#8211; 7 Experiências Fundamentais. Canal: Laboratório de Educação</figcaption></figure>



<p></p>



<p></p>



<p></p>
