{"id":29639,"date":"2020-10-12T07:00:00","date_gmt":"2020-10-12T10:00:00","guid":{"rendered":"http:\/\/sme.goiania.go.gov.br\/conexaoescola\/?post_type=educacao_infantil&#038;p=29639"},"modified":"2020-10-20T10:45:26","modified_gmt":"2020-10-20T13:45:26","slug":"conta-uma-historia-para-mim","status":"publish","type":"educacao_infantil","link":"https:\/\/sme.goiania.go.gov.br\/conexaoescola\/educacao_infantil\/conta-uma-historia-para-mim\/","title":{"rendered":"Conta uma hist\u00f3ria para mim?"},"content":{"rendered":"\n<div class=\"wp-block-image is-style-rounded\"><figure class=\"aligncenter size-large is-resized\"><img fetchpriority=\"high\" decoding=\"async\" src=\"http:\/\/sme.goiania.go.gov.br\/conexaoescola\/wp-content\/uploads\/2020\/10\/people-2557508_1920-1024x683.jpg\" alt=\"\" class=\"wp-image-29653\" width=\"802\" height=\"533\"\/><figcaption>Fonte: https:\/\/pixabay.com\/pt\/photos<\/figcaption><\/figure><\/div>\n\n\n\n<p style=\"background-color:#f7c028\" class=\"has-text-color has-background has-drop-cap has-text-align-center has-medium-font-size has-very-dark-gray-color\"><strong>\u00c9 fundamental que as crian\u00e7as desde beb\u00eas participem de situa\u00e7\u00f5es significativas de leitura e conta\u00e7\u00e3o de hist\u00f3rias, pois o contato com a literatura ajuda a crian\u00e7a na compreens\u00e3o do mundo, na identifica\u00e7\u00e3o de quem elas s\u00e3o, de quem querem, desejam e podem ser. E isso pode acontecer por meio do reconhecimento dos diferentes personagens, das hist\u00f3rias visualizadas, ouvidas ou lidas pelas e para as crian\u00e7as.<\/strong><\/p>\n\n\n\n<p class=\"has-text-color has-background has-medium-font-size has-very-dark-gray-color has-pale-pink-background-color\"><strong>Quanto mais cedo a crian\u00e7a se aproxima do mundo dos livros e do universo cultural proporcionado pela conta\u00e7\u00e3o de hist\u00f3rias mais ela ter\u00e1 seguran\u00e7a em si pr\u00f3pria, bem como ampliar\u00e1 a suas possibilidades de imagina\u00e7\u00e3o, cria\u00e7\u00e3o e compreens\u00e3o da realidade.<\/strong><\/p>\n\n\n\n<p class=\"has-text-color has-background has-medium-font-size has-very-dark-gray-color has-light-green-cyan-background-color\"><strong>Mas, o ato de contar e ouvir hist\u00f3ria s\u00f3 tem sentido para as crian\u00e7as quando compartilhado e vivido plenamente na fam\u00edlia, institui\u00e7\u00e3o educacional e\/ou com as pessoas que convivem com elas. E quem vai nos falar um pouco sobre esse tema \u00e9 a professora Ivy Stella, no v\u00eddeo gravado para o programa Conex\u00e3o Escola, cujo o tema foi \u201cQuem conta um conto\u2026&#8221;<\/strong><\/p>\n\n\n\n<p class=\"has-text-color has-background has-medium-font-size has-very-dark-gray-color has-light-green-cyan-background-color\"><strong>Vamos assistir?<\/strong><\/p>\n\n\n\n<figure class=\"wp-block-embed-youtube wp-block-embed is-type-video is-provider-youtube wp-embed-aspect-16-9 wp-has-aspect-ratio\"><div class=\"wp-block-embed__wrapper\">\n<p class=\"responsive-video-wrap clr\"><iframe title=\"IVY STELA HIST\u00d3RIAS - PORTAL\" width=\"1200\" height=\"675\" src=\"https:\/\/www.youtube.com\/embed\/duoh_klvBPE?feature=oembed\" frameborder=\"0\" allow=\"accelerometer; autoplay; clipboard-write; encrypted-media; gyroscope; picture-in-picture\" allowfullscreen><\/iframe><\/p>\n<\/div><figcaption>Fonte: Canal do Youtube Conex\u00e3o-Escola<\/figcaption><\/figure>\n\n\n\n<hr class=\"wp-block-separator\"\/>\n\n\n\n<p class=\"has-text-color has-background has-medium-font-size has-very-dark-gray-color has-luminous-vivid-amber-background-color\"><strong>Que tal preparar um cantinho especial na sua casa para ouvir uma hist\u00f3ria com o seu beb\u00ea?<\/strong><\/p>\n\n\n\n<p style=\"background-color:#52d7a6\" class=\"has-text-color has-background has-text-align-center has-medium-font-size has-very-dark-gray-color\"><strong>Para se inspirar, assista a hist\u00f3ria contada pela professora Ivy Stela na Esta\u00e7\u00e3o das Hist\u00f3rias. Clique na imagem abaixo e aproveite!<\/strong><\/p>\n\n\n\n<figure class=\"wp-block-embed-youtube aligncenter wp-block-embed is-type-video is-provider-youtube wp-embed-aspect-16-9 wp-has-aspect-ratio\"><div class=\"wp-block-embed__wrapper\">\n<p class=\"responsive-video-wrap clr\"><iframe title=\"Ivy Stela na Esta\u00e7\u00e3o das Hist\u00f3rias - Macaquinho\" width=\"1200\" height=\"675\" src=\"https:\/\/www.youtube.com\/embed\/nJsgQR_Mj28?feature=oembed\" frameborder=\"0\" allow=\"accelerometer; autoplay; clipboard-write; encrypted-media; gyroscope; picture-in-picture\" allowfullscreen><\/iframe><\/p>\n<\/div><figcaption>Fonte: Canal do Youtube Ivy Stela<\/figcaption><\/figure>\n\n\n\n<hr class=\"wp-block-separator\"\/>\n\n\n\n<figure class=\"wp-block-table is-style-stripes\"><table><tbody><tr><td>Proponentes\/Curadoria<\/td><td>NEC<\/td><\/tr><tr><td>Professora convidada(a)<\/td><td>Ivy Stela<\/td><\/tr><tr><td>Parceiros\/Autoriza\u00e7\u00e3o <\/td><td>Canal Ivy Stela na Esta\u00e7\u00e3o das Hist\u00f3rias<\/td><\/tr><\/tbody><\/table><figcaption><br>Educa\u00e7\u00e3o Infantil &#8211; Beb\u00eas <\/figcaption><\/figure>\n","protected":false},"author":16,"featured_media":29653,"template":"","ei_categoria":[10],"class_list":["post-29639","educacao_infantil","type-educacao_infantil","status-publish","has-post-thumbnail","hentry","ei_categoria-bebes","entry","has-media"],"acf":[],"_links":{"self":[{"href":"https:\/\/sme.goiania.go.gov.br\/conexaoescola\/wp-json\/wp\/v2\/educacao_infantil\/29639","targetHints":{"allow":["GET"]}}],"collection":[{"href":"https:\/\/sme.goiania.go.gov.br\/conexaoescola\/wp-json\/wp\/v2\/educacao_infantil"}],"about":[{"href":"https:\/\/sme.goiania.go.gov.br\/conexaoescola\/wp-json\/wp\/v2\/types\/educacao_infantil"}],"author":[{"embeddable":true,"href":"https:\/\/sme.goiania.go.gov.br\/conexaoescola\/wp-json\/wp\/v2\/users\/16"}],"wp:featuredmedia":[{"embeddable":true,"href":"https:\/\/sme.goiania.go.gov.br\/conexaoescola\/wp-json\/wp\/v2\/media\/29653"}],"wp:attachment":[{"href":"https:\/\/sme.goiania.go.gov.br\/conexaoescola\/wp-json\/wp\/v2\/media?parent=29639"}],"wp:term":[{"taxonomy":"ei_categoria","embeddable":true,"href":"https:\/\/sme.goiania.go.gov.br\/conexaoescola\/wp-json\/wp\/v2\/ei_categoria?post=29639"}],"curies":[{"name":"wp","href":"https:\/\/api.w.org\/{rel}","templated":true}]}}

Conta uma história para mim?

<div class="wp-block-image is-style-rounded"><figure class="aligncenter size-large is-resized"><img fetchpriority="high" decoding="async" src="http://sme.goiania.go.gov.br/conexaoescola/wp-content/uploads/2020/10/people-2557508_1920-1024x683.jpg" alt="" class="wp-image-29653" width="802" height="533"/><figcaption>Fonte: https://pixabay.com/pt/photos</figcaption></figure></div>



<p style="background-color:#f7c028" class="has-text-color has-background has-drop-cap has-text-align-center has-medium-font-size has-very-dark-gray-color"><strong>É fundamental que as crianças desde bebês participem de situações significativas de leitura e contação de histórias, pois o contato com a literatura ajuda a criança na compreensão do mundo, na identificação de quem elas são, de quem querem, desejam e podem ser. E isso pode acontecer por meio do reconhecimento dos diferentes personagens, das histórias visualizadas, ouvidas ou lidas pelas e para as crianças.</strong></p>



<p class="has-text-color has-background has-medium-font-size has-very-dark-gray-color has-pale-pink-background-color"><strong>Quanto mais cedo a criança se aproxima do mundo dos livros e do universo cultural proporcionado pela contação de histórias mais ela terá segurança em si própria, bem como ampliará a suas possibilidades de imaginação, criação e compreensão da realidade.</strong></p>



<p class="has-text-color has-background has-medium-font-size has-very-dark-gray-color has-light-green-cyan-background-color"><strong>Mas, o ato de contar e ouvir história só tem sentido para as crianças quando compartilhado e vivido plenamente na família, instituição educacional e/ou com as pessoas que convivem com elas. E quem vai nos falar um pouco sobre esse tema é a professora Ivy Stella, no vídeo gravado para o programa Conexão Escola, cujo o tema foi “Quem conta um conto…&#8221;</strong></p>



<p class="has-text-color has-background has-medium-font-size has-very-dark-gray-color has-light-green-cyan-background-color"><strong>Vamos assistir?</strong></p>



<figure class="wp-block-embed-youtube wp-block-embed is-type-video is-provider-youtube wp-embed-aspect-16-9 wp-has-aspect-ratio"><div class="wp-block-embed__wrapper">
<p class="responsive-video-wrap clr"><iframe title="IVY STELA HISTÓRIAS - PORTAL" width="1200" height="675" src="https://www.youtube.com/embed/duoh_klvBPE?feature=oembed" frameborder="0" allow="accelerometer; autoplay; clipboard-write; encrypted-media; gyroscope; picture-in-picture" allowfullscreen></iframe></p>
</div><figcaption>Fonte: Canal do Youtube Conexão-Escola</figcaption></figure>



<hr class="wp-block-separator"/>



<p class="has-text-color has-background has-medium-font-size has-very-dark-gray-color has-luminous-vivid-amber-background-color"><strong>Que tal preparar um cantinho especial na sua casa para ouvir uma história com o seu bebê?</strong></p>



<p style="background-color:#52d7a6" class="has-text-color has-background has-text-align-center has-medium-font-size has-very-dark-gray-color"><strong>Para se inspirar, assista a história contada pela professora Ivy Stela na Estação das Histórias. Clique na imagem abaixo e aproveite!</strong></p>



<figure class="wp-block-embed-youtube aligncenter wp-block-embed is-type-video is-provider-youtube wp-embed-aspect-16-9 wp-has-aspect-ratio"><div class="wp-block-embed__wrapper">
<p class="responsive-video-wrap clr"><iframe title="Ivy Stela na Estação das Histórias - Macaquinho" width="1200" height="675" src="https://www.youtube.com/embed/nJsgQR_Mj28?feature=oembed" frameborder="0" allow="accelerometer; autoplay; clipboard-write; encrypted-media; gyroscope; picture-in-picture" allowfullscreen></iframe></p>
</div><figcaption>Fonte: Canal do Youtube Ivy Stela</figcaption></figure>



<hr class="wp-block-separator"/>



<figure class="wp-block-table is-style-stripes"><table><tbody><tr><td>Proponentes/Curadoria</td><td>NEC</td></tr><tr><td>Professora convidada(a)</td><td>Ivy Stela</td></tr><tr><td>Parceiros/Autorização </td><td>Canal Ivy Stela na Estação das Histórias</td></tr></tbody></table><figcaption><br>Educação Infantil &#8211; Bebês </figcaption></figure>
